{"id":13203,"date":"2019-04-04T20:38:57","date_gmt":"2019-04-04T18:38:57","guid":{"rendered":"https:\/\/cafelapalma.com\/?page_id=13203"},"modified":"2025-05-04T08:41:37","modified_gmt":"2025-05-04T06:41:37","slug":"madrid-central-informacion","status":"publish","type":"page","link":"https:\/\/cafelapalma.com\/en\/madrid-central-informacion\/","title":{"rendered":"Madrid Central"},"content":{"rendered":"<div class=\"wp-block-image\">\n<figure class=\"aligncenter\"><img loading=\"lazy\" decoding=\"async\" width=\"300\" height=\"186\" src=\"https:\/\/cafelapalma.com\/wp-content\/uploads\/2019\/03\/madridcentral_LOGO-300x186.jpg\" alt=\"madridcentral_LOGO\" class=\"wp-image-13127\" srcset=\"https:\/\/cafelapalma.com\/wp-content\/uploads\/2019\/03\/madridcentral_LOGO-300x186.jpg 300w, https:\/\/cafelapalma.com\/wp-content\/uploads\/2019\/03\/madridcentral_LOGO-230x143.jpg 230w, https:\/\/cafelapalma.com\/wp-content\/uploads\/2019\/03\/madridcentral_LOGO-350x217.jpg 350w, https:\/\/cafelapalma.com\/wp-content\/uploads\/2019\/03\/madridcentral_LOGO.jpg 416w\" sizes=\"auto, (max-width: 300px) 100vw, 300px\" \/><\/figure>\n<\/div>\n\n\n<p class=\"wp-block-paragraph\">Desde Marzo de 2019, el Ayuntamiento de Madrid impone sanciones econ\u00f3micas a los veh\u00edculos que transiten sin autorizaci\u00f3n dentro del per\u00edmetro conocido como Madrid Central, una zona de bajas emisiones contenida en el <a href=\"https:\/\/www.madrid.es\/portales\/munimadrid\/es\/Inicio\/Medio-ambiente\/Publicaciones\/Plan-de-Calidad-de-aire-de-la-ciudad-de-Madrid-y-Cambio-Climatico-PLAN-A-\/?vgnextfmt=default&amp;vgnextoid=2b809df12834b510VgnVCM1000001d4a900aRCRD&amp;vgnextchannel=f6ff79ed268fe410VgnVCM1000000b205a0aRCRD\" target=\"_blank\" rel=\"noopener\">Plan A de Calidad del Aire y Cambio Clim\u00e1tico<\/a> promovido desde el Ayuntamiento con objeto de favorecer la movilidad del peat\u00f3n, la bicicleta y el transporte p\u00fablico. <strong>Madrid Central<\/strong> abarca las denominadas APR (\u00c1reas de Prioridad de Residencia) y los barrios de Justicia y Universidad, donde se encuentra <strong>CAFE LA PALMA<\/strong>.<\/p>\n\n\n\n<p class=\"wp-block-paragraph\">Los residentes, personas con movilidad reducida y servicios de seguridad y emergencias pueden acceder con sus veh\u00edculos a <strong>Madrid Central<\/strong>. T\u00fa tambi\u00e9n puedes hacerlo si:<\/p>\n\n\n\n<ul class=\"wp-block-list\">\n<li>Tu veh\u00edculo cuenta con <strong>etiqueta ambiental 0 Emisiones<\/strong>. En este caso, podr\u00e1s circular y estacionar en zona SER sin restricci\u00f3n horaria.<\/li>\n\n\n\n<li>Tu veh\u00edculo cuenta con <strong>etiqueta ECO<\/strong>. En este caso, podr\u00e1s entrar y estacionar en la zona SER en horario regulado un m\u00e1ximo de dos horas.<\/li>\n\n\n\n<li>Tu veh\u00edculo cuenta con <strong>etiqueta C o B<\/strong> y decides aparcar en un aparcamiento de uso p\u00fablico. Muy cerca de <strong>CAFE LA PALMA<\/strong> tienes el Parking Marcenado, Plaza de los Mostenses, Luna-Tudescos, Fuencarral\u2026<\/li>\n<\/ul>\n\n\n\n<p class=\"wp-block-paragraph\">Adem\u00e1s, siempre puedes probar a estacionar tu veh\u00edculo en lugares fuera del per\u00edmetro de Madrid Central a menos de 200 metros de <strong>CAFE LA PALMA<\/strong> como Plaza de Espa\u00f1a, la Glorieta de Quevedo o la zona de Vallehermoso.<\/p>\n\n\n\n<p class=\"wp-block-paragraph\">Y recuerda que el beneficio de <strong>Madrid Central<\/strong> no es solo un aire m\u00e1s limpio, sino menos ruido y la liberaci\u00f3n de espacio p\u00fablico para dar el protagonismo a las personas que viven y visitan el distrito en un entorno m\u00e1s acogedor y saludable.<\/p>\n\n\n\n<p class=\"wp-block-paragraph\">Si quieres m\u00e1s informaci\u00f3n sobre Madrid Central, pincha <a href=\"https:\/\/www.madrid.es\/portales\/munimadrid\/es\/Inicio\/Movilidad-y-transportes\/Madrid-Central-Zona-de-Bajas-Emisiones\/Informacion-general\/Madrid-Central-Informacion-General\/?vgnextfmt=default&amp;vgnextoid=a67cda4581f64610VgnVCM2000001f4a900aRCRD&amp;vgnextchannel=088e96d2742f6610VgnVCM1000001d4a900aRCRD\" target=\"_blank\" rel=\"noopener\">here<\/a>.<\/p>","protected":false},"excerpt":{"rendered":"<p>Desde Marzo de 2019, el Ayuntamiento de Madrid impone sanciones econ\u00f3micas a los veh\u00edculos que transiten sin autorizaci\u00f3n dentro del per\u00edmetro conocido como Madrid Central, una zona de bajas emisiones contenida en el Plan A de Calidad del Aire y Cambio Clim\u00e1tico promovido desde el Ayuntamiento con objeto de favorecer la movilidad del peat\u00f3n, la &hellip; <\/p>","protected":false},"author":2,"featured_media":0,"parent":0,"menu_order":0,"comment_status":"closed","ping_status":"closed","template":"","meta":{"_tec_requires_first_save":true,"_uag_custom_page_level_css":"","loftloader_page_shortcode":"","_EventAllDay":false,"_EventTimezone":"","_EventStartDate":"","_EventEndDate":"","_EventStartDateUTC":"","_EventEndDateUTC":"","_EventShowMap":false,"_EventShowMapLink":false,"_EventURL":"","_EventCost":"","_EventCostDescription":"","_EventCurrencySymbol":"","_EventCurrencyCode":"","_EventCurrencyPosition":"","_EventDateTimeSeparator":"","_EventTimeRangeSeparator":"","_EventOrganizerID":[],"_EventVenueID":[],"_OrganizerEmail":"","_OrganizerPhone":"","_OrganizerWebsite":"","_VenueAddress":"","_VenueCity":"","_VenueCountry":"","_VenueProvince":"","_VenueState":"","_VenueZip":"","_VenuePhone":"","_VenueURL":"","_VenueStateProvince":"","_VenueLat":"","_VenueLng":"","_VenueShowMap":false,"_VenueShowMapLink":false,"_tribe_blocks_recurrence_rules":"","_tribe_blocks_recurrence_description":"","_tribe_blocks_recurrence_exclusions":"","_ecp_custom_2":"","footnotes":""},"class_list":["post-13203","page","type-page","status-publish","hentry"],"uagb_featured_image_src":{"full":false,"thumbnail":false,"medium":false,"medium_large":false,"large":false,"1536x1536":false,"2048x2048":false,"trp-custom-language-flag":false,"blossom-feminine-slider":false,"blossom-feminine-featured":false,"blossom-feminine-with-sidebar":false,"blossom-feminine-blog":false,"blossom-feminine-cat":false,"blossom-feminine-related":false,"blossom-feminine-schema":false},"uagb_author_info":{"display_name":"Victor","author_link":"https:\/\/cafelapalma.com\/en\/author\/comunicacion\/"},"uagb_comment_info":0,"uagb_excerpt":"Desde Marzo de 2019, el Ayuntamiento de Madrid impone sanciones econ\u00f3micas a los veh\u00edculos que transiten sin autorizaci\u00f3n dentro del per\u00edmetro conocido como Madrid Central, una zona de bajas emisiones contenida en el Plan A de Calidad del Aire y Cambio Clim\u00e1tico promovido desde el Ayuntamiento con objeto de favorecer la movilidad del peat\u00f3n, la&hellip;","_links":{"self":[{"href":"https:\/\/cafelapalma.com\/en\/wp-json\/wp\/v2\/pages\/13203","targetHints":{"allow":["GET"]}}],"collection":[{"href":"https:\/\/cafelapalma.com\/en\/wp-json\/wp\/v2\/pages"}],"about":[{"href":"https:\/\/cafelapalma.com\/en\/wp-json\/wp\/v2\/types\/page"}],"author":[{"embeddable":true,"href":"https:\/\/cafelapalma.com\/en\/wp-json\/wp\/v2\/users\/2"}],"replies":[{"embeddable":true,"href":"https:\/\/cafelapalma.com\/en\/wp-json\/wp\/v2\/comments?post=13203"}],"version-history":[{"count":0,"href":"https:\/\/cafelapalma.com\/en\/wp-json\/wp\/v2\/pages\/13203\/revisions"}],"wp:attachment":[{"href":"https:\/\/cafelapalma.com\/en\/wp-json\/wp\/v2\/media?parent=13203"}],"curies":[{"name":"wp","href":"https:\/\/api.w.org\/{rel}","templated":true}]}}

<div class="wp-block-image">
<figure class="aligncenter"><img loading="lazy" decoding="async" width="300" height="186" src="https://cafelapalma.com/wp-content/uploads/2019/03/madridcentral_LOGO-300x186.jpg" alt="madridcentral_LOGO" class="wp-image-13127" srcset="https://cafelapalma.com/wp-content/uploads/2019/03/madridcentral_LOGO-300x186.jpg 300w, https://cafelapalma.com/wp-content/uploads/2019/03/madridcentral_LOGO-230x143.jpg 230w, https://cafelapalma.com/wp-content/uploads/2019/03/madridcentral_LOGO-350x217.jpg 350w, https://cafelapalma.com/wp-content/uploads/2019/03/madridcentral_LOGO.jpg 416w" sizes="auto, (max-width: 300px) 100vw, 300px" /></figure>
</div>


<p class="wp-block-paragraph">Desde Marzo de 2019, el Ayuntamiento de Madrid impone sanciones económicas a los vehículos que transiten sin autorización dentro del perímetro conocido como Madrid Central, una zona de bajas emisiones contenida en el <a href="https://www.madrid.es/portales/munimadrid/es/Inicio/Medio-ambiente/Publicaciones/Plan-de-Calidad-de-aire-de-la-ciudad-de-Madrid-y-Cambio-Climatico-PLAN-A-/?vgnextfmt=default&amp;vgnextoid=2b809df12834b510VgnVCM1000001d4a900aRCRD&amp;vgnextchannel=f6ff79ed268fe410VgnVCM1000000b205a0aRCRD" target="_blank" rel="noopener">Plan A de Calidad del Aire y Cambio Climático</a> promovido desde el Ayuntamiento con objeto de favorecer la movilidad del peatón, la bicicleta y el transporte público. <strong>Madrid Central</strong> abarca las denominadas APR (Áreas de Prioridad de Residencia) y los barrios de Justicia y Universidad, donde se encuentra <strong>CAFE LA PALMA</strong>.</p>



<p class="wp-block-paragraph">Los residentes, personas con movilidad reducida y servicios de seguridad y emergencias pueden acceder con sus vehículos a <strong>Madrid Central</strong>. Tú también puedes hacerlo si:</p>



<ul class="wp-block-list">
<li>Tu vehículo cuenta con <strong>etiqueta ambiental 0 Emisiones</strong>. En este caso, podrás circular y estacionar en zona SER sin restricción horaria.</li>



<li>Tu vehículo cuenta con <strong>etiqueta ECO</strong>. En este caso, podrás entrar y estacionar en la zona SER en horario regulado un máximo de dos horas.</li>



<li>Tu vehículo cuenta con <strong>etiqueta C o B</strong> y decides aparcar en un aparcamiento de uso público. Muy cerca de <strong>CAFE LA PALMA</strong> tienes el Parking Marcenado, Plaza de los Mostenses, Luna-Tudescos, Fuencarral…</li>
</ul>



<p class="wp-block-paragraph">Además, siempre puedes probar a estacionar tu vehículo en lugares fuera del perímetro de Madrid Central a menos de 200 metros de <strong>CAFE LA PALMA</strong> como Plaza de España, la Glorieta de Quevedo o la zona de Vallehermoso.</p>



<p class="wp-block-paragraph">Y recuerda que el beneficio de <strong>Madrid Central</strong> no es solo un aire más limpio, sino menos ruido y la liberación de espacio público para dar el protagonismo a las personas que viven y visitan el distrito en un entorno más acogedor y saludable.</p>



<p class="wp-block-paragraph">Si quieres más información sobre Madrid Central, pincha <a href="https://www.madrid.es/portales/munimadrid/es/Inicio/Movilidad-y-transportes/Madrid-Central-Zona-de-Bajas-Emisiones/Informacion-general/Madrid-Central-Informacion-General/?vgnextfmt=default&amp;vgnextoid=a67cda4581f64610VgnVCM2000001f4a900aRCRD&amp;vgnextchannel=088e96d2742f6610VgnVCM1000001d4a900aRCRD" target="_blank" rel="noopener">here</a>.</p>

<p>Desde Marzo de 2019, el Ayuntamiento de Madrid impone sanciones económicas a los vehículos que transiten sin autorización dentro del perímetro conocido como Madrid Central, una zona de bajas emisiones contenida en el Plan A de Calidad del Aire y Cambio Climático promovido desde el Ayuntamiento con objeto de favorecer la movilidad del peatón, la &hellip; </p>

Desde Marzo de 2019, el Ayuntamiento de Madrid impone sanciones económicas a los vehículos que transiten sin autorización dentro del perímetro conocido como Madrid Central, una zona de bajas emisiones contenida en el Plan A de Calidad del Aire y Cambio Climático promovido desde el Ayuntamiento con objeto de favorecer la movilidad del peatón, la&hellip;
