{"id":148,"date":"2014-03-18T06:03:19","date_gmt":"2014-03-18T05:03:19","guid":{"rendered":"http:\/\/cafelapalma.simply-webspace.es\/?page_id=148"},"modified":"2025-05-06T08:10:43","modified_gmt":"2025-05-06T06:10:43","slug":"nuestra-historia","status":"publish","type":"page","link":"https:\/\/cafelapalma.com\/en\/nuestra-historia\/","title":{"rendered":"History"},"content":{"rendered":"<p class=\"wp-block-paragraph\"><\/p>\n\n\n\n<p class=\"wp-block-paragraph\"><\/p>\n\n\n<div class=\"wp-block-image\">\n<figure class=\"aligncenter size-full\"><img loading=\"lazy\" decoding=\"async\" width=\"863\" height=\"315\" src=\"https:\/\/cafelapalma.com\/wp-content\/uploads\/2023\/02\/HISTORIA-1.jpg\" alt=\"\" class=\"wp-image-25843\" srcset=\"https:\/\/cafelapalma.com\/wp-content\/uploads\/2023\/02\/HISTORIA-1.jpg 863w, https:\/\/cafelapalma.com\/wp-content\/uploads\/2023\/02\/HISTORIA-1-300x110.jpg 300w, https:\/\/cafelapalma.com\/wp-content\/uploads\/2023\/02\/HISTORIA-1-768x280.jpg 768w, https:\/\/cafelapalma.com\/wp-content\/uploads\/2023\/02\/HISTORIA-1-164x60.jpg 164w\" sizes=\"auto, (max-width: 863px) 100vw, 863px\" \/><\/figure>\n<\/div>\n\n\n<p class=\"wp-block-paragraph\"><\/p>\n\n\n\n<p class=\"has-text-align-justify wp-block-paragraph translation-block\"><strong>30 years<\/strong> of history, and <strong>Caf\u00e9 la Palma<\/strong> is one of the most dynamic music venues in <strong>Madrid<\/strong>, and a pioneer in the introduction of \u00a0\u00ab<strong>first drink<\/strong>\u00bb concept.<br><br>We are placed in <strong>Madrid\u2019s<\/strong> downtown. Our philosophy is escape from any conventionalism, getting from <strong>Caf\u00e9 la Palma<\/strong> a <strong>multi-dimensional<\/strong> place, a labyrinth full of amazing <strong>novelties<\/strong>.<br><br><strong>Caf\u00e9 la Palma<\/strong> is for sure the best place for <strong>leisure<\/strong> and <strong>culture<\/strong>, to find all kind of <strong>surprises<\/strong>, in a constant process of change, adaptable to your mood. Only decide where to sit, and have some joy.<br><br>You can sit and have a chat with your\u00a0<strong>friends,<\/strong> with some cups of delicious coffee; enjoy evocative oriental beats an irresistible <strong>cocktails,<\/strong> in the arab tent; or join into a concert with amazing <strong>Madrid\u2019s<\/strong> underground bands, or well known pop musicians; or going mad with our dance floor, with best Madrid <strong>DJs<\/strong>.<br><br>We provide a complete variety of services of <strong>entertaiment<\/strong>. And our staff is kind, efficient and professional.<br><br>The <strong>dance<\/strong> <strong>floor<\/strong>, and concerts hall is for sure the core of <strong>Caf\u00e9 la Palma<\/strong>.<br><br>We proudly feel like a <strong>meeting point<\/strong> for <strong>curious<\/strong>, <strong>dynamic<\/strong> people. Like our customers, we are sophisticated and opened.<br><br>All \u00abtribes\u00bb, all generations are welcome to feed and feel the magic of <strong>Caf\u00e9 la Palma<\/strong>.<br><br>About live music, our sound is one of the best in Madrid.<br><br><\/p>\n\n\n<div class=\"wp-block-image\">\n<figure class=\"alignright size-full\"><img loading=\"lazy\" decoding=\"async\" width=\"317\" height=\"245\" src=\"https:\/\/cafelapalma.com\/wp-content\/uploads\/2023\/02\/kenny-larkin.jpg\" alt=\"\" class=\"wp-image-25844\" srcset=\"https:\/\/cafelapalma.com\/wp-content\/uploads\/2023\/02\/kenny-larkin.jpg 317w, https:\/\/cafelapalma.com\/wp-content\/uploads\/2023\/02\/kenny-larkin-300x232.jpg 300w, https:\/\/cafelapalma.com\/wp-content\/uploads\/2023\/02\/kenny-larkin-78x60.jpg 78w\" sizes=\"auto, (max-width: 317px) 100vw, 317px\" \/><\/figure>\n<\/div>\n\n\n<p class=\"has-text-align-justify ui-sortable-handle wp-block-paragraph translation-block\">In our scenario have played Dominique A, Jay Jay Johanson, Amaral, Addictive TV, Kenny Larkin, Ursula 1000, Programme, Mani (Primal Scream), The Gift, Amparanoia, Mala Rodr\u00edguez, Cycle, Josele Santiago, The Exception, The Coronas, Sex Museum, Vetusta Morla, Choj\u00edn Laziness Izal, Alamedadosoulna, La Bien Querida o Lichis and Goat Mechanics.<br><br>After live performances, you can enjoy DJ sets with Electronics, Deep, Nu Disco, New Wave, Electro, Minimal, Tech-House and Techno, as well as indofunk, acid- jazz, funk, brazilian &amp; afrocaribbean oriental beats and grooves.<br><br>But is not only about <strong>quality<\/strong> and <strong>variety<\/strong> of our music. We are also into many activities, like <strong>paints<\/strong> and <strong>pictures<\/strong> exhibitions, <strong>movie<\/strong> projections and <strong>theather<\/strong>. Even our tables are stunning creations of the artistic collective Khrudo.<br><br>In conclusion, <strong>Caf\u00e9 la Palma<\/strong> is a place in constant change, a <strong>essencial reference<\/strong> of Madrid cultural scene.<\/p>","protected":false},"excerpt":{"rendered":"<p>CAFE LA PALMA es, desde hace 30 a\u00f1os, un local pionero en el desarrollo del concepto de \u201cprimera copa\u201d, y una de las m\u00e1s activas salas de conciertos de la capital. Situado en pleno centro de Madrid, nuestra intenci\u00f3n es alejarnos de todo convencionalismo, convirtiendo CAFE LA PALMA en un espacio \u00fanico y polidimensional que &hellip; <\/p>","protected":false},"author":8,"featured_media":0,"parent":0,"menu_order":0,"comment_status":"closed","ping_status":"closed","template":"","meta":{"_tec_requires_first_save":true,"_uag_custom_page_level_css":"","loftloader_page_shortcode":"","_EventAllDay":false,"_EventTimezone":"","_EventStartDate":"","_EventEndDate":"","_EventStartDateUTC":"","_EventEndDateUTC":"","_EventShowMap":false,"_EventShowMapLink":false,"_EventURL":"","_EventCost":"","_EventCostDescription":"","_EventCurrencySymbol":"","_EventCurrencyCode":"","_EventCurrencyPosition":"","_EventDateTimeSeparator":"","_EventTimeRangeSeparator":"","_EventOrganizerID":[],"_EventVenueID":[],"_OrganizerEmail":"","_OrganizerPhone":"","_OrganizerWebsite":"","_VenueAddress":"","_VenueCity":"","_VenueCountry":"","_VenueProvince":"","_VenueState":"","_VenueZip":"","_VenuePhone":"","_VenueURL":"","_VenueStateProvince":"","_VenueLat":"","_VenueLng":"","_VenueShowMap":false,"_VenueShowMapLink":false,"_tribe_blocks_recurrence_rules":"","_tribe_blocks_recurrence_description":"","_tribe_blocks_recurrence_exclusions":"","_ecp_custom_2":"","footnotes":""},"class_list":["post-148","page","type-page","status-publish","hentry"],"uagb_featured_image_src":{"full":false,"thumbnail":false,"medium":false,"medium_large":false,"large":false,"1536x1536":false,"2048x2048":false,"trp-custom-language-flag":false,"blossom-feminine-slider":false,"blossom-feminine-featured":false,"blossom-feminine-with-sidebar":false,"blossom-feminine-blog":false,"blossom-feminine-cat":false,"blossom-feminine-related":false,"blossom-feminine-schema":false},"uagb_author_info":{"display_name":"Germ\u00e1n","author_link":"https:\/\/cafelapalma.com\/en\/author\/admin-2\/"},"uagb_comment_info":0,"uagb_excerpt":"CAFE LA PALMA es, desde hace 30 a\u00f1os, un local pionero en el desarrollo del concepto de \u201cprimera copa\u201d, y una de las m\u00e1s activas salas de conciertos de la capital. Situado en pleno centro de Madrid, nuestra intenci\u00f3n es alejarnos de todo convencionalismo, convirtiendo CAFE LA PALMA en un espacio \u00fanico y polidimensional que&hellip;","_links":{"self":[{"href":"https:\/\/cafelapalma.com\/en\/wp-json\/wp\/v2\/pages\/148","targetHints":{"allow":["GET"]}}],"collection":[{"href":"https:\/\/cafelapalma.com\/en\/wp-json\/wp\/v2\/pages"}],"about":[{"href":"https:\/\/cafelapalma.com\/en\/wp-json\/wp\/v2\/types\/page"}],"author":[{"embeddable":true,"href":"https:\/\/cafelapalma.com\/en\/wp-json\/wp\/v2\/users\/8"}],"replies":[{"embeddable":true,"href":"https:\/\/cafelapalma.com\/en\/wp-json\/wp\/v2\/comments?post=148"}],"version-history":[{"count":0,"href":"https:\/\/cafelapalma.com\/en\/wp-json\/wp\/v2\/pages\/148\/revisions"}],"wp:attachment":[{"href":"https:\/\/cafelapalma.com\/en\/wp-json\/wp\/v2\/media?parent=148"}],"curies":[{"name":"wp","href":"https:\/\/api.w.org\/{rel}","templated":true}]}}

<p class="wp-block-paragraph"></p>



<p class="wp-block-paragraph"></p>


<div class="wp-block-image">
<figure class="aligncenter size-full"><img loading="lazy" decoding="async" width="863" height="315" src="https://cafelapalma.com/wp-content/uploads/2023/02/HISTORIA-1.jpg" alt="" class="wp-image-25843" srcset="https://cafelapalma.com/wp-content/uploads/2023/02/HISTORIA-1.jpg 863w, https://cafelapalma.com/wp-content/uploads/2023/02/HISTORIA-1-300x110.jpg 300w, https://cafelapalma.com/wp-content/uploads/2023/02/HISTORIA-1-768x280.jpg 768w, https://cafelapalma.com/wp-content/uploads/2023/02/HISTORIA-1-164x60.jpg 164w" sizes="auto, (max-width: 863px) 100vw, 863px" /></figure>
</div>


<p class="wp-block-paragraph"></p>



<p class="has-text-align-justify wp-block-paragraph translation-block"><strong>30 years</strong> of history, and <strong>Café la Palma</strong> is one of the most dynamic music venues in <strong>Madrid</strong>, and a pioneer in the introduction of  «<strong>first drink</strong>» concept.<br><br>We are placed in <strong>Madrid’s</strong> downtown. Our philosophy is escape from any conventionalism, getting from <strong>Café la Palma</strong> a <strong>multi-dimensional</strong> place, a labyrinth full of amazing <strong>novelties</strong>.<br><br><strong>Café la Palma</strong> is for sure the best place for <strong>leisure</strong> and <strong>culture</strong>, to find all kind of <strong>surprises</strong>, in a constant process of change, adaptable to your mood. Only decide where to sit, and have some joy.<br><br>You can sit and have a chat with your <strong>friends,</strong> with some cups of delicious coffee; enjoy evocative oriental beats an irresistible <strong>cocktails,</strong> in the arab tent; or join into a concert with amazing <strong>Madrid’s</strong> underground bands, or well known pop musicians; or going mad with our dance floor, with best Madrid <strong>DJs</strong>.<br><br>We provide a complete variety of services of <strong>entertaiment</strong>. And our staff is kind, efficient and professional.<br><br>The <strong>dance</strong> <strong>floor</strong>, and concerts hall is for sure the core of <strong>Café la Palma</strong>.<br><br>We proudly feel like a <strong>meeting point</strong> for <strong>curious</strong>, <strong>dynamic</strong> people. Like our customers, we are sophisticated and opened.<br><br>All «tribes», all generations are welcome to feed and feel the magic of <strong>Café la Palma</strong>.<br><br>About live music, our sound is one of the best in Madrid.<br><br></p>


<div class="wp-block-image">
<figure class="alignright size-full"><img loading="lazy" decoding="async" width="317" height="245" src="https://cafelapalma.com/wp-content/uploads/2023/02/kenny-larkin.jpg" alt="" class="wp-image-25844" srcset="https://cafelapalma.com/wp-content/uploads/2023/02/kenny-larkin.jpg 317w, https://cafelapalma.com/wp-content/uploads/2023/02/kenny-larkin-300x232.jpg 300w, https://cafelapalma.com/wp-content/uploads/2023/02/kenny-larkin-78x60.jpg 78w" sizes="auto, (max-width: 317px) 100vw, 317px" /></figure>
</div>


<p class="has-text-align-justify ui-sortable-handle wp-block-paragraph translation-block">In our scenario have played Dominique A, Jay Jay Johanson, Amaral, Addictive TV, Kenny Larkin, Ursula 1000, Programme, Mani (Primal Scream), The Gift, Amparanoia, Mala Rodríguez, Cycle, Josele Santiago, The Exception, The Coronas, Sex Museum, Vetusta Morla, Chojín Laziness Izal, Alamedadosoulna, La Bien Querida o Lichis and Goat Mechanics.<br><br>After live performances, you can enjoy DJ sets with Electronics, Deep, Nu Disco, New Wave, Electro, Minimal, Tech-House and Techno, as well as indofunk, acid- jazz, funk, brazilian &amp; afrocaribbean oriental beats and grooves.<br><br>But is not only about <strong>quality</strong> and <strong>variety</strong> of our music. We are also into many activities, like <strong>paints</strong> and <strong>pictures</strong> exhibitions, <strong>movie</strong> projections and <strong>theather</strong>. Even our tables are stunning creations of the artistic collective Khrudo.<br><br>In conclusion, <strong>Café la Palma</strong> is a place in constant change, a <strong>essencial reference</strong> of Madrid cultural scene.</p>

<p>CAFE LA PALMA es, desde hace 30 años, un local pionero en el desarrollo del concepto de “primera copa”, y una de las más activas salas de conciertos de la capital. Situado en pleno centro de Madrid, nuestra intención es alejarnos de todo convencionalismo, convirtiendo CAFE LA PALMA en un espacio único y polidimensional que &hellip; </p>

Germán

CAFE LA PALMA es, desde hace 30 años, un local pionero en el desarrollo del concepto de “primera copa”, y una de las más activas salas de conciertos de la capital. Situado en pleno centro de Madrid, nuestra intención es alejarnos de todo convencionalismo, convirtiendo CAFE LA PALMA en un espacio único y polidimensional que&hellip;
