{"id":17901,"date":"2021-02-12T19:57:06","date_gmt":"2021-02-12T18:57:06","guid":{"rendered":"https:\/\/cafelapalma.com\/?post_type=tribe_events&#038;p=17901"},"modified":"2025-07-21T17:02:10","modified_gmt":"2025-07-21T15:02:10","slug":"exposicion","status":"publish","type":"tribe_events","link":"https:\/\/cafelapalma.com\/en\/programacion\/exposicion\/","title":{"rendered":"FACTOR\u00cdA DE ICONOS"},"content":{"rendered":"<div  class=\"tribe-events-schedule tribe-clearfix\" >\n\t<p class=\"tribe-events-schedule__datetime\">\n\t\t<span class=\"tribe-events-schedule__date tribe-events-schedule__date--start\">\n\t\t\t29  September  2025\t\t<\/span>\n\n\t\t\t\t\t<span class=\"tribe-events-schedule__separator tribe-events-schedule__separator--date\">\n\t\t\t\t@\t\t\t<\/span>\n\t\t\t<span class=\"tribe-events-schedule__time tribe-events-schedule__time--start\">\n\t\t\t\t02:00\t\t\t<\/span>\n\t\t\n\t\t\t\t\t\t\t\t\t<span class=\"tribe-events-schedule__separator tribe-events-schedule__separator--time\">\n\t\t\t\t\t&#8211;\t\t\t\t<\/span>\n\t\t\t\n\t\t\t\t\t\t\t<span class=\"tribe-events-schedule__time tribe-events-schedule__time--end\">\n\t\t\t\t\t02:30\t\t\t\t<\/span>\n\t\t\t\n\t\t\t\t\t\t<\/p>\n<\/div>\n\n\n\n<figure class=\"wp-block-gallery has-nested-images columns-default is-cropped wp-block-gallery-1 is-layout-flex wp-block-gallery-is-layout-flex\">\n<figure class=\"wp-block-image size-large\"><img loading=\"lazy\" decoding=\"async\" width=\"724\" height=\"1024\" data-id=\"21226\" src=\"https:\/\/cafelapalma.com\/wp-content\/uploads\/2021\/02\/pjharvey-724x1024.png\" alt=\"\" class=\"wp-image-21226\" srcset=\"https:\/\/cafelapalma.com\/wp-content\/uploads\/2021\/02\/pjharvey-724x1024.png 724w, https:\/\/cafelapalma.com\/wp-content\/uploads\/2021\/02\/pjharvey-212x300.png 212w, https:\/\/cafelapalma.com\/wp-content\/uploads\/2021\/02\/pjharvey-768x1086.png 768w, https:\/\/cafelapalma.com\/wp-content\/uploads\/2021\/02\/pjharvey-1086x1536.png 1086w, https:\/\/cafelapalma.com\/wp-content\/uploads\/2021\/02\/pjharvey-1449x2048.png 1449w, https:\/\/cafelapalma.com\/wp-content\/uploads\/2021\/02\/pjharvey-42x60.png 42w\" sizes=\"auto, (max-width: 724px) 100vw, 724px\" \/><figcaption class=\"wp-element-caption\">P.J. Harvey<\/figcaption><\/figure>\n\n\n\n<figure class=\"wp-block-image size-large\"><img loading=\"lazy\" decoding=\"async\" width=\"564\" height=\"846\" data-id=\"20143\" src=\"https:\/\/cafelapalma.com\/wp-content\/uploads\/2021\/02\/0c51a3abf7b198ae893429eb15aedccc.a76ef047d8d24c03823acdf41c4ee7c8.jpg\" alt=\"\" class=\"wp-image-20143\" srcset=\"https:\/\/cafelapalma.com\/wp-content\/uploads\/2021\/02\/0c51a3abf7b198ae893429eb15aedccc.a76ef047d8d24c03823acdf41c4ee7c8.jpg 564w, https:\/\/cafelapalma.com\/wp-content\/uploads\/2021\/02\/0c51a3abf7b198ae893429eb15aedccc.a76ef047d8d24c03823acdf41c4ee7c8-200x300.jpg 200w, https:\/\/cafelapalma.com\/wp-content\/uploads\/2021\/02\/0c51a3abf7b198ae893429eb15aedccc.a76ef047d8d24c03823acdf41c4ee7c8-40x60.jpg 40w\" sizes=\"auto, (max-width: 564px) 100vw, 564px\" \/><figcaption class=\"wp-element-caption\">The White Stripes<\/figcaption><\/figure>\n\n\n\n<figure class=\"wp-block-image size-large\"><img loading=\"lazy\" decoding=\"async\" width=\"724\" height=\"1024\" data-id=\"18692\" src=\"https:\/\/cafelapalma.com\/wp-content\/uploads\/2021\/02\/pearljam2-724x1024.jpg\" alt=\"\" class=\"wp-image-18692\" srcset=\"https:\/\/cafelapalma.com\/wp-content\/uploads\/2021\/02\/pearljam2-724x1024.jpg 724w, https:\/\/cafelapalma.com\/wp-content\/uploads\/2021\/02\/pearljam2-212x300.jpg 212w, https:\/\/cafelapalma.com\/wp-content\/uploads\/2021\/02\/pearljam2-768x1086.jpg 768w, https:\/\/cafelapalma.com\/wp-content\/uploads\/2021\/02\/pearljam2-1086x1536.jpg 1086w, https:\/\/cafelapalma.com\/wp-content\/uploads\/2021\/02\/pearljam2-1449x2048.jpg 1449w, https:\/\/cafelapalma.com\/wp-content\/uploads\/2021\/02\/pearljam2-42x60.jpg 42w\" sizes=\"auto, (max-width: 724px) 100vw, 724px\" \/><figcaption class=\"wp-element-caption\">P.J. Harvey<\/figcaption><\/figure>\n<\/figure>\n\n\n\n<p class=\"has-text-align-justify wp-block-paragraph\"><em><strong>Hasta el 29 de septiembre. Entrada libre.<br><\/strong><\/em><br>Una mirada al arte pop, plasmado a trav\u00e9s de la carteler\u00eda de conciertos de grupos tan ic\u00f3nicos como los Stones o los Strokes desde el rock, Underworld desde la electr\u00f3nica, o Bj\u00f6rk, desde el pop,\u00a0 que son un mudo testigo del desarrollo de la industria de la m\u00fasica en las \u00faltimas d\u00e9cadas.<\/p>\n\n\n\n<div style=\"height:100px\" aria-hidden=\"true\" class=\"wp-block-spacer\"><\/div>\n\n\n\n<hr class=\"wp-block-separator has-alpha-channel-opacity\"\/>\n\n\n\n<div style=\"height:100px\" aria-hidden=\"true\" class=\"wp-block-spacer\"><\/div>\n\n\n\n<p class=\"wp-block-paragraph\">Texto de la exposici\u00f3n. Carteler\u00eda de conciertos.<\/p>","protected":false},"excerpt":{"rendered":"<p>Hasta el 29 de septiembre. Entrada libre.Una mirada al arte pop, plasmado a trav\u00e9s de la carteler\u00eda de conciertos de grupos tan ic\u00f3nicos como los Stones o los Strokes desde el rock, Underworld desde la electr\u00f3nica, o Bj\u00f6rk, desde el pop,\u00a0 que son un mudo testigo del desarrollo de la industria de la m\u00fasica en &hellip; <\/p>","protected":false},"author":2,"featured_media":21226,"template":"","meta":{"_tec_requires_first_save":false,"_uag_custom_page_level_css":"","loftloader_page_shortcode":"","_EventAllDay":false,"_EventTimezone":"Europe\/Madrid","_EventStartDate":"2025-09-29 02:00:00","_EventEndDate":"2025-09-29 02:30:00","_EventStartDateUTC":"2025-09-29 00:00:00","_EventEndDateUTC":"2025-09-29 00:30:00","_EventShowMap":false,"_EventShowMapLink":false,"_EventURL":"","_EventCost":"","_EventCostDescription":"","_EventCurrencySymbol":"\u20ac","_EventCurrencyCode":"","_EventCurrencyPosition":"suffix","_EventDateTimeSeparator":"@","_EventTimeRangeSeparator":"-","_EventOrganizerID":[],"_EventVenueID":[0],"_OrganizerEmail":"","_OrganizerPhone":"","_OrganizerWebsite":"","_VenueAddress":"","_VenueCity":"","_VenueCountry":"","_VenueProvince":"","_VenueState":"","_VenueZip":"","_VenuePhone":"","_VenueURL":"","_VenueStateProvince":"","_VenueLat":"","_VenueLng":"","_VenueShowMap":false,"_VenueShowMapLink":false,"_tribe_blocks_recurrence_rules":"","_tribe_blocks_recurrence_description":"","_tribe_blocks_recurrence_exclusions":"","_ecp_custom_2":"","_tribe_events_status":"","_tribe_events_status_reason":"","_tribe_events_is_hybrid":"","_tribe_events_is_virtual":"","_tribe_events_virtual_video_source":"","_tribe_events_virtual_embed_video":"","_tribe_events_virtual_linked_button_text":"","_tribe_events_virtual_linked_button":"","_tribe_events_virtual_show_embed_at":"","_tribe_events_virtual_show_embed_to":[],"_tribe_events_virtual_show_on_event":"","_tribe_events_virtual_show_on_views":"","_tribe_events_virtual_url":"","footnotes":""},"tags":[9128,1363,1377,8882,525],"tribe_events_cat":[16536,8965],"class_list":["post-17901","tribe_events","type-tribe_events","status-publish","has-post-thumbnail","hentry","tag-arte","tag-cafe-la-palma","tag-fotografia","tag-music","tag-musica","tribe_events_cat-carrusel","tribe_events_cat-exposicion","cat_carrusel","cat_exposicion"],"uagb_featured_image_src":{"full":["https:\/\/cafelapalma.com\/wp-content\/uploads\/2021\/02\/pjharvey.png",2339,3307,false],"thumbnail":["https:\/\/cafelapalma.com\/wp-content\/uploads\/2021\/02\/pjharvey-150x150.png",150,150,true],"medium":["https:\/\/cafelapalma.com\/wp-content\/uploads\/2021\/02\/pjharvey-212x300.png",212,300,true],"medium_large":["https:\/\/cafelapalma.com\/wp-content\/uploads\/2021\/02\/pjharvey-768x1086.png",768,1086,true],"large":["https:\/\/cafelapalma.com\/wp-content\/uploads\/2021\/02\/pjharvey-724x1024.png",724,1024,true],"1536x1536":["https:\/\/cafelapalma.com\/wp-content\/uploads\/2021\/02\/pjharvey-1086x1536.png",1086,1536,true],"2048x2048":["https:\/\/cafelapalma.com\/wp-content\/uploads\/2021\/02\/pjharvey-1449x2048.png",1449,2048,true],"trp-custom-language-flag":["https:\/\/cafelapalma.com\/wp-content\/uploads\/2021\/02\/pjharvey.png",8,12,false],"blossom-feminine-slider":["https:\/\/cafelapalma.com\/wp-content\/uploads\/2021\/02\/pjharvey-1920x649.png",1920,649,true],"blossom-feminine-featured":["https:\/\/cafelapalma.com\/wp-content\/uploads\/2021\/02\/pjharvey-1410x600.png",1410,600,true],"blossom-feminine-with-sidebar":["https:\/\/cafelapalma.com\/wp-content\/uploads\/2021\/02\/pjharvey-1020x600.png",1020,600,true],"blossom-feminine-blog":["https:\/\/cafelapalma.com\/wp-content\/uploads\/2021\/02\/pjharvey-435x435.png",435,435,true],"blossom-feminine-cat":["https:\/\/cafelapalma.com\/wp-content\/uploads\/2021\/02\/pjharvey-450x300.png",450,300,true],"blossom-feminine-related":["https:\/\/cafelapalma.com\/wp-content\/uploads\/2021\/02\/pjharvey-320x200.png",320,200,true],"blossom-feminine-schema":["https:\/\/cafelapalma.com\/wp-content\/uploads\/2021\/02\/pjharvey-42x60.png",42,60,true]},"uagb_author_info":{"display_name":"Victor","author_link":"https:\/\/cafelapalma.com\/en\/author\/comunicacion\/"},"uagb_comment_info":0,"uagb_excerpt":"Hasta el 29 de septiembre. Entrada libre.Una mirada al arte pop, plasmado a trav\u00e9s de la carteler\u00eda de conciertos de grupos tan ic\u00f3nicos como los Stones o los Strokes desde el rock, Underworld desde la electr\u00f3nica, o Bj\u00f6rk, desde el pop,\u00a0 que son un mudo testigo del desarrollo de la industria de la m\u00fasica en&hellip;","_links":{"self":[{"href":"https:\/\/cafelapalma.com\/en\/wp-json\/wp\/v2\/tribe_events\/17901","targetHints":{"allow":["GET"]}}],"collection":[{"href":"https:\/\/cafelapalma.com\/en\/wp-json\/wp\/v2\/tribe_events"}],"about":[{"href":"https:\/\/cafelapalma.com\/en\/wp-json\/wp\/v2\/types\/tribe_events"}],"author":[{"embeddable":true,"href":"https:\/\/cafelapalma.com\/en\/wp-json\/wp\/v2\/users\/2"}],"version-history":[{"count":0,"href":"https:\/\/cafelapalma.com\/en\/wp-json\/wp\/v2\/tribe_events\/17901\/revisions"}],"wp:featuredmedia":[{"embeddable":true,"href":"https:\/\/cafelapalma.com\/en\/wp-json\/wp\/v2\/media\/21226"}],"wp:attachment":[{"href":"https:\/\/cafelapalma.com\/en\/wp-json\/wp\/v2\/media?parent=17901"}],"wp:term":[{"taxonomy":"post_tag","embeddable":true,"href":"https:\/\/cafelapalma.com\/en\/wp-json\/wp\/v2\/tags?post=17901"},{"taxonomy":"tribe_events_cat","embeddable":true,"href":"https:\/\/cafelapalma.com\/en\/wp-json\/wp\/v2\/tribe_events_cat?post=17901"}],"curies":[{"name":"wp","href":"https:\/\/api.w.org\/{rel}","templated":true}]}}

FACTORÍA DE ICONOS

<div  class="tribe-events-schedule tribe-clearfix" >
	<p class="tribe-events-schedule__datetime">
		<span class="tribe-events-schedule__date tribe-events-schedule__date--start">
			29  September  2025		</span>

					<span class="tribe-events-schedule__separator tribe-events-schedule__separator--date">
				@			</span>
			<span class="tribe-events-schedule__time tribe-events-schedule__time--start">
				02:00			</span>
		
									<span class="tribe-events-schedule__separator tribe-events-schedule__separator--time">
					&#8211;				</span>
			
							<span class="tribe-events-schedule__time tribe-events-schedule__time--end">
					02:30				</span>
			
						</p>
</div>



<figure class="wp-block-gallery has-nested-images columns-default is-cropped wp-block-gallery-1 is-layout-flex wp-block-gallery-is-layout-flex">
<figure class="wp-block-image size-large"><img loading="lazy" decoding="async" width="724" height="1024" data-id="21226" src="https://cafelapalma.com/wp-content/uploads/2021/02/pjharvey-724x1024.png" alt="" class="wp-image-21226" srcset="https://cafelapalma.com/wp-content/uploads/2021/02/pjharvey-724x1024.png 724w, https://cafelapalma.com/wp-content/uploads/2021/02/pjharvey-212x300.png 212w, https://cafelapalma.com/wp-content/uploads/2021/02/pjharvey-768x1086.png 768w, https://cafelapalma.com/wp-content/uploads/2021/02/pjharvey-1086x1536.png 1086w, https://cafelapalma.com/wp-content/uploads/2021/02/pjharvey-1449x2048.png 1449w, https://cafelapalma.com/wp-content/uploads/2021/02/pjharvey-42x60.png 42w" sizes="auto, (max-width: 724px) 100vw, 724px" /><figcaption class="wp-element-caption">P.J. Harvey</figcaption></figure>



<figure class="wp-block-image size-large"><img loading="lazy" decoding="async" width="564" height="846" data-id="20143" src="https://cafelapalma.com/wp-content/uploads/2021/02/0c51a3abf7b198ae893429eb15aedccc.a76ef047d8d24c03823acdf41c4ee7c8.jpg" alt="" class="wp-image-20143" srcset="https://cafelapalma.com/wp-content/uploads/2021/02/0c51a3abf7b198ae893429eb15aedccc.a76ef047d8d24c03823acdf41c4ee7c8.jpg 564w, https://cafelapalma.com/wp-content/uploads/2021/02/0c51a3abf7b198ae893429eb15aedccc.a76ef047d8d24c03823acdf41c4ee7c8-200x300.jpg 200w, https://cafelapalma.com/wp-content/uploads/2021/02/0c51a3abf7b198ae893429eb15aedccc.a76ef047d8d24c03823acdf41c4ee7c8-40x60.jpg 40w" sizes="auto, (max-width: 564px) 100vw, 564px" /><figcaption class="wp-element-caption">The White Stripes</figcaption></figure>



<figure class="wp-block-image size-large"><img loading="lazy" decoding="async" width="724" height="1024" data-id="18692" src="https://cafelapalma.com/wp-content/uploads/2021/02/pearljam2-724x1024.jpg" alt="" class="wp-image-18692" srcset="https://cafelapalma.com/wp-content/uploads/2021/02/pearljam2-724x1024.jpg 724w, https://cafelapalma.com/wp-content/uploads/2021/02/pearljam2-212x300.jpg 212w, https://cafelapalma.com/wp-content/uploads/2021/02/pearljam2-768x1086.jpg 768w, https://cafelapalma.com/wp-content/uploads/2021/02/pearljam2-1086x1536.jpg 1086w, https://cafelapalma.com/wp-content/uploads/2021/02/pearljam2-1449x2048.jpg 1449w, https://cafelapalma.com/wp-content/uploads/2021/02/pearljam2-42x60.jpg 42w" sizes="auto, (max-width: 724px) 100vw, 724px" /><figcaption class="wp-element-caption">P.J. Harvey</figcaption></figure>
</figure>



<p class="has-text-align-justify wp-block-paragraph"><em><strong>Hasta el 29 de septiembre. Entrada libre.<br></strong></em><br>Una mirada al arte pop, plasmado a través de la cartelería de conciertos de grupos tan icónicos como los Stones o los Strokes desde el rock, Underworld desde la electrónica, o Björk, desde el pop,  que son un mudo testigo del desarrollo de la industria de la música en las últimas décadas.</p>



<div style="height:100px" aria-hidden="true" class="wp-block-spacer"></div>



<hr class="wp-block-separator has-alpha-channel-opacity"/>



<div style="height:100px" aria-hidden="true" class="wp-block-spacer"></div>



<p class="wp-block-paragraph">Texto de la exposición. Cartelería de conciertos.</p>

<p>Hasta el 29 de septiembre. Entrada libre.Una mirada al arte pop, plasmado a través de la cartelería de conciertos de grupos tan icónicos como los Stones o los Strokes desde el rock, Underworld desde la electrónica, o Björk, desde el pop,  que son un mudo testigo del desarrollo de la industria de la música en &hellip; </p>

Hasta el 29 de septiembre. Entrada libre.Una mirada al arte pop, plasmado a través de la cartelería de conciertos de grupos tan icónicos como los Stones o los Strokes desde el rock, Underworld desde la electrónica, o Björk, desde el pop,  que son un mudo testigo del desarrollo de la industria de la música en&hellip;
