{"id":19796,"date":"2021-04-29T16:36:37","date_gmt":"2021-04-29T14:36:37","guid":{"rendered":"https:\/\/cafelapalma.com\/programacion\/jus-kno-copy\/"},"modified":"2021-05-15T20:36:38","modified_gmt":"2021-05-15T18:36:38","slug":"jus-kno-2-sesion","status":"publish","type":"tribe_events","link":"https:\/\/cafelapalma.com\/en\/programacion\/jus-kno-2-sesion\/","title":{"rendered":"JUS KNO&#8217; (2\u00ba Pase)"},"content":{"rendered":"<div  class=\"tribe-events-schedule tribe-clearfix\" >\n\t<p class=\"tribe-events-schedule__datetime\">\n\t\t<span class=\"tribe-events-schedule__date tribe-events-schedule__date--start\">\n\t\t\t16  May  2021\t\t<\/span>\n\n\t\t\t\t\t<span class=\"tribe-events-schedule__separator tribe-events-schedule__separator--date\">\n\t\t\t\t@\t\t\t<\/span>\n\t\t\t<span class=\"tribe-events-schedule__time tribe-events-schedule__time--start\">\n\t\t\t\t20:00\t\t\t<\/span>\n\t\t\n\t\t\t\t\t\t\t\t\t<span class=\"tribe-events-schedule__separator tribe-events-schedule__separator--time\">\n\t\t\t\t\t&#8211;\t\t\t\t<\/span>\n\t\t\t\n\t\t\t\t\t\t\t<span class=\"tribe-events-schedule__time tribe-events-schedule__time--end\">\n\t\t\t\t\t21:45\t\t\t\t<\/span>\n\t\t\t\n\t\t\t\t\t\t<\/p>\n<\/div>\n\n\n<div  class=\"tribe-block tribe-block__event-price\" >\n\t\t\t<span class=\"tribe-block__event-price__cost\"> 12\u20ac <\/span>\n\t\t\t\t<span class=\"tribe-block__event-price__description\">+ gg Anticipada | 15\u20ac Taquilla<\/span>\n\t<\/div>\n\n\n\n<div class=\"wp-block-columns is-layout-flex wp-container-core-columns-is-layout-8f761849 wp-block-columns-is-layout-flex\">\n<div class=\"wp-block-column is-layout-flow wp-block-column-is-layout-flow\" style=\"flex-basis:33.33%\">\n<figure class=\"wp-block-image size-large\"><img loading=\"lazy\" decoding=\"async\" width=\"420\" height=\"594\" src=\"https:\/\/cafelapalma.com\/wp-content\/uploads\/2021\/04\/JK_A3_2pLow.jpg\" alt=\"\" class=\"wp-image-19798\" srcset=\"https:\/\/cafelapalma.com\/wp-content\/uploads\/2021\/04\/JK_A3_2pLow.jpg 420w, https:\/\/cafelapalma.com\/wp-content\/uploads\/2021\/04\/JK_A3_2pLow-212x300.jpg 212w, https:\/\/cafelapalma.com\/wp-content\/uploads\/2021\/04\/JK_A3_2pLow-42x60.jpg 42w\" sizes=\"auto, (max-width: 420px) 100vw, 420px\" \/><\/figure>\n\n\n<div  class=\"tribe-block tribe-block__event-website\" >\n\t<a\n\t\thref=\"https:\/\/www.wegow.com\/es-es\/conciertos\/concierto-jus-kno-en-cafe-la-palma-segunda-sesion\"\n\t\ttarget=\"_self\"\n\t\t\t>\n\t\tBUY TICKETS\t<\/a>\n<\/div>\n<\/div>\n\n\n\n<div class=\"wp-block-column is-layout-flow wp-block-column-is-layout-flow\" style=\"flex-basis:66.66%\">\n<p class=\"has-text-align-left wp-block-paragraph\"><strong>Jus Kno\u2019<\/strong> surge en <strong>Madrid <\/strong>en el a\u00f1o 2015. <strong>Alex Aller<\/strong> (productor musical) y <strong>Pablo Villanueva<\/strong> (artista visual) unieron fuerzas para desarrollar un proyecto donde la m\u00fasica y la imagen coexisten bajo una sola identidad.<\/p>\n\n\n\n<p class=\"has-text-align-left wp-block-paragraph\"><br>A lo largo de su carrera han publicado 5 EPs, 1 LP y 12 videoclips.<br><strong><em>\u201cAsymmetry\u201d<\/em><\/strong> (2019), se incluy\u00f3 en el TOP 10 de mejores \u00e1lbumes de m\u00fasica<br>electr\u00f3nica en la lista elaborada por la revista <strong>MondoSonoro<\/strong>. <strong>BBC 1xtra<\/strong> (UK), <strong>Earmilk <\/strong>(USA), <strong>Indie Magazine<\/strong> (Germany) o <strong>Metal Magazine<\/strong> (US) son algunos de los medios internacionales que se han hecho eco de su trabajo.<\/p>\n\n\n\n<p class=\"has-text-align-left wp-block-paragraph\">Finalmente en 2021, lanzan su primer largo bajo el nombre de <strong><em>\u201cLooped Circles\u201d<\/em><\/strong>. El trabajo comprendido por 9 canciones, supone un viaje emocional a trav\u00e9s de las vivencias de ambos durante el a\u00f1o 2020. Recibiendo buenas criticas por parte de la prensa, este LP supone un punto de inflexi\u00f3n para el grupo, dando un paso al frente con su mejor sonido hasta la fecha.<\/p>\n\n\n\n<p class=\"has-text-align-left wp-block-paragraph\">Para su A\/V Live Set se llevan el estudio al escenario. Pianos, sintetizadores y guitarras acompa\u00f1ados de una narrativa visual que se proyecta de principio a fin del show.<\/p>\n<\/div>\n<\/div>\n\n\n\n<hr class=\"wp-block-separator is-style-wide\"\/>\n\n\n\n<div style=\"height:100px\" aria-hidden=\"true\" class=\"wp-block-spacer\"><\/div>\n\n\n<h2 class=\"tribe-block__related-events__title\">Related Events<\/h2>\n\n<ul  class=\"tribe-related-events tribe-clearfix\" >\n\t\t\t<li>\n\t\n<div class=\"tribe-related-events-thumbnail\">\n\t<a href=\"https:\/\/cafelapalma.com\/en\/programacion\/funkin-donuts\/\" class=\"url\" rel=\"bookmark\" tabindex=\"-1\" aria-hidden=\"true\"><img loading=\"lazy\" decoding=\"async\" width=\"693\" height=\"1040\" src=\"https:\/\/cafelapalma.com\/wp-content\/uploads\/2026\/07\/FD-vert2-bn-693x1040.jpg\" class=\"attachment-large size-large wp-post-image\" alt=\"\" \/><\/a>\n<\/div>\n\t<div class=\"tribe-related-event-info\">\n\t<h3 class=\"tribe-related-events-title\">\n\t\t<a href=\"https:\/\/cafelapalma.com\/en\/programacion\/funkin-donuts\/\" class=\"tribe-event-url\" rel=\"bookmark\">\n\t\t\tFUNKIN&#8217; DONUTS\t\t<\/a>\n\t<\/h3>\n\t<span class=\"tribe-event-date-start\">5  September@22:00<\/span><span class=\"tribe-event-time\">23:45<\/span><\/div>\n<\/li>\n\t\t\t<li>\n\t\n<div class=\"tribe-related-events-thumbnail\">\n\t<a href=\"https:\/\/cafelapalma.com\/en\/programacion\/backstage-le-petit-truffle-mayo\/\" class=\"url\" rel=\"bookmark\" tabindex=\"-1\" aria-hidden=\"true\"><img loading=\"lazy\" decoding=\"async\" width=\"780\" height=\"1040\" src=\"https:\/\/cafelapalma.com\/wp-content\/uploads\/2026\/07\/Imagen-TruffleMayo-LePetit-i-1-780x1040.png\" class=\"attachment-large size-large wp-post-image\" alt=\"\" \/><\/a>\n<\/div>\n\t<div class=\"tribe-related-event-info\">\n\t<h3 class=\"tribe-related-events-title\">\n\t\t<a href=\"https:\/\/cafelapalma.com\/en\/programacion\/backstage-le-petit-truffle-mayo\/\" class=\"tribe-event-url\" rel=\"bookmark\">\n\t\t\tBACKSTAGE: LE PETIT + TRUFFLE MAYO\t\t<\/a>\n\t<\/h3>\n\t<span class=\"tribe-event-date-start\">5  September@23:55<\/span><\/div>\n<\/li>\n\t\t\t<li>\n\t\n<div class=\"tribe-related-events-thumbnail\">\n\t<a href=\"https:\/\/cafelapalma.com\/en\/programacion\/willie-deville-concierto-benefico-x-venezuela\/\" class=\"url\" rel=\"bookmark\" tabindex=\"-1\" aria-hidden=\"true\"><img loading=\"lazy\" decoding=\"async\" width=\"1020\" height=\"531\" src=\"https:\/\/cafelapalma.com\/wp-content\/uploads\/2026\/08\/Willie-deville-1100x572-1-1040x541.jpg\" class=\"attachment-large size-large wp-post-image\" alt=\"\" \/><\/a>\n<\/div>\n\t<div class=\"tribe-related-event-info\">\n\t<h3 class=\"tribe-related-events-title\">\n\t\t<a href=\"https:\/\/cafelapalma.com\/en\/programacion\/willie-deville-concierto-benefico-x-venezuela\/\" class=\"tribe-event-url\" rel=\"bookmark\">\n\t\t\tWILLIE DEVILLE: CONCIERTO BEN\u00c9FICO X VENEZUELA\t\t<\/a>\n\t<\/h3>\n\t<span class=\"tribe-event-date-start\">6  September@21:00<\/span><span class=\"tribe-event-time\">23:45<\/span><\/div>\n<\/li>\n\t<\/ul>","protected":false},"excerpt":{"rendered":"<p>Jus Kno\u2019 surge en Madrid en el a\u00f1o 2015. Alex Aller (productor musical) y Pablo Villanueva (artista visual) unieron fuerzas para desarrollar un proyecto donde la m\u00fasica y la imagen coexisten bajo una sola identidad. A lo largo de su carrera han publicado 5 EPs, 1 LP y 12 videoclips.\u201cAsymmetry\u201d (2019), se incluy\u00f3 en el &hellip; <\/p>","protected":false},"author":2,"featured_media":19742,"template":"","meta":{"_tec_requires_first_save":false,"_uag_custom_page_level_css":"","loftloader_page_shortcode":"","_EventAllDay":false,"_EventTimezone":"Europe\/Madrid","_EventStartDate":"2021-05-16 20:00:00","_EventEndDate":"2021-05-16 21:45:00","_EventStartDateUTC":"2021-05-16 18:00:00","_EventEndDateUTC":"2021-05-16 19:45:00","_EventShowMap":false,"_EventShowMapLink":false,"_EventURL":"https:\/\/www.wegow.com\/es-es\/conciertos\/concierto-jus-kno-en-cafe-la-palma-segunda-sesion","_EventCost":"12","_EventCostDescription":"","_EventCurrencySymbol":"\u20ac","_EventCurrencyCode":"","_EventCurrencyPosition":"suffix","_EventDateTimeSeparator":"@","_EventTimeRangeSeparator":"-","_EventOrganizerID":[],"_EventVenueID":[0],"_OrganizerEmail":"","_OrganizerPhone":"","_OrganizerWebsite":"","_VenueAddress":"","_VenueCity":"","_VenueCountry":"","_VenueProvince":"","_VenueState":"","_VenueZip":"","_VenuePhone":"","_VenueURL":"","_VenueStateProvince":"","_VenueLat":"","_VenueLng":"","_VenueShowMap":false,"_VenueShowMapLink":false,"_tribe_blocks_recurrence_rules":"","_tribe_blocks_recurrence_description":"","_tribe_blocks_recurrence_exclusions":"","_ecp_custom_2":"","_tribe_events_status":"","_tribe_events_status_reason":"","_tribe_events_is_hybrid":"","_tribe_events_is_virtual":"","_tribe_events_virtual_video_source":"","_tribe_events_virtual_embed_video":"","_tribe_events_virtual_linked_button_text":"","_tribe_events_virtual_linked_button":"","_tribe_events_virtual_show_embed_at":"","_tribe_events_virtual_show_embed_to":[],"_tribe_events_virtual_show_on_event":"","_tribe_events_virtual_show_on_views":"","_tribe_events_virtual_url":"","footnotes":""},"tags":[9342,9338,9340,1363,2865,9147,9146,9337,1083,1431,9341,9319,9339,1146],"tribe_events_cat":[8963],"class_list":["post-19796","tribe_events","type-tribe_events","status-publish","has-post-thumbnail","hentry","tag-a-v-live-set","tag-alex-aller","tag-asymmetry","tag-cafe-la-palma","tag-conciertos-cafe-la-palma","tag-conciertos-madrid","tag-conciertos-malasana","tag-jus-kno","tag-live","tag-live-music","tag-looped-circles","tag-mondosonoro","tag-pablo-villanueva","tag-synthpop","tribe_events_cat-concierto","cat_concierto"],"uagb_featured_image_src":{"full":["https:\/\/cafelapalma.com\/wp-content\/uploads\/2021\/04\/Jus-Kno-low.jpg",612,408,false],"thumbnail":["https:\/\/cafelapalma.com\/wp-content\/uploads\/2021\/04\/Jus-Kno-low-150x150.jpg",150,150,true],"medium":["https:\/\/cafelapalma.com\/wp-content\/uploads\/2021\/04\/Jus-Kno-low-300x200.jpg",300,200,true],"medium_large":["https:\/\/cafelapalma.com\/wp-content\/uploads\/2021\/04\/Jus-Kno-low.jpg",612,408,false],"large":["https:\/\/cafelapalma.com\/wp-content\/uploads\/2021\/04\/Jus-Kno-low.jpg",612,408,false],"1536x1536":["https:\/\/cafelapalma.com\/wp-content\/uploads\/2021\/04\/Jus-Kno-low.jpg",612,408,false],"2048x2048":["https:\/\/cafelapalma.com\/wp-content\/uploads\/2021\/04\/Jus-Kno-low.jpg",612,408,false],"trp-custom-language-flag":["https:\/\/cafelapalma.com\/wp-content\/uploads\/2021\/04\/Jus-Kno-low.jpg",18,12,false],"blossom-feminine-slider":["https:\/\/cafelapalma.com\/wp-content\/uploads\/2021\/04\/Jus-Kno-low.jpg",612,408,false],"blossom-feminine-featured":["https:\/\/cafelapalma.com\/wp-content\/uploads\/2021\/04\/Jus-Kno-low.jpg",612,408,false],"blossom-feminine-with-sidebar":["https:\/\/cafelapalma.com\/wp-content\/uploads\/2021\/04\/Jus-Kno-low.jpg",612,408,false],"blossom-feminine-blog":["https:\/\/cafelapalma.com\/wp-content\/uploads\/2021\/04\/Jus-Kno-low-435x408.jpg",435,408,true],"blossom-feminine-cat":["https:\/\/cafelapalma.com\/wp-content\/uploads\/2021\/04\/Jus-Kno-low-450x300.jpg",450,300,true],"blossom-feminine-related":["https:\/\/cafelapalma.com\/wp-content\/uploads\/2021\/04\/Jus-Kno-low-320x200.jpg",320,200,true],"blossom-feminine-schema":["https:\/\/cafelapalma.com\/wp-content\/uploads\/2021\/04\/Jus-Kno-low-90x60.jpg",90,60,true]},"uagb_author_info":{"display_name":"Victor","author_link":"https:\/\/cafelapalma.com\/en\/author\/comunicacion\/"},"uagb_comment_info":0,"uagb_excerpt":"Jus Kno\u2019 surge en Madrid en el a\u00f1o 2015. Alex Aller (productor musical) y Pablo Villanueva (artista visual) unieron fuerzas para desarrollar un proyecto donde la m\u00fasica y la imagen coexisten bajo una sola identidad. A lo largo de su carrera han publicado 5 EPs, 1 LP y 12 videoclips.\u201cAsymmetry\u201d (2019), se incluy\u00f3 en el&hellip;","_links":{"self":[{"href":"https:\/\/cafelapalma.com\/en\/wp-json\/wp\/v2\/tribe_events\/19796","targetHints":{"allow":["GET"]}}],"collection":[{"href":"https:\/\/cafelapalma.com\/en\/wp-json\/wp\/v2\/tribe_events"}],"about":[{"href":"https:\/\/cafelapalma.com\/en\/wp-json\/wp\/v2\/types\/tribe_events"}],"author":[{"embeddable":true,"href":"https:\/\/cafelapalma.com\/en\/wp-json\/wp\/v2\/users\/2"}],"version-history":[{"count":0,"href":"https:\/\/cafelapalma.com\/en\/wp-json\/wp\/v2\/tribe_events\/19796\/revisions"}],"wp:featuredmedia":[{"embeddable":true,"href":"https:\/\/cafelapalma.com\/en\/wp-json\/wp\/v2\/media\/19742"}],"wp:attachment":[{"href":"https:\/\/cafelapalma.com\/en\/wp-json\/wp\/v2\/media?parent=19796"}],"wp:term":[{"taxonomy":"post_tag","embeddable":true,"href":"https:\/\/cafelapalma.com\/en\/wp-json\/wp\/v2\/tags?post=19796"},{"taxonomy":"tribe_events_cat","embeddable":true,"href":"https:\/\/cafelapalma.com\/en\/wp-json\/wp\/v2\/tribe_events_cat?post=19796"}],"curies":[{"name":"wp","href":"https:\/\/api.w.org\/{rel}","templated":true}]}}

JUS KNO&#8217; (2º Pase)

<div  class="tribe-events-schedule tribe-clearfix" >
	<p class="tribe-events-schedule__datetime">
		<span class="tribe-events-schedule__date tribe-events-schedule__date--start">
			16  May  2021		</span>

					<span class="tribe-events-schedule__separator tribe-events-schedule__separator--date">
				@			</span>
			<span class="tribe-events-schedule__time tribe-events-schedule__time--start">
				20:00			</span>
		
									<span class="tribe-events-schedule__separator tribe-events-schedule__separator--time">
					&#8211;				</span>
			
							<span class="tribe-events-schedule__time tribe-events-schedule__time--end">
					21:45				</span>
			
						</p>
</div>


<div  class="tribe-block tribe-block__event-price" >
			<span class="tribe-block__event-price__cost"> 12€ </span>
				<span class="tribe-block__event-price__description">+ gg Anticipada | 15€ Taquilla</span>
	</div>



<div class="wp-block-columns is-layout-flex wp-container-core-columns-is-layout-8f761849 wp-block-columns-is-layout-flex">
<div class="wp-block-column is-layout-flow wp-block-column-is-layout-flow" style="flex-basis:33.33%">
<figure class="wp-block-image size-large"><img loading="lazy" decoding="async" width="420" height="594" src="https://cafelapalma.com/wp-content/uploads/2021/04/JK_A3_2pLow.jpg" alt="" class="wp-image-19798" srcset="https://cafelapalma.com/wp-content/uploads/2021/04/JK_A3_2pLow.jpg 420w, https://cafelapalma.com/wp-content/uploads/2021/04/JK_A3_2pLow-212x300.jpg 212w, https://cafelapalma.com/wp-content/uploads/2021/04/JK_A3_2pLow-42x60.jpg 42w" sizes="auto, (max-width: 420px) 100vw, 420px" /></figure>


<div  class="tribe-block tribe-block__event-website" >
	<a
		href="https://www.wegow.com/es-es/conciertos/concierto-jus-kno-en-cafe-la-palma-segunda-sesion"
		target="_self"
			>
		BUY TICKETS	</a>
</div>
</div>



<div class="wp-block-column is-layout-flow wp-block-column-is-layout-flow" style="flex-basis:66.66%">
<p class="has-text-align-left wp-block-paragraph"><strong>Jus Kno’</strong> surge en <strong>Madrid </strong>en el año 2015. <strong>Alex Aller</strong> (productor musical) y <strong>Pablo Villanueva</strong> (artista visual) unieron fuerzas para desarrollar un proyecto donde la música y la imagen coexisten bajo una sola identidad.</p>



<p class="has-text-align-left wp-block-paragraph"><br>A lo largo de su carrera han publicado 5 EPs, 1 LP y 12 videoclips.<br><strong><em>“Asymmetry”</em></strong> (2019), se incluyó en el TOP 10 de mejores álbumes de música<br>electrónica en la lista elaborada por la revista <strong>MondoSonoro</strong>. <strong>BBC 1xtra</strong> (UK), <strong>Earmilk </strong>(USA), <strong>Indie Magazine</strong> (Germany) o <strong>Metal Magazine</strong> (US) son algunos de los medios internacionales que se han hecho eco de su trabajo.</p>



<p class="has-text-align-left wp-block-paragraph">Finalmente en 2021, lanzan su primer largo bajo el nombre de <strong><em>“Looped Circles”</em></strong>. El trabajo comprendido por 9 canciones, supone un viaje emocional a través de las vivencias de ambos durante el año 2020. Recibiendo buenas criticas por parte de la prensa, este LP supone un punto de inflexión para el grupo, dando un paso al frente con su mejor sonido hasta la fecha.</p>



<p class="has-text-align-left wp-block-paragraph">Para su A/V Live Set se llevan el estudio al escenario. Pianos, sintetizadores y guitarras acompañados de una narrativa visual que se proyecta de principio a fin del show.</p>
</div>
</div>



<hr class="wp-block-separator is-style-wide"/>



<div style="height:100px" aria-hidden="true" class="wp-block-spacer"></div>


<h2 class="tribe-block__related-events__title">Related Events</h2>

<ul  class="tribe-related-events tribe-clearfix" >
			<li>
	
<div class="tribe-related-events-thumbnail">
	<a href="https://cafelapalma.com/en/programacion/funkin-donuts/" class="url" rel="bookmark" tabindex="-1" aria-hidden="true"><img loading="lazy" decoding="async" width="693" height="1040" src="https://cafelapalma.com/wp-content/uploads/2026/07/FD-vert2-bn-693x1040.jpg" class="attachment-large size-large wp-post-image" alt="" /></a>
</div>
	<div class="tribe-related-event-info">
	<h3 class="tribe-related-events-title">
		<a href="https://cafelapalma.com/en/programacion/funkin-donuts/" class="tribe-event-url" rel="bookmark">
			FUNKIN&#8217; DONUTS		</a>
	</h3>
	<span class="tribe-event-date-start">5  September@22:00</span><span class="tribe-event-time">23:45</span></div>
</li>
			<li>
	
<div class="tribe-related-events-thumbnail">
	<a href="https://cafelapalma.com/en/programacion/backstage-le-petit-truffle-mayo/" class="url" rel="bookmark" tabindex="-1" aria-hidden="true"><img loading="lazy" decoding="async" width="780" height="1040" src="https://cafelapalma.com/wp-content/uploads/2026/07/Imagen-TruffleMayo-LePetit-i-1-780x1040.png" class="attachment-large size-large wp-post-image" alt="" /></a>
</div>
	<div class="tribe-related-event-info">
	<h3 class="tribe-related-events-title">
		<a href="https://cafelapalma.com/en/programacion/backstage-le-petit-truffle-mayo/" class="tribe-event-url" rel="bookmark">
			BACKSTAGE: LE PETIT + TRUFFLE MAYO		</a>
	</h3>
	<span class="tribe-event-date-start">5  September@23:55</span></div>
</li>
			<li>
	
<div class="tribe-related-events-thumbnail">
	<a href="https://cafelapalma.com/en/programacion/willie-deville-concierto-benefico-x-venezuela/" class="url" rel="bookmark" tabindex="-1" aria-hidden="true"><img loading="lazy" decoding="async" width="1020" height="531" src="https://cafelapalma.com/wp-content/uploads/2026/08/Willie-deville-1100x572-1-1040x541.jpg" class="attachment-large size-large wp-post-image" alt="" /></a>
</div>
	<div class="tribe-related-event-info">
	<h3 class="tribe-related-events-title">
		<a href="https://cafelapalma.com/en/programacion/willie-deville-concierto-benefico-x-venezuela/" class="tribe-event-url" rel="bookmark">
			WILLIE DEVILLE: CONCIERTO BENÉFICO X VENEZUELA		</a>
	</h3>
	<span class="tribe-event-date-start">6  September@21:00</span><span class="tribe-event-time">23:45</span></div>
</li>
	</ul>

<p>Jus Kno’ surge en Madrid en el año 2015. Alex Aller (productor musical) y Pablo Villanueva (artista visual) unieron fuerzas para desarrollar un proyecto donde la música y la imagen coexisten bajo una sola identidad. A lo largo de su carrera han publicado 5 EPs, 1 LP y 12 videoclips.“Asymmetry” (2019), se incluyó en el &hellip; </p>

Jus Kno’ surge en Madrid en el año 2015. Alex Aller (productor musical) y Pablo Villanueva (artista visual) unieron fuerzas para desarrollar un proyecto donde la música y la imagen coexisten bajo una sola identidad. A lo largo de su carrera han publicado 5 EPs, 1 LP y 12 videoclips.“Asymmetry” (2019), se incluyó en el&hellip;
