{"id":19886,"date":"2021-05-10T19:07:56","date_gmt":"2021-05-10T17:07:56","guid":{"rendered":"https:\/\/cafelapalma.com\/?post_type=tribe_events&#038;p=19886"},"modified":"2021-06-01T16:56:26","modified_gmt":"2021-06-01T14:56:26","slug":"boyanka-kostova-1er-pase","status":"publish","type":"tribe_events","link":"https:\/\/cafelapalma.com\/en\/programacion\/boyanka-kostova-1er-pase\/","title":{"rendered":"BOYANKA KOSTOVA (1ER PASE)"},"content":{"rendered":"<div  class=\"tribe-events-schedule tribe-clearfix\" >\n\t<p class=\"tribe-events-schedule__datetime\">\n\t\t<span class=\"tribe-events-schedule__date tribe-events-schedule__date--start\">\n\t\t\t05  June  2021\t\t<\/span>\n\n\t\t\t\t\t<span class=\"tribe-events-schedule__separator tribe-events-schedule__separator--date\">\n\t\t\t\t@\t\t\t<\/span>\n\t\t\t<span class=\"tribe-events-schedule__time tribe-events-schedule__time--start\">\n\t\t\t\t20:00\t\t\t<\/span>\n\t\t\n\t\t\t\t\t\t\t\t\t<span class=\"tribe-events-schedule__separator tribe-events-schedule__separator--time\">\n\t\t\t\t\t&#8211;\t\t\t\t<\/span>\n\t\t\t\n\t\t\t\t\t\t\t<span class=\"tribe-events-schedule__time tribe-events-schedule__time--end\">\n\t\t\t\t\t21:30\t\t\t\t<\/span>\n\t\t\t\n\t\t\t\t\t\t<\/p>\n<\/div>\n\n\n<div  class=\"tribe-block tribe-block__event-price\" >\n\t\t\t\t<span class=\"tribe-block__event-price__description\">ENTRADAS AGOTADAS<\/span>\n\t<\/div>\n\n\n\n<div class=\"wp-block-columns is-layout-flex wp-container-core-columns-is-layout-8f761849 wp-block-columns-is-layout-flex\">\n<div class=\"wp-block-column is-layout-flow wp-block-column-is-layout-flow\" style=\"flex-basis:33.33%\">\n<figure class=\"wp-block-image size-large\"><img loading=\"lazy\" decoding=\"async\" width=\"731\" height=\"1024\" src=\"https:\/\/cafelapalma.com\/wp-content\/uploads\/2021\/05\/BK_A3_CM-731x1024.jpg\" alt=\"\" class=\"wp-image-19940\" srcset=\"https:\/\/cafelapalma.com\/wp-content\/uploads\/2021\/05\/BK_A3_CM-731x1024.jpg 731w, https:\/\/cafelapalma.com\/wp-content\/uploads\/2021\/05\/BK_A3_CM-214x300.jpg 214w, https:\/\/cafelapalma.com\/wp-content\/uploads\/2021\/05\/BK_A3_CM-768x1076.jpg 768w, https:\/\/cafelapalma.com\/wp-content\/uploads\/2021\/05\/BK_A3_CM-43x60.jpg 43w, https:\/\/cafelapalma.com\/wp-content\/uploads\/2021\/05\/BK_A3_CM.jpg 850w\" sizes=\"auto, (max-width: 731px) 100vw, 731px\" \/><\/figure>\n<\/div>\n\n\n\n<div class=\"wp-block-column is-layout-flow wp-block-column-is-layout-flow\" style=\"flex-basis:66.66%\">\n<p class=\"wp-block-paragraph\"><\/p>\n\n\n\n<p class=\"has-text-align-left wp-block-paragraph\"><em>JUNTOS POR LA M\u00daSICA EN VIVO<\/em>&nbsp;<strong>BOYANKA KOSTOVA<\/strong><\/p>\n\n\n\n<p class=\"has-text-align-left wp-block-paragraph\"><strong>Boyanka Kostova<\/strong> es el duo gallego responsable del mayor crossover del trap en Espa\u00f1a: si alguna vez has escuchado las palabras trap y rural en la misma frase es por su culpa. Herederos de grandes mitos como <strong>Os Resentidos<\/strong> y <strong>Siniestro Total<\/strong>, utilizan sin miramiento los ritmos y sonidos urbanos para dar voz al entorno rural.<\/p>\n\n\n\n<p class=\"has-text-align-left wp-block-paragraph\">El trap descontextualizado y sin l\u00edneas rojas, otro tipo de glamour, una verdadera anomal\u00eda en la escena. Un a\u00f1o despu\u00e9s de su debut <strong><em>\u00abNova Canci\u00f3n Galega\u00bb<\/em><\/strong> llega <em><strong>\u00abOs dous de sempre\u00bb<\/strong><\/em>, un trabajo con mayor libertad creativa y un sorprendente acercamiento a distintos g\u00e9neros.<\/p>\n\n\n\n<p class=\"has-text-align-left wp-block-paragraph\">Con el apoyo de la <strong>Comunidad de Madrid<\/strong> <a rel=\"noreferrer noopener\" href=\"https:\/\/www.turismomadrid.es\/es\/\" target=\"_blank\">turismomadrid.es<\/a> y <a rel=\"noreferrer noopener\" href=\"https:\/\/lanocheenvivo.com\/\" target=\"_blank\">lanocheenvivo.com<\/a> #somoslanocheenvivo #shineinmadrid #brillaenmadrid<\/p>\n<\/div>\n<\/div>\n\n\n\n<hr class=\"wp-block-separator is-style-wide\"\/>\n\n\n\n<div style=\"height:100px\" aria-hidden=\"true\" class=\"wp-block-spacer\"><\/div>\n\n\n<h2 class=\"tribe-block__related-events__title\">Related Events<\/h2>\n\n<ul  class=\"tribe-related-events tribe-clearfix\" >\n\t\t\t<li>\n\t\n<div class=\"tribe-related-events-thumbnail\">\n\t<a href=\"https:\/\/cafelapalma.com\/en\/programacion\/funkin-donuts\/\" class=\"url\" rel=\"bookmark\" tabindex=\"-1\" aria-hidden=\"true\"><img loading=\"lazy\" decoding=\"async\" width=\"693\" height=\"1040\" src=\"https:\/\/cafelapalma.com\/wp-content\/uploads\/2026\/07\/FD-vert2-bn-693x1040.jpg\" class=\"attachment-large size-large wp-post-image\" alt=\"\" \/><\/a>\n<\/div>\n\t<div class=\"tribe-related-event-info\">\n\t<h3 class=\"tribe-related-events-title\">\n\t\t<a href=\"https:\/\/cafelapalma.com\/en\/programacion\/funkin-donuts\/\" class=\"tribe-event-url\" rel=\"bookmark\">\n\t\t\tFUNKIN&#8217; DONUTS\t\t<\/a>\n\t<\/h3>\n\t<span class=\"tribe-event-date-start\">5  September@22:00<\/span><span class=\"tribe-event-time\">23:45<\/span><\/div>\n<\/li>\n\t\t\t<li>\n\t\n<div class=\"tribe-related-events-thumbnail\">\n\t<a href=\"https:\/\/cafelapalma.com\/en\/programacion\/willie-deville-concierto-benefico-x-venezuela\/\" class=\"url\" rel=\"bookmark\" tabindex=\"-1\" aria-hidden=\"true\"><img loading=\"lazy\" decoding=\"async\" width=\"1020\" height=\"531\" src=\"https:\/\/cafelapalma.com\/wp-content\/uploads\/2026\/08\/Willie-deville-1100x572-1-1040x541.jpg\" class=\"attachment-large size-large wp-post-image\" alt=\"\" \/><\/a>\n<\/div>\n\t<div class=\"tribe-related-event-info\">\n\t<h3 class=\"tribe-related-events-title\">\n\t\t<a href=\"https:\/\/cafelapalma.com\/en\/programacion\/willie-deville-concierto-benefico-x-venezuela\/\" class=\"tribe-event-url\" rel=\"bookmark\">\n\t\t\tWILLIE DEVILLE: CONCIERTO BEN\u00c9FICO X VENEZUELA\t\t<\/a>\n\t<\/h3>\n\t<span class=\"tribe-event-date-start\">6  September@21:00<\/span><span class=\"tribe-event-time\">23:45<\/span><\/div>\n<\/li>\n\t\t\t<li>\n\t\n<div class=\"tribe-related-events-thumbnail\">\n\t<a href=\"https:\/\/cafelapalma.com\/en\/programacion\/new-boix\/\" class=\"url\" rel=\"bookmark\" tabindex=\"-1\" aria-hidden=\"true\"><img loading=\"lazy\" decoding=\"async\" width=\"694\" height=\"1040\" src=\"https:\/\/cafelapalma.com\/wp-content\/uploads\/2026\/05\/WhatsApp-Image-2026-04-29-at-12.00.28-694x1040.jpeg\" class=\"attachment-large size-large wp-post-image\" alt=\"\" \/><\/a>\n<\/div>\n\t<div class=\"tribe-related-event-info\">\n\t<h3 class=\"tribe-related-events-title\">\n\t\t<a href=\"https:\/\/cafelapalma.com\/en\/programacion\/new-boix\/\" class=\"tribe-event-url\" rel=\"bookmark\">\n\t\t\tNEW BOIX\t\t<\/a>\n\t<\/h3>\n\t<span class=\"tribe-event-date-start\">10  September@22:00<\/span><span class=\"tribe-event-time\">23:45<\/span><\/div>\n<\/li>\n\t<\/ul>","protected":false},"excerpt":{"rendered":"<p>JUNTOS POR LA M\u00daSICA EN VIVO&nbsp;BOYANKA KOSTOVA Boyanka Kostova es el duo gallego responsable del mayor crossover del trap en Espa\u00f1a: si alguna vez has escuchado las palabras trap y rural en la misma frase es por su culpa. Herederos de grandes mitos como Os Resentidos y Siniestro Total, utilizan sin miramiento los ritmos y &hellip; <\/p>","protected":false},"author":2,"featured_media":19888,"template":"","meta":{"_tec_requires_first_save":false,"_uag_custom_page_level_css":"","loftloader_page_shortcode":"","_EventAllDay":false,"_EventTimezone":"Europe\/Madrid","_EventStartDate":"2021-06-05 20:00:00","_EventEndDate":"2021-06-05 21:30:00","_EventStartDateUTC":"2021-06-05 18:00:00","_EventEndDateUTC":"2021-06-05 19:30:00","_EventShowMap":false,"_EventShowMapLink":false,"_EventURL":"https:\/\/link.dice.fm\/aPJNFPfk9fb","_EventCost":"","_EventCostDescription":"","_EventCurrencySymbol":"\u20ac","_EventCurrencyCode":"","_EventCurrencyPosition":"suffix","_EventDateTimeSeparator":"@","_EventTimeRangeSeparator":"-","_EventOrganizerID":[],"_EventVenueID":[0],"_OrganizerEmail":"","_OrganizerPhone":"","_OrganizerWebsite":"","_VenueAddress":"","_VenueCity":"","_VenueCountry":"","_VenueProvince":"","_VenueState":"","_VenueZip":"","_VenuePhone":"","_VenueURL":"","_VenueStateProvince":"","_VenueLat":"","_VenueLng":"","_VenueShowMap":false,"_VenueShowMapLink":false,"_tribe_blocks_recurrence_rules":"","_tribe_blocks_recurrence_description":"","_tribe_blocks_recurrence_exclusions":"","_ecp_custom_2":"","_tribe_events_status":"","_tribe_events_status_reason":"","_tribe_events_is_hybrid":"","_tribe_events_is_virtual":"","_tribe_events_virtual_video_source":"","_tribe_events_virtual_embed_video":"","_tribe_events_virtual_linked_button_text":"","_tribe_events_virtual_linked_button":"","_tribe_events_virtual_show_embed_at":"","_tribe_events_virtual_show_embed_to":[],"_tribe_events_virtual_show_on_event":"","_tribe_events_virtual_show_on_views":"","_tribe_events_virtual_url":"","footnotes":""},"tags":[9445,9443,9442,9416,9414,8869,9423,9398,2865,9147,9146,9425,9446,9224,9441,9415,9421,9424,9422,9420,9419,9426,9417,9418,9444,9349],"tribe_events_cat":[8963],"class_list":["post-19886","tribe_events","type-tribe_events","status-publish","has-post-thumbnail","hentry","tag-brillaenmadrid","tag-shineinmadrid","tag-somoslanocheenvivo","tag-artica","tag-boyanka-kostova","tag-cafe-la-palma-2","tag-chicho","tag-comunidad-de-madrid","tag-conciertos-cafe-la-palma","tag-conciertos-madrid","tag-conciertos-malasana","tag-esteban-manuel","tag-juntos-por-la-musica-en-vivo","tag-la-noche-en-vivo","tag-lanocheenvivo-com","tag-mushroom-pillow","tag-nova-cancion-galega","tag-ortiga","tag-os-dous-de-sempre","tag-os-resentidos","tag-siniestro-total","tag-sonidos-urbanos","tag-trap-galego","tag-trap-rural","tag-turismomadrid-es","tag-urban","tribe_events_cat-concierto","cat_concierto"],"uagb_featured_image_src":{"full":["https:\/\/cafelapalma.com\/wp-content\/uploads\/2021\/05\/Boyanka_Kostova_foto_low.jpg",612,408,false],"thumbnail":["https:\/\/cafelapalma.com\/wp-content\/uploads\/2021\/05\/Boyanka_Kostova_foto_low-150x150.jpg",150,150,true],"medium":["https:\/\/cafelapalma.com\/wp-content\/uploads\/2021\/05\/Boyanka_Kostova_foto_low-300x200.jpg",300,200,true],"medium_large":["https:\/\/cafelapalma.com\/wp-content\/uploads\/2021\/05\/Boyanka_Kostova_foto_low.jpg",612,408,false],"large":["https:\/\/cafelapalma.com\/wp-content\/uploads\/2021\/05\/Boyanka_Kostova_foto_low.jpg",612,408,false],"1536x1536":["https:\/\/cafelapalma.com\/wp-content\/uploads\/2021\/05\/Boyanka_Kostova_foto_low.jpg",612,408,false],"2048x2048":["https:\/\/cafelapalma.com\/wp-content\/uploads\/2021\/05\/Boyanka_Kostova_foto_low.jpg",612,408,false],"trp-custom-language-flag":["https:\/\/cafelapalma.com\/wp-content\/uploads\/2021\/05\/Boyanka_Kostova_foto_low.jpg",18,12,false],"blossom-feminine-slider":["https:\/\/cafelapalma.com\/wp-content\/uploads\/2021\/05\/Boyanka_Kostova_foto_low.jpg",612,408,false],"blossom-feminine-featured":["https:\/\/cafelapalma.com\/wp-content\/uploads\/2021\/05\/Boyanka_Kostova_foto_low.jpg",612,408,false],"blossom-feminine-with-sidebar":["https:\/\/cafelapalma.com\/wp-content\/uploads\/2021\/05\/Boyanka_Kostova_foto_low.jpg",612,408,false],"blossom-feminine-blog":["https:\/\/cafelapalma.com\/wp-content\/uploads\/2021\/05\/Boyanka_Kostova_foto_low-435x408.jpg",435,408,true],"blossom-feminine-cat":["https:\/\/cafelapalma.com\/wp-content\/uploads\/2021\/05\/Boyanka_Kostova_foto_low-450x300.jpg",450,300,true],"blossom-feminine-related":["https:\/\/cafelapalma.com\/wp-content\/uploads\/2021\/05\/Boyanka_Kostova_foto_low-320x200.jpg",320,200,true],"blossom-feminine-schema":["https:\/\/cafelapalma.com\/wp-content\/uploads\/2021\/05\/Boyanka_Kostova_foto_low-90x60.jpg",90,60,true]},"uagb_author_info":{"display_name":"Victor","author_link":"https:\/\/cafelapalma.com\/en\/author\/comunicacion\/"},"uagb_comment_info":0,"uagb_excerpt":"JUNTOS POR LA M\u00daSICA EN VIVO&nbsp;BOYANKA KOSTOVA Boyanka Kostova es el duo gallego responsable del mayor crossover del trap en Espa\u00f1a: si alguna vez has escuchado las palabras trap y rural en la misma frase es por su culpa. Herederos de grandes mitos como Os Resentidos y Siniestro Total, utilizan sin miramiento los ritmos y&hellip;","_links":{"self":[{"href":"https:\/\/cafelapalma.com\/en\/wp-json\/wp\/v2\/tribe_events\/19886","targetHints":{"allow":["GET"]}}],"collection":[{"href":"https:\/\/cafelapalma.com\/en\/wp-json\/wp\/v2\/tribe_events"}],"about":[{"href":"https:\/\/cafelapalma.com\/en\/wp-json\/wp\/v2\/types\/tribe_events"}],"author":[{"embeddable":true,"href":"https:\/\/cafelapalma.com\/en\/wp-json\/wp\/v2\/users\/2"}],"version-history":[{"count":0,"href":"https:\/\/cafelapalma.com\/en\/wp-json\/wp\/v2\/tribe_events\/19886\/revisions"}],"wp:featuredmedia":[{"embeddable":true,"href":"https:\/\/cafelapalma.com\/en\/wp-json\/wp\/v2\/media\/19888"}],"wp:attachment":[{"href":"https:\/\/cafelapalma.com\/en\/wp-json\/wp\/v2\/media?parent=19886"}],"wp:term":[{"taxonomy":"post_tag","embeddable":true,"href":"https:\/\/cafelapalma.com\/en\/wp-json\/wp\/v2\/tags?post=19886"},{"taxonomy":"tribe_events_cat","embeddable":true,"href":"https:\/\/cafelapalma.com\/en\/wp-json\/wp\/v2\/tribe_events_cat?post=19886"}],"curies":[{"name":"wp","href":"https:\/\/api.w.org\/{rel}","templated":true}]}}

<div  class="tribe-events-schedule tribe-clearfix" >
	<p class="tribe-events-schedule__datetime">
		<span class="tribe-events-schedule__date tribe-events-schedule__date--start">
			05  June  2021		</span>

					<span class="tribe-events-schedule__separator tribe-events-schedule__separator--date">
				@			</span>
			<span class="tribe-events-schedule__time tribe-events-schedule__time--start">
				20:00			</span>
		
									<span class="tribe-events-schedule__separator tribe-events-schedule__separator--time">
					&#8211;				</span>
			
							<span class="tribe-events-schedule__time tribe-events-schedule__time--end">
					21:30				</span>
			
						</p>
</div>


<div  class="tribe-block tribe-block__event-price" >
				<span class="tribe-block__event-price__description">ENTRADAS AGOTADAS</span>
	</div>



<div class="wp-block-columns is-layout-flex wp-container-core-columns-is-layout-8f761849 wp-block-columns-is-layout-flex">
<div class="wp-block-column is-layout-flow wp-block-column-is-layout-flow" style="flex-basis:33.33%">
<figure class="wp-block-image size-large"><img loading="lazy" decoding="async" width="731" height="1024" src="https://cafelapalma.com/wp-content/uploads/2021/05/BK_A3_CM-731x1024.jpg" alt="" class="wp-image-19940" srcset="https://cafelapalma.com/wp-content/uploads/2021/05/BK_A3_CM-731x1024.jpg 731w, https://cafelapalma.com/wp-content/uploads/2021/05/BK_A3_CM-214x300.jpg 214w, https://cafelapalma.com/wp-content/uploads/2021/05/BK_A3_CM-768x1076.jpg 768w, https://cafelapalma.com/wp-content/uploads/2021/05/BK_A3_CM-43x60.jpg 43w, https://cafelapalma.com/wp-content/uploads/2021/05/BK_A3_CM.jpg 850w" sizes="auto, (max-width: 731px) 100vw, 731px" /></figure>
</div>



<div class="wp-block-column is-layout-flow wp-block-column-is-layout-flow" style="flex-basis:66.66%">
<p class="wp-block-paragraph"></p>



<p class="has-text-align-left wp-block-paragraph"><em>JUNTOS POR LA MÚSICA EN VIVO</em>&nbsp;<strong>BOYANKA KOSTOVA</strong></p>



<p class="has-text-align-left wp-block-paragraph"><strong>Boyanka Kostova</strong> es el duo gallego responsable del mayor crossover del trap en España: si alguna vez has escuchado las palabras trap y rural en la misma frase es por su culpa. Herederos de grandes mitos como <strong>Os Resentidos</strong> y <strong>Siniestro Total</strong>, utilizan sin miramiento los ritmos y sonidos urbanos para dar voz al entorno rural.</p>



<p class="has-text-align-left wp-block-paragraph">El trap descontextualizado y sin líneas rojas, otro tipo de glamour, una verdadera anomalía en la escena. Un año después de su debut <strong><em>«Nova Canción Galega»</em></strong> llega <em><strong>«Os dous de sempre»</strong></em>, un trabajo con mayor libertad creativa y un sorprendente acercamiento a distintos géneros.</p>



<p class="has-text-align-left wp-block-paragraph">Con el apoyo de la <strong>Comunidad de Madrid</strong> <a rel="noreferrer noopener" href="https://www.turismomadrid.es/es/" target="_blank">turismomadrid.es</a> y <a rel="noreferrer noopener" href="https://lanocheenvivo.com/" target="_blank">lanocheenvivo.com</a> #somoslanocheenvivo #shineinmadrid #brillaenmadrid</p>
</div>
</div>



<hr class="wp-block-separator is-style-wide"/>



<div style="height:100px" aria-hidden="true" class="wp-block-spacer"></div>


<h2 class="tribe-block__related-events__title">Related Events</h2>

<ul  class="tribe-related-events tribe-clearfix" >
			<li>
	
<div class="tribe-related-events-thumbnail">
	<a href="https://cafelapalma.com/en/programacion/funkin-donuts/" class="url" rel="bookmark" tabindex="-1" aria-hidden="true"><img loading="lazy" decoding="async" width="693" height="1040" src="https://cafelapalma.com/wp-content/uploads/2026/07/FD-vert2-bn-693x1040.jpg" class="attachment-large size-large wp-post-image" alt="" /></a>
</div>
	<div class="tribe-related-event-info">
	<h3 class="tribe-related-events-title">
		<a href="https://cafelapalma.com/en/programacion/funkin-donuts/" class="tribe-event-url" rel="bookmark">
			FUNKIN&#8217; DONUTS		</a>
	</h3>
	<span class="tribe-event-date-start">5  September@22:00</span><span class="tribe-event-time">23:45</span></div>
</li>
			<li>
	
<div class="tribe-related-events-thumbnail">
	<a href="https://cafelapalma.com/en/programacion/willie-deville-concierto-benefico-x-venezuela/" class="url" rel="bookmark" tabindex="-1" aria-hidden="true"><img loading="lazy" decoding="async" width="1020" height="531" src="https://cafelapalma.com/wp-content/uploads/2026/08/Willie-deville-1100x572-1-1040x541.jpg" class="attachment-large size-large wp-post-image" alt="" /></a>
</div>
	<div class="tribe-related-event-info">
	<h3 class="tribe-related-events-title">
		<a href="https://cafelapalma.com/en/programacion/willie-deville-concierto-benefico-x-venezuela/" class="tribe-event-url" rel="bookmark">
			WILLIE DEVILLE: CONCIERTO BENÉFICO X VENEZUELA		</a>
	</h3>
	<span class="tribe-event-date-start">6  September@21:00</span><span class="tribe-event-time">23:45</span></div>
</li>
			<li>
	
<div class="tribe-related-events-thumbnail">
	<a href="https://cafelapalma.com/en/programacion/new-boix/" class="url" rel="bookmark" tabindex="-1" aria-hidden="true"><img loading="lazy" decoding="async" width="694" height="1040" src="https://cafelapalma.com/wp-content/uploads/2026/05/WhatsApp-Image-2026-04-29-at-12.00.28-694x1040.jpeg" class="attachment-large size-large wp-post-image" alt="" /></a>
</div>
	<div class="tribe-related-event-info">
	<h3 class="tribe-related-events-title">
		<a href="https://cafelapalma.com/en/programacion/new-boix/" class="tribe-event-url" rel="bookmark">
			NEW BOIX		</a>
	</h3>
	<span class="tribe-event-date-start">10  September@22:00</span><span class="tribe-event-time">23:45</span></div>
</li>
	</ul>

<p>JUNTOS POR LA MÚSICA EN VIVO&nbsp;BOYANKA KOSTOVA Boyanka Kostova es el duo gallego responsable del mayor crossover del trap en España: si alguna vez has escuchado las palabras trap y rural en la misma frase es por su culpa. Herederos de grandes mitos como Os Resentidos y Siniestro Total, utilizan sin miramiento los ritmos y &hellip; </p>

JUNTOS POR LA MÚSICA EN VIVO&nbsp;BOYANKA KOSTOVA Boyanka Kostova es el duo gallego responsable del mayor crossover del trap en España: si alguna vez has escuchado las palabras trap y rural en la misma frase es por su culpa. Herederos de grandes mitos como Os Resentidos y Siniestro Total, utilizan sin miramiento los ritmos y&hellip;
