{"id":19892,"date":"2021-05-10T20:08:52","date_gmt":"2021-05-10T18:08:52","guid":{"rendered":"https:\/\/cafelapalma.com\/?post_type=tribe_events&#038;p=19892"},"modified":"2021-06-21T16:03:29","modified_gmt":"2021-06-21T14:03:29","slug":"bruno-sotos","status":"publish","type":"tribe_events","link":"https:\/\/cafelapalma.com\/en\/programacion\/bruno-sotos\/","title":{"rendered":"BRUNO SOTOS"},"content":{"rendered":"<div  class=\"tribe-events-schedule tribe-clearfix\" >\n\t<p class=\"tribe-events-schedule__datetime\">\n\t\t<span class=\"tribe-events-schedule__date tribe-events-schedule__date--start\">\n\t\t\t26  June  2021\t\t<\/span>\n\n\t\t\t\t\t<span class=\"tribe-events-schedule__separator tribe-events-schedule__separator--date\">\n\t\t\t\t@\t\t\t<\/span>\n\t\t\t<span class=\"tribe-events-schedule__time tribe-events-schedule__time--start\">\n\t\t\t\t17:00\t\t\t<\/span>\n\t\t\n\t\t\t\t\t\t\t\t\t<span class=\"tribe-events-schedule__separator tribe-events-schedule__separator--time\">\n\t\t\t\t\t&#8211;\t\t\t\t<\/span>\n\t\t\t\n\t\t\t\t\t\t\t<span class=\"tribe-events-schedule__time tribe-events-schedule__time--end\">\n\t\t\t\t\t18:45\t\t\t\t<\/span>\n\t\t\t\n\t\t\t\t\t\t<\/p>\n<\/div>\n\n\n<div  class=\"tribe-block tribe-block__event-price\" >\n\t\t\t<span class=\"tribe-block__event-price__cost\"> 12\u20ac <\/span>\n\t\t\t\t<span class=\"tribe-block__event-price__description\">+ gg Anticipada | 14\u20ac Taquilla<\/span>\n\t<\/div>\n\n\n\n<div class=\"wp-block-columns is-layout-flex wp-container-core-columns-is-layout-8f761849 wp-block-columns-is-layout-flex\">\n<div class=\"wp-block-column is-layout-flow wp-block-column-is-layout-flow\" style=\"flex-basis:33.33%\">\n<figure class=\"wp-block-image size-full\"><img loading=\"lazy\" decoding=\"async\" width=\"421\" height=\"592\" src=\"https:\/\/cafelapalma.com\/wp-content\/uploads\/2021\/05\/Cartel-Bruno-Sotos-low.jpg\" alt=\"\" class=\"wp-image-19893\" srcset=\"https:\/\/cafelapalma.com\/wp-content\/uploads\/2021\/05\/Cartel-Bruno-Sotos-low.jpg 421w, https:\/\/cafelapalma.com\/wp-content\/uploads\/2021\/05\/Cartel-Bruno-Sotos-low-213x300.jpg 213w, https:\/\/cafelapalma.com\/wp-content\/uploads\/2021\/05\/Cartel-Bruno-Sotos-low-43x60.jpg 43w\" sizes=\"auto, (max-width: 421px) 100vw, 421px\" \/><\/figure>\n\n\n<div  class=\"tribe-block tribe-block__event-website\" >\n\t<a\n\t\thref=\"https:\/\/link.dice.fm\/ttc4TKnl9fb\"\n\t\ttarget=\"_self\"\n\t\t\t>\n\t\tBUY TICKETS\t<\/a>\n<\/div>\n<\/div>\n\n\n\n<div class=\"wp-block-column is-layout-flow wp-block-column-is-layout-flow\" style=\"flex-basis:66.66%\">\n<p class=\"wp-block-paragraph\"><\/p>\n\n\n\n<p class=\"has-text-align-left wp-block-paragraph\"><strong>Bruno Sotos<\/strong> es un cantautor mallorqu\u00edn con numerosos admiradores en <strong>Espa\u00f1a <\/strong>y gran popularidad en <strong>LATAM<\/strong>, donde su canci\u00f3n <em><strong>\u00abHoy duele\u00bb<\/strong><\/em> ha sido compartida por millones de seguidores.<br><br><strong>Bruno <\/strong>cuenta en su haber con dos \u00e1lbumes con colaboraciones de <strong>Javier \u00c1lvarez<\/strong>, <strong>Andr\u00e9s Suarez<\/strong> y el mexicano <strong>Edgar Oceransky<\/strong>, adem\u00e1s de un EP editado en 2020. Adem\u00e1s, el artista ya ha girado por pa\u00edses como <strong>M\u00e9xico<\/strong>, <strong>Argentina <\/strong>y <strong>Uruguay<\/strong>.<br><br>La situaci\u00f3n de la pandemia ha retrasado la presentaci\u00f3n de su \u00faltimo disco <strong><em>\u00abLo que habita en mi\u00bb<\/em><\/strong>, un EP que proyecta y engrandece la cercana sensibilidad que encanta a sus seguidores. Despu\u00e9s de m\u00e1s de una a\u00f1o de ausencia en los escenarios madrile\u00f1os, por fin, <strong>Bruno <\/strong>podr\u00e1 interpretar sus nuevas canciones junto a una delicada selecci\u00f3n de su repertorio.<\/p>\n<\/div>\n<\/div>\n\n\n\n<hr class=\"wp-block-separator is-style-wide\"\/>\n\n\n\n<div style=\"height:100px\" aria-hidden=\"true\" class=\"wp-block-spacer\"><\/div>\n\n\n<h2 class=\"tribe-block__related-events__title\">Related Events<\/h2>\n\n<ul  class=\"tribe-related-events tribe-clearfix\" >\n\t\t\t<li>\n\t\n<div class=\"tribe-related-events-thumbnail\">\n\t<a href=\"https:\/\/cafelapalma.com\/en\/programacion\/funkin-donuts\/\" class=\"url\" rel=\"bookmark\" tabindex=\"-1\" aria-hidden=\"true\"><img loading=\"lazy\" decoding=\"async\" width=\"693\" height=\"1040\" src=\"https:\/\/cafelapalma.com\/wp-content\/uploads\/2026\/07\/FD-vert2-bn-693x1040.jpg\" class=\"attachment-large size-large wp-post-image\" alt=\"\" \/><\/a>\n<\/div>\n\t<div class=\"tribe-related-event-info\">\n\t<h3 class=\"tribe-related-events-title\">\n\t\t<a href=\"https:\/\/cafelapalma.com\/en\/programacion\/funkin-donuts\/\" class=\"tribe-event-url\" rel=\"bookmark\">\n\t\t\tFUNKIN&#8217; DONUTS\t\t<\/a>\n\t<\/h3>\n\t<span class=\"tribe-event-date-start\">5  September@22:00<\/span><span class=\"tribe-event-time\">23:45<\/span><\/div>\n<\/li>\n\t\t\t<li>\n\t\n<div class=\"tribe-related-events-thumbnail\">\n\t<a href=\"https:\/\/cafelapalma.com\/en\/programacion\/willie-deville-concierto-benefico-x-venezuela\/\" class=\"url\" rel=\"bookmark\" tabindex=\"-1\" aria-hidden=\"true\"><img loading=\"lazy\" decoding=\"async\" width=\"1020\" height=\"531\" src=\"https:\/\/cafelapalma.com\/wp-content\/uploads\/2026\/08\/Willie-deville-1100x572-1-1040x541.jpg\" class=\"attachment-large size-large wp-post-image\" alt=\"\" \/><\/a>\n<\/div>\n\t<div class=\"tribe-related-event-info\">\n\t<h3 class=\"tribe-related-events-title\">\n\t\t<a href=\"https:\/\/cafelapalma.com\/en\/programacion\/willie-deville-concierto-benefico-x-venezuela\/\" class=\"tribe-event-url\" rel=\"bookmark\">\n\t\t\tWILLIE DEVILLE: CONCIERTO BEN\u00c9FICO X VENEZUELA\t\t<\/a>\n\t<\/h3>\n\t<span class=\"tribe-event-date-start\">6  September@21:00<\/span><span class=\"tribe-event-time\">23:45<\/span><\/div>\n<\/li>\n\t\t\t<li>\n\t\n<div class=\"tribe-related-events-thumbnail\">\n\t<a href=\"https:\/\/cafelapalma.com\/en\/programacion\/new-boix\/\" class=\"url\" rel=\"bookmark\" tabindex=\"-1\" aria-hidden=\"true\"><img loading=\"lazy\" decoding=\"async\" width=\"694\" height=\"1040\" src=\"https:\/\/cafelapalma.com\/wp-content\/uploads\/2026\/05\/WhatsApp-Image-2026-04-29-at-12.00.28-694x1040.jpeg\" class=\"attachment-large size-large wp-post-image\" alt=\"\" \/><\/a>\n<\/div>\n\t<div class=\"tribe-related-event-info\">\n\t<h3 class=\"tribe-related-events-title\">\n\t\t<a href=\"https:\/\/cafelapalma.com\/en\/programacion\/new-boix\/\" class=\"tribe-event-url\" rel=\"bookmark\">\n\t\t\tNEW BOIX\t\t<\/a>\n\t<\/h3>\n\t<span class=\"tribe-event-date-start\">10  September@22:00<\/span><span class=\"tribe-event-time\">23:45<\/span><\/div>\n<\/li>\n\t<\/ul>","protected":false},"excerpt":{"rendered":"<p>Bruno Sotos es un cantautor mallorqu\u00edn con numerosos admiradores en Espa\u00f1a y gran popularidad en LATAM, donde su canci\u00f3n \u00abHoy duele\u00bb ha sido compartida por millones de seguidores. Bruno cuenta en su haber con dos \u00e1lbumes con colaboraciones de Javier \u00c1lvarez, Andr\u00e9s Suarez y el mexicano Edgar Oceransky, adem\u00e1s de un EP editado en 2020. &hellip; <\/p>","protected":false},"author":2,"featured_media":19894,"template":"","meta":{"_tec_requires_first_save":false,"_uag_custom_page_level_css":"","loftloader_page_shortcode":"","_EventAllDay":false,"_EventTimezone":"Europe\/Madrid","_EventStartDate":"2021-06-26 17:00:00","_EventEndDate":"2021-06-26 18:45:00","_EventStartDateUTC":"2021-06-26 15:00:00","_EventEndDateUTC":"2021-06-26 16:45:00","_EventShowMap":false,"_EventShowMapLink":false,"_EventURL":"https:\/\/link.dice.fm\/ttc4TKnl9fb","_EventCost":"12","_EventCostDescription":"","_EventCurrencySymbol":"\u20ac","_EventCurrencyCode":"","_EventCurrencyPosition":"suffix","_EventDateTimeSeparator":"@","_EventTimeRangeSeparator":"-","_EventOrganizerID":[],"_EventVenueID":[0],"_OrganizerEmail":"","_OrganizerPhone":"","_OrganizerWebsite":"","_VenueAddress":"","_VenueCity":"","_VenueCountry":"","_VenueProvince":"","_VenueState":"","_VenueZip":"","_VenuePhone":"","_VenueURL":"","_VenueStateProvince":"","_VenueLat":"","_VenueLng":"","_VenueShowMap":false,"_VenueShowMapLink":false,"_tribe_blocks_recurrence_rules":"","_tribe_blocks_recurrence_description":"","_tribe_blocks_recurrence_exclusions":"","_ecp_custom_2":"","_tribe_events_status":"","_tribe_events_status_reason":"","_tribe_events_is_hybrid":"","_tribe_events_is_virtual":"","_tribe_events_virtual_video_source":"","_tribe_events_virtual_embed_video":"","_tribe_events_virtual_linked_button_text":"","_tribe_events_virtual_linked_button":"","_tribe_events_virtual_show_embed_at":"","_tribe_events_virtual_show_embed_to":[],"_tribe_events_virtual_show_on_event":"","_tribe_events_virtual_show_on_views":"","_tribe_events_virtual_url":"","footnotes":""},"tags":[9431,9427,8869,9429,2865,9147,9146,9432,9428,9430,9434],"tribe_events_cat":[8963],"class_list":["post-19892","tribe_events","type-tribe_events","status-publish","has-post-thumbnail","hentry","tag-andres-suarez","tag-bruno-sotos","tag-cafe-la-palma-2","tag-cantautor","tag-conciertos-cafe-la-palma","tag-conciertos-madrid","tag-conciertos-malasana","tag-edgar-oceransky","tag-hoy-duele","tag-javier-alvarez","tag-lo-que-habita-en-mi","tribe_events_cat-concierto","cat_concierto"],"uagb_featured_image_src":{"full":["https:\/\/cafelapalma.com\/wp-content\/uploads\/2021\/05\/Bruno-Sotos-low.jpg",647,385,false],"thumbnail":["https:\/\/cafelapalma.com\/wp-content\/uploads\/2021\/05\/Bruno-Sotos-low-150x150.jpg",150,150,true],"medium":["https:\/\/cafelapalma.com\/wp-content\/uploads\/2021\/05\/Bruno-Sotos-low-300x179.jpg",300,179,true],"medium_large":["https:\/\/cafelapalma.com\/wp-content\/uploads\/2021\/05\/Bruno-Sotos-low.jpg",647,385,false],"large":["https:\/\/cafelapalma.com\/wp-content\/uploads\/2021\/05\/Bruno-Sotos-low.jpg",647,385,false],"1536x1536":["https:\/\/cafelapalma.com\/wp-content\/uploads\/2021\/05\/Bruno-Sotos-low.jpg",647,385,false],"2048x2048":["https:\/\/cafelapalma.com\/wp-content\/uploads\/2021\/05\/Bruno-Sotos-low.jpg",647,385,false],"trp-custom-language-flag":["https:\/\/cafelapalma.com\/wp-content\/uploads\/2021\/05\/Bruno-Sotos-low.jpg",18,12,false],"blossom-feminine-slider":["https:\/\/cafelapalma.com\/wp-content\/uploads\/2021\/05\/Bruno-Sotos-low.jpg",647,385,false],"blossom-feminine-featured":["https:\/\/cafelapalma.com\/wp-content\/uploads\/2021\/05\/Bruno-Sotos-low.jpg",647,385,false],"blossom-feminine-with-sidebar":["https:\/\/cafelapalma.com\/wp-content\/uploads\/2021\/05\/Bruno-Sotos-low.jpg",647,385,false],"blossom-feminine-blog":["https:\/\/cafelapalma.com\/wp-content\/uploads\/2021\/05\/Bruno-Sotos-low-435x385.jpg",435,385,true],"blossom-feminine-cat":["https:\/\/cafelapalma.com\/wp-content\/uploads\/2021\/05\/Bruno-Sotos-low-450x300.jpg",450,300,true],"blossom-feminine-related":["https:\/\/cafelapalma.com\/wp-content\/uploads\/2021\/05\/Bruno-Sotos-low-320x200.jpg",320,200,true],"blossom-feminine-schema":["https:\/\/cafelapalma.com\/wp-content\/uploads\/2021\/05\/Bruno-Sotos-low-101x60.jpg",101,60,true]},"uagb_author_info":{"display_name":"Victor","author_link":"https:\/\/cafelapalma.com\/en\/author\/comunicacion\/"},"uagb_comment_info":0,"uagb_excerpt":"Bruno Sotos es un cantautor mallorqu\u00edn con numerosos admiradores en Espa\u00f1a y gran popularidad en LATAM, donde su canci\u00f3n \u00abHoy duele\u00bb ha sido compartida por millones de seguidores. Bruno cuenta en su haber con dos \u00e1lbumes con colaboraciones de Javier \u00c1lvarez, Andr\u00e9s Suarez y el mexicano Edgar Oceransky, adem\u00e1s de un EP editado en 2020.&hellip;","_links":{"self":[{"href":"https:\/\/cafelapalma.com\/en\/wp-json\/wp\/v2\/tribe_events\/19892","targetHints":{"allow":["GET"]}}],"collection":[{"href":"https:\/\/cafelapalma.com\/en\/wp-json\/wp\/v2\/tribe_events"}],"about":[{"href":"https:\/\/cafelapalma.com\/en\/wp-json\/wp\/v2\/types\/tribe_events"}],"author":[{"embeddable":true,"href":"https:\/\/cafelapalma.com\/en\/wp-json\/wp\/v2\/users\/2"}],"version-history":[{"count":0,"href":"https:\/\/cafelapalma.com\/en\/wp-json\/wp\/v2\/tribe_events\/19892\/revisions"}],"wp:featuredmedia":[{"embeddable":true,"href":"https:\/\/cafelapalma.com\/en\/wp-json\/wp\/v2\/media\/19894"}],"wp:attachment":[{"href":"https:\/\/cafelapalma.com\/en\/wp-json\/wp\/v2\/media?parent=19892"}],"wp:term":[{"taxonomy":"post_tag","embeddable":true,"href":"https:\/\/cafelapalma.com\/en\/wp-json\/wp\/v2\/tags?post=19892"},{"taxonomy":"tribe_events_cat","embeddable":true,"href":"https:\/\/cafelapalma.com\/en\/wp-json\/wp\/v2\/tribe_events_cat?post=19892"}],"curies":[{"name":"wp","href":"https:\/\/api.w.org\/{rel}","templated":true}]}}

<div  class="tribe-events-schedule tribe-clearfix" >
	<p class="tribe-events-schedule__datetime">
		<span class="tribe-events-schedule__date tribe-events-schedule__date--start">
			26  June  2021		</span>

					<span class="tribe-events-schedule__separator tribe-events-schedule__separator--date">
				@			</span>
			<span class="tribe-events-schedule__time tribe-events-schedule__time--start">
				17:00			</span>
		
									<span class="tribe-events-schedule__separator tribe-events-schedule__separator--time">
					&#8211;				</span>
			
							<span class="tribe-events-schedule__time tribe-events-schedule__time--end">
					18:45				</span>
			
						</p>
</div>


<div  class="tribe-block tribe-block__event-price" >
			<span class="tribe-block__event-price__cost"> 12€ </span>
				<span class="tribe-block__event-price__description">+ gg Anticipada | 14€ Taquilla</span>
	</div>



<div class="wp-block-columns is-layout-flex wp-container-core-columns-is-layout-8f761849 wp-block-columns-is-layout-flex">
<div class="wp-block-column is-layout-flow wp-block-column-is-layout-flow" style="flex-basis:33.33%">
<figure class="wp-block-image size-full"><img loading="lazy" decoding="async" width="421" height="592" src="https://cafelapalma.com/wp-content/uploads/2021/05/Cartel-Bruno-Sotos-low.jpg" alt="" class="wp-image-19893" srcset="https://cafelapalma.com/wp-content/uploads/2021/05/Cartel-Bruno-Sotos-low.jpg 421w, https://cafelapalma.com/wp-content/uploads/2021/05/Cartel-Bruno-Sotos-low-213x300.jpg 213w, https://cafelapalma.com/wp-content/uploads/2021/05/Cartel-Bruno-Sotos-low-43x60.jpg 43w" sizes="auto, (max-width: 421px) 100vw, 421px" /></figure>


<div  class="tribe-block tribe-block__event-website" >
	<a
		href="https://link.dice.fm/ttc4TKnl9fb"
		target="_self"
			>
		BUY TICKETS	</a>
</div>
</div>



<div class="wp-block-column is-layout-flow wp-block-column-is-layout-flow" style="flex-basis:66.66%">
<p class="wp-block-paragraph"></p>



<p class="has-text-align-left wp-block-paragraph"><strong>Bruno Sotos</strong> es un cantautor mallorquín con numerosos admiradores en <strong>España </strong>y gran popularidad en <strong>LATAM</strong>, donde su canción <em><strong>«Hoy duele»</strong></em> ha sido compartida por millones de seguidores.<br><br><strong>Bruno </strong>cuenta en su haber con dos álbumes con colaboraciones de <strong>Javier Álvarez</strong>, <strong>Andrés Suarez</strong> y el mexicano <strong>Edgar Oceransky</strong>, además de un EP editado en 2020. Además, el artista ya ha girado por países como <strong>México</strong>, <strong>Argentina </strong>y <strong>Uruguay</strong>.<br><br>La situación de la pandemia ha retrasado la presentación de su último disco <strong><em>«Lo que habita en mi»</em></strong>, un EP que proyecta y engrandece la cercana sensibilidad que encanta a sus seguidores. Después de más de una año de ausencia en los escenarios madrileños, por fin, <strong>Bruno </strong>podrá interpretar sus nuevas canciones junto a una delicada selección de su repertorio.</p>
</div>
</div>



<hr class="wp-block-separator is-style-wide"/>



<div style="height:100px" aria-hidden="true" class="wp-block-spacer"></div>


<h2 class="tribe-block__related-events__title">Related Events</h2>

<ul  class="tribe-related-events tribe-clearfix" >
			<li>
	
<div class="tribe-related-events-thumbnail">
	<a href="https://cafelapalma.com/en/programacion/funkin-donuts/" class="url" rel="bookmark" tabindex="-1" aria-hidden="true"><img loading="lazy" decoding="async" width="693" height="1040" src="https://cafelapalma.com/wp-content/uploads/2026/07/FD-vert2-bn-693x1040.jpg" class="attachment-large size-large wp-post-image" alt="" /></a>
</div>
	<div class="tribe-related-event-info">
	<h3 class="tribe-related-events-title">
		<a href="https://cafelapalma.com/en/programacion/funkin-donuts/" class="tribe-event-url" rel="bookmark">
			FUNKIN&#8217; DONUTS		</a>
	</h3>
	<span class="tribe-event-date-start">5  September@22:00</span><span class="tribe-event-time">23:45</span></div>
</li>
			<li>
	
<div class="tribe-related-events-thumbnail">
	<a href="https://cafelapalma.com/en/programacion/willie-deville-concierto-benefico-x-venezuela/" class="url" rel="bookmark" tabindex="-1" aria-hidden="true"><img loading="lazy" decoding="async" width="1020" height="531" src="https://cafelapalma.com/wp-content/uploads/2026/08/Willie-deville-1100x572-1-1040x541.jpg" class="attachment-large size-large wp-post-image" alt="" /></a>
</div>
	<div class="tribe-related-event-info">
	<h3 class="tribe-related-events-title">
		<a href="https://cafelapalma.com/en/programacion/willie-deville-concierto-benefico-x-venezuela/" class="tribe-event-url" rel="bookmark">
			WILLIE DEVILLE: CONCIERTO BENÉFICO X VENEZUELA		</a>
	</h3>
	<span class="tribe-event-date-start">6  September@21:00</span><span class="tribe-event-time">23:45</span></div>
</li>
			<li>
	
<div class="tribe-related-events-thumbnail">
	<a href="https://cafelapalma.com/en/programacion/new-boix/" class="url" rel="bookmark" tabindex="-1" aria-hidden="true"><img loading="lazy" decoding="async" width="694" height="1040" src="https://cafelapalma.com/wp-content/uploads/2026/05/WhatsApp-Image-2026-04-29-at-12.00.28-694x1040.jpeg" class="attachment-large size-large wp-post-image" alt="" /></a>
</div>
	<div class="tribe-related-event-info">
	<h3 class="tribe-related-events-title">
		<a href="https://cafelapalma.com/en/programacion/new-boix/" class="tribe-event-url" rel="bookmark">
			NEW BOIX		</a>
	</h3>
	<span class="tribe-event-date-start">10  September@22:00</span><span class="tribe-event-time">23:45</span></div>
</li>
	</ul>

<p>Bruno Sotos es un cantautor mallorquín con numerosos admiradores en España y gran popularidad en LATAM, donde su canción «Hoy duele» ha sido compartida por millones de seguidores. Bruno cuenta en su haber con dos álbumes con colaboraciones de Javier Álvarez, Andrés Suarez y el mexicano Edgar Oceransky, además de un EP editado en 2020. &hellip; </p>

Bruno Sotos es un cantautor mallorquín con numerosos admiradores en España y gran popularidad en LATAM, donde su canción «Hoy duele» ha sido compartida por millones de seguidores. Bruno cuenta en su haber con dos álbumes con colaboraciones de Javier Álvarez, Andrés Suarez y el mexicano Edgar Oceransky, además de un EP editado en 2020.&hellip;
