{"id":20107,"date":"2021-06-22T17:30:31","date_gmt":"2021-06-22T15:30:31","guid":{"rendered":"https:\/\/cafelapalma.com\/?post_type=tribe_events&#038;p=20107"},"modified":"2021-06-22T17:30:32","modified_gmt":"2021-06-22T15:30:32","slug":"bulkak-quinto-diario","status":"publish","type":"tribe_events","link":"https:\/\/cafelapalma.com\/en\/programacion\/bulkak-quinto-diario\/","title":{"rendered":"BULKAK + QUINTO DIARIO"},"content":{"rendered":"<div  class=\"tribe-events-schedule tribe-clearfix\" >\n\t<p class=\"tribe-events-schedule__datetime\">\n\t\t<span class=\"tribe-events-schedule__date tribe-events-schedule__date--start\">\n\t\t\t02  July  2021\t\t<\/span>\n\n\t\t\t\t\t<span class=\"tribe-events-schedule__separator tribe-events-schedule__separator--date\">\n\t\t\t\t@\t\t\t<\/span>\n\t\t\t<span class=\"tribe-events-schedule__time tribe-events-schedule__time--start\">\n\t\t\t\t21:00\t\t\t<\/span>\n\t\t\n\t\t\t\t\t\t\t\t\t<span class=\"tribe-events-schedule__separator tribe-events-schedule__separator--time\">\n\t\t\t\t\t&#8211;\t\t\t\t<\/span>\n\t\t\t\n\t\t\t\t\t\t\t<span class=\"tribe-events-schedule__time tribe-events-schedule__time--end\">\n\t\t\t\t\t23:00\t\t\t\t<\/span>\n\t\t\t\n\t\t\t\t\t\t<\/p>\n<\/div>\n\n\n<div  class=\"tribe-block tribe-block__event-price\" >\n\t\t\t<span class=\"tribe-block__event-price__cost\"> 5\u20ac <\/span>\n\t\t\t\t<span class=\"tribe-block__event-price__description\">+ gg Anticipada | 8\u20ac Taquilla<\/span>\n\t<\/div>\n\n\n\n<div class=\"wp-block-columns is-layout-flex wp-container-core-columns-is-layout-8f761849 wp-block-columns-is-layout-flex\">\n<div class=\"wp-block-column is-layout-flow wp-block-column-is-layout-flow\" style=\"flex-basis:33.33%\">\n<figure class=\"wp-block-image size-large\"><img loading=\"lazy\" decoding=\"async\" width=\"420\" height=\"594\" src=\"https:\/\/cafelapalma.com\/wp-content\/uploads\/2021\/06\/BULKAK_A3_low.jpg\" alt=\"\" class=\"wp-image-20108\" srcset=\"https:\/\/cafelapalma.com\/wp-content\/uploads\/2021\/06\/BULKAK_A3_low.jpg 420w, https:\/\/cafelapalma.com\/wp-content\/uploads\/2021\/06\/BULKAK_A3_low-212x300.jpg 212w, https:\/\/cafelapalma.com\/wp-content\/uploads\/2021\/06\/BULKAK_A3_low-42x60.jpg 42w\" sizes=\"auto, (max-width: 420px) 100vw, 420px\" \/><\/figure>\n\n\n<div  class=\"tribe-block tribe-block__event-website\" >\n\t<a\n\t\thref=\"https:\/\/link.dice.fm\/1JcQTYaGB4\"\n\t\ttarget=\"_self\"\n\t\t\t>\n\t\tBUY TICKETS\t<\/a>\n<\/div>\n<\/div>\n\n\n\n<div class=\"wp-block-column is-layout-flow wp-block-column-is-layout-flow\" style=\"flex-basis:66.66%\">\n<p class=\"wp-block-paragraph\"><\/p>\n\n\n\n<p class=\"has-text-align-left wp-block-paragraph\"><strong><em>\u00abEspejismos\u00bb<\/em><\/strong> es el nuevo disco de <strong>Bulkak<\/strong>. La banda tarraconense de rock lanza este nuevo disco bajo la producci\u00f3n de <strong>Marc Quintill\u00e1<\/strong>, siendo este un \u00e1lbum debut con un estilo \u00fanico. En \u00e9l, rock, ritmos urbanos y m\u00fasica folk se unen para formar un sonido fresco y estimulante. Con influencias que van desde <strong>M\u00e4go de Oz<\/strong>, <strong>Wacry <\/strong>o <strong>Saurom <\/strong>a bandas m\u00e1s urbanas como <strong>La Ra\u00edz<\/strong>, <strong>Mafalda <\/strong>o <strong>Sons of Aguirre<\/strong>, <strong>Bulkak <\/strong>tiene como objetivo llegar a todos los escenarios del pa\u00eds con su brutal directo, presentando as\u00ed sus nuevas canciones que seguro dar\u00e1n de qu\u00e9 hablar.<\/p>\n\n\n\n<p class=\"has-text-align-left wp-block-paragraph\"><br><strong>Quinto Diario<\/strong> es una banda de punk pop formado en <strong>Tres Cantos<\/strong> (<strong>Madrid<\/strong>) a partir de otra banda llamada <strong>Destroyers<\/strong>. Actualmente, la banda est\u00e1 grabando el que va a ser su primer \u00e1lbum, el cual se presentar\u00e1 en los pr\u00f3ximos meses.<\/p>\n<\/div>\n<\/div>\n\n\n\n<hr class=\"wp-block-separator is-style-wide\"\/>\n\n\n\n<div style=\"height:100px\" aria-hidden=\"true\" class=\"wp-block-spacer\"><\/div>\n\n\n<h2 class=\"tribe-block__related-events__title\">Related Events<\/h2>\n\n<ul  class=\"tribe-related-events tribe-clearfix\" >\n\t\t\t<li>\n\t\n<div class=\"tribe-related-events-thumbnail\">\n\t<a href=\"https:\/\/cafelapalma.com\/en\/programacion\/funkin-donuts\/\" class=\"url\" rel=\"bookmark\" tabindex=\"-1\" aria-hidden=\"true\"><img loading=\"lazy\" decoding=\"async\" width=\"693\" height=\"1040\" src=\"https:\/\/cafelapalma.com\/wp-content\/uploads\/2026\/07\/FD-vert2-bn-693x1040.jpg\" class=\"attachment-large size-large wp-post-image\" alt=\"\" \/><\/a>\n<\/div>\n\t<div class=\"tribe-related-event-info\">\n\t<h3 class=\"tribe-related-events-title\">\n\t\t<a href=\"https:\/\/cafelapalma.com\/en\/programacion\/funkin-donuts\/\" class=\"tribe-event-url\" rel=\"bookmark\">\n\t\t\tFUNKIN&#8217; DONUTS\t\t<\/a>\n\t<\/h3>\n\t<span class=\"tribe-event-date-start\">5  September@22:00<\/span><span class=\"tribe-event-time\">23:45<\/span><\/div>\n<\/li>\n\t\t\t<li>\n\t\n<div class=\"tribe-related-events-thumbnail\">\n\t<a href=\"https:\/\/cafelapalma.com\/en\/programacion\/willie-deville-concierto-benefico-x-venezuela\/\" class=\"url\" rel=\"bookmark\" tabindex=\"-1\" aria-hidden=\"true\"><img loading=\"lazy\" decoding=\"async\" width=\"1020\" height=\"531\" src=\"https:\/\/cafelapalma.com\/wp-content\/uploads\/2026\/08\/Willie-deville-1100x572-1-1040x541.jpg\" class=\"attachment-large size-large wp-post-image\" alt=\"\" \/><\/a>\n<\/div>\n\t<div class=\"tribe-related-event-info\">\n\t<h3 class=\"tribe-related-events-title\">\n\t\t<a href=\"https:\/\/cafelapalma.com\/en\/programacion\/willie-deville-concierto-benefico-x-venezuela\/\" class=\"tribe-event-url\" rel=\"bookmark\">\n\t\t\tWILLIE DEVILLE: CONCIERTO BEN\u00c9FICO X VENEZUELA\t\t<\/a>\n\t<\/h3>\n\t<span class=\"tribe-event-date-start\">6  September@21:00<\/span><span class=\"tribe-event-time\">23:45<\/span><\/div>\n<\/li>\n\t\t\t<li>\n\t\n<div class=\"tribe-related-events-thumbnail\">\n\t<a href=\"https:\/\/cafelapalma.com\/en\/programacion\/new-boix\/\" class=\"url\" rel=\"bookmark\" tabindex=\"-1\" aria-hidden=\"true\"><img loading=\"lazy\" decoding=\"async\" width=\"694\" height=\"1040\" src=\"https:\/\/cafelapalma.com\/wp-content\/uploads\/2026\/05\/WhatsApp-Image-2026-04-29-at-12.00.28-694x1040.jpeg\" class=\"attachment-large size-large wp-post-image\" alt=\"\" \/><\/a>\n<\/div>\n\t<div class=\"tribe-related-event-info\">\n\t<h3 class=\"tribe-related-events-title\">\n\t\t<a href=\"https:\/\/cafelapalma.com\/en\/programacion\/new-boix\/\" class=\"tribe-event-url\" rel=\"bookmark\">\n\t\t\tNEW BOIX\t\t<\/a>\n\t<\/h3>\n\t<span class=\"tribe-event-date-start\">10  September@22:00<\/span><span class=\"tribe-event-time\">23:45<\/span><\/div>\n<\/li>\n\t<\/ul>","protected":false},"excerpt":{"rendered":"<p>\u00abEspejismos\u00bb es el nuevo disco de Bulkak. La banda tarraconense de rock lanza este nuevo disco bajo la producci\u00f3n de Marc Quintill\u00e1, siendo este un \u00e1lbum debut con un estilo \u00fanico. En \u00e9l, rock, ritmos urbanos y m\u00fasica folk se unen para formar un sonido fresco y estimulante. Con influencias que van desde M\u00e4go de &hellip; <\/p>","protected":false},"author":2,"featured_media":20109,"template":"","meta":{"_tec_requires_first_save":false,"_uag_custom_page_level_css":"","loftloader_page_shortcode":"","_EventAllDay":false,"_EventTimezone":"Europe\/Madrid","_EventStartDate":"2021-07-02 21:00:00","_EventEndDate":"2021-07-02 23:00:00","_EventStartDateUTC":"2021-07-02 19:00:00","_EventEndDateUTC":"2021-07-02 21:00:00","_EventShowMap":false,"_EventShowMapLink":false,"_EventURL":"https:\/\/link.dice.fm\/1JcQTYaGB4","_EventCost":"5","_EventCostDescription":"","_EventCurrencySymbol":"\u20ac","_EventCurrencyCode":"","_EventCurrencyPosition":"suffix","_EventDateTimeSeparator":"@","_EventTimeRangeSeparator":"-","_EventOrganizerID":[],"_EventVenueID":[0],"_OrganizerEmail":"","_OrganizerPhone":"","_OrganizerWebsite":"","_VenueAddress":"","_VenueCity":"","_VenueCountry":"","_VenueProvince":"","_VenueState":"","_VenueZip":"","_VenuePhone":"","_VenueURL":"","_VenueStateProvince":"","_VenueLat":"","_VenueLng":"","_VenueShowMap":false,"_VenueShowMapLink":false,"_tribe_blocks_recurrence_rules":"","_tribe_blocks_recurrence_description":"","_tribe_blocks_recurrence_exclusions":"","_ecp_custom_2":"","_tribe_events_status":"","_tribe_events_status_reason":"","_tribe_events_is_hybrid":"","_tribe_events_is_virtual":"","_tribe_events_virtual_video_source":"","_tribe_events_virtual_embed_video":"","_tribe_events_virtual_linked_button_text":"","_tribe_events_virtual_linked_button":"","_tribe_events_virtual_show_embed_at":"","_tribe_events_virtual_show_embed_to":[],"_tribe_events_virtual_show_on_event":"","_tribe_events_virtual_show_on_views":"","_tribe_events_virtual_url":"","footnotes":""},"tags":[9584,8869,2865,9147,9146,9589,9586,9528,9587,9193,9585,1354,9588,9349],"tribe_events_cat":[8963],"class_list":["post-20107","tribe_events","type-tribe_events","status-publish","has-post-thumbnail","hentry","tag-bulkak","tag-cafe-la-palma-2","tag-conciertos-cafe-la-palma","tag-conciertos-madrid","tag-conciertos-malasana","tag-destroyers","tag-espejismos","tag-folk","tag-marc-quintilla","tag-punk-pop","tag-quinto-diario","tag-rock","tag-tres-cantos","tag-urban","tribe_events_cat-concierto","cat_concierto"],"uagb_featured_image_src":{"full":["https:\/\/cafelapalma.com\/wp-content\/uploads\/2021\/06\/Bulkak_pic-scaled.jpg",3000,2993,false],"thumbnail":["https:\/\/cafelapalma.com\/wp-content\/uploads\/2021\/06\/Bulkak_pic-150x150.jpg",150,150,true],"medium":["https:\/\/cafelapalma.com\/wp-content\/uploads\/2021\/06\/Bulkak_pic-300x300.jpg",300,300,true],"medium_large":["https:\/\/cafelapalma.com\/wp-content\/uploads\/2021\/06\/Bulkak_pic-768x766.jpg",768,766,true],"large":["https:\/\/cafelapalma.com\/wp-content\/uploads\/2021\/06\/Bulkak_pic-1024x1021.jpg",1020,1017,true],"1536x1536":["https:\/\/cafelapalma.com\/wp-content\/uploads\/2021\/06\/Bulkak_pic-1536x1532.jpg",1536,1532,true],"2048x2048":["https:\/\/cafelapalma.com\/wp-content\/uploads\/2021\/06\/Bulkak_pic-2048x2043.jpg",2048,2043,true],"trp-custom-language-flag":["https:\/\/cafelapalma.com\/wp-content\/uploads\/2021\/06\/Bulkak_pic-scaled.jpg",12,12,false],"blossom-feminine-slider":["https:\/\/cafelapalma.com\/wp-content\/uploads\/2021\/06\/Bulkak_pic-1920x649.jpg",1920,649,true],"blossom-feminine-featured":["https:\/\/cafelapalma.com\/wp-content\/uploads\/2021\/06\/Bulkak_pic-1410x600.jpg",1410,600,true],"blossom-feminine-with-sidebar":["https:\/\/cafelapalma.com\/wp-content\/uploads\/2021\/06\/Bulkak_pic-1020x600.jpg",1020,600,true],"blossom-feminine-blog":["https:\/\/cafelapalma.com\/wp-content\/uploads\/2021\/06\/Bulkak_pic-435x435.jpg",435,435,true],"blossom-feminine-cat":["https:\/\/cafelapalma.com\/wp-content\/uploads\/2021\/06\/Bulkak_pic-450x300.jpg",450,300,true],"blossom-feminine-related":["https:\/\/cafelapalma.com\/wp-content\/uploads\/2021\/06\/Bulkak_pic-320x200.jpg",320,200,true],"blossom-feminine-schema":["https:\/\/cafelapalma.com\/wp-content\/uploads\/2021\/06\/Bulkak_pic-60x60.jpg",60,60,true]},"uagb_author_info":{"display_name":"Victor","author_link":"https:\/\/cafelapalma.com\/en\/author\/comunicacion\/"},"uagb_comment_info":0,"uagb_excerpt":"\u00abEspejismos\u00bb es el nuevo disco de Bulkak. La banda tarraconense de rock lanza este nuevo disco bajo la producci\u00f3n de Marc Quintill\u00e1, siendo este un \u00e1lbum debut con un estilo \u00fanico. En \u00e9l, rock, ritmos urbanos y m\u00fasica folk se unen para formar un sonido fresco y estimulante. Con influencias que van desde M\u00e4go de&hellip;","_links":{"self":[{"href":"https:\/\/cafelapalma.com\/en\/wp-json\/wp\/v2\/tribe_events\/20107","targetHints":{"allow":["GET"]}}],"collection":[{"href":"https:\/\/cafelapalma.com\/en\/wp-json\/wp\/v2\/tribe_events"}],"about":[{"href":"https:\/\/cafelapalma.com\/en\/wp-json\/wp\/v2\/types\/tribe_events"}],"author":[{"embeddable":true,"href":"https:\/\/cafelapalma.com\/en\/wp-json\/wp\/v2\/users\/2"}],"version-history":[{"count":0,"href":"https:\/\/cafelapalma.com\/en\/wp-json\/wp\/v2\/tribe_events\/20107\/revisions"}],"wp:featuredmedia":[{"embeddable":true,"href":"https:\/\/cafelapalma.com\/en\/wp-json\/wp\/v2\/media\/20109"}],"wp:attachment":[{"href":"https:\/\/cafelapalma.com\/en\/wp-json\/wp\/v2\/media?parent=20107"}],"wp:term":[{"taxonomy":"post_tag","embeddable":true,"href":"https:\/\/cafelapalma.com\/en\/wp-json\/wp\/v2\/tags?post=20107"},{"taxonomy":"tribe_events_cat","embeddable":true,"href":"https:\/\/cafelapalma.com\/en\/wp-json\/wp\/v2\/tribe_events_cat?post=20107"}],"curies":[{"name":"wp","href":"https:\/\/api.w.org\/{rel}","templated":true}]}}

<div  class="tribe-events-schedule tribe-clearfix" >
	<p class="tribe-events-schedule__datetime">
		<span class="tribe-events-schedule__date tribe-events-schedule__date--start">
			02  July  2021		</span>

					<span class="tribe-events-schedule__separator tribe-events-schedule__separator--date">
				@			</span>
			<span class="tribe-events-schedule__time tribe-events-schedule__time--start">
				21:00			</span>
		
									<span class="tribe-events-schedule__separator tribe-events-schedule__separator--time">
					&#8211;				</span>
			
							<span class="tribe-events-schedule__time tribe-events-schedule__time--end">
					23:00				</span>
			
						</p>
</div>


<div  class="tribe-block tribe-block__event-price" >
			<span class="tribe-block__event-price__cost"> 5€ </span>
				<span class="tribe-block__event-price__description">+ gg Anticipada | 8€ Taquilla</span>
	</div>



<div class="wp-block-columns is-layout-flex wp-container-core-columns-is-layout-8f761849 wp-block-columns-is-layout-flex">
<div class="wp-block-column is-layout-flow wp-block-column-is-layout-flow" style="flex-basis:33.33%">
<figure class="wp-block-image size-large"><img loading="lazy" decoding="async" width="420" height="594" src="https://cafelapalma.com/wp-content/uploads/2021/06/BULKAK_A3_low.jpg" alt="" class="wp-image-20108" srcset="https://cafelapalma.com/wp-content/uploads/2021/06/BULKAK_A3_low.jpg 420w, https://cafelapalma.com/wp-content/uploads/2021/06/BULKAK_A3_low-212x300.jpg 212w, https://cafelapalma.com/wp-content/uploads/2021/06/BULKAK_A3_low-42x60.jpg 42w" sizes="auto, (max-width: 420px) 100vw, 420px" /></figure>


<div  class="tribe-block tribe-block__event-website" >
	<a
		href="https://link.dice.fm/1JcQTYaGB4"
		target="_self"
			>
		BUY TICKETS	</a>
</div>
</div>



<div class="wp-block-column is-layout-flow wp-block-column-is-layout-flow" style="flex-basis:66.66%">
<p class="wp-block-paragraph"></p>



<p class="has-text-align-left wp-block-paragraph"><strong><em>«Espejismos»</em></strong> es el nuevo disco de <strong>Bulkak</strong>. La banda tarraconense de rock lanza este nuevo disco bajo la producción de <strong>Marc Quintillá</strong>, siendo este un álbum debut con un estilo único. En él, rock, ritmos urbanos y música folk se unen para formar un sonido fresco y estimulante. Con influencias que van desde <strong>Mägo de Oz</strong>, <strong>Wacry </strong>o <strong>Saurom </strong>a bandas más urbanas como <strong>La Raíz</strong>, <strong>Mafalda </strong>o <strong>Sons of Aguirre</strong>, <strong>Bulkak </strong>tiene como objetivo llegar a todos los escenarios del país con su brutal directo, presentando así sus nuevas canciones que seguro darán de qué hablar.</p>



<p class="has-text-align-left wp-block-paragraph"><br><strong>Quinto Diario</strong> es una banda de punk pop formado en <strong>Tres Cantos</strong> (<strong>Madrid</strong>) a partir de otra banda llamada <strong>Destroyers</strong>. Actualmente, la banda está grabando el que va a ser su primer álbum, el cual se presentará en los próximos meses.</p>
</div>
</div>



<hr class="wp-block-separator is-style-wide"/>



<div style="height:100px" aria-hidden="true" class="wp-block-spacer"></div>


<h2 class="tribe-block__related-events__title">Related Events</h2>

<ul  class="tribe-related-events tribe-clearfix" >
			<li>
	
<div class="tribe-related-events-thumbnail">
	<a href="https://cafelapalma.com/en/programacion/funkin-donuts/" class="url" rel="bookmark" tabindex="-1" aria-hidden="true"><img loading="lazy" decoding="async" width="693" height="1040" src="https://cafelapalma.com/wp-content/uploads/2026/07/FD-vert2-bn-693x1040.jpg" class="attachment-large size-large wp-post-image" alt="" /></a>
</div>
	<div class="tribe-related-event-info">
	<h3 class="tribe-related-events-title">
		<a href="https://cafelapalma.com/en/programacion/funkin-donuts/" class="tribe-event-url" rel="bookmark">
			FUNKIN&#8217; DONUTS		</a>
	</h3>
	<span class="tribe-event-date-start">5  September@22:00</span><span class="tribe-event-time">23:45</span></div>
</li>
			<li>
	
<div class="tribe-related-events-thumbnail">
	<a href="https://cafelapalma.com/en/programacion/willie-deville-concierto-benefico-x-venezuela/" class="url" rel="bookmark" tabindex="-1" aria-hidden="true"><img loading="lazy" decoding="async" width="1020" height="531" src="https://cafelapalma.com/wp-content/uploads/2026/08/Willie-deville-1100x572-1-1040x541.jpg" class="attachment-large size-large wp-post-image" alt="" /></a>
</div>
	<div class="tribe-related-event-info">
	<h3 class="tribe-related-events-title">
		<a href="https://cafelapalma.com/en/programacion/willie-deville-concierto-benefico-x-venezuela/" class="tribe-event-url" rel="bookmark">
			WILLIE DEVILLE: CONCIERTO BENÉFICO X VENEZUELA		</a>
	</h3>
	<span class="tribe-event-date-start">6  September@21:00</span><span class="tribe-event-time">23:45</span></div>
</li>
			<li>
	
<div class="tribe-related-events-thumbnail">
	<a href="https://cafelapalma.com/en/programacion/new-boix/" class="url" rel="bookmark" tabindex="-1" aria-hidden="true"><img loading="lazy" decoding="async" width="694" height="1040" src="https://cafelapalma.com/wp-content/uploads/2026/05/WhatsApp-Image-2026-04-29-at-12.00.28-694x1040.jpeg" class="attachment-large size-large wp-post-image" alt="" /></a>
</div>
	<div class="tribe-related-event-info">
	<h3 class="tribe-related-events-title">
		<a href="https://cafelapalma.com/en/programacion/new-boix/" class="tribe-event-url" rel="bookmark">
			NEW BOIX		</a>
	</h3>
	<span class="tribe-event-date-start">10  September@22:00</span><span class="tribe-event-time">23:45</span></div>
</li>
	</ul>

<p>«Espejismos» es el nuevo disco de Bulkak. La banda tarraconense de rock lanza este nuevo disco bajo la producción de Marc Quintillá, siendo este un álbum debut con un estilo único. En él, rock, ritmos urbanos y música folk se unen para formar un sonido fresco y estimulante. Con influencias que van desde Mägo de &hellip; </p>

«Espejismos» es el nuevo disco de Bulkak. La banda tarraconense de rock lanza este nuevo disco bajo la producción de Marc Quintillá, siendo este un álbum debut con un estilo único. En él, rock, ritmos urbanos y música folk se unen para formar un sonido fresco y estimulante. Con influencias que van desde Mägo de&hellip;
