{"id":20342,"date":"2021-10-01T20:41:16","date_gmt":"2021-10-01T18:41:16","guid":{"rendered":"https:\/\/cafelapalma.com\/?post_type=tribe_events&#038;p=20342"},"modified":"2021-10-01T20:41:17","modified_gmt":"2021-10-01T18:41:17","slug":"9ckles-lil-ella","status":"publish","type":"tribe_events","link":"https:\/\/cafelapalma.com\/en\/programacion\/9ckles-lil-ella\/","title":{"rendered":"9CKLES + LIL ELLA"},"content":{"rendered":"<div  class=\"tribe-events-schedule tribe-clearfix\" >\n\t<p class=\"tribe-events-schedule__datetime\">\n\t\t<span class=\"tribe-events-schedule__date tribe-events-schedule__date--start\">\n\t\t\t11  November  2021\t\t<\/span>\n\n\t\t\t\t\t<span class=\"tribe-events-schedule__separator tribe-events-schedule__separator--date\">\n\t\t\t\t@\t\t\t<\/span>\n\t\t\t<span class=\"tribe-events-schedule__time tribe-events-schedule__time--start\">\n\t\t\t\t22:00\t\t\t<\/span>\n\t\t\n\t\t\t\t\t\t\t\t\t<span class=\"tribe-events-schedule__separator tribe-events-schedule__separator--time\">\n\t\t\t\t\t&#8211;\t\t\t\t<\/span>\n\t\t\t\n\t\t\t\t\t\t\t<span class=\"tribe-events-schedule__time tribe-events-schedule__time--end\">\n\t\t\t\t\t23:45\t\t\t\t<\/span>\n\t\t\t\n\t\t\t\t\t\t<\/p>\n<\/div>\n\n\n<div  class=\"tribe-block tribe-block__event-price\" >\n\t\t\t<span class=\"tribe-block__event-price__cost\"> 9\u20ac <\/span>\n\t\t\t\t<span class=\"tribe-block__event-price__description\">+ gg Anticipada | 12\u20ac Taquilla<\/span>\n\t<\/div>\n\n\n\n<div class=\"wp-block-columns is-layout-flex wp-container-core-columns-is-layout-8f761849 wp-block-columns-is-layout-flex\">\n<div class=\"wp-block-column is-layout-flow wp-block-column-is-layout-flow\" style=\"flex-basis:33.33%\">\n<figure class=\"wp-block-image size-large\"><img loading=\"lazy\" decoding=\"async\" width=\"430\" height=\"608\" src=\"https:\/\/cafelapalma.com\/wp-content\/uploads\/2021\/10\/9ckles-A3-low.jpeg\" alt=\"\" class=\"wp-image-20343\" srcset=\"https:\/\/cafelapalma.com\/wp-content\/uploads\/2021\/10\/9ckles-A3-low.jpeg 430w, https:\/\/cafelapalma.com\/wp-content\/uploads\/2021\/10\/9ckles-A3-low-212x300.jpeg 212w, https:\/\/cafelapalma.com\/wp-content\/uploads\/2021\/10\/9ckles-A3-low-42x60.jpeg 42w\" sizes=\"auto, (max-width: 430px) 100vw, 430px\" \/><\/figure>\n\n\n<div  class=\"tribe-block tribe-block__event-website\" >\n\t<a\n\t\thref=\"https:\/\/link.dice.fm\/vsBtdKVJZjb\"\n\t\ttarget=\"_self\"\n\t\t\t>\n\t\tBUY TICKETS\t<\/a>\n<\/div>\n<\/div>\n\n\n\n<div class=\"wp-block-column is-layout-flow wp-block-column-is-layout-flow\" style=\"flex-basis:66.66%\">\n<p class=\"wp-block-paragraph\"><\/p>\n\n\n\n<p class=\"has-text-align-left wp-block-paragraph\"><strong>9ckles<\/strong> es uno de los artistas m\u00e1s enigm\u00e1ticos del panorama musical underground. Con solo 19 a\u00f1os, <strong>Adri Y\u00e1\u00f1ez<\/strong>, nombre de este artista del barrio madrile\u00f1o de <strong>Villaverde<\/strong>, demuestra su capacidad de adaptaci\u00f3n y se presenta como un m\u00fasico camale\u00f3nico que puede hacer temas de puro <em>hyperpop<\/em>, pasando por el post-punk hasta llegar al pop de dormitorio. Despu\u00e9s de <strong><em>&#8216;diario de un ni\u00f1o reci\u00e9n nacido&#8217;<\/em><\/strong> (2020), <strong>9ckles <\/strong>ha publicado <strong><em>&#8216;Las Canciones de Apolo&#8217;<\/em><\/strong>, un EP de tres temas en los que se reflejan sus inquietudes, sus miedos y sus verg\u00fcenzas como solo \u00e9l sabe. Su \u00faltimo trabajo es <strong><em>&#8216;La Metamorfosis&#8217;<\/em><\/strong>, otro giro de gui\u00f3n en su m\u00fasica que nos presentan a otro <strong>Adri <\/strong>que se atreve con nuevos sonidos y mensajes en un nuevo universo del que no vais a querer salir.<\/p>\n\n\n\n<p class=\"has-text-align-left wp-block-paragraph\"><strong>Lil Ella <\/strong>empez\u00f3 a hacer m\u00fasica de manera autodidacta y fundamentalmente experimental aprendiendo a utilizar el garage band para luego pasar al logic. Su primer EP, <strong><em>&#8216;Caprichoso&#8217;<\/em><\/strong> (2019) est\u00e1 producido por ella misma junto con <strong>Karma C<\/strong>, con quien ha trabajado posteriormente en su nuevo proyecto. Su m\u00fasica est\u00e1 definida por el reggaeton m\u00e1s cl\u00e1sico y primario que representan artistas como <strong>Ozuna<\/strong> o <strong>Plan B<\/strong>, aunque sus letras y la manera de entender la m\u00fasica que tiene tambi\u00e9n comparten camino con el pop m\u00e1s sentido y cotidiano, ese que habla del amor, la melancol\u00eda y las cosas sencillas de la vida.<\/p>\n<\/div>\n<\/div>\n\n\n\n<div style=\"height:100px\" aria-hidden=\"true\" class=\"wp-block-spacer\"><\/div>\n\n\n\n<hr class=\"wp-block-separator is-style-wide\"\/>\n\n\n\n<div style=\"height:100px\" aria-hidden=\"true\" class=\"wp-block-spacer\"><\/div>\n\n\n<h2 class=\"tribe-block__related-events__title\">Related Events<\/h2>\n\n<ul  class=\"tribe-related-events tribe-clearfix\" >\n\t\t\t<li>\n\t\n<div class=\"tribe-related-events-thumbnail\">\n\t<a href=\"https:\/\/cafelapalma.com\/en\/programacion\/funkin-donuts\/\" class=\"url\" rel=\"bookmark\" tabindex=\"-1\" aria-hidden=\"true\"><img loading=\"lazy\" decoding=\"async\" width=\"693\" height=\"1040\" src=\"https:\/\/cafelapalma.com\/wp-content\/uploads\/2026\/07\/FD-vert2-bn-693x1040.jpg\" class=\"attachment-large size-large wp-post-image\" alt=\"\" \/><\/a>\n<\/div>\n\t<div class=\"tribe-related-event-info\">\n\t<h3 class=\"tribe-related-events-title\">\n\t\t<a href=\"https:\/\/cafelapalma.com\/en\/programacion\/funkin-donuts\/\" class=\"tribe-event-url\" rel=\"bookmark\">\n\t\t\tFUNKIN&#8217; DONUTS\t\t<\/a>\n\t<\/h3>\n\t<span class=\"tribe-event-date-start\">5  September@22:00<\/span><span class=\"tribe-event-time\">23:45<\/span><\/div>\n<\/li>\n\t\t\t<li>\n\t\n<div class=\"tribe-related-events-thumbnail\">\n\t<a href=\"https:\/\/cafelapalma.com\/en\/programacion\/willie-deville-concierto-benefico-x-venezuela\/\" class=\"url\" rel=\"bookmark\" tabindex=\"-1\" aria-hidden=\"true\"><img loading=\"lazy\" decoding=\"async\" width=\"1020\" height=\"531\" src=\"https:\/\/cafelapalma.com\/wp-content\/uploads\/2026\/08\/Willie-deville-1100x572-1-1040x541.jpg\" class=\"attachment-large size-large wp-post-image\" alt=\"\" \/><\/a>\n<\/div>\n\t<div class=\"tribe-related-event-info\">\n\t<h3 class=\"tribe-related-events-title\">\n\t\t<a href=\"https:\/\/cafelapalma.com\/en\/programacion\/willie-deville-concierto-benefico-x-venezuela\/\" class=\"tribe-event-url\" rel=\"bookmark\">\n\t\t\tWILLIE DEVILLE: CONCIERTO BEN\u00c9FICO X VENEZUELA\t\t<\/a>\n\t<\/h3>\n\t<span class=\"tribe-event-date-start\">6  September@21:00<\/span><span class=\"tribe-event-time\">23:45<\/span><\/div>\n<\/li>\n\t\t\t<li>\n\t\n<div class=\"tribe-related-events-thumbnail\">\n\t<a href=\"https:\/\/cafelapalma.com\/en\/programacion\/new-boix\/\" class=\"url\" rel=\"bookmark\" tabindex=\"-1\" aria-hidden=\"true\"><img loading=\"lazy\" decoding=\"async\" width=\"694\" height=\"1040\" src=\"https:\/\/cafelapalma.com\/wp-content\/uploads\/2026\/05\/WhatsApp-Image-2026-04-29-at-12.00.28-694x1040.jpeg\" class=\"attachment-large size-large wp-post-image\" alt=\"\" \/><\/a>\n<\/div>\n\t<div class=\"tribe-related-event-info\">\n\t<h3 class=\"tribe-related-events-title\">\n\t\t<a href=\"https:\/\/cafelapalma.com\/en\/programacion\/new-boix\/\" class=\"tribe-event-url\" rel=\"bookmark\">\n\t\t\tNEW BOIX\t\t<\/a>\n\t<\/h3>\n\t<span class=\"tribe-event-date-start\">10  September@22:00<\/span><span class=\"tribe-event-time\">23:45<\/span><\/div>\n<\/li>\n\t<\/ul>","protected":false},"excerpt":{"rendered":"<p>9ckles es uno de los artistas m\u00e1s enigm\u00e1ticos del panorama musical underground. Con solo 19 a\u00f1os, Adri Y\u00e1\u00f1ez, nombre de este artista del barrio madrile\u00f1o de Villaverde, demuestra su capacidad de adaptaci\u00f3n y se presenta como un m\u00fasico camale\u00f3nico que puede hacer temas de puro hyperpop, pasando por el post-punk hasta llegar al pop de &hellip; <\/p>","protected":false},"author":2,"featured_media":20344,"template":"","meta":{"_tec_requires_first_save":false,"_uag_custom_page_level_css":"","loftloader_page_shortcode":"","_EventAllDay":false,"_EventTimezone":"Europe\/Madrid","_EventStartDate":"2021-11-11 22:00:00","_EventEndDate":"2021-11-11 23:45:00","_EventStartDateUTC":"2021-11-11 21:00:00","_EventEndDateUTC":"2021-11-11 22:45:00","_EventShowMap":false,"_EventShowMapLink":false,"_EventURL":"https:\/\/link.dice.fm\/vsBtdKVJZjb","_EventCost":"9","_EventCostDescription":"","_EventCurrencySymbol":"\u20ac","_EventCurrencyCode":"","_EventCurrencyPosition":"suffix","_EventDateTimeSeparator":"@","_EventTimeRangeSeparator":"-","_EventOrganizerID":[],"_EventVenueID":[0],"_OrganizerEmail":"","_OrganizerPhone":"","_OrganizerWebsite":"","_VenueAddress":"","_VenueCity":"","_VenueCountry":"","_VenueProvince":"","_VenueState":"","_VenueZip":"","_VenuePhone":"","_VenueURL":"","_VenueStateProvince":"","_VenueLat":"","_VenueLng":"","_VenueShowMap":false,"_VenueShowMapLink":false,"_tribe_blocks_recurrence_rules":"","_tribe_blocks_recurrence_description":"","_tribe_blocks_recurrence_exclusions":"","_ecp_custom_2":"","_tribe_events_status":"","_tribe_events_status_reason":"","_tribe_events_is_hybrid":"","_tribe_events_is_virtual":"","_tribe_events_virtual_video_source":"","_tribe_events_virtual_embed_video":"","_tribe_events_virtual_linked_button_text":"","_tribe_events_virtual_linked_button":"","_tribe_events_virtual_show_embed_at":"","_tribe_events_virtual_show_embed_to":[],"_tribe_events_virtual_show_on_event":"","_tribe_events_virtual_show_on_views":"","_tribe_events_virtual_url":"","footnotes":""},"tags":[9744,9745,8869,9753,2865,9147,9146,9747,9751,9746,9294,9733,9754,9749,9748,9750,9752,9350],"tribe_events_cat":[8963],"class_list":["post-20342","tribe_events","type-tribe_events","status-publish","has-post-thumbnail","hentry","tag-9ckles","tag-adri-yanez","tag-cafe-la-palma-2","tag-caprichoso","tag-conciertos-cafe-la-palma","tag-conciertos-madrid","tag-conciertos-malasana","tag-diario-de-un-nino-recien-nacido","tag-garege","tag-hyperpop","tag-javi-paredes","tag-jeanne-darc","tag-karma-c","tag-la-metamorfosis","tag-las-canciones-de-apolo","tag-lil-ella","tag-logic","tag-reggaeton","tribe_events_cat-concierto","cat_concierto"],"uagb_featured_image_src":{"full":["https:\/\/cafelapalma.com\/wp-content\/uploads\/2021\/10\/9cklespiclow.png",627,418,false],"thumbnail":["https:\/\/cafelapalma.com\/wp-content\/uploads\/2021\/10\/9cklespiclow-150x150.png",150,150,true],"medium":["https:\/\/cafelapalma.com\/wp-content\/uploads\/2021\/10\/9cklespiclow-300x200.png",300,200,true],"medium_large":["https:\/\/cafelapalma.com\/wp-content\/uploads\/2021\/10\/9cklespiclow.png",627,418,false],"large":["https:\/\/cafelapalma.com\/wp-content\/uploads\/2021\/10\/9cklespiclow.png",627,418,false],"1536x1536":["https:\/\/cafelapalma.com\/wp-content\/uploads\/2021\/10\/9cklespiclow.png",627,418,false],"2048x2048":["https:\/\/cafelapalma.com\/wp-content\/uploads\/2021\/10\/9cklespiclow.png",627,418,false],"trp-custom-language-flag":["https:\/\/cafelapalma.com\/wp-content\/uploads\/2021\/10\/9cklespiclow.png",18,12,false],"blossom-feminine-slider":["https:\/\/cafelapalma.com\/wp-content\/uploads\/2021\/10\/9cklespiclow.png",627,418,false],"blossom-feminine-featured":["https:\/\/cafelapalma.com\/wp-content\/uploads\/2021\/10\/9cklespiclow.png",627,418,false],"blossom-feminine-with-sidebar":["https:\/\/cafelapalma.com\/wp-content\/uploads\/2021\/10\/9cklespiclow.png",627,418,false],"blossom-feminine-blog":["https:\/\/cafelapalma.com\/wp-content\/uploads\/2021\/10\/9cklespiclow-435x418.png",435,418,true],"blossom-feminine-cat":["https:\/\/cafelapalma.com\/wp-content\/uploads\/2021\/10\/9cklespiclow-450x300.png",450,300,true],"blossom-feminine-related":["https:\/\/cafelapalma.com\/wp-content\/uploads\/2021\/10\/9cklespiclow-320x200.png",320,200,true],"blossom-feminine-schema":["https:\/\/cafelapalma.com\/wp-content\/uploads\/2021\/10\/9cklespiclow-90x60.png",90,60,true]},"uagb_author_info":{"display_name":"Victor","author_link":"https:\/\/cafelapalma.com\/en\/author\/comunicacion\/"},"uagb_comment_info":0,"uagb_excerpt":"9ckles es uno de los artistas m\u00e1s enigm\u00e1ticos del panorama musical underground. Con solo 19 a\u00f1os, Adri Y\u00e1\u00f1ez, nombre de este artista del barrio madrile\u00f1o de Villaverde, demuestra su capacidad de adaptaci\u00f3n y se presenta como un m\u00fasico camale\u00f3nico que puede hacer temas de puro hyperpop, pasando por el post-punk hasta llegar al pop de&hellip;","_links":{"self":[{"href":"https:\/\/cafelapalma.com\/en\/wp-json\/wp\/v2\/tribe_events\/20342","targetHints":{"allow":["GET"]}}],"collection":[{"href":"https:\/\/cafelapalma.com\/en\/wp-json\/wp\/v2\/tribe_events"}],"about":[{"href":"https:\/\/cafelapalma.com\/en\/wp-json\/wp\/v2\/types\/tribe_events"}],"author":[{"embeddable":true,"href":"https:\/\/cafelapalma.com\/en\/wp-json\/wp\/v2\/users\/2"}],"version-history":[{"count":0,"href":"https:\/\/cafelapalma.com\/en\/wp-json\/wp\/v2\/tribe_events\/20342\/revisions"}],"wp:featuredmedia":[{"embeddable":true,"href":"https:\/\/cafelapalma.com\/en\/wp-json\/wp\/v2\/media\/20344"}],"wp:attachment":[{"href":"https:\/\/cafelapalma.com\/en\/wp-json\/wp\/v2\/media?parent=20342"}],"wp:term":[{"taxonomy":"post_tag","embeddable":true,"href":"https:\/\/cafelapalma.com\/en\/wp-json\/wp\/v2\/tags?post=20342"},{"taxonomy":"tribe_events_cat","embeddable":true,"href":"https:\/\/cafelapalma.com\/en\/wp-json\/wp\/v2\/tribe_events_cat?post=20342"}],"curies":[{"name":"wp","href":"https:\/\/api.w.org\/{rel}","templated":true}]}}

<div  class="tribe-events-schedule tribe-clearfix" >
	<p class="tribe-events-schedule__datetime">
		<span class="tribe-events-schedule__date tribe-events-schedule__date--start">
			11  November  2021		</span>

					<span class="tribe-events-schedule__separator tribe-events-schedule__separator--date">
				@			</span>
			<span class="tribe-events-schedule__time tribe-events-schedule__time--start">
				22:00			</span>
		
									<span class="tribe-events-schedule__separator tribe-events-schedule__separator--time">
					&#8211;				</span>
			
							<span class="tribe-events-schedule__time tribe-events-schedule__time--end">
					23:45				</span>
			
						</p>
</div>


<div  class="tribe-block tribe-block__event-price" >
			<span class="tribe-block__event-price__cost"> 9€ </span>
				<span class="tribe-block__event-price__description">+ gg Anticipada | 12€ Taquilla</span>
	</div>



<div class="wp-block-columns is-layout-flex wp-container-core-columns-is-layout-8f761849 wp-block-columns-is-layout-flex">
<div class="wp-block-column is-layout-flow wp-block-column-is-layout-flow" style="flex-basis:33.33%">
<figure class="wp-block-image size-large"><img loading="lazy" decoding="async" width="430" height="608" src="https://cafelapalma.com/wp-content/uploads/2021/10/9ckles-A3-low.jpeg" alt="" class="wp-image-20343" srcset="https://cafelapalma.com/wp-content/uploads/2021/10/9ckles-A3-low.jpeg 430w, https://cafelapalma.com/wp-content/uploads/2021/10/9ckles-A3-low-212x300.jpeg 212w, https://cafelapalma.com/wp-content/uploads/2021/10/9ckles-A3-low-42x60.jpeg 42w" sizes="auto, (max-width: 430px) 100vw, 430px" /></figure>


<div  class="tribe-block tribe-block__event-website" >
	<a
		href="https://link.dice.fm/vsBtdKVJZjb"
		target="_self"
			>
		BUY TICKETS	</a>
</div>
</div>



<div class="wp-block-column is-layout-flow wp-block-column-is-layout-flow" style="flex-basis:66.66%">
<p class="wp-block-paragraph"></p>



<p class="has-text-align-left wp-block-paragraph"><strong>9ckles</strong> es uno de los artistas más enigmáticos del panorama musical underground. Con solo 19 años, <strong>Adri Yáñez</strong>, nombre de este artista del barrio madrileño de <strong>Villaverde</strong>, demuestra su capacidad de adaptación y se presenta como un músico camaleónico que puede hacer temas de puro <em>hyperpop</em>, pasando por el post-punk hasta llegar al pop de dormitorio. Después de <strong><em>&#8216;diario de un niño recién nacido&#8217;</em></strong> (2020), <strong>9ckles </strong>ha publicado <strong><em>&#8216;Las Canciones de Apolo&#8217;</em></strong>, un EP de tres temas en los que se reflejan sus inquietudes, sus miedos y sus vergüenzas como solo él sabe. Su último trabajo es <strong><em>&#8216;La Metamorfosis&#8217;</em></strong>, otro giro de guión en su música que nos presentan a otro <strong>Adri </strong>que se atreve con nuevos sonidos y mensajes en un nuevo universo del que no vais a querer salir.</p>



<p class="has-text-align-left wp-block-paragraph"><strong>Lil Ella </strong>empezó a hacer música de manera autodidacta y fundamentalmente experimental aprendiendo a utilizar el garage band para luego pasar al logic. Su primer EP, <strong><em>&#8216;Caprichoso&#8217;</em></strong> (2019) está producido por ella misma junto con <strong>Karma C</strong>, con quien ha trabajado posteriormente en su nuevo proyecto. Su música está definida por el reggaeton más clásico y primario que representan artistas como <strong>Ozuna</strong> o <strong>Plan B</strong>, aunque sus letras y la manera de entender la música que tiene también comparten camino con el pop más sentido y cotidiano, ese que habla del amor, la melancolía y las cosas sencillas de la vida.</p>
</div>
</div>



<div style="height:100px" aria-hidden="true" class="wp-block-spacer"></div>



<hr class="wp-block-separator is-style-wide"/>



<div style="height:100px" aria-hidden="true" class="wp-block-spacer"></div>


<h2 class="tribe-block__related-events__title">Related Events</h2>

<ul  class="tribe-related-events tribe-clearfix" >
			<li>
	
<div class="tribe-related-events-thumbnail">
	<a href="https://cafelapalma.com/en/programacion/funkin-donuts/" class="url" rel="bookmark" tabindex="-1" aria-hidden="true"><img loading="lazy" decoding="async" width="693" height="1040" src="https://cafelapalma.com/wp-content/uploads/2026/07/FD-vert2-bn-693x1040.jpg" class="attachment-large size-large wp-post-image" alt="" /></a>
</div>
	<div class="tribe-related-event-info">
	<h3 class="tribe-related-events-title">
		<a href="https://cafelapalma.com/en/programacion/funkin-donuts/" class="tribe-event-url" rel="bookmark">
			FUNKIN&#8217; DONUTS		</a>
	</h3>
	<span class="tribe-event-date-start">5  September@22:00</span><span class="tribe-event-time">23:45</span></div>
</li>
			<li>
	
<div class="tribe-related-events-thumbnail">
	<a href="https://cafelapalma.com/en/programacion/willie-deville-concierto-benefico-x-venezuela/" class="url" rel="bookmark" tabindex="-1" aria-hidden="true"><img loading="lazy" decoding="async" width="1020" height="531" src="https://cafelapalma.com/wp-content/uploads/2026/08/Willie-deville-1100x572-1-1040x541.jpg" class="attachment-large size-large wp-post-image" alt="" /></a>
</div>
	<div class="tribe-related-event-info">
	<h3 class="tribe-related-events-title">
		<a href="https://cafelapalma.com/en/programacion/willie-deville-concierto-benefico-x-venezuela/" class="tribe-event-url" rel="bookmark">
			WILLIE DEVILLE: CONCIERTO BENÉFICO X VENEZUELA		</a>
	</h3>
	<span class="tribe-event-date-start">6  September@21:00</span><span class="tribe-event-time">23:45</span></div>
</li>
			<li>
	
<div class="tribe-related-events-thumbnail">
	<a href="https://cafelapalma.com/en/programacion/new-boix/" class="url" rel="bookmark" tabindex="-1" aria-hidden="true"><img loading="lazy" decoding="async" width="694" height="1040" src="https://cafelapalma.com/wp-content/uploads/2026/05/WhatsApp-Image-2026-04-29-at-12.00.28-694x1040.jpeg" class="attachment-large size-large wp-post-image" alt="" /></a>
</div>
	<div class="tribe-related-event-info">
	<h3 class="tribe-related-events-title">
		<a href="https://cafelapalma.com/en/programacion/new-boix/" class="tribe-event-url" rel="bookmark">
			NEW BOIX		</a>
	</h3>
	<span class="tribe-event-date-start">10  September@22:00</span><span class="tribe-event-time">23:45</span></div>
</li>
	</ul>

<p>9ckles es uno de los artistas más enigmáticos del panorama musical underground. Con solo 19 años, Adri Yáñez, nombre de este artista del barrio madrileño de Villaverde, demuestra su capacidad de adaptación y se presenta como un músico camaleónico que puede hacer temas de puro hyperpop, pasando por el post-punk hasta llegar al pop de &hellip; </p>

9ckles es uno de los artistas más enigmáticos del panorama musical underground. Con solo 19 años, Adri Yáñez, nombre de este artista del barrio madrileño de Villaverde, demuestra su capacidad de adaptación y se presenta como un músico camaleónico que puede hacer temas de puro hyperpop, pasando por el post-punk hasta llegar al pop de&hellip;
