{"id":20351,"date":"2021-10-04T17:25:56","date_gmt":"2021-10-04T15:25:56","guid":{"rendered":"https:\/\/cafelapalma.com\/?post_type=tribe_events&#038;p=20351"},"modified":"2021-10-04T17:26:45","modified_gmt":"2021-10-04T15:26:45","slug":"qvilava-susx-morales","status":"publish","type":"tribe_events","link":"https:\/\/cafelapalma.com\/en\/programacion\/qvilava-susx-morales\/","title":{"rendered":"QVILAVA + SUSX + MORALES"},"content":{"rendered":"<div  class=\"tribe-events-schedule tribe-clearfix\" >\n\t<p class=\"tribe-events-schedule__datetime\">\n\t\t<span class=\"tribe-events-schedule__date tribe-events-schedule__date--start\">\n\t\t\t28  October  2021\t\t<\/span>\n\n\t\t\t\t\t<span class=\"tribe-events-schedule__separator tribe-events-schedule__separator--date\">\n\t\t\t\t@\t\t\t<\/span>\n\t\t\t<span class=\"tribe-events-schedule__time tribe-events-schedule__time--start\">\n\t\t\t\t21:00\t\t\t<\/span>\n\t\t\n\t\t\t\t\t\t\t\t\t<span class=\"tribe-events-schedule__separator tribe-events-schedule__separator--time\">\n\t\t\t\t\t&#8211;\t\t\t\t<\/span>\n\t\t\t\n\t\t\t\t\t\t\t<span class=\"tribe-events-schedule__time tribe-events-schedule__time--end\">\n\t\t\t\t\t23:45\t\t\t\t<\/span>\n\t\t\t\n\t\t\t\t\t\t<\/p>\n<\/div>\n\n\n<div  class=\"tribe-block tribe-block__event-price\" >\n\t\t\t<span class=\"tribe-block__event-price__cost\"> 7\u20ac <\/span>\n\t\t\t\t<span class=\"tribe-block__event-price__description\">+ gg Anticipada | 10\u20ac Taquilla [ Incluye CERVEZA o REFRESCO ]<\/span>\n\t<\/div>\n\n\n\n<div style=\"height:100px\" aria-hidden=\"true\" class=\"wp-block-spacer\"><\/div>\n\n\n\n<div class=\"wp-block-columns is-layout-flex wp-container-core-columns-is-layout-8f761849 wp-block-columns-is-layout-flex\">\n<div class=\"wp-block-column is-layout-flow wp-block-column-is-layout-flow\" style=\"flex-basis:33.33%\">\n<figure class=\"wp-block-image size-large\"><img loading=\"lazy\" decoding=\"async\" width=\"430\" height=\"608\" src=\"https:\/\/cafelapalma.com\/wp-content\/uploads\/2021\/10\/QVILAVA-A3-low.png\" alt=\"\" class=\"wp-image-20352\" srcset=\"https:\/\/cafelapalma.com\/wp-content\/uploads\/2021\/10\/QVILAVA-A3-low.png 430w, https:\/\/cafelapalma.com\/wp-content\/uploads\/2021\/10\/QVILAVA-A3-low-212x300.png 212w, https:\/\/cafelapalma.com\/wp-content\/uploads\/2021\/10\/QVILAVA-A3-low-42x60.png 42w\" sizes=\"auto, (max-width: 430px) 100vw, 430px\" \/><\/figure>\n\n\n<div  class=\"tribe-block tribe-block__event-website\" >\n\t<a\n\t\thref=\"https:\/\/link.dice.fm\/QDOpluy94jb\"\n\t\ttarget=\"_self\"\n\t\t\t>\n\t\tCOMPRAR ENTRADAS\t<\/a>\n<\/div>\n<\/div>\n\n\n\n<div class=\"wp-block-column is-layout-flow wp-block-column-is-layout-flow\" style=\"flex-basis:66.66%\">\n<div style=\"height:100px\" aria-hidden=\"true\" class=\"wp-block-spacer\"><\/div>\n\n\n\n<p class=\"has-text-align-left wp-block-paragraph\"><strong>CAFE LA PALMA<\/strong> presenta el primer concierto en el\u00e9ctrico de la historia de <strong>Qvilava<\/strong>, el proyecto de <strong>Pablo Garc\u00eda<\/strong>, m\u00fasico y productor madrile\u00f1o. Lo que comenz\u00f3 como un proyecto menor en su habitaci\u00f3n se ha convertido en su principal output musical, tras su paso por proyectos como <strong>Naranja<\/strong>, <strong>Cocoa <\/strong>y <strong>Rococ\u00f3<\/strong>, donde a\u00fan ejerce de guitarrista. Con un sonido inicialmente a medio camino entre el <em>bedroom pop<\/em> y la psicodelia m\u00e1s abrasiva y densa, <strong>Qvilava <\/strong>se encuentra experimentando con la electr\u00f3nica y el R&amp;B en sus m\u00e1s recientes lanzamientos, por tanto para el concierto cabe esperar un set variado y con m\u00faltiples dimensiones, donde presentar\u00e1 <strong><em>\u00abYour Monkfish Face Makes Me Feel Like a Winner\u00bb<\/em><\/strong> y sus \u00faltimos lanzamientos, <strong><em>\u00abBienvenido a Madrid\u00bb<\/em><\/strong>, <strong><em>\u00abFlores y Asfalto\u00bb<\/em><\/strong> <em>feat<\/em>. <strong>Mon Dvy<\/strong> y <em><strong>\u00abUdontknow\/Mario kart\u00bb<\/strong><\/em>.<\/p>\n\n\n\n<p class=\"has-text-align-left wp-block-paragraph\">Como artistas invitados contar\u00e1 con <strong>SUSX<\/strong>, <em>bedroom pop<\/em> de <strong>Madrid <\/strong>por parte de un artista realmente activo en la escena en bandas como <strong>Los Ramblings<\/strong> y <strong>Mentira<\/strong>, y <strong>Morales<\/strong>, cantautor <em>underground <\/em>revelaci\u00f3n que mezcla la m\u00fasica folcl\u00f3rica latino-americana, el virtuosismo y el pop de cantautor, dando como resultado una mezcla tan estramb\u00f3tica como atractiva.<\/p>\n<\/div>\n<\/div>\n\n\n\n<div style=\"height:100px\" aria-hidden=\"true\" class=\"wp-block-spacer\"><\/div>\n\n\n\n<hr class=\"wp-block-separator is-style-wide\"\/>\n\n\n\n<div style=\"height:100px\" aria-hidden=\"true\" class=\"wp-block-spacer\"><\/div>\n\n\n<h2 class=\"tribe-block__related-events__title\">Related Events<\/h2>\n\n<ul  class=\"tribe-related-events tribe-clearfix\" >\n\t\t\t<li>\n\t\n<div class=\"tribe-related-events-thumbnail\">\n\t<a href=\"https:\/\/cafelapalma.com\/en\/programacion\/funkin-donuts\/\" class=\"url\" rel=\"bookmark\" tabindex=\"-1\" aria-hidden=\"true\"><img loading=\"lazy\" decoding=\"async\" width=\"693\" height=\"1040\" src=\"https:\/\/cafelapalma.com\/wp-content\/uploads\/2026\/07\/FD-vert2-bn-693x1040.jpg\" class=\"attachment-large size-large wp-post-image\" alt=\"\" \/><\/a>\n<\/div>\n\t<div class=\"tribe-related-event-info\">\n\t<h3 class=\"tribe-related-events-title\">\n\t\t<a href=\"https:\/\/cafelapalma.com\/en\/programacion\/funkin-donuts\/\" class=\"tribe-event-url\" rel=\"bookmark\">\n\t\t\tFUNKIN&#8217; DONUTS\t\t<\/a>\n\t<\/h3>\n\t<span class=\"tribe-event-date-start\">5  September@22:00<\/span><span class=\"tribe-event-time\">23:45<\/span><\/div>\n<\/li>\n\t\t\t<li>\n\t\n<div class=\"tribe-related-events-thumbnail\">\n\t<a href=\"https:\/\/cafelapalma.com\/en\/programacion\/willie-deville-concierto-benefico-x-venezuela\/\" class=\"url\" rel=\"bookmark\" tabindex=\"-1\" aria-hidden=\"true\"><img loading=\"lazy\" decoding=\"async\" width=\"1020\" height=\"531\" src=\"https:\/\/cafelapalma.com\/wp-content\/uploads\/2026\/08\/Willie-deville-1100x572-1-1040x541.jpg\" class=\"attachment-large size-large wp-post-image\" alt=\"\" \/><\/a>\n<\/div>\n\t<div class=\"tribe-related-event-info\">\n\t<h3 class=\"tribe-related-events-title\">\n\t\t<a href=\"https:\/\/cafelapalma.com\/en\/programacion\/willie-deville-concierto-benefico-x-venezuela\/\" class=\"tribe-event-url\" rel=\"bookmark\">\n\t\t\tWILLIE DEVILLE: CONCIERTO BEN\u00c9FICO X VENEZUELA\t\t<\/a>\n\t<\/h3>\n\t<span class=\"tribe-event-date-start\">6  September@21:00<\/span><span class=\"tribe-event-time\">23:45<\/span><\/div>\n<\/li>\n\t\t\t<li>\n\t\n<div class=\"tribe-related-events-thumbnail\">\n\t<a href=\"https:\/\/cafelapalma.com\/en\/programacion\/new-boix\/\" class=\"url\" rel=\"bookmark\" tabindex=\"-1\" aria-hidden=\"true\"><img loading=\"lazy\" decoding=\"async\" width=\"694\" height=\"1040\" src=\"https:\/\/cafelapalma.com\/wp-content\/uploads\/2026\/05\/WhatsApp-Image-2026-04-29-at-12.00.28-694x1040.jpeg\" class=\"attachment-large size-large wp-post-image\" alt=\"\" \/><\/a>\n<\/div>\n\t<div class=\"tribe-related-event-info\">\n\t<h3 class=\"tribe-related-events-title\">\n\t\t<a href=\"https:\/\/cafelapalma.com\/en\/programacion\/new-boix\/\" class=\"tribe-event-url\" rel=\"bookmark\">\n\t\t\tNEW BOIX\t\t<\/a>\n\t<\/h3>\n\t<span class=\"tribe-event-date-start\">10  September@22:00<\/span><span class=\"tribe-event-time\">23:45<\/span><\/div>\n<\/li>\n\t<\/ul>\n","protected":false},"excerpt":{"rendered":"<p>CAFE LA PALMA presenta el primer concierto en el\u00e9ctrico de la historia de Qvilava, el proyecto de Pablo Garc\u00eda, m\u00fasico y productor madrile\u00f1o. Lo que comenz\u00f3 como un proyecto menor en su habitaci\u00f3n se ha convertido en su principal output musical, tras su paso por proyectos como Naranja, Cocoa y Rococ\u00f3, donde a\u00fan ejerce de &hellip; <\/p>","protected":false},"author":2,"featured_media":20353,"template":"","meta":{"_tec_requires_first_save":false,"_uag_custom_page_level_css":"","loftloader_page_shortcode":"","_EventAllDay":false,"_EventTimezone":"Europe\/Madrid","_EventStartDate":"2021-10-28 21:00:00","_EventEndDate":"2021-10-28 23:45:00","_EventStartDateUTC":"2021-10-28 19:00:00","_EventEndDateUTC":"2021-10-28 21:45:00","_EventShowMap":false,"_EventShowMapLink":false,"_EventURL":"https:\/\/link.dice.fm\/QDOpluy94jb","_EventCost":"7","_EventCostDescription":"","_EventCurrencySymbol":"\u20ac","_EventCurrencyCode":"","_EventCurrencyPosition":"suffix","_EventDateTimeSeparator":"@","_EventTimeRangeSeparator":"-","_EventOrganizerID":[],"_EventVenueID":[0],"_OrganizerEmail":"","_OrganizerPhone":"","_OrganizerWebsite":"","_VenueAddress":"","_VenueCity":"","_VenueCountry":"","_VenueProvince":"","_VenueState":"","_VenueZip":"","_VenuePhone":"","_VenueURL":"","_VenueStateProvince":"","_VenueLat":"","_VenueLng":"","_VenueShowMap":false,"_VenueShowMapLink":false,"_tribe_blocks_recurrence_rules":"","_tribe_blocks_recurrence_description":"","_tribe_blocks_recurrence_exclusions":"","_ecp_custom_2":"","_tribe_events_status":"","_tribe_events_status_reason":"","_tribe_events_is_hybrid":"","_tribe_events_is_virtual":"","_tribe_events_virtual_video_source":"","_tribe_events_virtual_embed_video":"","_tribe_events_virtual_linked_button_text":"","_tribe_events_virtual_linked_button":"","_tribe_events_virtual_show_embed_at":"","_tribe_events_virtual_show_embed_to":[],"_tribe_events_virtual_show_on_event":"","_tribe_events_virtual_show_on_views":"","_tribe_events_virtual_url":"","footnotes":""},"tags":[9438,9768,8869,9765,2865,9147,9146,9769,1431,9773,9774,9771,9775,9764,9763,1355,9302,9762,9632,9766,9772,9770,9767],"tribe_events_cat":[8963],"class_list":["post-20351","tribe_events","type-tribe_events","status-publish","has-post-thumbnail","hentry","tag-bedroom-pop","tag-bienvenido-a-madrid","tag-cafe-la-palma-2","tag-cocoa","tag-conciertos-cafe-la-palma","tag-conciertos-madrid","tag-conciertos-malasana","tag-flores-y-asfalto","tag-live-music","tag-los-ramblings","tag-mentira","tag-mon-dvy","tag-morales","tag-naranja","tag-pablo-garcia","tag-pop","tag-psicodelia","tag-qvilava","tag-rb","tag-rococo","tag-susx","tag-udontknow-mario-kart","tag-your-monkfish-face-makes-me-feel-like-a-winner","tribe_events_cat-concierto","cat_concierto"],"uagb_featured_image_src":{"full":["https:\/\/cafelapalma.com\/wp-content\/uploads\/2021\/10\/Pabloqvilava.jpg",691,1024,false],"thumbnail":["https:\/\/cafelapalma.com\/wp-content\/uploads\/2021\/10\/Pabloqvilava-150x150.jpg",150,150,true],"medium":["https:\/\/cafelapalma.com\/wp-content\/uploads\/2021\/10\/Pabloqvilava-202x300.jpg",202,300,true],"medium_large":["https:\/\/cafelapalma.com\/wp-content\/uploads\/2021\/10\/Pabloqvilava.jpg",691,1024,false],"large":["https:\/\/cafelapalma.com\/wp-content\/uploads\/2021\/10\/Pabloqvilava.jpg",691,1024,false],"1536x1536":["https:\/\/cafelapalma.com\/wp-content\/uploads\/2021\/10\/Pabloqvilava.jpg",691,1024,false],"2048x2048":["https:\/\/cafelapalma.com\/wp-content\/uploads\/2021\/10\/Pabloqvilava.jpg",691,1024,false],"trp-custom-language-flag":["https:\/\/cafelapalma.com\/wp-content\/uploads\/2021\/10\/Pabloqvilava.jpg",8,12,false],"blossom-feminine-slider":["https:\/\/cafelapalma.com\/wp-content\/uploads\/2021\/10\/Pabloqvilava-691x649.jpg",691,649,true],"blossom-feminine-featured":["https:\/\/cafelapalma.com\/wp-content\/uploads\/2021\/10\/Pabloqvilava-691x600.jpg",691,600,true],"blossom-feminine-with-sidebar":["https:\/\/cafelapalma.com\/wp-content\/uploads\/2021\/10\/Pabloqvilava-691x600.jpg",691,600,true],"blossom-feminine-blog":["https:\/\/cafelapalma.com\/wp-content\/uploads\/2021\/10\/Pabloqvilava-435x435.jpg",435,435,true],"blossom-feminine-cat":["https:\/\/cafelapalma.com\/wp-content\/uploads\/2021\/10\/Pabloqvilava-450x300.jpg",450,300,true],"blossom-feminine-related":["https:\/\/cafelapalma.com\/wp-content\/uploads\/2021\/10\/Pabloqvilava-320x200.jpg",320,200,true],"blossom-feminine-schema":["https:\/\/cafelapalma.com\/wp-content\/uploads\/2021\/10\/Pabloqvilava-40x60.jpg",40,60,true]},"uagb_author_info":{"display_name":"Victor","author_link":"https:\/\/cafelapalma.com\/en\/author\/comunicacion\/"},"uagb_comment_info":0,"uagb_excerpt":"CAFE LA PALMA presenta el primer concierto en el\u00e9ctrico de la historia de Qvilava, el proyecto de Pablo Garc\u00eda, m\u00fasico y productor madrile\u00f1o. Lo que comenz\u00f3 como un proyecto menor en su habitaci\u00f3n se ha convertido en su principal output musical, tras su paso por proyectos como Naranja, Cocoa y Rococ\u00f3, donde a\u00fan ejerce de&hellip;","_links":{"self":[{"href":"https:\/\/cafelapalma.com\/en\/wp-json\/wp\/v2\/tribe_events\/20351","targetHints":{"allow":["GET"]}}],"collection":[{"href":"https:\/\/cafelapalma.com\/en\/wp-json\/wp\/v2\/tribe_events"}],"about":[{"href":"https:\/\/cafelapalma.com\/en\/wp-json\/wp\/v2\/types\/tribe_events"}],"author":[{"embeddable":true,"href":"https:\/\/cafelapalma.com\/en\/wp-json\/wp\/v2\/users\/2"}],"version-history":[{"count":0,"href":"https:\/\/cafelapalma.com\/en\/wp-json\/wp\/v2\/tribe_events\/20351\/revisions"}],"wp:featuredmedia":[{"embeddable":true,"href":"https:\/\/cafelapalma.com\/en\/wp-json\/wp\/v2\/media\/20353"}],"wp:attachment":[{"href":"https:\/\/cafelapalma.com\/en\/wp-json\/wp\/v2\/media?parent=20351"}],"wp:term":[{"taxonomy":"post_tag","embeddable":true,"href":"https:\/\/cafelapalma.com\/en\/wp-json\/wp\/v2\/tags?post=20351"},{"taxonomy":"tribe_events_cat","embeddable":true,"href":"https:\/\/cafelapalma.com\/en\/wp-json\/wp\/v2\/tribe_events_cat?post=20351"}],"curies":[{"name":"wp","href":"https:\/\/api.w.org\/{rel}","templated":true}]}}

<div  class="tribe-events-schedule tribe-clearfix" >
	<p class="tribe-events-schedule__datetime">
		<span class="tribe-events-schedule__date tribe-events-schedule__date--start">
			28  October  2021		</span>

					<span class="tribe-events-schedule__separator tribe-events-schedule__separator--date">
				@			</span>
			<span class="tribe-events-schedule__time tribe-events-schedule__time--start">
				21:00			</span>
		
									<span class="tribe-events-schedule__separator tribe-events-schedule__separator--time">
					&#8211;				</span>
			
							<span class="tribe-events-schedule__time tribe-events-schedule__time--end">
					23:45				</span>
			
						</p>
</div>


<div  class="tribe-block tribe-block__event-price" >
			<span class="tribe-block__event-price__cost"> 7€ </span>
				<span class="tribe-block__event-price__description">+ gg Anticipada | 10€ Taquilla [ Incluye CERVEZA o REFRESCO ]</span>
	</div>



<div style="height:100px" aria-hidden="true" class="wp-block-spacer"></div>



<div class="wp-block-columns is-layout-flex wp-container-core-columns-is-layout-8f761849 wp-block-columns-is-layout-flex">
<div class="wp-block-column is-layout-flow wp-block-column-is-layout-flow" style="flex-basis:33.33%">
<figure class="wp-block-image size-large"><img loading="lazy" decoding="async" width="430" height="608" src="https://cafelapalma.com/wp-content/uploads/2021/10/QVILAVA-A3-low.png" alt="" class="wp-image-20352" srcset="https://cafelapalma.com/wp-content/uploads/2021/10/QVILAVA-A3-low.png 430w, https://cafelapalma.com/wp-content/uploads/2021/10/QVILAVA-A3-low-212x300.png 212w, https://cafelapalma.com/wp-content/uploads/2021/10/QVILAVA-A3-low-42x60.png 42w" sizes="auto, (max-width: 430px) 100vw, 430px" /></figure>


<div  class="tribe-block tribe-block__event-website" >
	<a
		href="https://link.dice.fm/QDOpluy94jb"
		target="_self"
			>
		COMPRAR ENTRADAS	</a>
</div>
</div>



<div class="wp-block-column is-layout-flow wp-block-column-is-layout-flow" style="flex-basis:66.66%">
<div style="height:100px" aria-hidden="true" class="wp-block-spacer"></div>



<p class="has-text-align-left wp-block-paragraph"><strong>CAFE LA PALMA</strong> presenta el primer concierto en eléctrico de la historia de <strong>Qvilava</strong>, el proyecto de <strong>Pablo García</strong>, músico y productor madrileño. Lo que comenzó como un proyecto menor en su habitación se ha convertido en su principal output musical, tras su paso por proyectos como <strong>Naranja</strong>, <strong>Cocoa </strong>y <strong>Rococó</strong>, donde aún ejerce de guitarrista. Con un sonido inicialmente a medio camino entre el <em>bedroom pop</em> y la psicodelia más abrasiva y densa, <strong>Qvilava </strong>se encuentra experimentando con la electrónica y el R&amp;B en sus más recientes lanzamientos, por tanto para el concierto cabe esperar un set variado y con múltiples dimensiones, donde presentará <strong><em>«Your Monkfish Face Makes Me Feel Like a Winner»</em></strong> y sus últimos lanzamientos, <strong><em>«Bienvenido a Madrid»</em></strong>, <strong><em>«Flores y Asfalto»</em></strong> <em>feat</em>. <strong>Mon Dvy</strong> y <em><strong>«Udontknow/Mario kart»</strong></em>.</p>



<p class="has-text-align-left wp-block-paragraph">Como artistas invitados contará con <strong>SUSX</strong>, <em>bedroom pop</em> de <strong>Madrid </strong>por parte de un artista realmente activo en la escena en bandas como <strong>Los Ramblings</strong> y <strong>Mentira</strong>, y <strong>Morales</strong>, cantautor <em>underground </em>revelación que mezcla la música folclórica latino-americana, el virtuosismo y el pop de cantautor, dando como resultado una mezcla tan estrambótica como atractiva.</p>
</div>
</div>



<div style="height:100px" aria-hidden="true" class="wp-block-spacer"></div>



<hr class="wp-block-separator is-style-wide"/>



<div style="height:100px" aria-hidden="true" class="wp-block-spacer"></div>


<h2 class="tribe-block__related-events__title">Related Events</h2>

<ul  class="tribe-related-events tribe-clearfix" >
			<li>
	
<div class="tribe-related-events-thumbnail">
	<a href="https://cafelapalma.com/en/programacion/funkin-donuts/" class="url" rel="bookmark" tabindex="-1" aria-hidden="true"><img loading="lazy" decoding="async" width="693" height="1040" src="https://cafelapalma.com/wp-content/uploads/2026/07/FD-vert2-bn-693x1040.jpg" class="attachment-large size-large wp-post-image" alt="" /></a>
</div>
	<div class="tribe-related-event-info">
	<h3 class="tribe-related-events-title">
		<a href="https://cafelapalma.com/en/programacion/funkin-donuts/" class="tribe-event-url" rel="bookmark">
			FUNKIN&#8217; DONUTS		</a>
	</h3>
	<span class="tribe-event-date-start">5  September@22:00</span><span class="tribe-event-time">23:45</span></div>
</li>
			<li>
	
<div class="tribe-related-events-thumbnail">
	<a href="https://cafelapalma.com/en/programacion/willie-deville-concierto-benefico-x-venezuela/" class="url" rel="bookmark" tabindex="-1" aria-hidden="true"><img loading="lazy" decoding="async" width="1020" height="531" src="https://cafelapalma.com/wp-content/uploads/2026/08/Willie-deville-1100x572-1-1040x541.jpg" class="attachment-large size-large wp-post-image" alt="" /></a>
</div>
	<div class="tribe-related-event-info">
	<h3 class="tribe-related-events-title">
		<a href="https://cafelapalma.com/en/programacion/willie-deville-concierto-benefico-x-venezuela/" class="tribe-event-url" rel="bookmark">
			WILLIE DEVILLE: CONCIERTO BENÉFICO X VENEZUELA		</a>
	</h3>
	<span class="tribe-event-date-start">6  September@21:00</span><span class="tribe-event-time">23:45</span></div>
</li>
			<li>
	
<div class="tribe-related-events-thumbnail">
	<a href="https://cafelapalma.com/en/programacion/new-boix/" class="url" rel="bookmark" tabindex="-1" aria-hidden="true"><img loading="lazy" decoding="async" width="694" height="1040" src="https://cafelapalma.com/wp-content/uploads/2026/05/WhatsApp-Image-2026-04-29-at-12.00.28-694x1040.jpeg" class="attachment-large size-large wp-post-image" alt="" /></a>
</div>
	<div class="tribe-related-event-info">
	<h3 class="tribe-related-events-title">
		<a href="https://cafelapalma.com/en/programacion/new-boix/" class="tribe-event-url" rel="bookmark">
			NEW BOIX		</a>
	</h3>
	<span class="tribe-event-date-start">10  September@22:00</span><span class="tribe-event-time">23:45</span></div>
</li>
	</ul>

<p>CAFE LA PALMA presenta el primer concierto en eléctrico de la historia de Qvilava, el proyecto de Pablo García, músico y productor madrileño. Lo que comenzó como un proyecto menor en su habitación se ha convertido en su principal output musical, tras su paso por proyectos como Naranja, Cocoa y Rococó, donde aún ejerce de &hellip; </p>

CAFE LA PALMA presenta el primer concierto en eléctrico de la historia de Qvilava, el proyecto de Pablo García, músico y productor madrileño. Lo que comenzó como un proyecto menor en su habitación se ha convertido en su principal output musical, tras su paso por proyectos como Naranja, Cocoa y Rococó, donde aún ejerce de&hellip;
