{"id":20411,"date":"2021-10-07T16:26:27","date_gmt":"2021-10-07T14:26:27","guid":{"rendered":"https:\/\/cafelapalma.com\/?post_type=tribe_events&#038;p=20411"},"modified":"2021-10-08T09:54:43","modified_gmt":"2021-10-08T07:54:43","slug":"morfina","status":"publish","type":"tribe_events","link":"https:\/\/cafelapalma.com\/en\/programacion\/morfina\/","title":{"rendered":"MORFINA"},"content":{"rendered":"<div  class=\"tribe-events-schedule tribe-clearfix\" >\n\t<p class=\"tribe-events-schedule__datetime\">\n\t\t<span class=\"tribe-events-schedule__date tribe-events-schedule__date--start\">\n\t\t\t29  October  2021\t\t<\/span>\n\n\t\t\t\t\t<span class=\"tribe-events-schedule__separator tribe-events-schedule__separator--date\">\n\t\t\t\t@\t\t\t<\/span>\n\t\t\t<span class=\"tribe-events-schedule__time tribe-events-schedule__time--start\">\n\t\t\t\t22:00\t\t\t<\/span>\n\t\t\n\t\t\t\t\t\t\t\t\t<span class=\"tribe-events-schedule__separator tribe-events-schedule__separator--time\">\n\t\t\t\t\t&#8211;\t\t\t\t<\/span>\n\t\t\t\n\t\t\t\t\t\t\t<span class=\"tribe-events-schedule__time tribe-events-schedule__time--end\">\n\t\t\t\t\t23:45\t\t\t\t<\/span>\n\t\t\t\n\t\t\t\t\t\t<\/p>\n<\/div>\n\n\n<div  class=\"tribe-block tribe-block__event-price\" >\n\t\t\t<span class=\"tribe-block__event-price__cost\"> 7\u20ac <\/span>\n\t\t\t\t<span class=\"tribe-block__event-price__description\">Incluye CERVEZA o REFRESCO<\/span>\n\t<\/div>\n\n\n\n<div style=\"height:100px\" aria-hidden=\"true\" class=\"wp-block-spacer\"><\/div>\n\n\n\n<div class=\"wp-block-columns is-layout-flex wp-container-core-columns-is-layout-8f761849 wp-block-columns-is-layout-flex\">\n<div class=\"wp-block-column is-layout-flow wp-block-column-is-layout-flow\" style=\"flex-basis:33.33%\">\n<figure class=\"wp-block-image size-large\"><img loading=\"lazy\" decoding=\"async\" width=\"430\" height=\"608\" src=\"https:\/\/cafelapalma.com\/wp-content\/uploads\/2021\/10\/MORFINA-LA-PALMA-A3_low.jpg\" alt=\"\" class=\"wp-image-20412\" srcset=\"https:\/\/cafelapalma.com\/wp-content\/uploads\/2021\/10\/MORFINA-LA-PALMA-A3_low.jpg 430w, https:\/\/cafelapalma.com\/wp-content\/uploads\/2021\/10\/MORFINA-LA-PALMA-A3_low-212x300.jpg 212w, https:\/\/cafelapalma.com\/wp-content\/uploads\/2021\/10\/MORFINA-LA-PALMA-A3_low-42x60.jpg 42w\" sizes=\"auto, (max-width: 430px) 100vw, 430px\" \/><\/figure>\n\n\n<div  class=\"tribe-block tribe-block__event-website\" >\n\t<a\n\t\thref=\"https:\/\/link.dice.fm\/45MFtdoX9jb\"\n\t\ttarget=\"_self\"\n\t\t\t>\n\t\tBUY TICKETS\t<\/a>\n<\/div>\n<\/div>\n\n\n\n<div class=\"wp-block-column is-layout-flow wp-block-column-is-layout-flow\" style=\"flex-basis:66.66%\">\n<div style=\"height:100px\" aria-hidden=\"true\" class=\"wp-block-spacer\"><\/div>\n\n\n\n<p class=\"has-text-align-left wp-block-paragraph\"><strong>Morfina<\/strong> es un grupo madrile\u00f1o nacido a finales de 2016 bajo la influencia de bandas como <strong>Pereza<\/strong>, <strong>Sidecars <\/strong>o <strong>Los Rodriguez<\/strong>. <strong>Andr\u00e9s <\/strong>a la voz y guitarra, <strong>Mario <\/strong>al bajo, <strong>Cristian <\/strong>a la bater\u00eda y <strong>Pablo <\/strong>a la guitarra forman un cuarteto que te har\u00e1 vibrar con canciones de puro rock and roll y emocionarte con sus baladas.<br><br>El d\u00eda 13 de marzo de 2020 fue elegido por la banda para presentar el que era su primer disco de estudio, pero la pandemia se lo llevo todo por delante. A\u00f1o y medio despu\u00e9s todas esas ganas contenidas durante tanto tiempo explotar\u00e1n en <strong>CAFE LA PALMA<\/strong> en un concierto \u00fanico bajo el nombre de <strong><em>\u00abUna noche m\u00e1s\u00bb<\/em><\/strong>.<\/p>\n<\/div>\n<\/div>\n\n\n\n<div style=\"height:100px\" aria-hidden=\"true\" class=\"wp-block-spacer\"><\/div>\n\n\n\n<hr class=\"wp-block-separator is-style-wide\"\/>\n\n\n\n<div style=\"height:100px\" aria-hidden=\"true\" class=\"wp-block-spacer\"><\/div>\n\n\n<h2 class=\"tribe-block__related-events__title\">Related Events<\/h2>\n\n<ul  class=\"tribe-related-events tribe-clearfix\" >\n\t\t\t<li>\n\t\n<div class=\"tribe-related-events-thumbnail\">\n\t<a href=\"https:\/\/cafelapalma.com\/en\/programacion\/funkin-donuts\/\" class=\"url\" rel=\"bookmark\" tabindex=\"-1\" aria-hidden=\"true\"><img loading=\"lazy\" decoding=\"async\" width=\"693\" height=\"1040\" src=\"https:\/\/cafelapalma.com\/wp-content\/uploads\/2026\/07\/FD-vert2-bn-693x1040.jpg\" class=\"attachment-large size-large wp-post-image\" alt=\"\" \/><\/a>\n<\/div>\n\t<div class=\"tribe-related-event-info\">\n\t<h3 class=\"tribe-related-events-title\">\n\t\t<a href=\"https:\/\/cafelapalma.com\/en\/programacion\/funkin-donuts\/\" class=\"tribe-event-url\" rel=\"bookmark\">\n\t\t\tFUNKIN&#8217; DONUTS\t\t<\/a>\n\t<\/h3>\n\t<span class=\"tribe-event-date-start\">5  September@22:00<\/span><span class=\"tribe-event-time\">23:45<\/span><\/div>\n<\/li>\n\t\t\t<li>\n\t\n<div class=\"tribe-related-events-thumbnail\">\n\t<a href=\"https:\/\/cafelapalma.com\/en\/programacion\/willie-deville-concierto-benefico-x-venezuela\/\" class=\"url\" rel=\"bookmark\" tabindex=\"-1\" aria-hidden=\"true\"><img loading=\"lazy\" decoding=\"async\" width=\"1020\" height=\"531\" src=\"https:\/\/cafelapalma.com\/wp-content\/uploads\/2026\/08\/Willie-deville-1100x572-1-1040x541.jpg\" class=\"attachment-large size-large wp-post-image\" alt=\"\" \/><\/a>\n<\/div>\n\t<div class=\"tribe-related-event-info\">\n\t<h3 class=\"tribe-related-events-title\">\n\t\t<a href=\"https:\/\/cafelapalma.com\/en\/programacion\/willie-deville-concierto-benefico-x-venezuela\/\" class=\"tribe-event-url\" rel=\"bookmark\">\n\t\t\tWILLIE DEVILLE: CONCIERTO BEN\u00c9FICO X VENEZUELA\t\t<\/a>\n\t<\/h3>\n\t<span class=\"tribe-event-date-start\">6  September@21:00<\/span><span class=\"tribe-event-time\">23:45<\/span><\/div>\n<\/li>\n\t\t\t<li>\n\t\n<div class=\"tribe-related-events-thumbnail\">\n\t<a href=\"https:\/\/cafelapalma.com\/en\/programacion\/new-boix\/\" class=\"url\" rel=\"bookmark\" tabindex=\"-1\" aria-hidden=\"true\"><img loading=\"lazy\" decoding=\"async\" width=\"694\" height=\"1040\" src=\"https:\/\/cafelapalma.com\/wp-content\/uploads\/2026\/05\/WhatsApp-Image-2026-04-29-at-12.00.28-694x1040.jpeg\" class=\"attachment-large size-large wp-post-image\" alt=\"\" \/><\/a>\n<\/div>\n\t<div class=\"tribe-related-event-info\">\n\t<h3 class=\"tribe-related-events-title\">\n\t\t<a href=\"https:\/\/cafelapalma.com\/en\/programacion\/new-boix\/\" class=\"tribe-event-url\" rel=\"bookmark\">\n\t\t\tNEW BOIX\t\t<\/a>\n\t<\/h3>\n\t<span class=\"tribe-event-date-start\">10  September@22:00<\/span><span class=\"tribe-event-time\">23:45<\/span><\/div>\n<\/li>\n\t<\/ul>","protected":false},"excerpt":{"rendered":"<p>Morfina es un grupo madrile\u00f1o nacido a finales de 2016 bajo la influencia de bandas como Pereza, Sidecars o Los Rodriguez. Andr\u00e9s a la voz y guitarra, Mario al bajo, Cristian a la bater\u00eda y Pablo a la guitarra forman un cuarteto que te har\u00e1 vibrar con canciones de puro rock and roll y emocionarte &hellip; <\/p>","protected":false},"author":2,"featured_media":20430,"template":"","meta":{"_tec_requires_first_save":false,"_uag_custom_page_level_css":"","loftloader_page_shortcode":"","_EventAllDay":false,"_EventTimezone":"Europe\/Madrid","_EventStartDate":"2021-10-29 22:00:00","_EventEndDate":"2021-10-29 23:45:00","_EventStartDateUTC":"2021-10-29 20:00:00","_EventEndDateUTC":"2021-10-29 21:45:00","_EventShowMap":false,"_EventShowMapLink":false,"_EventURL":"https:\/\/link.dice.fm\/45MFtdoX9jb","_EventCost":"7","_EventCostDescription":"","_EventCurrencySymbol":"\u20ac","_EventCurrencyCode":"","_EventCurrencyPosition":"suffix","_EventDateTimeSeparator":"@","_EventTimeRangeSeparator":"-","_EventOrganizerID":[],"_EventVenueID":[0],"_OrganizerEmail":"","_OrganizerPhone":"","_OrganizerWebsite":"","_VenueAddress":"","_VenueCity":"","_VenueCountry":"","_VenueProvince":"","_VenueState":"","_VenueZip":"","_VenuePhone":"","_VenueURL":"","_VenueStateProvince":"","_VenueLat":"","_VenueLng":"","_VenueShowMap":false,"_VenueShowMapLink":false,"_tribe_blocks_recurrence_rules":"","_tribe_blocks_recurrence_description":"","_tribe_blocks_recurrence_exclusions":"","_ecp_custom_2":"","_tribe_events_status":"","_tribe_events_status_reason":"","_tribe_events_is_hybrid":"","_tribe_events_is_virtual":"","_tribe_events_virtual_video_source":"","_tribe_events_virtual_embed_video":"","_tribe_events_virtual_linked_button_text":"","_tribe_events_virtual_linked_button":"","_tribe_events_virtual_show_embed_at":"","_tribe_events_virtual_show_embed_to":[],"_tribe_events_virtual_show_on_event":"","_tribe_events_virtual_show_on_views":"","_tribe_events_virtual_url":"","footnotes":""},"tags":[9883,8869,2865,9147,9146,9885,8970,1431,9882,9884,9880,9886,9881,1354,9615,9887],"tribe_events_cat":[8963],"class_list":["post-20411","tribe_events","type-tribe_events","status-publish","has-post-thumbnail","hentry","tag-andres","tag-cafe-la-palma-2","tag-conciertos-cafe-la-palma","tag-conciertos-madrid","tag-conciertos-malasana","tag-cristian","tag-indie","tag-live-music","tag-los-rodriguez","tag-mario","tag-morfina","tag-pablo","tag-pereza","tag-rock","tag-sidecars","tag-una-noche-mas","tribe_events_cat-concierto","cat_concierto"],"uagb_featured_image_src":{"full":["https:\/\/cafelapalma.com\/wp-content\/uploads\/2021\/10\/Feed-Morfina-La-Palma1.jpg",1080,723,false],"thumbnail":["https:\/\/cafelapalma.com\/wp-content\/uploads\/2021\/10\/Feed-Morfina-La-Palma1-150x150.jpg",150,150,true],"medium":["https:\/\/cafelapalma.com\/wp-content\/uploads\/2021\/10\/Feed-Morfina-La-Palma1-300x201.jpg",300,201,true],"medium_large":["https:\/\/cafelapalma.com\/wp-content\/uploads\/2021\/10\/Feed-Morfina-La-Palma1-768x514.jpg",768,514,true],"large":["https:\/\/cafelapalma.com\/wp-content\/uploads\/2021\/10\/Feed-Morfina-La-Palma1-1024x686.jpg",1020,683,true],"1536x1536":["https:\/\/cafelapalma.com\/wp-content\/uploads\/2021\/10\/Feed-Morfina-La-Palma1.jpg",1080,723,false],"2048x2048":["https:\/\/cafelapalma.com\/wp-content\/uploads\/2021\/10\/Feed-Morfina-La-Palma1.jpg",1080,723,false],"trp-custom-language-flag":["https:\/\/cafelapalma.com\/wp-content\/uploads\/2021\/10\/Feed-Morfina-La-Palma1.jpg",18,12,false],"blossom-feminine-slider":["https:\/\/cafelapalma.com\/wp-content\/uploads\/2021\/10\/Feed-Morfina-La-Palma1-1080x649.jpg",1080,649,true],"blossom-feminine-featured":["https:\/\/cafelapalma.com\/wp-content\/uploads\/2021\/10\/Feed-Morfina-La-Palma1-1080x600.jpg",1080,600,true],"blossom-feminine-with-sidebar":["https:\/\/cafelapalma.com\/wp-content\/uploads\/2021\/10\/Feed-Morfina-La-Palma1-1020x600.jpg",1020,600,true],"blossom-feminine-blog":["https:\/\/cafelapalma.com\/wp-content\/uploads\/2021\/10\/Feed-Morfina-La-Palma1-435x435.jpg",435,435,true],"blossom-feminine-cat":["https:\/\/cafelapalma.com\/wp-content\/uploads\/2021\/10\/Feed-Morfina-La-Palma1-450x300.jpg",450,300,true],"blossom-feminine-related":["https:\/\/cafelapalma.com\/wp-content\/uploads\/2021\/10\/Feed-Morfina-La-Palma1-320x200.jpg",320,200,true],"blossom-feminine-schema":["https:\/\/cafelapalma.com\/wp-content\/uploads\/2021\/10\/Feed-Morfina-La-Palma1-90x60.jpg",90,60,true]},"uagb_author_info":{"display_name":"Victor","author_link":"https:\/\/cafelapalma.com\/en\/author\/comunicacion\/"},"uagb_comment_info":0,"uagb_excerpt":"Morfina es un grupo madrile\u00f1o nacido a finales de 2016 bajo la influencia de bandas como Pereza, Sidecars o Los Rodriguez. Andr\u00e9s a la voz y guitarra, Mario al bajo, Cristian a la bater\u00eda y Pablo a la guitarra forman un cuarteto que te har\u00e1 vibrar con canciones de puro rock and roll y emocionarte&hellip;","_links":{"self":[{"href":"https:\/\/cafelapalma.com\/en\/wp-json\/wp\/v2\/tribe_events\/20411","targetHints":{"allow":["GET"]}}],"collection":[{"href":"https:\/\/cafelapalma.com\/en\/wp-json\/wp\/v2\/tribe_events"}],"about":[{"href":"https:\/\/cafelapalma.com\/en\/wp-json\/wp\/v2\/types\/tribe_events"}],"author":[{"embeddable":true,"href":"https:\/\/cafelapalma.com\/en\/wp-json\/wp\/v2\/users\/2"}],"version-history":[{"count":0,"href":"https:\/\/cafelapalma.com\/en\/wp-json\/wp\/v2\/tribe_events\/20411\/revisions"}],"wp:featuredmedia":[{"embeddable":true,"href":"https:\/\/cafelapalma.com\/en\/wp-json\/wp\/v2\/media\/20430"}],"wp:attachment":[{"href":"https:\/\/cafelapalma.com\/en\/wp-json\/wp\/v2\/media?parent=20411"}],"wp:term":[{"taxonomy":"post_tag","embeddable":true,"href":"https:\/\/cafelapalma.com\/en\/wp-json\/wp\/v2\/tags?post=20411"},{"taxonomy":"tribe_events_cat","embeddable":true,"href":"https:\/\/cafelapalma.com\/en\/wp-json\/wp\/v2\/tribe_events_cat?post=20411"}],"curies":[{"name":"wp","href":"https:\/\/api.w.org\/{rel}","templated":true}]}}

<div  class="tribe-events-schedule tribe-clearfix" >
	<p class="tribe-events-schedule__datetime">
		<span class="tribe-events-schedule__date tribe-events-schedule__date--start">
			29  October  2021		</span>

					<span class="tribe-events-schedule__separator tribe-events-schedule__separator--date">
				@			</span>
			<span class="tribe-events-schedule__time tribe-events-schedule__time--start">
				22:00			</span>
		
									<span class="tribe-events-schedule__separator tribe-events-schedule__separator--time">
					&#8211;				</span>
			
							<span class="tribe-events-schedule__time tribe-events-schedule__time--end">
					23:45				</span>
			
						</p>
</div>


<div  class="tribe-block tribe-block__event-price" >
			<span class="tribe-block__event-price__cost"> 7€ </span>
				<span class="tribe-block__event-price__description">Incluye CERVEZA o REFRESCO</span>
	</div>



<div style="height:100px" aria-hidden="true" class="wp-block-spacer"></div>



<div class="wp-block-columns is-layout-flex wp-container-core-columns-is-layout-8f761849 wp-block-columns-is-layout-flex">
<div class="wp-block-column is-layout-flow wp-block-column-is-layout-flow" style="flex-basis:33.33%">
<figure class="wp-block-image size-large"><img loading="lazy" decoding="async" width="430" height="608" src="https://cafelapalma.com/wp-content/uploads/2021/10/MORFINA-LA-PALMA-A3_low.jpg" alt="" class="wp-image-20412" srcset="https://cafelapalma.com/wp-content/uploads/2021/10/MORFINA-LA-PALMA-A3_low.jpg 430w, https://cafelapalma.com/wp-content/uploads/2021/10/MORFINA-LA-PALMA-A3_low-212x300.jpg 212w, https://cafelapalma.com/wp-content/uploads/2021/10/MORFINA-LA-PALMA-A3_low-42x60.jpg 42w" sizes="auto, (max-width: 430px) 100vw, 430px" /></figure>


<div  class="tribe-block tribe-block__event-website" >
	<a
		href="https://link.dice.fm/45MFtdoX9jb"
		target="_self"
			>
		BUY TICKETS	</a>
</div>
</div>



<div class="wp-block-column is-layout-flow wp-block-column-is-layout-flow" style="flex-basis:66.66%">
<div style="height:100px" aria-hidden="true" class="wp-block-spacer"></div>



<p class="has-text-align-left wp-block-paragraph"><strong>Morfina</strong> es un grupo madrileño nacido a finales de 2016 bajo la influencia de bandas como <strong>Pereza</strong>, <strong>Sidecars </strong>o <strong>Los Rodriguez</strong>. <strong>Andrés </strong>a la voz y guitarra, <strong>Mario </strong>al bajo, <strong>Cristian </strong>a la batería y <strong>Pablo </strong>a la guitarra forman un cuarteto que te hará vibrar con canciones de puro rock and roll y emocionarte con sus baladas.<br><br>El día 13 de marzo de 2020 fue elegido por la banda para presentar el que era su primer disco de estudio, pero la pandemia se lo llevo todo por delante. Año y medio después todas esas ganas contenidas durante tanto tiempo explotarán en <strong>CAFE LA PALMA</strong> en un concierto único bajo el nombre de <strong><em>«Una noche más»</em></strong>.</p>
</div>
</div>



<div style="height:100px" aria-hidden="true" class="wp-block-spacer"></div>



<hr class="wp-block-separator is-style-wide"/>



<div style="height:100px" aria-hidden="true" class="wp-block-spacer"></div>


<h2 class="tribe-block__related-events__title">Related Events</h2>

<ul  class="tribe-related-events tribe-clearfix" >
			<li>
	
<div class="tribe-related-events-thumbnail">
	<a href="https://cafelapalma.com/en/programacion/funkin-donuts/" class="url" rel="bookmark" tabindex="-1" aria-hidden="true"><img loading="lazy" decoding="async" width="693" height="1040" src="https://cafelapalma.com/wp-content/uploads/2026/07/FD-vert2-bn-693x1040.jpg" class="attachment-large size-large wp-post-image" alt="" /></a>
</div>
	<div class="tribe-related-event-info">
	<h3 class="tribe-related-events-title">
		<a href="https://cafelapalma.com/en/programacion/funkin-donuts/" class="tribe-event-url" rel="bookmark">
			FUNKIN&#8217; DONUTS		</a>
	</h3>
	<span class="tribe-event-date-start">5  September@22:00</span><span class="tribe-event-time">23:45</span></div>
</li>
			<li>
	
<div class="tribe-related-events-thumbnail">
	<a href="https://cafelapalma.com/en/programacion/willie-deville-concierto-benefico-x-venezuela/" class="url" rel="bookmark" tabindex="-1" aria-hidden="true"><img loading="lazy" decoding="async" width="1020" height="531" src="https://cafelapalma.com/wp-content/uploads/2026/08/Willie-deville-1100x572-1-1040x541.jpg" class="attachment-large size-large wp-post-image" alt="" /></a>
</div>
	<div class="tribe-related-event-info">
	<h3 class="tribe-related-events-title">
		<a href="https://cafelapalma.com/en/programacion/willie-deville-concierto-benefico-x-venezuela/" class="tribe-event-url" rel="bookmark">
			WILLIE DEVILLE: CONCIERTO BENÉFICO X VENEZUELA		</a>
	</h3>
	<span class="tribe-event-date-start">6  September@21:00</span><span class="tribe-event-time">23:45</span></div>
</li>
			<li>
	
<div class="tribe-related-events-thumbnail">
	<a href="https://cafelapalma.com/en/programacion/new-boix/" class="url" rel="bookmark" tabindex="-1" aria-hidden="true"><img loading="lazy" decoding="async" width="694" height="1040" src="https://cafelapalma.com/wp-content/uploads/2026/05/WhatsApp-Image-2026-04-29-at-12.00.28-694x1040.jpeg" class="attachment-large size-large wp-post-image" alt="" /></a>
</div>
	<div class="tribe-related-event-info">
	<h3 class="tribe-related-events-title">
		<a href="https://cafelapalma.com/en/programacion/new-boix/" class="tribe-event-url" rel="bookmark">
			NEW BOIX		</a>
	</h3>
	<span class="tribe-event-date-start">10  September@22:00</span><span class="tribe-event-time">23:45</span></div>
</li>
	</ul>

<p>Morfina es un grupo madrileño nacido a finales de 2016 bajo la influencia de bandas como Pereza, Sidecars o Los Rodriguez. Andrés a la voz y guitarra, Mario al bajo, Cristian a la batería y Pablo a la guitarra forman un cuarteto que te hará vibrar con canciones de puro rock and roll y emocionarte &hellip; </p>

Morfina es un grupo madrileño nacido a finales de 2016 bajo la influencia de bandas como Pereza, Sidecars o Los Rodriguez. Andrés a la voz y guitarra, Mario al bajo, Cristian a la batería y Pablo a la guitarra forman un cuarteto que te hará vibrar con canciones de puro rock and roll y emocionarte&hellip;
