{"id":20950,"date":"2021-12-13T17:51:36","date_gmt":"2021-12-13T16:51:36","guid":{"rendered":"https:\/\/cafelapalma.com\/?post_type=tribe_events&#038;p=20950"},"modified":"2021-12-25T13:36:59","modified_gmt":"2021-12-25T12:36:59","slug":"bais-party","status":"publish","type":"tribe_events","link":"https:\/\/cafelapalma.com\/en\/programacion\/bais-party\/","title":{"rendered":"BAIS PARTY"},"content":{"rendered":"<div  class=\"tribe-events-schedule tribe-clearfix\" >\n\t<p class=\"tribe-events-schedule__datetime\">\n\t\t<span class=\"tribe-events-schedule__date tribe-events-schedule__date--start\">\n\t\t\t13  January  2022\t\t<\/span>\n\n\t\t\t\t\t<span class=\"tribe-events-schedule__separator tribe-events-schedule__separator--date\">\n\t\t\t\t@\t\t\t<\/span>\n\t\t\t<span class=\"tribe-events-schedule__time tribe-events-schedule__time--start\">\n\t\t\t\t22:00\t\t\t<\/span>\n\t\t\n\t\t\t\t\t\t\t\t\t<span class=\"tribe-events-schedule__separator tribe-events-schedule__separator--time\">\n\t\t\t\t\t&#8211;\t\t\t\t<\/span>\n\t\t\t\n\t\t\t\t\t\t\t<span class=\"tribe-events-schedule__time tribe-events-schedule__time--end\">\n\t\t\t\t\t23:45\t\t\t\t<\/span>\n\t\t\t\n\t\t\t\t\t\t<\/p>\n<\/div>\n\n\n<div  class=\"tribe-block tribe-block__event-price\" >\n\t\t\t<span class=\"tribe-block__event-price__cost\"> 9\u20ac <\/span>\n\t\t\t\t<span class=\"tribe-block__event-price__description\">+ gg Anticipada | 12\u20ac Taquilla [ Incluye DOBLE DE CERVEZA o REFRESCO ]<\/span>\n\t<\/div>\n\n\n\n<div style=\"height:100px\" aria-hidden=\"true\" class=\"wp-block-spacer\"><\/div>\n\n\n\n<div class=\"wp-block-columns is-layout-flex wp-container-core-columns-is-layout-8f761849 wp-block-columns-is-layout-flex\">\n<div class=\"wp-block-column is-layout-flow wp-block-column-is-layout-flow\" style=\"flex-basis:33.33%\">\n<figure class=\"wp-block-image size-large\"><img loading=\"lazy\" decoding=\"async\" width=\"384\" height=\"682\" src=\"https:\/\/cafelapalma.com\/wp-content\/uploads\/2021\/12\/baispartystorieslow.png\" alt=\"\" class=\"wp-image-20951\" srcset=\"https:\/\/cafelapalma.com\/wp-content\/uploads\/2021\/12\/baispartystorieslow.png 384w, https:\/\/cafelapalma.com\/wp-content\/uploads\/2021\/12\/baispartystorieslow-169x300.png 169w, https:\/\/cafelapalma.com\/wp-content\/uploads\/2021\/12\/baispartystorieslow-34x60.png 34w\" sizes=\"auto, (max-width: 384px) 100vw, 384px\" \/><\/figure>\n\n\n<div  class=\"tribe-block tribe-block__event-website\" >\n\t<a\n\t\thref=\"https:\/\/link.dice.fm\/t5abb52b2ae1\"\n\t\ttarget=\"_self\"\n\t\t\t>\n\t\tCOMPRAR ENTRADAS\t<\/a>\n<\/div>\n<\/div>\n\n\n\n<div class=\"wp-block-column is-layout-flow wp-block-column-is-layout-flow\" style=\"flex-basis:66.66%\">\n<div style=\"height:100px\" aria-hidden=\"true\" class=\"wp-block-spacer\"><\/div>\n\n\n\n<p class=\"wp-block-paragraph\">*** REPROGRAMADO DEL 26\/12\/21\u00a0<strong><em>NUEVA FECHA JUEVES 13 ENERO 2022<\/em><\/strong> ***<\/p>\n\n\n\n<p class=\"has-text-align-left wp-block-paragraph\"><strong>BAIS PARTY<\/strong> es un concepto de fiesta de m\u00fasica urbana hosteada por un colectivo independiente con sede en <strong>Malasa\u00f1a<\/strong>. En esta ocasi\u00f3n, recalan en <strong>CAFE LA PALMA<\/strong> encabezados por <strong>Daniel Blanco<\/strong>, m\u00e1s conocido como <strong>White<\/strong>, un MC procedente de <strong>Alcal\u00e1 de Henares<\/strong> que comenz\u00f3 sus andadas en batallas de gallos en su ciudad y alrededores, para m\u00e1s tarde ir sacando temas propios y dando sus primeros conciertos. Su tema <strong><em>\u00abPortarse Mal\u00bb<\/em><\/strong> es el m\u00e1s reconocido; <strong><em>\u00ab21 Gramos\u00bb<\/em><\/strong>, el \u00faltimo que ha salido a la luz. Le acompa\u00f1ar\u00e1n en el escenario:<br><br><strong>Dasex <\/strong>&#8211; Straight outta <strong>El Pardo<\/strong>, <em>rural boy<\/em> haciendo m\u00fasica callejera. Cine kinki y extrarradio son sus influencias. rap reggaetonero es como se podr\u00eda definir al sonido que hace.<br><br><strong>MolpeC3<\/strong> &#8211; <strong>\u00c1lvaro Molpeceres<\/strong>, <strong>Azuqueca de Henares<\/strong>. Imbatible en el freestyle. Mucha rabia acumulada.<br><br><strong>Limo P<\/strong> &#8211; Productor oficial y exclusivo del grupo.<br><br><strong>Yenah <\/strong>\u00ad- From Iru\u00f1a &#8217;99.<\/p>\n<\/div>\n<\/div>\n\n\n\n<div style=\"height:100px\" aria-hidden=\"true\" class=\"wp-block-spacer\"><\/div>\n\n\n\n<hr class=\"wp-block-separator is-style-wide\"\/>\n\n\n\n<div style=\"height:100px\" aria-hidden=\"true\" class=\"wp-block-spacer\"><\/div>\n\n\n<h2 class=\"tribe-block__related-events__title\">Related Events<\/h2>\n\n<ul  class=\"tribe-related-events tribe-clearfix\" >\n\t\t\t<li>\n\t\n<div class=\"tribe-related-events-thumbnail\">\n\t<a href=\"https:\/\/cafelapalma.com\/en\/programacion\/funkin-donuts\/\" class=\"url\" rel=\"bookmark\" tabindex=\"-1\" aria-hidden=\"true\"><img loading=\"lazy\" decoding=\"async\" width=\"693\" height=\"1040\" src=\"https:\/\/cafelapalma.com\/wp-content\/uploads\/2026\/07\/FD-vert2-bn-693x1040.jpg\" class=\"attachment-large size-large wp-post-image\" alt=\"\" \/><\/a>\n<\/div>\n\t<div class=\"tribe-related-event-info\">\n\t<h3 class=\"tribe-related-events-title\">\n\t\t<a href=\"https:\/\/cafelapalma.com\/en\/programacion\/funkin-donuts\/\" class=\"tribe-event-url\" rel=\"bookmark\">\n\t\t\tFUNKIN&#8217; DONUTS\t\t<\/a>\n\t<\/h3>\n\t<span class=\"tribe-event-date-start\">5  September@22:00<\/span><span class=\"tribe-event-time\">23:45<\/span><\/div>\n<\/li>\n\t\t\t<li>\n\t\n<div class=\"tribe-related-events-thumbnail\">\n\t<a href=\"https:\/\/cafelapalma.com\/en\/programacion\/willie-deville-concierto-benefico-x-venezuela\/\" class=\"url\" rel=\"bookmark\" tabindex=\"-1\" aria-hidden=\"true\"><img loading=\"lazy\" decoding=\"async\" width=\"1020\" height=\"531\" src=\"https:\/\/cafelapalma.com\/wp-content\/uploads\/2026\/08\/Willie-deville-1100x572-1-1040x541.jpg\" class=\"attachment-large size-large wp-post-image\" alt=\"\" \/><\/a>\n<\/div>\n\t<div class=\"tribe-related-event-info\">\n\t<h3 class=\"tribe-related-events-title\">\n\t\t<a href=\"https:\/\/cafelapalma.com\/en\/programacion\/willie-deville-concierto-benefico-x-venezuela\/\" class=\"tribe-event-url\" rel=\"bookmark\">\n\t\t\tWILLIE DEVILLE: CONCIERTO BEN\u00c9FICO X VENEZUELA\t\t<\/a>\n\t<\/h3>\n\t<span class=\"tribe-event-date-start\">6  September@21:00<\/span><span class=\"tribe-event-time\">23:45<\/span><\/div>\n<\/li>\n\t\t\t<li>\n\t\n<div class=\"tribe-related-events-thumbnail\">\n\t<a href=\"https:\/\/cafelapalma.com\/en\/programacion\/new-boix\/\" class=\"url\" rel=\"bookmark\" tabindex=\"-1\" aria-hidden=\"true\"><img loading=\"lazy\" decoding=\"async\" width=\"694\" height=\"1040\" src=\"https:\/\/cafelapalma.com\/wp-content\/uploads\/2026\/05\/WhatsApp-Image-2026-04-29-at-12.00.28-694x1040.jpeg\" class=\"attachment-large size-large wp-post-image\" alt=\"\" \/><\/a>\n<\/div>\n\t<div class=\"tribe-related-event-info\">\n\t<h3 class=\"tribe-related-events-title\">\n\t\t<a href=\"https:\/\/cafelapalma.com\/en\/programacion\/new-boix\/\" class=\"tribe-event-url\" rel=\"bookmark\">\n\t\t\tNEW BOIX\t\t<\/a>\n\t<\/h3>\n\t<span class=\"tribe-event-date-start\">10  September@22:00<\/span><span class=\"tribe-event-time\">23:45<\/span><\/div>\n<\/li>\n\t<\/ul>\n","protected":false},"excerpt":{"rendered":"<p>*** REPROGRAMADO DEL 26\/12\/21\u00a0NUEVA FECHA JUEVES 13 ENERO 2022 *** BAIS PARTY es un concepto de fiesta de m\u00fasica urbana hosteada por un colectivo independiente con sede en Malasa\u00f1a. En esta ocasi\u00f3n, recalan en CAFE LA PALMA encabezados por Daniel Blanco, m\u00e1s conocido como White, un MC procedente de Alcal\u00e1 de Henares que comenz\u00f3 sus &hellip; <\/p>","protected":false},"author":2,"featured_media":20952,"template":"","meta":{"_tec_requires_first_save":false,"_uag_custom_page_level_css":"","loftloader_page_shortcode":"","_EventAllDay":false,"_EventTimezone":"Europe\/Madrid","_EventStartDate":"2022-01-13 22:00:00","_EventEndDate":"2022-01-13 23:45:00","_EventStartDateUTC":"2022-01-13 21:00:00","_EventEndDateUTC":"2022-01-13 22:45:00","_EventShowMap":false,"_EventShowMapLink":false,"_EventURL":"https:\/\/link.dice.fm\/t5abb52b2ae1","_EventCost":"9","_EventCostDescription":"","_EventCurrencySymbol":"\u20ac","_EventCurrencyCode":"","_EventCurrencyPosition":"suffix","_EventDateTimeSeparator":"@","_EventTimeRangeSeparator":"-","_EventOrganizerID":[],"_EventVenueID":[0],"_OrganizerEmail":"","_OrganizerPhone":"","_OrganizerWebsite":"","_VenueAddress":"","_VenueCity":"","_VenueCountry":"","_VenueProvince":"","_VenueState":"","_VenueZip":"","_VenuePhone":"","_VenueURL":"","_VenueStateProvince":"","_VenueLat":"","_VenueLng":"","_VenueShowMap":false,"_VenueShowMapLink":false,"_tribe_blocks_recurrence_rules":"","_tribe_blocks_recurrence_description":"","_tribe_blocks_recurrence_exclusions":"","_ecp_custom_2":"","_tribe_events_status":"","_tribe_events_status_reason":"","_tribe_events_is_hybrid":"","_tribe_events_is_virtual":"","_tribe_events_virtual_video_source":"","_tribe_events_virtual_embed_video":"","_tribe_events_virtual_linked_button_text":"","_tribe_events_virtual_linked_button":"","_tribe_events_virtual_show_embed_at":"","_tribe_events_virtual_show_embed_to":[],"_tribe_events_virtual_show_on_event":"","_tribe_events_virtual_show_on_views":"","_tribe_events_virtual_url":"","footnotes":""},"tags":[10519,9678,10520,10521,10489,8869,2865,9147,9146,10494,10516,10495,10515,9352,10498,10496,10517,10499,9349,10497],"tribe_events_cat":[8963],"class_list":["post-20950","tribe_events","type-tribe_events","status-publish","has-post-thumbnail","hentry","tag-21-gramos","tag-alcala-de-henares","tag-alvaro-molpeceres","tag-azuqueca-de-henares","tag-bais-party","tag-cafe-la-palma-2","tag-conciertos-cafe-la-palma","tag-conciertos-madrid","tag-conciertos-malasana","tag-dani-white","tag-daniel-blanco","tag-dasex","tag-freestyle","tag-hip-hop-2","tag-limo-p","tag-molpec3","tag-portarse-mal","tag-santi-goyena","tag-urban","tag-yenah","tribe_events_cat-concierto","cat_concierto"],"uagb_featured_image_src":{"full":["https:\/\/cafelapalma.com\/wp-content\/uploads\/2021\/12\/DaniWhite_2.jpg",1080,1080,false],"thumbnail":["https:\/\/cafelapalma.com\/wp-content\/uploads\/2021\/12\/DaniWhite_2-150x150.jpg",150,150,true],"medium":["https:\/\/cafelapalma.com\/wp-content\/uploads\/2021\/12\/DaniWhite_2-300x300.jpg",300,300,true],"medium_large":["https:\/\/cafelapalma.com\/wp-content\/uploads\/2021\/12\/DaniWhite_2-768x768.jpg",768,768,true],"large":["https:\/\/cafelapalma.com\/wp-content\/uploads\/2021\/12\/DaniWhite_2-1024x1024.jpg",1020,1020,true],"1536x1536":["https:\/\/cafelapalma.com\/wp-content\/uploads\/2021\/12\/DaniWhite_2.jpg",1080,1080,false],"2048x2048":["https:\/\/cafelapalma.com\/wp-content\/uploads\/2021\/12\/DaniWhite_2.jpg",1080,1080,false],"trp-custom-language-flag":["https:\/\/cafelapalma.com\/wp-content\/uploads\/2021\/12\/DaniWhite_2.jpg",12,12,false],"blossom-feminine-slider":["https:\/\/cafelapalma.com\/wp-content\/uploads\/2021\/12\/DaniWhite_2-1080x649.jpg",1080,649,true],"blossom-feminine-featured":["https:\/\/cafelapalma.com\/wp-content\/uploads\/2021\/12\/DaniWhite_2-1080x600.jpg",1080,600,true],"blossom-feminine-with-sidebar":["https:\/\/cafelapalma.com\/wp-content\/uploads\/2021\/12\/DaniWhite_2-1020x600.jpg",1020,600,true],"blossom-feminine-blog":["https:\/\/cafelapalma.com\/wp-content\/uploads\/2021\/12\/DaniWhite_2-435x435.jpg",435,435,true],"blossom-feminine-cat":["https:\/\/cafelapalma.com\/wp-content\/uploads\/2021\/12\/DaniWhite_2-450x300.jpg",450,300,true],"blossom-feminine-related":["https:\/\/cafelapalma.com\/wp-content\/uploads\/2021\/12\/DaniWhite_2-320x200.jpg",320,200,true],"blossom-feminine-schema":["https:\/\/cafelapalma.com\/wp-content\/uploads\/2021\/12\/DaniWhite_2-60x60.jpg",60,60,true]},"uagb_author_info":{"display_name":"Victor","author_link":"https:\/\/cafelapalma.com\/en\/author\/comunicacion\/"},"uagb_comment_info":0,"uagb_excerpt":"*** REPROGRAMADO DEL 26\/12\/21\u00a0NUEVA FECHA JUEVES 13 ENERO 2022 *** BAIS PARTY es un concepto de fiesta de m\u00fasica urbana hosteada por un colectivo independiente con sede en Malasa\u00f1a. En esta ocasi\u00f3n, recalan en CAFE LA PALMA encabezados por Daniel Blanco, m\u00e1s conocido como White, un MC procedente de Alcal\u00e1 de Henares que comenz\u00f3 sus&hellip;","_links":{"self":[{"href":"https:\/\/cafelapalma.com\/en\/wp-json\/wp\/v2\/tribe_events\/20950","targetHints":{"allow":["GET"]}}],"collection":[{"href":"https:\/\/cafelapalma.com\/en\/wp-json\/wp\/v2\/tribe_events"}],"about":[{"href":"https:\/\/cafelapalma.com\/en\/wp-json\/wp\/v2\/types\/tribe_events"}],"author":[{"embeddable":true,"href":"https:\/\/cafelapalma.com\/en\/wp-json\/wp\/v2\/users\/2"}],"version-history":[{"count":0,"href":"https:\/\/cafelapalma.com\/en\/wp-json\/wp\/v2\/tribe_events\/20950\/revisions"}],"wp:featuredmedia":[{"embeddable":true,"href":"https:\/\/cafelapalma.com\/en\/wp-json\/wp\/v2\/media\/20952"}],"wp:attachment":[{"href":"https:\/\/cafelapalma.com\/en\/wp-json\/wp\/v2\/media?parent=20950"}],"wp:term":[{"taxonomy":"post_tag","embeddable":true,"href":"https:\/\/cafelapalma.com\/en\/wp-json\/wp\/v2\/tags?post=20950"},{"taxonomy":"tribe_events_cat","embeddable":true,"href":"https:\/\/cafelapalma.com\/en\/wp-json\/wp\/v2\/tribe_events_cat?post=20950"}],"curies":[{"name":"wp","href":"https:\/\/api.w.org\/{rel}","templated":true}]}}

<div  class="tribe-events-schedule tribe-clearfix" >
	<p class="tribe-events-schedule__datetime">
		<span class="tribe-events-schedule__date tribe-events-schedule__date--start">
			13  January  2022		</span>

					<span class="tribe-events-schedule__separator tribe-events-schedule__separator--date">
				@			</span>
			<span class="tribe-events-schedule__time tribe-events-schedule__time--start">
				22:00			</span>
		
									<span class="tribe-events-schedule__separator tribe-events-schedule__separator--time">
					&#8211;				</span>
			
							<span class="tribe-events-schedule__time tribe-events-schedule__time--end">
					23:45				</span>
			
						</p>
</div>


<div  class="tribe-block tribe-block__event-price" >
			<span class="tribe-block__event-price__cost"> 9€ </span>
				<span class="tribe-block__event-price__description">+ gg Anticipada | 12€ Taquilla [ Incluye DOBLE DE CERVEZA o REFRESCO ]</span>
	</div>



<div style="height:100px" aria-hidden="true" class="wp-block-spacer"></div>



<div class="wp-block-columns is-layout-flex wp-container-core-columns-is-layout-8f761849 wp-block-columns-is-layout-flex">
<div class="wp-block-column is-layout-flow wp-block-column-is-layout-flow" style="flex-basis:33.33%">
<figure class="wp-block-image size-large"><img loading="lazy" decoding="async" width="384" height="682" src="https://cafelapalma.com/wp-content/uploads/2021/12/baispartystorieslow.png" alt="" class="wp-image-20951" srcset="https://cafelapalma.com/wp-content/uploads/2021/12/baispartystorieslow.png 384w, https://cafelapalma.com/wp-content/uploads/2021/12/baispartystorieslow-169x300.png 169w, https://cafelapalma.com/wp-content/uploads/2021/12/baispartystorieslow-34x60.png 34w" sizes="auto, (max-width: 384px) 100vw, 384px" /></figure>


<div  class="tribe-block tribe-block__event-website" >
	<a
		href="https://link.dice.fm/t5abb52b2ae1"
		target="_self"
			>
		COMPRAR ENTRADAS	</a>
</div>
</div>



<div class="wp-block-column is-layout-flow wp-block-column-is-layout-flow" style="flex-basis:66.66%">
<div style="height:100px" aria-hidden="true" class="wp-block-spacer"></div>



<p class="wp-block-paragraph">*** REPROGRAMADO DEL 26/12/21 <strong><em>NUEVA FECHA JUEVES 13 ENERO 2022</em></strong> ***</p>



<p class="has-text-align-left wp-block-paragraph"><strong>BAIS PARTY</strong> es un concepto de fiesta de música urbana hosteada por un colectivo independiente con sede en <strong>Malasaña</strong>. En esta ocasión, recalan en <strong>CAFE LA PALMA</strong> encabezados por <strong>Daniel Blanco</strong>, más conocido como <strong>White</strong>, un MC procedente de <strong>Alcalá de Henares</strong> que comenzó sus andadas en batallas de gallos en su ciudad y alrededores, para más tarde ir sacando temas propios y dando sus primeros conciertos. Su tema <strong><em>«Portarse Mal»</em></strong> es el más reconocido; <strong><em>«21 Gramos»</em></strong>, el último que ha salido a la luz. Le acompañarán en el escenario:<br><br><strong>Dasex </strong>&#8211; Straight outta <strong>El Pardo</strong>, <em>rural boy</em> haciendo música callejera. Cine kinki y extrarradio son sus influencias. rap reggaetonero es como se podría definir al sonido que hace.<br><br><strong>MolpeC3</strong> &#8211; <strong>Álvaro Molpeceres</strong>, <strong>Azuqueca de Henares</strong>. Imbatible en el freestyle. Mucha rabia acumulada.<br><br><strong>Limo P</strong> &#8211; Productor oficial y exclusivo del grupo.<br><br><strong>Yenah </strong>­- From Iruña &#8217;99.</p>
</div>
</div>



<div style="height:100px" aria-hidden="true" class="wp-block-spacer"></div>



<hr class="wp-block-separator is-style-wide"/>



<div style="height:100px" aria-hidden="true" class="wp-block-spacer"></div>


<h2 class="tribe-block__related-events__title">Related Events</h2>

<ul  class="tribe-related-events tribe-clearfix" >
			<li>
	
<div class="tribe-related-events-thumbnail">
	<a href="https://cafelapalma.com/en/programacion/funkin-donuts/" class="url" rel="bookmark" tabindex="-1" aria-hidden="true"><img loading="lazy" decoding="async" width="693" height="1040" src="https://cafelapalma.com/wp-content/uploads/2026/07/FD-vert2-bn-693x1040.jpg" class="attachment-large size-large wp-post-image" alt="" /></a>
</div>
	<div class="tribe-related-event-info">
	<h3 class="tribe-related-events-title">
		<a href="https://cafelapalma.com/en/programacion/funkin-donuts/" class="tribe-event-url" rel="bookmark">
			FUNKIN&#8217; DONUTS		</a>
	</h3>
	<span class="tribe-event-date-start">5  September@22:00</span><span class="tribe-event-time">23:45</span></div>
</li>
			<li>
	
<div class="tribe-related-events-thumbnail">
	<a href="https://cafelapalma.com/en/programacion/willie-deville-concierto-benefico-x-venezuela/" class="url" rel="bookmark" tabindex="-1" aria-hidden="true"><img loading="lazy" decoding="async" width="1020" height="531" src="https://cafelapalma.com/wp-content/uploads/2026/08/Willie-deville-1100x572-1-1040x541.jpg" class="attachment-large size-large wp-post-image" alt="" /></a>
</div>
	<div class="tribe-related-event-info">
	<h3 class="tribe-related-events-title">
		<a href="https://cafelapalma.com/en/programacion/willie-deville-concierto-benefico-x-venezuela/" class="tribe-event-url" rel="bookmark">
			WILLIE DEVILLE: CONCIERTO BENÉFICO X VENEZUELA		</a>
	</h3>
	<span class="tribe-event-date-start">6  September@21:00</span><span class="tribe-event-time">23:45</span></div>
</li>
			<li>
	
<div class="tribe-related-events-thumbnail">
	<a href="https://cafelapalma.com/en/programacion/new-boix/" class="url" rel="bookmark" tabindex="-1" aria-hidden="true"><img loading="lazy" decoding="async" width="694" height="1040" src="https://cafelapalma.com/wp-content/uploads/2026/05/WhatsApp-Image-2026-04-29-at-12.00.28-694x1040.jpeg" class="attachment-large size-large wp-post-image" alt="" /></a>
</div>
	<div class="tribe-related-event-info">
	<h3 class="tribe-related-events-title">
		<a href="https://cafelapalma.com/en/programacion/new-boix/" class="tribe-event-url" rel="bookmark">
			NEW BOIX		</a>
	</h3>
	<span class="tribe-event-date-start">10  September@22:00</span><span class="tribe-event-time">23:45</span></div>
</li>
	</ul>

<p>*** REPROGRAMADO DEL 26/12/21 NUEVA FECHA JUEVES 13 ENERO 2022 *** BAIS PARTY es un concepto de fiesta de música urbana hosteada por un colectivo independiente con sede en Malasaña. En esta ocasión, recalan en CAFE LA PALMA encabezados por Daniel Blanco, más conocido como White, un MC procedente de Alcalá de Henares que comenzó sus &hellip; </p>

*** REPROGRAMADO DEL 26/12/21 NUEVA FECHA JUEVES 13 ENERO 2022 *** BAIS PARTY es un concepto de fiesta de música urbana hosteada por un colectivo independiente con sede en Malasaña. En esta ocasión, recalan en CAFE LA PALMA encabezados por Daniel Blanco, más conocido como White, un MC procedente de Alcalá de Henares que comenzó sus&hellip;
