{"id":21031,"date":"2021-12-21T11:04:09","date_gmt":"2021-12-21T10:04:09","guid":{"rendered":"https:\/\/cafelapalma.com\/?post_type=tribe_events&#038;p=21031"},"modified":"2022-01-04T10:36:14","modified_gmt":"2022-01-04T09:36:14","slug":"the-new-raemon","status":"publish","type":"tribe_events","link":"https:\/\/cafelapalma.com\/en\/programacion\/the-new-raemon\/","title":{"rendered":"THE NEW RAEMON"},"content":{"rendered":"<div  class=\"tribe-events-schedule tribe-clearfix\" >\n\t<p class=\"tribe-events-schedule__datetime\">\n\t\t<span class=\"tribe-events-schedule__date tribe-events-schedule__date--start\">\n\t\t\t15  January  2022\t\t<\/span>\n\n\t\t\t\t\t<span class=\"tribe-events-schedule__separator tribe-events-schedule__separator--date\">\n\t\t\t\t@\t\t\t<\/span>\n\t\t\t<span class=\"tribe-events-schedule__time tribe-events-schedule__time--start\">\n\t\t\t\t22:00\t\t\t<\/span>\n\t\t\n\t\t\t\t\t\t\t\t\t<span class=\"tribe-events-schedule__separator tribe-events-schedule__separator--time\">\n\t\t\t\t\t&#8211;\t\t\t\t<\/span>\n\t\t\t\n\t\t\t\t\t\t\t<span class=\"tribe-events-schedule__time tribe-events-schedule__time--end\">\n\t\t\t\t\t23:45\t\t\t\t<\/span>\n\t\t\t\n\t\t\t\t\t\t<\/p>\n<\/div>\n\n\n<div  class=\"tribe-block tribe-block__event-price\" >\n\t\t\t<span class=\"tribe-block__event-price__cost\"> 18\u20ac <\/span>\n\t\t\t\t<span class=\"tribe-block__event-price__description\">+ gg Anticipada | 22\u20ac Taquilla<\/span>\n\t<\/div>\n\n\n\n<div style=\"height:100px\" aria-hidden=\"true\" class=\"wp-block-spacer\"><\/div>\n\n\n\n<div class=\"wp-block-columns is-layout-flex wp-container-core-columns-is-layout-8f761849 wp-block-columns-is-layout-flex\">\n<div class=\"wp-block-column is-layout-flow wp-block-column-is-layout-flow\" style=\"flex-basis:33.33%\">\n<figure class=\"wp-block-image size-large\"><img loading=\"lazy\" decoding=\"async\" width=\"430\" height=\"608\" src=\"https:\/\/cafelapalma.com\/wp-content\/uploads\/2022\/01\/THE-NEW-RAEMON-AF_A3_BEEF.jpg\" alt=\"\" class=\"wp-image-21103\" srcset=\"https:\/\/cafelapalma.com\/wp-content\/uploads\/2022\/01\/THE-NEW-RAEMON-AF_A3_BEEF.jpg 430w, https:\/\/cafelapalma.com\/wp-content\/uploads\/2022\/01\/THE-NEW-RAEMON-AF_A3_BEEF-212x300.jpg 212w, https:\/\/cafelapalma.com\/wp-content\/uploads\/2022\/01\/THE-NEW-RAEMON-AF_A3_BEEF-42x60.jpg 42w\" sizes=\"auto, (max-width: 430px) 100vw, 430px\" \/><\/figure>\n\n\n<div  class=\"tribe-block tribe-block__event-website\" >\n\t<a\n\t\thref=\"https:\/\/link.dice.fm\/H6338c584050\"\n\t\ttarget=\"_self\"\n\t\t\t>\n\t\tBUY TICKETS\t<\/a>\n<\/div>\n<\/div>\n\n\n\n<div class=\"wp-block-column is-layout-flow wp-block-column-is-layout-flow\" style=\"flex-basis:66.66%\">\n<div style=\"height:100px\" aria-hidden=\"true\" class=\"wp-block-spacer\"><\/div>\n\n\n\n<p class=\"has-text-align-left wp-block-paragraph\"><strong>The New Raemon<\/strong> es el nombre art\u00edstico de <strong>Ram\u00f3n Rodr\u00edguez<\/strong>. Desde que el proyecto viera la luz en 2008 con <strong><em>\u00abA prop\u00f3sito de Garfunkel\u00bb<\/em><\/strong> y hasta el momento actual, su sonido ha ido evolucionando y enriqueci\u00e9ndose. Partiendo de canciones como <strong><em>\u00abLa Cafetera\u00bb<\/em><\/strong> o <strong><em>\u00abPor Tradici\u00f3n\u00bb<\/em><\/strong>, mucho m\u00e1s mel\u00f3dicas y l\u00edricas (en formato ac\u00fastico en su mayor parte), la carrera de <strong>The New Raemon<\/strong> avanza por discos como <strong><em>\u00abEl Yeti\u00bb<\/em><\/strong> (2015) o <strong><em>\u00abQuema la Memoria\u00bb<\/em><\/strong>, en 2017, mucho m\u00e1s oscuros e interioristas, hasta llegar por fin a <strong><em>\u00abCoplas del Andar Torcido\u00bb<\/em><\/strong>, su s\u00e9ptimo y \u00faltimo trabajo hasta la fecha.<br><br>De naturaleza n\u00f3mada e inconformista, <strong>The New Raemon<\/strong> ha colaborado con artistas y bandas como <strong>Fran Nixon<\/strong>, <strong>Richi Vicente<\/strong>, <strong>Mar\u00eda Rod\u00e9s<\/strong> o <strong>Mc Enroe<\/strong>. En esta ocasi\u00f3n, se presenta en el <strong>XXVII Aniversario<\/strong> de <strong>CAFE LA PALMA<\/strong> acompa\u00f1ado a duo por <strong>Marc Prats<\/strong>. Ambos artistas recorrer\u00e1n la discograf\u00eda de <strong>The New Raemon<\/strong>, esta vez a d\u00fao, siempre amparados por esa voz caracter\u00edstica acompa\u00f1ada de coros, guitarra y teclado.<\/p>\n<\/div>\n<\/div>\n\n\n\n<div style=\"height:100px\" aria-hidden=\"true\" class=\"wp-block-spacer\"><\/div>\n\n\n\n<hr class=\"wp-block-separator is-style-wide\"\/>\n\n\n\n<div style=\"height:100px\" aria-hidden=\"true\" class=\"wp-block-spacer\"><\/div>\n\n\n<h2 class=\"tribe-block__related-events__title\">Related Events<\/h2>\n\n<ul  class=\"tribe-related-events tribe-clearfix\" >\n\t\t\t<li>\n\t\n<div class=\"tribe-related-events-thumbnail\">\n\t<a href=\"https:\/\/cafelapalma.com\/en\/programacion\/funkin-donuts\/\" class=\"url\" rel=\"bookmark\" tabindex=\"-1\" aria-hidden=\"true\"><img loading=\"lazy\" decoding=\"async\" width=\"693\" height=\"1040\" src=\"https:\/\/cafelapalma.com\/wp-content\/uploads\/2026\/07\/FD-vert2-bn-693x1040.jpg\" class=\"attachment-large size-large wp-post-image\" alt=\"\" \/><\/a>\n<\/div>\n\t<div class=\"tribe-related-event-info\">\n\t<h3 class=\"tribe-related-events-title\">\n\t\t<a href=\"https:\/\/cafelapalma.com\/en\/programacion\/funkin-donuts\/\" class=\"tribe-event-url\" rel=\"bookmark\">\n\t\t\tFUNKIN&#8217; DONUTS\t\t<\/a>\n\t<\/h3>\n\t<span class=\"tribe-event-date-start\">5  September@22:00<\/span><span class=\"tribe-event-time\">23:45<\/span><\/div>\n<\/li>\n\t\t\t<li>\n\t\n<div class=\"tribe-related-events-thumbnail\">\n\t<a href=\"https:\/\/cafelapalma.com\/en\/programacion\/willie-deville-concierto-benefico-x-venezuela\/\" class=\"url\" rel=\"bookmark\" tabindex=\"-1\" aria-hidden=\"true\"><img loading=\"lazy\" decoding=\"async\" width=\"1020\" height=\"531\" src=\"https:\/\/cafelapalma.com\/wp-content\/uploads\/2026\/08\/Willie-deville-1100x572-1-1040x541.jpg\" class=\"attachment-large size-large wp-post-image\" alt=\"\" \/><\/a>\n<\/div>\n\t<div class=\"tribe-related-event-info\">\n\t<h3 class=\"tribe-related-events-title\">\n\t\t<a href=\"https:\/\/cafelapalma.com\/en\/programacion\/willie-deville-concierto-benefico-x-venezuela\/\" class=\"tribe-event-url\" rel=\"bookmark\">\n\t\t\tWILLIE DEVILLE: CONCIERTO BEN\u00c9FICO X VENEZUELA\t\t<\/a>\n\t<\/h3>\n\t<span class=\"tribe-event-date-start\">6  September@21:00<\/span><span class=\"tribe-event-time\">23:45<\/span><\/div>\n<\/li>\n\t\t\t<li>\n\t\n<div class=\"tribe-related-events-thumbnail\">\n\t<a href=\"https:\/\/cafelapalma.com\/en\/programacion\/new-boix\/\" class=\"url\" rel=\"bookmark\" tabindex=\"-1\" aria-hidden=\"true\"><img loading=\"lazy\" decoding=\"async\" width=\"694\" height=\"1040\" src=\"https:\/\/cafelapalma.com\/wp-content\/uploads\/2026\/05\/WhatsApp-Image-2026-04-29-at-12.00.28-694x1040.jpeg\" class=\"attachment-large size-large wp-post-image\" alt=\"\" \/><\/a>\n<\/div>\n\t<div class=\"tribe-related-event-info\">\n\t<h3 class=\"tribe-related-events-title\">\n\t\t<a href=\"https:\/\/cafelapalma.com\/en\/programacion\/new-boix\/\" class=\"tribe-event-url\" rel=\"bookmark\">\n\t\t\tNEW BOIX\t\t<\/a>\n\t<\/h3>\n\t<span class=\"tribe-event-date-start\">10  September@22:00<\/span><span class=\"tribe-event-time\">23:45<\/span><\/div>\n<\/li>\n\t<\/ul>","protected":false},"excerpt":{"rendered":"<p>The New Raemon es el nombre art\u00edstico de Ram\u00f3n Rodr\u00edguez. Desde que el proyecto viera la luz en 2008 con \u00abA prop\u00f3sito de Garfunkel\u00bb y hasta el momento actual, su sonido ha ido evolucionando y enriqueci\u00e9ndose. Partiendo de canciones como \u00abLa Cafetera\u00bb o \u00abPor Tradici\u00f3n\u00bb, mucho m\u00e1s mel\u00f3dicas y l\u00edricas (en formato ac\u00fastico en su &hellip; <\/p>","protected":false},"author":2,"featured_media":20989,"template":"","meta":{"_tec_requires_first_save":false,"_uag_custom_page_level_css":"","loftloader_page_shortcode":"","_EventAllDay":false,"_EventTimezone":"Europe\/Madrid","_EventStartDate":"2022-01-15 22:00:00","_EventEndDate":"2022-01-15 23:45:00","_EventStartDateUTC":"2022-01-15 21:00:00","_EventEndDateUTC":"2022-01-15 22:45:00","_EventShowMap":false,"_EventShowMapLink":false,"_EventURL":"https:\/\/link.dice.fm\/H6338c584050","_EventCost":"18","_EventCostDescription":"","_EventCurrencySymbol":"\u20ac","_EventCurrencyCode":"","_EventCurrencyPosition":"suffix","_EventDateTimeSeparator":"@","_EventTimeRangeSeparator":"-","_EventOrganizerID":[],"_EventVenueID":[0],"_OrganizerEmail":"","_OrganizerPhone":"","_OrganizerWebsite":"","_VenueAddress":"","_VenueCity":"","_VenueCountry":"","_VenueProvince":"","_VenueState":"","_VenueZip":"","_VenuePhone":"","_VenueURL":"","_VenueStateProvince":"","_VenueLat":"","_VenueLng":"","_VenueShowMap":false,"_VenueShowMapLink":false,"_tribe_blocks_recurrence_rules":"","_tribe_blocks_recurrence_description":"","_tribe_blocks_recurrence_exclusions":"","_ecp_custom_2":"","_tribe_events_status":"","_tribe_events_status_reason":"","_tribe_events_is_hybrid":"","_tribe_events_is_virtual":"","_tribe_events_virtual_video_source":"","_tribe_events_virtual_embed_video":"","_tribe_events_virtual_linked_button_text":"","_tribe_events_virtual_linked_button":"","_tribe_events_virtual_show_embed_at":"","_tribe_events_virtual_show_embed_to":[],"_tribe_events_virtual_show_on_event":"","_tribe_events_virtual_show_on_views":"","_tribe_events_virtual_url":"","footnotes":""},"tags":[10588,10237,8869,2865,9147,9146,10595,10591,10599,10589,10602,10598,10601,10590,10592,10549,10597,10195,10596,10548],"tribe_events_cat":[8963],"class_list":["post-21031","tribe_events","type-tribe_events","status-publish","has-post-thumbnail","hentry","tag-a-proposito-de-garfunkel","tag-aniversario-cafe-la-palma","tag-cafe-la-palma-2","tag-conciertos-cafe-la-palma","tag-conciertos-madrid","tag-conciertos-malasana","tag-coplas-del-andar-torcido","tag-el-yeti","tag-fran-nixon","tag-la-cafetera","tag-marc-prats","tag-maria-rode","tag-mc-enroe","tag-por-tradicion","tag-quema-la-memoria","tag-ramon-rodriguez","tag-richi-vicente","tag-subterfuge","tag-te-debo-un-baile","tag-the-new-raemon","tribe_events_cat-concierto","cat_concierto"],"uagb_featured_image_src":{"full":["https:\/\/cafelapalma.com\/wp-content\/uploads\/2021\/10\/TNRlow.jpg",627,417,false],"thumbnail":["https:\/\/cafelapalma.com\/wp-content\/uploads\/2021\/10\/TNRlow-150x150.jpg",150,150,true],"medium":["https:\/\/cafelapalma.com\/wp-content\/uploads\/2021\/10\/TNRlow-300x200.jpg",300,200,true],"medium_large":["https:\/\/cafelapalma.com\/wp-content\/uploads\/2021\/10\/TNRlow.jpg",627,417,false],"large":["https:\/\/cafelapalma.com\/wp-content\/uploads\/2021\/10\/TNRlow.jpg",627,417,false],"1536x1536":["https:\/\/cafelapalma.com\/wp-content\/uploads\/2021\/10\/TNRlow.jpg",627,417,false],"2048x2048":["https:\/\/cafelapalma.com\/wp-content\/uploads\/2021\/10\/TNRlow.jpg",627,417,false],"trp-custom-language-flag":["https:\/\/cafelapalma.com\/wp-content\/uploads\/2021\/10\/TNRlow.jpg",18,12,false],"blossom-feminine-slider":["https:\/\/cafelapalma.com\/wp-content\/uploads\/2021\/10\/TNRlow.jpg",627,417,false],"blossom-feminine-featured":["https:\/\/cafelapalma.com\/wp-content\/uploads\/2021\/10\/TNRlow.jpg",627,417,false],"blossom-feminine-with-sidebar":["https:\/\/cafelapalma.com\/wp-content\/uploads\/2021\/10\/TNRlow.jpg",627,417,false],"blossom-feminine-blog":["https:\/\/cafelapalma.com\/wp-content\/uploads\/2021\/10\/TNRlow-435x417.jpg",435,417,true],"blossom-feminine-cat":["https:\/\/cafelapalma.com\/wp-content\/uploads\/2021\/10\/TNRlow-450x300.jpg",450,300,true],"blossom-feminine-related":["https:\/\/cafelapalma.com\/wp-content\/uploads\/2021\/10\/TNRlow-320x200.jpg",320,200,true],"blossom-feminine-schema":["https:\/\/cafelapalma.com\/wp-content\/uploads\/2021\/10\/TNRlow-90x60.jpg",90,60,true]},"uagb_author_info":{"display_name":"Victor","author_link":"https:\/\/cafelapalma.com\/en\/author\/comunicacion\/"},"uagb_comment_info":0,"uagb_excerpt":"The New Raemon es el nombre art\u00edstico de Ram\u00f3n Rodr\u00edguez. Desde que el proyecto viera la luz en 2008 con \u00abA prop\u00f3sito de Garfunkel\u00bb y hasta el momento actual, su sonido ha ido evolucionando y enriqueci\u00e9ndose. Partiendo de canciones como \u00abLa Cafetera\u00bb o \u00abPor Tradici\u00f3n\u00bb, mucho m\u00e1s mel\u00f3dicas y l\u00edricas (en formato ac\u00fastico en su&hellip;","_links":{"self":[{"href":"https:\/\/cafelapalma.com\/en\/wp-json\/wp\/v2\/tribe_events\/21031","targetHints":{"allow":["GET"]}}],"collection":[{"href":"https:\/\/cafelapalma.com\/en\/wp-json\/wp\/v2\/tribe_events"}],"about":[{"href":"https:\/\/cafelapalma.com\/en\/wp-json\/wp\/v2\/types\/tribe_events"}],"author":[{"embeddable":true,"href":"https:\/\/cafelapalma.com\/en\/wp-json\/wp\/v2\/users\/2"}],"version-history":[{"count":0,"href":"https:\/\/cafelapalma.com\/en\/wp-json\/wp\/v2\/tribe_events\/21031\/revisions"}],"wp:featuredmedia":[{"embeddable":true,"href":"https:\/\/cafelapalma.com\/en\/wp-json\/wp\/v2\/media\/20989"}],"wp:attachment":[{"href":"https:\/\/cafelapalma.com\/en\/wp-json\/wp\/v2\/media?parent=21031"}],"wp:term":[{"taxonomy":"post_tag","embeddable":true,"href":"https:\/\/cafelapalma.com\/en\/wp-json\/wp\/v2\/tags?post=21031"},{"taxonomy":"tribe_events_cat","embeddable":true,"href":"https:\/\/cafelapalma.com\/en\/wp-json\/wp\/v2\/tribe_events_cat?post=21031"}],"curies":[{"name":"wp","href":"https:\/\/api.w.org\/{rel}","templated":true}]}}

<div  class="tribe-events-schedule tribe-clearfix" >
	<p class="tribe-events-schedule__datetime">
		<span class="tribe-events-schedule__date tribe-events-schedule__date--start">
			15  January  2022		</span>

					<span class="tribe-events-schedule__separator tribe-events-schedule__separator--date">
				@			</span>
			<span class="tribe-events-schedule__time tribe-events-schedule__time--start">
				22:00			</span>
		
									<span class="tribe-events-schedule__separator tribe-events-schedule__separator--time">
					&#8211;				</span>
			
							<span class="tribe-events-schedule__time tribe-events-schedule__time--end">
					23:45				</span>
			
						</p>
</div>


<div  class="tribe-block tribe-block__event-price" >
			<span class="tribe-block__event-price__cost"> 18€ </span>
				<span class="tribe-block__event-price__description">+ gg Anticipada | 22€ Taquilla</span>
	</div>



<div style="height:100px" aria-hidden="true" class="wp-block-spacer"></div>



<div class="wp-block-columns is-layout-flex wp-container-core-columns-is-layout-8f761849 wp-block-columns-is-layout-flex">
<div class="wp-block-column is-layout-flow wp-block-column-is-layout-flow" style="flex-basis:33.33%">
<figure class="wp-block-image size-large"><img loading="lazy" decoding="async" width="430" height="608" src="https://cafelapalma.com/wp-content/uploads/2022/01/THE-NEW-RAEMON-AF_A3_BEEF.jpg" alt="" class="wp-image-21103" srcset="https://cafelapalma.com/wp-content/uploads/2022/01/THE-NEW-RAEMON-AF_A3_BEEF.jpg 430w, https://cafelapalma.com/wp-content/uploads/2022/01/THE-NEW-RAEMON-AF_A3_BEEF-212x300.jpg 212w, https://cafelapalma.com/wp-content/uploads/2022/01/THE-NEW-RAEMON-AF_A3_BEEF-42x60.jpg 42w" sizes="auto, (max-width: 430px) 100vw, 430px" /></figure>


<div  class="tribe-block tribe-block__event-website" >
	<a
		href="https://link.dice.fm/H6338c584050"
		target="_self"
			>
		BUY TICKETS	</a>
</div>
</div>



<div class="wp-block-column is-layout-flow wp-block-column-is-layout-flow" style="flex-basis:66.66%">
<div style="height:100px" aria-hidden="true" class="wp-block-spacer"></div>



<p class="has-text-align-left wp-block-paragraph"><strong>The New Raemon</strong> es el nombre artístico de <strong>Ramón Rodríguez</strong>. Desde que el proyecto viera la luz en 2008 con <strong><em>«A propósito de Garfunkel»</em></strong> y hasta el momento actual, su sonido ha ido evolucionando y enriqueciéndose. Partiendo de canciones como <strong><em>«La Cafetera»</em></strong> o <strong><em>«Por Tradición»</em></strong>, mucho más melódicas y líricas (en formato acústico en su mayor parte), la carrera de <strong>The New Raemon</strong> avanza por discos como <strong><em>«El Yeti»</em></strong> (2015) o <strong><em>«Quema la Memoria»</em></strong>, en 2017, mucho más oscuros e interioristas, hasta llegar por fin a <strong><em>«Coplas del Andar Torcido»</em></strong>, su séptimo y último trabajo hasta la fecha.<br><br>De naturaleza nómada e inconformista, <strong>The New Raemon</strong> ha colaborado con artistas y bandas como <strong>Fran Nixon</strong>, <strong>Richi Vicente</strong>, <strong>María Rodés</strong> o <strong>Mc Enroe</strong>. En esta ocasión, se presenta en el <strong>XXVII Aniversario</strong> de <strong>CAFE LA PALMA</strong> acompañado a duo por <strong>Marc Prats</strong>. Ambos artistas recorrerán la discografía de <strong>The New Raemon</strong>, esta vez a dúo, siempre amparados por esa voz característica acompañada de coros, guitarra y teclado.</p>
</div>
</div>



<div style="height:100px" aria-hidden="true" class="wp-block-spacer"></div>



<hr class="wp-block-separator is-style-wide"/>



<div style="height:100px" aria-hidden="true" class="wp-block-spacer"></div>


<h2 class="tribe-block__related-events__title">Related Events</h2>

<ul  class="tribe-related-events tribe-clearfix" >
			<li>
	
<div class="tribe-related-events-thumbnail">
	<a href="https://cafelapalma.com/en/programacion/funkin-donuts/" class="url" rel="bookmark" tabindex="-1" aria-hidden="true"><img loading="lazy" decoding="async" width="693" height="1040" src="https://cafelapalma.com/wp-content/uploads/2026/07/FD-vert2-bn-693x1040.jpg" class="attachment-large size-large wp-post-image" alt="" /></a>
</div>
	<div class="tribe-related-event-info">
	<h3 class="tribe-related-events-title">
		<a href="https://cafelapalma.com/en/programacion/funkin-donuts/" class="tribe-event-url" rel="bookmark">
			FUNKIN&#8217; DONUTS		</a>
	</h3>
	<span class="tribe-event-date-start">5  September@22:00</span><span class="tribe-event-time">23:45</span></div>
</li>
			<li>
	
<div class="tribe-related-events-thumbnail">
	<a href="https://cafelapalma.com/en/programacion/willie-deville-concierto-benefico-x-venezuela/" class="url" rel="bookmark" tabindex="-1" aria-hidden="true"><img loading="lazy" decoding="async" width="1020" height="531" src="https://cafelapalma.com/wp-content/uploads/2026/08/Willie-deville-1100x572-1-1040x541.jpg" class="attachment-large size-large wp-post-image" alt="" /></a>
</div>
	<div class="tribe-related-event-info">
	<h3 class="tribe-related-events-title">
		<a href="https://cafelapalma.com/en/programacion/willie-deville-concierto-benefico-x-venezuela/" class="tribe-event-url" rel="bookmark">
			WILLIE DEVILLE: CONCIERTO BENÉFICO X VENEZUELA		</a>
	</h3>
	<span class="tribe-event-date-start">6  September@21:00</span><span class="tribe-event-time">23:45</span></div>
</li>
			<li>
	
<div class="tribe-related-events-thumbnail">
	<a href="https://cafelapalma.com/en/programacion/new-boix/" class="url" rel="bookmark" tabindex="-1" aria-hidden="true"><img loading="lazy" decoding="async" width="694" height="1040" src="https://cafelapalma.com/wp-content/uploads/2026/05/WhatsApp-Image-2026-04-29-at-12.00.28-694x1040.jpeg" class="attachment-large size-large wp-post-image" alt="" /></a>
</div>
	<div class="tribe-related-event-info">
	<h3 class="tribe-related-events-title">
		<a href="https://cafelapalma.com/en/programacion/new-boix/" class="tribe-event-url" rel="bookmark">
			NEW BOIX		</a>
	</h3>
	<span class="tribe-event-date-start">10  September@22:00</span><span class="tribe-event-time">23:45</span></div>
</li>
	</ul>

<p>The New Raemon es el nombre artístico de Ramón Rodríguez. Desde que el proyecto viera la luz en 2008 con «A propósito de Garfunkel» y hasta el momento actual, su sonido ha ido evolucionando y enriqueciéndose. Partiendo de canciones como «La Cafetera» o «Por Tradición», mucho más melódicas y líricas (en formato acústico en su &hellip; </p>

The New Raemon es el nombre artístico de Ramón Rodríguez. Desde que el proyecto viera la luz en 2008 con «A propósito de Garfunkel» y hasta el momento actual, su sonido ha ido evolucionando y enriqueciéndose. Partiendo de canciones como «La Cafetera» o «Por Tradición», mucho más melódicas y líricas (en formato acústico en su&hellip;
