{"id":21272,"date":"2022-01-25T11:56:02","date_gmt":"2022-01-25T10:56:02","guid":{"rendered":"https:\/\/cafelapalma.com\/?post_type=tribe_events&#038;p=21272"},"modified":"2022-01-25T11:56:04","modified_gmt":"2022-01-25T10:56:04","slug":"total-noventa-principe-encantador","status":"publish","type":"tribe_events","link":"https:\/\/cafelapalma.com\/en\/programacion\/total-noventa-principe-encantador\/","title":{"rendered":"TOTAL NOVENTA + PR\u00cdNCIPE ENCANTADOR"},"content":{"rendered":"<div  class=\"tribe-events-schedule tribe-clearfix\" >\n\t<p class=\"tribe-events-schedule__datetime\">\n\t\t<span class=\"tribe-events-schedule__date tribe-events-schedule__date--start\">\n\t\t\t19  February  2022\t\t<\/span>\n\n\t\t\t\t\t<span class=\"tribe-events-schedule__separator tribe-events-schedule__separator--date\">\n\t\t\t\t@\t\t\t<\/span>\n\t\t\t<span class=\"tribe-events-schedule__time tribe-events-schedule__time--start\">\n\t\t\t\t21:30\t\t\t<\/span>\n\t\t\n\t\t\t\t\t\t\t\t\t<span class=\"tribe-events-schedule__separator tribe-events-schedule__separator--time\">\n\t\t\t\t\t&#8211;\t\t\t\t<\/span>\n\t\t\t\n\t\t\t\t\t\t\t<span class=\"tribe-events-schedule__time tribe-events-schedule__time--end\">\n\t\t\t\t\t23:45\t\t\t\t<\/span>\n\t\t\t\n\t\t\t\t\t\t<\/p>\n<\/div>\n\n\n<div  class=\"tribe-block tribe-block__event-price\" >\n\t\t\t<span class=\"tribe-block__event-price__cost\"> 8\u20ac <\/span>\n\t\t\t\t<span class=\"tribe-block__event-price__description\">+ gg Anticipada | 10\u20ac Taquilla<\/span>\n\t<\/div>\n\n\n\n<div style=\"height:100px\" aria-hidden=\"true\" class=\"wp-block-spacer\"><\/div>\n\n\n\n<div class=\"wp-block-columns is-layout-flex wp-container-core-columns-is-layout-8f761849 wp-block-columns-is-layout-flex\">\n<div class=\"wp-block-column is-layout-flow wp-block-column-is-layout-flow\" style=\"flex-basis:33.33%\">\n<figure class=\"wp-block-image size-large\"><img loading=\"lazy\" decoding=\"async\" width=\"430\" height=\"608\" src=\"https:\/\/cafelapalma.com\/wp-content\/uploads\/2022\/01\/Cartel-A3-T90-low.jpg\" alt=\"\" class=\"wp-image-21273\" srcset=\"https:\/\/cafelapalma.com\/wp-content\/uploads\/2022\/01\/Cartel-A3-T90-low.jpg 430w, https:\/\/cafelapalma.com\/wp-content\/uploads\/2022\/01\/Cartel-A3-T90-low-212x300.jpg 212w, https:\/\/cafelapalma.com\/wp-content\/uploads\/2022\/01\/Cartel-A3-T90-low-42x60.jpg 42w\" sizes=\"auto, (max-width: 430px) 100vw, 430px\" \/><\/figure>\n\n\n<div  class=\"tribe-block tribe-block__event-website\" >\n\t<a\n\t\thref=\"https:\/\/link.dice.fm\/Wa8e04d40472\"\n\t\ttarget=\"_self\"\n\t\t\t>\n\t\tBUY TICKETS\t<\/a>\n<\/div>\n<\/div>\n\n\n\n<div class=\"wp-block-column is-layout-flow wp-block-column-is-layout-flow\" style=\"flex-basis:66.66%\">\n<div style=\"height:100px\" aria-hidden=\"true\" class=\"wp-block-spacer\"><\/div>\n\n\n\n<p class=\"has-text-align-left wp-block-paragraph\"><strong>Total Noventa<\/strong> es el proyecto musical de cuatro j\u00f3venes amigos que cantan a la juventud durante su paso por ella. En su primer EP <strong><em>\u00abNuevos Sentimientos\u00bb<\/em><\/strong> resumen los acontecimientos que m\u00e1s les han emocionado en sus \u00faltimos a\u00f1os. En diciembre de 2021 estrenaron <strong><em>\u00abAerol\u00edneas Argentinas\u00bb<\/em><\/strong>, su ultimo single, que conserva la l\u00edrica del EP pero que define un nuevo camino para la banda. Con un directo potente y en\u00e9rgico, acuden a <strong>Madrid <\/strong>a presentar sus trabajos anteriormente publicados y muchas m\u00e1s canciones que ver\u00e1n la luz en los pr\u00f3ximos meses.<br><br><strong>Pr\u00edncipe Encantador<\/strong> son una banda de reciente formaci\u00f3n, inmersa en el lanzamiento de su primer EP. Tras tomar la alternativa en <strong>Zaragoza <\/strong>en noviembre junto a <strong>Pantocrator <\/strong>y <strong>Ghouljaboy<\/strong>, vienen a ampliar horizontes a la capital, con la sincera voluntad de marcarse un tremendo cumbi\u00f3n.<\/p>\n<\/div>\n<\/div>\n\n\n\n<div style=\"height:100px\" aria-hidden=\"true\" class=\"wp-block-spacer\"><\/div>\n\n\n\n<hr class=\"wp-block-separator is-style-wide\"\/>\n\n\n\n<div style=\"height:100px\" aria-hidden=\"true\" class=\"wp-block-spacer\"><\/div>\n\n\n<h2 class=\"tribe-block__related-events__title\">Related Events<\/h2>\n\n<ul  class=\"tribe-related-events tribe-clearfix\" >\n\t\t\t<li>\n\t\n<div class=\"tribe-related-events-thumbnail\">\n\t<a href=\"https:\/\/cafelapalma.com\/en\/programacion\/funkin-donuts\/\" class=\"url\" rel=\"bookmark\" tabindex=\"-1\" aria-hidden=\"true\"><img loading=\"lazy\" decoding=\"async\" width=\"693\" height=\"1040\" src=\"https:\/\/cafelapalma.com\/wp-content\/uploads\/2026\/07\/FD-vert2-bn-693x1040.jpg\" class=\"attachment-large size-large wp-post-image\" alt=\"\" \/><\/a>\n<\/div>\n\t<div class=\"tribe-related-event-info\">\n\t<h3 class=\"tribe-related-events-title\">\n\t\t<a href=\"https:\/\/cafelapalma.com\/en\/programacion\/funkin-donuts\/\" class=\"tribe-event-url\" rel=\"bookmark\">\n\t\t\tFUNKIN&#8217; DONUTS\t\t<\/a>\n\t<\/h3>\n\t<span class=\"tribe-event-date-start\">5  September@22:00<\/span><span class=\"tribe-event-time\">23:45<\/span><\/div>\n<\/li>\n\t\t\t<li>\n\t\n<div class=\"tribe-related-events-thumbnail\">\n\t<a href=\"https:\/\/cafelapalma.com\/en\/programacion\/willie-deville-concierto-benefico-x-venezuela\/\" class=\"url\" rel=\"bookmark\" tabindex=\"-1\" aria-hidden=\"true\"><img loading=\"lazy\" decoding=\"async\" width=\"1020\" height=\"531\" src=\"https:\/\/cafelapalma.com\/wp-content\/uploads\/2026\/08\/Willie-deville-1100x572-1-1040x541.jpg\" class=\"attachment-large size-large wp-post-image\" alt=\"\" \/><\/a>\n<\/div>\n\t<div class=\"tribe-related-event-info\">\n\t<h3 class=\"tribe-related-events-title\">\n\t\t<a href=\"https:\/\/cafelapalma.com\/en\/programacion\/willie-deville-concierto-benefico-x-venezuela\/\" class=\"tribe-event-url\" rel=\"bookmark\">\n\t\t\tWILLIE DEVILLE: CONCIERTO BEN\u00c9FICO X VENEZUELA\t\t<\/a>\n\t<\/h3>\n\t<span class=\"tribe-event-date-start\">6  September@21:00<\/span><span class=\"tribe-event-time\">23:45<\/span><\/div>\n<\/li>\n\t\t\t<li>\n\t\n<div class=\"tribe-related-events-thumbnail\">\n\t<a href=\"https:\/\/cafelapalma.com\/en\/programacion\/new-boix\/\" class=\"url\" rel=\"bookmark\" tabindex=\"-1\" aria-hidden=\"true\"><img loading=\"lazy\" decoding=\"async\" width=\"694\" height=\"1040\" src=\"https:\/\/cafelapalma.com\/wp-content\/uploads\/2026\/05\/WhatsApp-Image-2026-04-29-at-12.00.28-694x1040.jpeg\" class=\"attachment-large size-large wp-post-image\" alt=\"\" \/><\/a>\n<\/div>\n\t<div class=\"tribe-related-event-info\">\n\t<h3 class=\"tribe-related-events-title\">\n\t\t<a href=\"https:\/\/cafelapalma.com\/en\/programacion\/new-boix\/\" class=\"tribe-event-url\" rel=\"bookmark\">\n\t\t\tNEW BOIX\t\t<\/a>\n\t<\/h3>\n\t<span class=\"tribe-event-date-start\">10  September@22:00<\/span><span class=\"tribe-event-time\">23:45<\/span><\/div>\n<\/li>\n\t<\/ul>","protected":false},"excerpt":{"rendered":"<p>Total Noventa es el proyecto musical de cuatro j\u00f3venes amigos que cantan a la juventud durante su paso por ella. En su primer EP \u00abNuevos Sentimientos\u00bb resumen los acontecimientos que m\u00e1s les han emocionado en sus \u00faltimos a\u00f1os. En diciembre de 2021 estrenaron \u00abAerol\u00edneas Argentinas\u00bb, su ultimo single, que conserva la l\u00edrica del EP pero &hellip; <\/p>","protected":false},"author":2,"featured_media":21274,"template":"","meta":{"_tec_requires_first_save":false,"_uag_custom_page_level_css":"","loftloader_page_shortcode":"","_EventAllDay":false,"_EventTimezone":"Europe\/Madrid","_EventStartDate":"2022-02-19 21:30:00","_EventEndDate":"2022-02-19 23:45:00","_EventStartDateUTC":"2022-02-19 20:30:00","_EventEndDateUTC":"2022-02-19 22:45:00","_EventShowMap":false,"_EventShowMapLink":false,"_EventURL":"https:\/\/link.dice.fm\/Wa8e04d40472","_EventCost":"8","_EventCostDescription":"","_EventCurrencySymbol":"\u20ac","_EventCurrencyCode":"","_EventCurrencyPosition":"suffix","_EventDateTimeSeparator":"@","_EventTimeRangeSeparator":"-","_EventOrganizerID":[],"_EventVenueID":[0],"_OrganizerEmail":"","_OrganizerPhone":"","_OrganizerWebsite":"","_VenueAddress":"","_VenueCity":"","_VenueCountry":"","_VenueProvince":"","_VenueState":"","_VenueZip":"","_VenuePhone":"","_VenueURL":"","_VenueStateProvince":"","_VenueLat":"","_VenueLng":"","_VenueShowMap":false,"_VenueShowMapLink":false,"_tribe_blocks_recurrence_rules":"","_tribe_blocks_recurrence_description":"","_tribe_blocks_recurrence_exclusions":"","_ecp_custom_2":"","_tribe_events_status":"","_tribe_events_status_reason":"","_tribe_events_is_hybrid":"","_tribe_events_is_virtual":"","_tribe_events_virtual_video_source":"","_tribe_events_virtual_embed_video":"","_tribe_events_virtual_linked_button_text":"","_tribe_events_virtual_linked_button":"","_tribe_events_virtual_show_embed_at":"","_tribe_events_virtual_show_embed_to":[],"_tribe_events_virtual_show_on_event":"","_tribe_events_virtual_show_on_views":"","_tribe_events_virtual_url":"","footnotes":""},"tags":[10807,8869,2865,9147,9146,8970,9515,10806,9164,10808,1354,10805,9182],"tribe_events_cat":[8963],"class_list":["post-21272","tribe_events","type-tribe_events","status-publish","has-post-thumbnail","hentry","tag-aerolineas-argentinas","tag-cafe-la-palma-2","tag-conciertos-cafe-la-palma","tag-conciertos-madrid","tag-conciertos-malasana","tag-indie","tag-indie-rock","tag-nuevos-sentimientos","tag-pop-rock-2","tag-principe-encantador","tag-rock","tag-total-noventa","tag-zaragoza","tribe_events_cat-concierto","cat_concierto"],"uagb_featured_image_src":{"full":["https:\/\/cafelapalma.com\/wp-content\/uploads\/2022\/01\/Total-Noventa-Horizontal-Baja.jpeg",628,416,false],"thumbnail":["https:\/\/cafelapalma.com\/wp-content\/uploads\/2022\/01\/Total-Noventa-Horizontal-Baja-150x150.jpeg",150,150,true],"medium":["https:\/\/cafelapalma.com\/wp-content\/uploads\/2022\/01\/Total-Noventa-Horizontal-Baja-300x199.jpeg",300,199,true],"medium_large":["https:\/\/cafelapalma.com\/wp-content\/uploads\/2022\/01\/Total-Noventa-Horizontal-Baja.jpeg",628,416,false],"large":["https:\/\/cafelapalma.com\/wp-content\/uploads\/2022\/01\/Total-Noventa-Horizontal-Baja.jpeg",628,416,false],"1536x1536":["https:\/\/cafelapalma.com\/wp-content\/uploads\/2022\/01\/Total-Noventa-Horizontal-Baja.jpeg",628,416,false],"2048x2048":["https:\/\/cafelapalma.com\/wp-content\/uploads\/2022\/01\/Total-Noventa-Horizontal-Baja.jpeg",628,416,false],"trp-custom-language-flag":["https:\/\/cafelapalma.com\/wp-content\/uploads\/2022\/01\/Total-Noventa-Horizontal-Baja.jpeg",18,12,false],"blossom-feminine-slider":["https:\/\/cafelapalma.com\/wp-content\/uploads\/2022\/01\/Total-Noventa-Horizontal-Baja.jpeg",628,416,false],"blossom-feminine-featured":["https:\/\/cafelapalma.com\/wp-content\/uploads\/2022\/01\/Total-Noventa-Horizontal-Baja.jpeg",628,416,false],"blossom-feminine-with-sidebar":["https:\/\/cafelapalma.com\/wp-content\/uploads\/2022\/01\/Total-Noventa-Horizontal-Baja.jpeg",628,416,false],"blossom-feminine-blog":["https:\/\/cafelapalma.com\/wp-content\/uploads\/2022\/01\/Total-Noventa-Horizontal-Baja-435x416.jpeg",435,416,true],"blossom-feminine-cat":["https:\/\/cafelapalma.com\/wp-content\/uploads\/2022\/01\/Total-Noventa-Horizontal-Baja-450x300.jpeg",450,300,true],"blossom-feminine-related":["https:\/\/cafelapalma.com\/wp-content\/uploads\/2022\/01\/Total-Noventa-Horizontal-Baja-320x200.jpeg",320,200,true],"blossom-feminine-schema":["https:\/\/cafelapalma.com\/wp-content\/uploads\/2022\/01\/Total-Noventa-Horizontal-Baja-91x60.jpeg",91,60,true]},"uagb_author_info":{"display_name":"Victor","author_link":"https:\/\/cafelapalma.com\/en\/author\/comunicacion\/"},"uagb_comment_info":0,"uagb_excerpt":"Total Noventa es el proyecto musical de cuatro j\u00f3venes amigos que cantan a la juventud durante su paso por ella. En su primer EP \u00abNuevos Sentimientos\u00bb resumen los acontecimientos que m\u00e1s les han emocionado en sus \u00faltimos a\u00f1os. En diciembre de 2021 estrenaron \u00abAerol\u00edneas Argentinas\u00bb, su ultimo single, que conserva la l\u00edrica del EP pero&hellip;","_links":{"self":[{"href":"https:\/\/cafelapalma.com\/en\/wp-json\/wp\/v2\/tribe_events\/21272","targetHints":{"allow":["GET"]}}],"collection":[{"href":"https:\/\/cafelapalma.com\/en\/wp-json\/wp\/v2\/tribe_events"}],"about":[{"href":"https:\/\/cafelapalma.com\/en\/wp-json\/wp\/v2\/types\/tribe_events"}],"author":[{"embeddable":true,"href":"https:\/\/cafelapalma.com\/en\/wp-json\/wp\/v2\/users\/2"}],"version-history":[{"count":0,"href":"https:\/\/cafelapalma.com\/en\/wp-json\/wp\/v2\/tribe_events\/21272\/revisions"}],"wp:featuredmedia":[{"embeddable":true,"href":"https:\/\/cafelapalma.com\/en\/wp-json\/wp\/v2\/media\/21274"}],"wp:attachment":[{"href":"https:\/\/cafelapalma.com\/en\/wp-json\/wp\/v2\/media?parent=21272"}],"wp:term":[{"taxonomy":"post_tag","embeddable":true,"href":"https:\/\/cafelapalma.com\/en\/wp-json\/wp\/v2\/tags?post=21272"},{"taxonomy":"tribe_events_cat","embeddable":true,"href":"https:\/\/cafelapalma.com\/en\/wp-json\/wp\/v2\/tribe_events_cat?post=21272"}],"curies":[{"name":"wp","href":"https:\/\/api.w.org\/{rel}","templated":true}]}}

TOTAL NOVENTA + PRÍNCIPE ENCANTADOR

<div  class="tribe-events-schedule tribe-clearfix" >
	<p class="tribe-events-schedule__datetime">
		<span class="tribe-events-schedule__date tribe-events-schedule__date--start">
			19  February  2022		</span>

					<span class="tribe-events-schedule__separator tribe-events-schedule__separator--date">
				@			</span>
			<span class="tribe-events-schedule__time tribe-events-schedule__time--start">
				21:30			</span>
		
									<span class="tribe-events-schedule__separator tribe-events-schedule__separator--time">
					&#8211;				</span>
			
							<span class="tribe-events-schedule__time tribe-events-schedule__time--end">
					23:45				</span>
			
						</p>
</div>


<div  class="tribe-block tribe-block__event-price" >
			<span class="tribe-block__event-price__cost"> 8€ </span>
				<span class="tribe-block__event-price__description">+ gg Anticipada | 10€ Taquilla</span>
	</div>



<div style="height:100px" aria-hidden="true" class="wp-block-spacer"></div>



<div class="wp-block-columns is-layout-flex wp-container-core-columns-is-layout-8f761849 wp-block-columns-is-layout-flex">
<div class="wp-block-column is-layout-flow wp-block-column-is-layout-flow" style="flex-basis:33.33%">
<figure class="wp-block-image size-large"><img loading="lazy" decoding="async" width="430" height="608" src="https://cafelapalma.com/wp-content/uploads/2022/01/Cartel-A3-T90-low.jpg" alt="" class="wp-image-21273" srcset="https://cafelapalma.com/wp-content/uploads/2022/01/Cartel-A3-T90-low.jpg 430w, https://cafelapalma.com/wp-content/uploads/2022/01/Cartel-A3-T90-low-212x300.jpg 212w, https://cafelapalma.com/wp-content/uploads/2022/01/Cartel-A3-T90-low-42x60.jpg 42w" sizes="auto, (max-width: 430px) 100vw, 430px" /></figure>


<div  class="tribe-block tribe-block__event-website" >
	<a
		href="https://link.dice.fm/Wa8e04d40472"
		target="_self"
			>
		BUY TICKETS	</a>
</div>
</div>



<div class="wp-block-column is-layout-flow wp-block-column-is-layout-flow" style="flex-basis:66.66%">
<div style="height:100px" aria-hidden="true" class="wp-block-spacer"></div>



<p class="has-text-align-left wp-block-paragraph"><strong>Total Noventa</strong> es el proyecto musical de cuatro jóvenes amigos que cantan a la juventud durante su paso por ella. En su primer EP <strong><em>«Nuevos Sentimientos»</em></strong> resumen los acontecimientos que más les han emocionado en sus últimos años. En diciembre de 2021 estrenaron <strong><em>«Aerolíneas Argentinas»</em></strong>, su ultimo single, que conserva la lírica del EP pero que define un nuevo camino para la banda. Con un directo potente y enérgico, acuden a <strong>Madrid </strong>a presentar sus trabajos anteriormente publicados y muchas más canciones que verán la luz en los próximos meses.<br><br><strong>Príncipe Encantador</strong> son una banda de reciente formación, inmersa en el lanzamiento de su primer EP. Tras tomar la alternativa en <strong>Zaragoza </strong>en noviembre junto a <strong>Pantocrator </strong>y <strong>Ghouljaboy</strong>, vienen a ampliar horizontes a la capital, con la sincera voluntad de marcarse un tremendo cumbión.</p>
</div>
</div>



<div style="height:100px" aria-hidden="true" class="wp-block-spacer"></div>



<hr class="wp-block-separator is-style-wide"/>



<div style="height:100px" aria-hidden="true" class="wp-block-spacer"></div>


<h2 class="tribe-block__related-events__title">Related Events</h2>

<ul  class="tribe-related-events tribe-clearfix" >
			<li>
	
<div class="tribe-related-events-thumbnail">
	<a href="https://cafelapalma.com/en/programacion/funkin-donuts/" class="url" rel="bookmark" tabindex="-1" aria-hidden="true"><img loading="lazy" decoding="async" width="693" height="1040" src="https://cafelapalma.com/wp-content/uploads/2026/07/FD-vert2-bn-693x1040.jpg" class="attachment-large size-large wp-post-image" alt="" /></a>
</div>
	<div class="tribe-related-event-info">
	<h3 class="tribe-related-events-title">
		<a href="https://cafelapalma.com/en/programacion/funkin-donuts/" class="tribe-event-url" rel="bookmark">
			FUNKIN&#8217; DONUTS		</a>
	</h3>
	<span class="tribe-event-date-start">5  September@22:00</span><span class="tribe-event-time">23:45</span></div>
</li>
			<li>
	
<div class="tribe-related-events-thumbnail">
	<a href="https://cafelapalma.com/en/programacion/willie-deville-concierto-benefico-x-venezuela/" class="url" rel="bookmark" tabindex="-1" aria-hidden="true"><img loading="lazy" decoding="async" width="1020" height="531" src="https://cafelapalma.com/wp-content/uploads/2026/08/Willie-deville-1100x572-1-1040x541.jpg" class="attachment-large size-large wp-post-image" alt="" /></a>
</div>
	<div class="tribe-related-event-info">
	<h3 class="tribe-related-events-title">
		<a href="https://cafelapalma.com/en/programacion/willie-deville-concierto-benefico-x-venezuela/" class="tribe-event-url" rel="bookmark">
			WILLIE DEVILLE: CONCIERTO BENÉFICO X VENEZUELA		</a>
	</h3>
	<span class="tribe-event-date-start">6  September@21:00</span><span class="tribe-event-time">23:45</span></div>
</li>
			<li>
	
<div class="tribe-related-events-thumbnail">
	<a href="https://cafelapalma.com/en/programacion/new-boix/" class="url" rel="bookmark" tabindex="-1" aria-hidden="true"><img loading="lazy" decoding="async" width="694" height="1040" src="https://cafelapalma.com/wp-content/uploads/2026/05/WhatsApp-Image-2026-04-29-at-12.00.28-694x1040.jpeg" class="attachment-large size-large wp-post-image" alt="" /></a>
</div>
	<div class="tribe-related-event-info">
	<h3 class="tribe-related-events-title">
		<a href="https://cafelapalma.com/en/programacion/new-boix/" class="tribe-event-url" rel="bookmark">
			NEW BOIX		</a>
	</h3>
	<span class="tribe-event-date-start">10  September@22:00</span><span class="tribe-event-time">23:45</span></div>
</li>
	</ul>

<p>Total Noventa es el proyecto musical de cuatro jóvenes amigos que cantan a la juventud durante su paso por ella. En su primer EP «Nuevos Sentimientos» resumen los acontecimientos que más les han emocionado en sus últimos años. En diciembre de 2021 estrenaron «Aerolíneas Argentinas», su ultimo single, que conserva la lírica del EP pero &hellip; </p>

Total Noventa es el proyecto musical de cuatro jóvenes amigos que cantan a la juventud durante su paso por ella. En su primer EP «Nuevos Sentimientos» resumen los acontecimientos que más les han emocionado en sus últimos años. En diciembre de 2021 estrenaron «Aerolíneas Argentinas», su ultimo single, que conserva la lírica del EP pero&hellip;
