{"id":21371,"date":"2022-02-08T16:35:22","date_gmt":"2022-02-08T15:35:22","guid":{"rendered":"https:\/\/cafelapalma.com\/?post_type=tribe_events&#038;p=21371"},"modified":"2022-02-08T16:35:33","modified_gmt":"2022-02-08T15:35:33","slug":"we-the-riot-weak","status":"publish","type":"tribe_events","link":"https:\/\/cafelapalma.com\/en\/programacion\/we-the-riot-weak\/","title":{"rendered":"WE THE RIOT + WEAK"},"content":{"rendered":"<div  class=\"tribe-events-schedule tribe-clearfix\" >\n\t<p class=\"tribe-events-schedule__datetime\">\n\t\t<span class=\"tribe-events-schedule__date tribe-events-schedule__date--start\">\n\t\t\t17  March  2022\t\t<\/span>\n\n\t\t\t\t\t<span class=\"tribe-events-schedule__separator tribe-events-schedule__separator--date\">\n\t\t\t\t@\t\t\t<\/span>\n\t\t\t<span class=\"tribe-events-schedule__time tribe-events-schedule__time--start\">\n\t\t\t\t21:00\t\t\t<\/span>\n\t\t\n\t\t\t\t\t\t\t\t\t<span class=\"tribe-events-schedule__separator tribe-events-schedule__separator--time\">\n\t\t\t\t\t&#8211;\t\t\t\t<\/span>\n\t\t\t\n\t\t\t\t\t\t\t<span class=\"tribe-events-schedule__time tribe-events-schedule__time--end\">\n\t\t\t\t\t23:30\t\t\t\t<\/span>\n\t\t\t\n\t\t\t\t\t\t<\/p>\n<\/div>\n\n\n<div  class=\"tribe-block tribe-block__event-price\" >\n\t\t\t<span class=\"tribe-block__event-price__cost\"> 6\u20ac <\/span>\n\t\t\t\t<span class=\"tribe-block__event-price__description\">+ gg Anticipada | 8\u20ac Taquilla<\/span>\n\t<\/div>\n\n\n\n<div style=\"height:100px\" aria-hidden=\"true\" class=\"wp-block-spacer\"><\/div>\n\n\n\n<div class=\"wp-block-columns is-layout-flex wp-container-core-columns-is-layout-8f761849 wp-block-columns-is-layout-flex\">\n<div class=\"wp-block-column is-layout-flow wp-block-column-is-layout-flow\" style=\"flex-basis:33.33%\">\n<figure class=\"wp-block-image size-large\"><img loading=\"lazy\" decoding=\"async\" width=\"576\" height=\"1024\" src=\"https:\/\/cafelapalma.com\/wp-content\/uploads\/2022\/02\/wtra3-576x1024.jpg\" alt=\"\" class=\"wp-image-21372\" srcset=\"https:\/\/cafelapalma.com\/wp-content\/uploads\/2022\/02\/wtra3-576x1024.jpg 576w, https:\/\/cafelapalma.com\/wp-content\/uploads\/2022\/02\/wtra3-169x300.jpg 169w, https:\/\/cafelapalma.com\/wp-content\/uploads\/2022\/02\/wtra3-768x1365.jpg 768w, https:\/\/cafelapalma.com\/wp-content\/uploads\/2022\/02\/wtra3-864x1536.jpg 864w, https:\/\/cafelapalma.com\/wp-content\/uploads\/2022\/02\/wtra3-34x60.jpg 34w, https:\/\/cafelapalma.com\/wp-content\/uploads\/2022\/02\/wtra3.jpg 1080w\" sizes=\"auto, (max-width: 576px) 100vw, 576px\" \/><\/figure>\n\n\n<div  class=\"tribe-block tribe-block__event-website\" >\n\t<a\n\t\thref=\"https:\/\/link.dice.fm\/cbb9877b9ce5\"\n\t\ttarget=\"_self\"\n\t\t\t>\n\t\tBUY TICKETS\t<\/a>\n<\/div>\n<\/div>\n\n\n\n<div class=\"wp-block-column is-layout-flow wp-block-column-is-layout-flow\" style=\"flex-basis:66.66%\">\n<div style=\"height:100px\" aria-hidden=\"true\" class=\"wp-block-spacer\"><\/div>\n\n\n\n<p class=\"has-text-align-left wp-block-paragraph\"><strong>We The Riot<\/strong> es una banda mallorquina que surgi\u00f3 en 2019 para crear un grupo con motivo del 25 aniversario del <strong><em>\u00abPunk in Drublic<\/em><\/strong>\u00bb de<strong> NoFx.<\/strong> Fue entonces donde se dieron cuenta de la conexi\u00f3n que hab\u00eda entre ellos y lo que empez\u00f3 como una broma se convirti\u00f3 en una cadena de inspiraci\u00f3n y consiguieron que sus temas tuvieran una voz y car\u00e1cter propios.<\/p>\n\n\n\n<p class=\"has-text-align-left wp-block-paragraph\">Despu\u00e9s de darse a conocer en 2020 con su EP debut hom\u00f3nimo de seis cortes <strong><em>\u00abWe The Riot\u00bb<\/em><\/strong>, el nuevo disco <strong><em>\u00abHead on Collision\u00bb<\/em><\/strong> contin\u00faa la descarga con doce disparos. Un disco lleno de punk rock al m\u00e1s puro estilo californiano, crudo y directo. El t\u00edtulo del disco hace un gui\u00f1o al car\u00e1cter del grupo, en el que siempre parece que la direcci\u00f3n es estrellarse contra el suelo, aunque hay algo o alguien que los salva en el \u00faltimo momento y al final todo sale bien.<\/p>\n\n\n\n<p class=\"has-text-align-left wp-block-paragraph\">El \u00abno hacen nada nuevo\u00bb que se emplea en ocasiones con tono despectivo para referirse a uno u otro grupo pierde todo el sentido cuando te enfrentas a una banda como <strong>Weak<\/strong>. Afincados en Madrid y procedentes de formaciones como <strong>Ulises Lima<\/strong>, <strong>Wild Animals<\/strong> o <strong>The Attack of the Brain Eaters<\/strong> (tan parecidas y tan diferentes entre s\u00ed) los cuatro miembros de este nuevo grupo han conseguido hacernos viajar a la \u00e9poca dorada del punk rock y el hardcore mel\u00f3dico, tanto en su vertiente m\u00e1s californiana (<strong>NOFX<\/strong>), c\u00f3mo a la de los pa\u00edses n\u00f3rdicos (<strong>Satanic<\/strong> <strong>Surfers<\/strong>). En esas coordenadas se mueven c\u00f3mo peces en el agua.<\/p>\n<\/div>\n<\/div>\n\n\n\n<div style=\"height:100px\" aria-hidden=\"true\" class=\"wp-block-spacer\"><\/div>\n\n\n\n<hr class=\"wp-block-separator is-style-wide\"\/>\n\n\n\n<div style=\"height:100px\" aria-hidden=\"true\" class=\"wp-block-spacer\"><\/div>\n\n\n<h2 class=\"tribe-block__related-events__title\">Related Events<\/h2>\n\n<ul  class=\"tribe-related-events tribe-clearfix\" >\n\t\t\t<li>\n\t\n<div class=\"tribe-related-events-thumbnail\">\n\t<a href=\"https:\/\/cafelapalma.com\/en\/programacion\/funkin-donuts\/\" class=\"url\" rel=\"bookmark\" tabindex=\"-1\" aria-hidden=\"true\"><img loading=\"lazy\" decoding=\"async\" width=\"693\" height=\"1040\" src=\"https:\/\/cafelapalma.com\/wp-content\/uploads\/2026\/07\/FD-vert2-bn-693x1040.jpg\" class=\"attachment-large size-large wp-post-image\" alt=\"\" \/><\/a>\n<\/div>\n\t<div class=\"tribe-related-event-info\">\n\t<h3 class=\"tribe-related-events-title\">\n\t\t<a href=\"https:\/\/cafelapalma.com\/en\/programacion\/funkin-donuts\/\" class=\"tribe-event-url\" rel=\"bookmark\">\n\t\t\tFUNKIN&#8217; DONUTS\t\t<\/a>\n\t<\/h3>\n\t<span class=\"tribe-event-date-start\">5  September@22:00<\/span><span class=\"tribe-event-time\">23:45<\/span><\/div>\n<\/li>\n\t\t\t<li>\n\t\n<div class=\"tribe-related-events-thumbnail\">\n\t<a href=\"https:\/\/cafelapalma.com\/en\/programacion\/willie-deville-concierto-benefico-x-venezuela\/\" class=\"url\" rel=\"bookmark\" tabindex=\"-1\" aria-hidden=\"true\"><img loading=\"lazy\" decoding=\"async\" width=\"1020\" height=\"531\" src=\"https:\/\/cafelapalma.com\/wp-content\/uploads\/2026\/08\/Willie-deville-1100x572-1-1040x541.jpg\" class=\"attachment-large size-large wp-post-image\" alt=\"\" \/><\/a>\n<\/div>\n\t<div class=\"tribe-related-event-info\">\n\t<h3 class=\"tribe-related-events-title\">\n\t\t<a href=\"https:\/\/cafelapalma.com\/en\/programacion\/willie-deville-concierto-benefico-x-venezuela\/\" class=\"tribe-event-url\" rel=\"bookmark\">\n\t\t\tWILLIE DEVILLE: CONCIERTO BEN\u00c9FICO X VENEZUELA\t\t<\/a>\n\t<\/h3>\n\t<span class=\"tribe-event-date-start\">6  September@21:00<\/span><span class=\"tribe-event-time\">23:45<\/span><\/div>\n<\/li>\n\t\t\t<li>\n\t\n<div class=\"tribe-related-events-thumbnail\">\n\t<a href=\"https:\/\/cafelapalma.com\/en\/programacion\/new-boix\/\" class=\"url\" rel=\"bookmark\" tabindex=\"-1\" aria-hidden=\"true\"><img loading=\"lazy\" decoding=\"async\" width=\"694\" height=\"1040\" src=\"https:\/\/cafelapalma.com\/wp-content\/uploads\/2026\/05\/WhatsApp-Image-2026-04-29-at-12.00.28-694x1040.jpeg\" class=\"attachment-large size-large wp-post-image\" alt=\"\" \/><\/a>\n<\/div>\n\t<div class=\"tribe-related-event-info\">\n\t<h3 class=\"tribe-related-events-title\">\n\t\t<a href=\"https:\/\/cafelapalma.com\/en\/programacion\/new-boix\/\" class=\"tribe-event-url\" rel=\"bookmark\">\n\t\t\tNEW BOIX\t\t<\/a>\n\t<\/h3>\n\t<span class=\"tribe-event-date-start\">10  September@22:00<\/span><span class=\"tribe-event-time\">23:45<\/span><\/div>\n<\/li>\n\t<\/ul>","protected":false},"excerpt":{"rendered":"<p>We The Riot es una banda mallorquina que surgi\u00f3 en 2019 para crear un grupo con motivo del 25 aniversario del \u00abPunk in Drublic\u00bb de NoFx. Fue entonces donde se dieron cuenta de la conexi\u00f3n que hab\u00eda entre ellos y lo que empez\u00f3 como una broma se convirti\u00f3 en una cadena de inspiraci\u00f3n y consiguieron &hellip; <\/p>","protected":false},"author":2,"featured_media":21373,"template":"","meta":{"_tec_requires_first_save":false,"_uag_custom_page_level_css":"","loftloader_page_shortcode":"","_EventAllDay":false,"_EventTimezone":"Europe\/Madrid","_EventStartDate":"2022-03-17 21:00:00","_EventEndDate":"2022-03-17 23:30:00","_EventStartDateUTC":"2022-03-17 20:00:00","_EventEndDateUTC":"2022-03-17 22:30:00","_EventShowMap":false,"_EventShowMapLink":false,"_EventURL":"https:\/\/link.dice.fm\/cbb9877b9ce5","_EventCost":"6","_EventCostDescription":"","_EventCurrencySymbol":"\u20ac","_EventCurrencyCode":"","_EventCurrencyPosition":"suffix","_EventDateTimeSeparator":"@","_EventTimeRangeSeparator":"-","_EventOrganizerID":[],"_EventVenueID":[0],"_OrganizerEmail":"","_OrganizerPhone":"","_OrganizerWebsite":"","_VenueAddress":"","_VenueCity":"","_VenueCountry":"","_VenueProvince":"","_VenueState":"","_VenueZip":"","_VenuePhone":"","_VenueURL":"","_VenueStateProvince":"","_VenueLat":"","_VenueLng":"","_VenueShowMap":false,"_VenueShowMapLink":false,"_tribe_blocks_recurrence_rules":"","_tribe_blocks_recurrence_description":"","_tribe_blocks_recurrence_exclusions":"","_ecp_custom_2":"","_tribe_events_status":"","_tribe_events_status_reason":"","_tribe_events_is_hybrid":"","_tribe_events_is_virtual":"","_tribe_events_virtual_video_source":"","_tribe_events_virtual_embed_video":"","_tribe_events_virtual_linked_button_text":"","_tribe_events_virtual_linked_button":"","_tribe_events_virtual_show_embed_at":"","_tribe_events_virtual_show_embed_to":[],"_tribe_events_virtual_show_on_event":"","_tribe_events_virtual_show_on_views":"","_tribe_events_virtual_url":"","footnotes":""},"tags":[8869,10414,2865,9147,9146,10918,10917,10916,10915,10914,1481,10913,9702,10923,10922,10921,10912,10919,10920],"tribe_events_cat":[8963],"class_list":["post-21371","tribe_events","type-tribe_events","status-publish","has-post-thumbnail","hentry","tag-cafe-la-palma-2","tag-california","tag-conciertos-cafe-la-palma","tag-conciertos-madrid","tag-conciertos-malasana","tag-hardcore-melodico","tag-head-on-collision","tag-my-fat-romance","tag-nofx-2","tag-nofx","tag-punk","tag-punk-in-drublic","tag-punk-rock","tag-satanic-surfers","tag-the-attack-of-the-brain-eaters","tag-ulises-lima","tag-we-the-riot","tag-weak","tag-wild-animals","tribe_events_cat-concierto","cat_concierto"],"uagb_featured_image_src":{"full":["https:\/\/cafelapalma.com\/wp-content\/uploads\/2022\/02\/wtrpiclow.jpg",627,418,false],"thumbnail":["https:\/\/cafelapalma.com\/wp-content\/uploads\/2022\/02\/wtrpiclow-150x150.jpg",150,150,true],"medium":["https:\/\/cafelapalma.com\/wp-content\/uploads\/2022\/02\/wtrpiclow-300x200.jpg",300,200,true],"medium_large":["https:\/\/cafelapalma.com\/wp-content\/uploads\/2022\/02\/wtrpiclow.jpg",627,418,false],"large":["https:\/\/cafelapalma.com\/wp-content\/uploads\/2022\/02\/wtrpiclow.jpg",627,418,false],"1536x1536":["https:\/\/cafelapalma.com\/wp-content\/uploads\/2022\/02\/wtrpiclow.jpg",627,418,false],"2048x2048":["https:\/\/cafelapalma.com\/wp-content\/uploads\/2022\/02\/wtrpiclow.jpg",627,418,false],"trp-custom-language-flag":["https:\/\/cafelapalma.com\/wp-content\/uploads\/2022\/02\/wtrpiclow.jpg",18,12,false],"blossom-feminine-slider":["https:\/\/cafelapalma.com\/wp-content\/uploads\/2022\/02\/wtrpiclow.jpg",627,418,false],"blossom-feminine-featured":["https:\/\/cafelapalma.com\/wp-content\/uploads\/2022\/02\/wtrpiclow.jpg",627,418,false],"blossom-feminine-with-sidebar":["https:\/\/cafelapalma.com\/wp-content\/uploads\/2022\/02\/wtrpiclow.jpg",627,418,false],"blossom-feminine-blog":["https:\/\/cafelapalma.com\/wp-content\/uploads\/2022\/02\/wtrpiclow-435x418.jpg",435,418,true],"blossom-feminine-cat":["https:\/\/cafelapalma.com\/wp-content\/uploads\/2022\/02\/wtrpiclow-450x300.jpg",450,300,true],"blossom-feminine-related":["https:\/\/cafelapalma.com\/wp-content\/uploads\/2022\/02\/wtrpiclow-320x200.jpg",320,200,true],"blossom-feminine-schema":["https:\/\/cafelapalma.com\/wp-content\/uploads\/2022\/02\/wtrpiclow-90x60.jpg",90,60,true]},"uagb_author_info":{"display_name":"Victor","author_link":"https:\/\/cafelapalma.com\/en\/author\/comunicacion\/"},"uagb_comment_info":0,"uagb_excerpt":"We The Riot es una banda mallorquina que surgi\u00f3 en 2019 para crear un grupo con motivo del 25 aniversario del \u00abPunk in Drublic\u00bb de NoFx. Fue entonces donde se dieron cuenta de la conexi\u00f3n que hab\u00eda entre ellos y lo que empez\u00f3 como una broma se convirti\u00f3 en una cadena de inspiraci\u00f3n y consiguieron&hellip;","_links":{"self":[{"href":"https:\/\/cafelapalma.com\/en\/wp-json\/wp\/v2\/tribe_events\/21371","targetHints":{"allow":["GET"]}}],"collection":[{"href":"https:\/\/cafelapalma.com\/en\/wp-json\/wp\/v2\/tribe_events"}],"about":[{"href":"https:\/\/cafelapalma.com\/en\/wp-json\/wp\/v2\/types\/tribe_events"}],"author":[{"embeddable":true,"href":"https:\/\/cafelapalma.com\/en\/wp-json\/wp\/v2\/users\/2"}],"version-history":[{"count":0,"href":"https:\/\/cafelapalma.com\/en\/wp-json\/wp\/v2\/tribe_events\/21371\/revisions"}],"wp:featuredmedia":[{"embeddable":true,"href":"https:\/\/cafelapalma.com\/en\/wp-json\/wp\/v2\/media\/21373"}],"wp:attachment":[{"href":"https:\/\/cafelapalma.com\/en\/wp-json\/wp\/v2\/media?parent=21371"}],"wp:term":[{"taxonomy":"post_tag","embeddable":true,"href":"https:\/\/cafelapalma.com\/en\/wp-json\/wp\/v2\/tags?post=21371"},{"taxonomy":"tribe_events_cat","embeddable":true,"href":"https:\/\/cafelapalma.com\/en\/wp-json\/wp\/v2\/tribe_events_cat?post=21371"}],"curies":[{"name":"wp","href":"https:\/\/api.w.org\/{rel}","templated":true}]}}

<div  class="tribe-events-schedule tribe-clearfix" >
	<p class="tribe-events-schedule__datetime">
		<span class="tribe-events-schedule__date tribe-events-schedule__date--start">
			17  March  2022		</span>

					<span class="tribe-events-schedule__separator tribe-events-schedule__separator--date">
				@			</span>
			<span class="tribe-events-schedule__time tribe-events-schedule__time--start">
				21:00			</span>
		
									<span class="tribe-events-schedule__separator tribe-events-schedule__separator--time">
					&#8211;				</span>
			
							<span class="tribe-events-schedule__time tribe-events-schedule__time--end">
					23:30				</span>
			
						</p>
</div>


<div  class="tribe-block tribe-block__event-price" >
			<span class="tribe-block__event-price__cost"> 6€ </span>
				<span class="tribe-block__event-price__description">+ gg Anticipada | 8€ Taquilla</span>
	</div>



<div style="height:100px" aria-hidden="true" class="wp-block-spacer"></div>



<div class="wp-block-columns is-layout-flex wp-container-core-columns-is-layout-8f761849 wp-block-columns-is-layout-flex">
<div class="wp-block-column is-layout-flow wp-block-column-is-layout-flow" style="flex-basis:33.33%">
<figure class="wp-block-image size-large"><img loading="lazy" decoding="async" width="576" height="1024" src="https://cafelapalma.com/wp-content/uploads/2022/02/wtra3-576x1024.jpg" alt="" class="wp-image-21372" srcset="https://cafelapalma.com/wp-content/uploads/2022/02/wtra3-576x1024.jpg 576w, https://cafelapalma.com/wp-content/uploads/2022/02/wtra3-169x300.jpg 169w, https://cafelapalma.com/wp-content/uploads/2022/02/wtra3-768x1365.jpg 768w, https://cafelapalma.com/wp-content/uploads/2022/02/wtra3-864x1536.jpg 864w, https://cafelapalma.com/wp-content/uploads/2022/02/wtra3-34x60.jpg 34w, https://cafelapalma.com/wp-content/uploads/2022/02/wtra3.jpg 1080w" sizes="auto, (max-width: 576px) 100vw, 576px" /></figure>


<div  class="tribe-block tribe-block__event-website" >
	<a
		href="https://link.dice.fm/cbb9877b9ce5"
		target="_self"
			>
		BUY TICKETS	</a>
</div>
</div>



<div class="wp-block-column is-layout-flow wp-block-column-is-layout-flow" style="flex-basis:66.66%">
<div style="height:100px" aria-hidden="true" class="wp-block-spacer"></div>



<p class="has-text-align-left wp-block-paragraph"><strong>We The Riot</strong> es una banda mallorquina que surgió en 2019 para crear un grupo con motivo del 25 aniversario del <strong><em>«Punk in Drublic</em></strong>» de<strong> NoFx.</strong> Fue entonces donde se dieron cuenta de la conexión que había entre ellos y lo que empezó como una broma se convirtió en una cadena de inspiración y consiguieron que sus temas tuvieran una voz y carácter propios.</p>



<p class="has-text-align-left wp-block-paragraph">Después de darse a conocer en 2020 con su EP debut homónimo de seis cortes <strong><em>«We The Riot»</em></strong>, el nuevo disco <strong><em>«Head on Collision»</em></strong> continúa la descarga con doce disparos. Un disco lleno de punk rock al más puro estilo californiano, crudo y directo. El título del disco hace un guiño al carácter del grupo, en el que siempre parece que la dirección es estrellarse contra el suelo, aunque hay algo o alguien que los salva en el último momento y al final todo sale bien.</p>



<p class="has-text-align-left wp-block-paragraph">El «no hacen nada nuevo» que se emplea en ocasiones con tono despectivo para referirse a uno u otro grupo pierde todo el sentido cuando te enfrentas a una banda como <strong>Weak</strong>. Afincados en Madrid y procedentes de formaciones como <strong>Ulises Lima</strong>, <strong>Wild Animals</strong> o <strong>The Attack of the Brain Eaters</strong> (tan parecidas y tan diferentes entre sí) los cuatro miembros de este nuevo grupo han conseguido hacernos viajar a la época dorada del punk rock y el hardcore melódico, tanto en su vertiente más californiana (<strong>NOFX</strong>), cómo a la de los países nórdicos (<strong>Satanic</strong> <strong>Surfers</strong>). En esas coordenadas se mueven cómo peces en el agua.</p>
</div>
</div>



<div style="height:100px" aria-hidden="true" class="wp-block-spacer"></div>



<hr class="wp-block-separator is-style-wide"/>



<div style="height:100px" aria-hidden="true" class="wp-block-spacer"></div>


<h2 class="tribe-block__related-events__title">Related Events</h2>

<ul  class="tribe-related-events tribe-clearfix" >
			<li>
	
<div class="tribe-related-events-thumbnail">
	<a href="https://cafelapalma.com/en/programacion/funkin-donuts/" class="url" rel="bookmark" tabindex="-1" aria-hidden="true"><img loading="lazy" decoding="async" width="693" height="1040" src="https://cafelapalma.com/wp-content/uploads/2026/07/FD-vert2-bn-693x1040.jpg" class="attachment-large size-large wp-post-image" alt="" /></a>
</div>
	<div class="tribe-related-event-info">
	<h3 class="tribe-related-events-title">
		<a href="https://cafelapalma.com/en/programacion/funkin-donuts/" class="tribe-event-url" rel="bookmark">
			FUNKIN&#8217; DONUTS		</a>
	</h3>
	<span class="tribe-event-date-start">5  September@22:00</span><span class="tribe-event-time">23:45</span></div>
</li>
			<li>
	
<div class="tribe-related-events-thumbnail">
	<a href="https://cafelapalma.com/en/programacion/willie-deville-concierto-benefico-x-venezuela/" class="url" rel="bookmark" tabindex="-1" aria-hidden="true"><img loading="lazy" decoding="async" width="1020" height="531" src="https://cafelapalma.com/wp-content/uploads/2026/08/Willie-deville-1100x572-1-1040x541.jpg" class="attachment-large size-large wp-post-image" alt="" /></a>
</div>
	<div class="tribe-related-event-info">
	<h3 class="tribe-related-events-title">
		<a href="https://cafelapalma.com/en/programacion/willie-deville-concierto-benefico-x-venezuela/" class="tribe-event-url" rel="bookmark">
			WILLIE DEVILLE: CONCIERTO BENÉFICO X VENEZUELA		</a>
	</h3>
	<span class="tribe-event-date-start">6  September@21:00</span><span class="tribe-event-time">23:45</span></div>
</li>
			<li>
	
<div class="tribe-related-events-thumbnail">
	<a href="https://cafelapalma.com/en/programacion/new-boix/" class="url" rel="bookmark" tabindex="-1" aria-hidden="true"><img loading="lazy" decoding="async" width="694" height="1040" src="https://cafelapalma.com/wp-content/uploads/2026/05/WhatsApp-Image-2026-04-29-at-12.00.28-694x1040.jpeg" class="attachment-large size-large wp-post-image" alt="" /></a>
</div>
	<div class="tribe-related-event-info">
	<h3 class="tribe-related-events-title">
		<a href="https://cafelapalma.com/en/programacion/new-boix/" class="tribe-event-url" rel="bookmark">
			NEW BOIX		</a>
	</h3>
	<span class="tribe-event-date-start">10  September@22:00</span><span class="tribe-event-time">23:45</span></div>
</li>
	</ul>

<p>We The Riot es una banda mallorquina que surgió en 2019 para crear un grupo con motivo del 25 aniversario del «Punk in Drublic» de NoFx. Fue entonces donde se dieron cuenta de la conexión que había entre ellos y lo que empezó como una broma se convirtió en una cadena de inspiración y consiguieron &hellip; </p>

We The Riot es una banda mallorquina que surgió en 2019 para crear un grupo con motivo del 25 aniversario del «Punk in Drublic» de NoFx. Fue entonces donde se dieron cuenta de la conexión que había entre ellos y lo que empezó como una broma se convirtió en una cadena de inspiración y consiguieron&hellip;
