{"id":21387,"date":"2022-02-09T16:59:05","date_gmt":"2022-02-09T15:59:05","guid":{"rendered":"https:\/\/cafelapalma.com\/?post_type=tribe_events&#038;p=21387"},"modified":"2022-02-09T16:59:08","modified_gmt":"2022-02-09T15:59:08","slug":"quenovi-turpin","status":"publish","type":"tribe_events","link":"https:\/\/cafelapalma.com\/en\/programacion\/quenovi-turpin\/","title":{"rendered":"QUENOVI + TURPIN"},"content":{"rendered":"<div  class=\"tribe-events-schedule tribe-clearfix\" >\n\t<p class=\"tribe-events-schedule__datetime\">\n\t\t<span class=\"tribe-events-schedule__date tribe-events-schedule__date--start\">\n\t\t\t21  May  2022\t\t<\/span>\n\n\t\t\t\t\t<span class=\"tribe-events-schedule__separator tribe-events-schedule__separator--date\">\n\t\t\t\t@\t\t\t<\/span>\n\t\t\t<span class=\"tribe-events-schedule__time tribe-events-schedule__time--start\">\n\t\t\t\t21:00\t\t\t<\/span>\n\t\t\n\t\t\t\t\t\t\t\t\t<span class=\"tribe-events-schedule__separator tribe-events-schedule__separator--time\">\n\t\t\t\t\t&#8211;\t\t\t\t<\/span>\n\t\t\t\n\t\t\t\t\t\t\t<span class=\"tribe-events-schedule__time tribe-events-schedule__time--end\">\n\t\t\t\t\t23:45\t\t\t\t<\/span>\n\t\t\t\n\t\t\t\t\t\t<\/p>\n<\/div>\n\n\n<div  class=\"tribe-block tribe-block__event-price\" >\n\t\t\t<span class=\"tribe-block__event-price__cost\"> 8\u20ac <\/span>\n\t\t\t\t<span class=\"tribe-block__event-price__description\">+ gg Anticipada | 10\u20ac Taquilla<\/span>\n\t<\/div>\n\n\n\n<div style=\"height:100px\" aria-hidden=\"true\" class=\"wp-block-spacer\"><\/div>\n\n\n\n<div class=\"wp-block-columns is-layout-flex wp-container-core-columns-is-layout-8f761849 wp-block-columns-is-layout-flex\">\n<div class=\"wp-block-column is-layout-flow wp-block-column-is-layout-flow\" style=\"flex-basis:33.33%\">\n<figure class=\"wp-block-image size-large\"><img loading=\"lazy\" decoding=\"async\" width=\"430\" height=\"608\" src=\"https:\/\/cafelapalma.com\/wp-content\/uploads\/2022\/02\/QUENOVI-LA-PALMA-A3-LOW.jpg\" alt=\"\" class=\"wp-image-21388\" srcset=\"https:\/\/cafelapalma.com\/wp-content\/uploads\/2022\/02\/QUENOVI-LA-PALMA-A3-LOW.jpg 430w, https:\/\/cafelapalma.com\/wp-content\/uploads\/2022\/02\/QUENOVI-LA-PALMA-A3-LOW-212x300.jpg 212w, https:\/\/cafelapalma.com\/wp-content\/uploads\/2022\/02\/QUENOVI-LA-PALMA-A3-LOW-42x60.jpg 42w\" sizes=\"auto, (max-width: 430px) 100vw, 430px\" \/><\/figure>\n\n\n<div  class=\"tribe-block tribe-block__event-website\" >\n\t<a\n\t\thref=\"https:\/\/link.dice.fm\/D63db78b7e6d\"\n\t\ttarget=\"_self\"\n\t\t\t>\n\t\tBUY TICKETS\t<\/a>\n<\/div>\n<\/div>\n\n\n\n<div class=\"wp-block-column is-layout-flow wp-block-column-is-layout-flow\" style=\"flex-basis:66.66%\">\n<p class=\"wp-block-paragraph\"><\/p>\n\n\n\n<p class=\"has-text-align-left wp-block-paragraph\"><strong>QUENOVI <\/strong>es una banda c\u00e1ntabra fundada durante el confinamiento de 2020 por el productor (<strong>B-Fuzz Recording Studio<\/strong>) y guitarrista santanderino <strong>Jos\u00e9 Antonio Serrano<\/strong>, quien se ha rodeado de talentosos m\u00fasicos para dar forma a un quinteto de lujo con un potente directo y un sonido enraizado en el rock, pero aderezado con multitud de influencias que van desde el sonido new wave hasta ritmos funk, con un ojo puesto en las \u00faltimas d\u00e9cadas del siglo XX y el otro en el rock de nueva generaci\u00f3n.<\/p>\n\n\n\n<p class=\"has-text-align-left wp-block-paragraph\">Con muchos a\u00f1os de experiencia musical a sus espaldas pero apenas uno de recorrido conjunto como formaci\u00f3n, su disco de debut y su hom\u00f3nima gira <strong><em>&#8216;Turistas&#8217;<\/em><\/strong> est\u00e1 llevando a <strong>Quenovi <\/strong>a visitar las principales salas de conciertos del pa\u00eds. Su rock guitarrero y bailable con enormes estribillos garantiza la diversi\u00f3n con temas que animan a ser coreados a todo pulm\u00f3n.<\/p>\n\n\n\n<p class=\"has-text-align-left wp-block-paragraph\"><strong>TURPIN <\/strong>es un grupo de <strong>Madrid <\/strong>en activo desde 2016 y con dos trabajos en el mercado: <strong><em>\u00abAlimento\u00bb <\/em><\/strong>(2017) y <strong><em>\u00abSin miedo a caer\u00bb<\/em><\/strong>, producidos por <strong>Paco Loco<\/strong> y <strong>Carlos Hern\u00e1ndez<\/strong> respectivamente. Sus creadores son <strong>Pablo Solana<\/strong> (productor musical y miembro tambi\u00e9n de grupos como <strong>The Taxi Talk<\/strong> y <strong>Sal de mi vida<\/strong>) y <strong>Jota Turpin<\/strong>. Hacen <em>sharpop<\/em>: guitarras y letras afiladas en melod\u00edas pop reconocibles. Nace desde la autoproducci\u00f3n y el apoyo de <strong>Disparate Sound<\/strong>.<\/p>\n<\/div>\n<\/div>\n\n\n\n<div style=\"height:100px\" aria-hidden=\"true\" class=\"wp-block-spacer\"><\/div>\n\n\n\n<hr class=\"wp-block-separator is-style-wide\"\/>\n\n\n\n<div style=\"height:100px\" aria-hidden=\"true\" class=\"wp-block-spacer\"><\/div>\n\n\n<h2 class=\"tribe-block__related-events__title\">Related Events<\/h2>\n\n<ul  class=\"tribe-related-events tribe-clearfix\" >\n\t\t\t<li>\n\t\n<div class=\"tribe-related-events-thumbnail\">\n\t<a href=\"https:\/\/cafelapalma.com\/en\/programacion\/funkin-donuts\/\" class=\"url\" rel=\"bookmark\" tabindex=\"-1\" aria-hidden=\"true\"><img loading=\"lazy\" decoding=\"async\" width=\"693\" height=\"1040\" src=\"https:\/\/cafelapalma.com\/wp-content\/uploads\/2026\/07\/FD-vert2-bn-693x1040.jpg\" class=\"attachment-large size-large wp-post-image\" alt=\"\" \/><\/a>\n<\/div>\n\t<div class=\"tribe-related-event-info\">\n\t<h3 class=\"tribe-related-events-title\">\n\t\t<a href=\"https:\/\/cafelapalma.com\/en\/programacion\/funkin-donuts\/\" class=\"tribe-event-url\" rel=\"bookmark\">\n\t\t\tFUNKIN&#8217; DONUTS\t\t<\/a>\n\t<\/h3>\n\t<span class=\"tribe-event-date-start\">5  September@22:00<\/span><span class=\"tribe-event-time\">23:45<\/span><\/div>\n<\/li>\n\t\t\t<li>\n\t\n<div class=\"tribe-related-events-thumbnail\">\n\t<a href=\"https:\/\/cafelapalma.com\/en\/programacion\/willie-deville-concierto-benefico-x-venezuela\/\" class=\"url\" rel=\"bookmark\" tabindex=\"-1\" aria-hidden=\"true\"><img loading=\"lazy\" decoding=\"async\" width=\"1020\" height=\"531\" src=\"https:\/\/cafelapalma.com\/wp-content\/uploads\/2026\/08\/Willie-deville-1100x572-1-1040x541.jpg\" class=\"attachment-large size-large wp-post-image\" alt=\"\" \/><\/a>\n<\/div>\n\t<div class=\"tribe-related-event-info\">\n\t<h3 class=\"tribe-related-events-title\">\n\t\t<a href=\"https:\/\/cafelapalma.com\/en\/programacion\/willie-deville-concierto-benefico-x-venezuela\/\" class=\"tribe-event-url\" rel=\"bookmark\">\n\t\t\tWILLIE DEVILLE: CONCIERTO BEN\u00c9FICO X VENEZUELA\t\t<\/a>\n\t<\/h3>\n\t<span class=\"tribe-event-date-start\">6  September@21:00<\/span><span class=\"tribe-event-time\">23:45<\/span><\/div>\n<\/li>\n\t\t\t<li>\n\t\n<div class=\"tribe-related-events-thumbnail\">\n\t<a href=\"https:\/\/cafelapalma.com\/en\/programacion\/new-boix\/\" class=\"url\" rel=\"bookmark\" tabindex=\"-1\" aria-hidden=\"true\"><img loading=\"lazy\" decoding=\"async\" width=\"694\" height=\"1040\" src=\"https:\/\/cafelapalma.com\/wp-content\/uploads\/2026\/05\/WhatsApp-Image-2026-04-29-at-12.00.28-694x1040.jpeg\" class=\"attachment-large size-large wp-post-image\" alt=\"\" \/><\/a>\n<\/div>\n\t<div class=\"tribe-related-event-info\">\n\t<h3 class=\"tribe-related-events-title\">\n\t\t<a href=\"https:\/\/cafelapalma.com\/en\/programacion\/new-boix\/\" class=\"tribe-event-url\" rel=\"bookmark\">\n\t\t\tNEW BOIX\t\t<\/a>\n\t<\/h3>\n\t<span class=\"tribe-event-date-start\">10  September@22:00<\/span><span class=\"tribe-event-time\">23:45<\/span><\/div>\n<\/li>\n\t<\/ul>","protected":false},"excerpt":{"rendered":"<p>QUENOVI es una banda c\u00e1ntabra fundada durante el confinamiento de 2020 por el productor (B-Fuzz Recording Studio) y guitarrista santanderino Jos\u00e9 Antonio Serrano, quien se ha rodeado de talentosos m\u00fasicos para dar forma a un quinteto de lujo con un potente directo y un sonido enraizado en el rock, pero aderezado con multitud de influencias &hellip; <\/p>","protected":false},"author":2,"featured_media":21389,"template":"","meta":{"_tec_requires_first_save":false,"_uag_custom_page_level_css":"","loftloader_page_shortcode":"","_EventAllDay":false,"_EventTimezone":"Europe\/Madrid","_EventStartDate":"2022-05-21 21:00:00","_EventEndDate":"2022-05-21 23:45:00","_EventStartDateUTC":"2022-05-21 19:00:00","_EventEndDateUTC":"2022-05-21 21:45:00","_EventShowMap":false,"_EventShowMapLink":false,"_EventURL":"https:\/\/link.dice.fm\/D63db78b7e6d","_EventCost":"8","_EventCostDescription":"","_EventCurrencySymbol":"\u20ac","_EventCurrencyCode":"","_EventCurrencyPosition":"suffix","_EventDateTimeSeparator":"@","_EventTimeRangeSeparator":"-","_EventOrganizerID":[],"_EventVenueID":[0],"_OrganizerEmail":"","_OrganizerPhone":"","_OrganizerWebsite":"","_VenueAddress":"","_VenueCity":"","_VenueCountry":"","_VenueProvince":"","_VenueState":"","_VenueZip":"","_VenuePhone":"","_VenueURL":"","_VenueStateProvince":"","_VenueLat":"","_VenueLng":"","_VenueShowMap":false,"_VenueShowMapLink":false,"_tribe_blocks_recurrence_rules":"","_tribe_blocks_recurrence_description":"","_tribe_blocks_recurrence_exclusions":"","_ecp_custom_2":"","_tribe_events_status":"","_tribe_events_status_reason":"","_tribe_events_is_hybrid":"","_tribe_events_is_virtual":"","_tribe_events_virtual_video_source":"","_tribe_events_virtual_embed_video":"","_tribe_events_virtual_linked_button_text":"","_tribe_events_virtual_linked_button":"","_tribe_events_virtual_show_embed_at":"","_tribe_events_virtual_show_embed_to":[],"_tribe_events_virtual_show_on_event":"","_tribe_events_virtual_show_on_views":"","_tribe_events_virtual_url":"","footnotes":""},"tags":[10943,10940,8869,9928,2865,9147,9146,10950,779,10941,10948,9475,10945,9335,10938,1354,10947,10949,10944,10946,10942,10939],"tribe_events_cat":[8963],"class_list":["post-21387","tribe_events","type-tribe_events","status-publish","has-post-thumbnail","hentry","tag-alimento","tag-b-fuzz-recording-studio","tag-cafe-la-palma-2","tag-carlos-hernandez","tag-conciertos-cafe-la-palma","tag-conciertos-madrid","tag-conciertos-malasana","tag-disparate-sound","tag-funk","tag-jose-antonio-serrano","tag-jota-turpin","tag-new-wave","tag-pablo-solana","tag-paco-loco","tag-quenovi","tag-rock","tag-sal-de-mi-vida","tag-sharpop","tag-sin-miedo-a-caer","tag-the-taxi-talk","tag-turistas","tag-turpin","tribe_events_cat-concierto","cat_concierto"],"uagb_featured_image_src":{"full":["https:\/\/cafelapalma.com\/wp-content\/uploads\/2022\/02\/QUENOVI2_LOW.jpg",418,627,false],"thumbnail":["https:\/\/cafelapalma.com\/wp-content\/uploads\/2022\/02\/QUENOVI2_LOW-150x150.jpg",150,150,true],"medium":["https:\/\/cafelapalma.com\/wp-content\/uploads\/2022\/02\/QUENOVI2_LOW-200x300.jpg",200,300,true],"medium_large":["https:\/\/cafelapalma.com\/wp-content\/uploads\/2022\/02\/QUENOVI2_LOW.jpg",418,627,false],"large":["https:\/\/cafelapalma.com\/wp-content\/uploads\/2022\/02\/QUENOVI2_LOW.jpg",418,627,false],"1536x1536":["https:\/\/cafelapalma.com\/wp-content\/uploads\/2022\/02\/QUENOVI2_LOW.jpg",418,627,false],"2048x2048":["https:\/\/cafelapalma.com\/wp-content\/uploads\/2022\/02\/QUENOVI2_LOW.jpg",418,627,false],"trp-custom-language-flag":["https:\/\/cafelapalma.com\/wp-content\/uploads\/2022\/02\/QUENOVI2_LOW.jpg",8,12,false],"blossom-feminine-slider":["https:\/\/cafelapalma.com\/wp-content\/uploads\/2022\/02\/QUENOVI2_LOW.jpg",418,627,false],"blossom-feminine-featured":["https:\/\/cafelapalma.com\/wp-content\/uploads\/2022\/02\/QUENOVI2_LOW-418x600.jpg",418,600,true],"blossom-feminine-with-sidebar":["https:\/\/cafelapalma.com\/wp-content\/uploads\/2022\/02\/QUENOVI2_LOW-418x600.jpg",418,600,true],"blossom-feminine-blog":["https:\/\/cafelapalma.com\/wp-content\/uploads\/2022\/02\/QUENOVI2_LOW-418x435.jpg",418,435,true],"blossom-feminine-cat":["https:\/\/cafelapalma.com\/wp-content\/uploads\/2022\/02\/QUENOVI2_LOW-418x300.jpg",418,300,true],"blossom-feminine-related":["https:\/\/cafelapalma.com\/wp-content\/uploads\/2022\/02\/QUENOVI2_LOW-320x200.jpg",320,200,true],"blossom-feminine-schema":["https:\/\/cafelapalma.com\/wp-content\/uploads\/2022\/02\/QUENOVI2_LOW-40x60.jpg",40,60,true]},"uagb_author_info":{"display_name":"Victor","author_link":"https:\/\/cafelapalma.com\/en\/author\/comunicacion\/"},"uagb_comment_info":0,"uagb_excerpt":"QUENOVI es una banda c\u00e1ntabra fundada durante el confinamiento de 2020 por el productor (B-Fuzz Recording Studio) y guitarrista santanderino Jos\u00e9 Antonio Serrano, quien se ha rodeado de talentosos m\u00fasicos para dar forma a un quinteto de lujo con un potente directo y un sonido enraizado en el rock, pero aderezado con multitud de influencias&hellip;","_links":{"self":[{"href":"https:\/\/cafelapalma.com\/en\/wp-json\/wp\/v2\/tribe_events\/21387","targetHints":{"allow":["GET"]}}],"collection":[{"href":"https:\/\/cafelapalma.com\/en\/wp-json\/wp\/v2\/tribe_events"}],"about":[{"href":"https:\/\/cafelapalma.com\/en\/wp-json\/wp\/v2\/types\/tribe_events"}],"author":[{"embeddable":true,"href":"https:\/\/cafelapalma.com\/en\/wp-json\/wp\/v2\/users\/2"}],"version-history":[{"count":0,"href":"https:\/\/cafelapalma.com\/en\/wp-json\/wp\/v2\/tribe_events\/21387\/revisions"}],"wp:featuredmedia":[{"embeddable":true,"href":"https:\/\/cafelapalma.com\/en\/wp-json\/wp\/v2\/media\/21389"}],"wp:attachment":[{"href":"https:\/\/cafelapalma.com\/en\/wp-json\/wp\/v2\/media?parent=21387"}],"wp:term":[{"taxonomy":"post_tag","embeddable":true,"href":"https:\/\/cafelapalma.com\/en\/wp-json\/wp\/v2\/tags?post=21387"},{"taxonomy":"tribe_events_cat","embeddable":true,"href":"https:\/\/cafelapalma.com\/en\/wp-json\/wp\/v2\/tribe_events_cat?post=21387"}],"curies":[{"name":"wp","href":"https:\/\/api.w.org\/{rel}","templated":true}]}}

<div  class="tribe-events-schedule tribe-clearfix" >
	<p class="tribe-events-schedule__datetime">
		<span class="tribe-events-schedule__date tribe-events-schedule__date--start">
			21  May  2022		</span>

					<span class="tribe-events-schedule__separator tribe-events-schedule__separator--date">
				@			</span>
			<span class="tribe-events-schedule__time tribe-events-schedule__time--start">
				21:00			</span>
		
									<span class="tribe-events-schedule__separator tribe-events-schedule__separator--time">
					&#8211;				</span>
			
							<span class="tribe-events-schedule__time tribe-events-schedule__time--end">
					23:45				</span>
			
						</p>
</div>


<div  class="tribe-block tribe-block__event-price" >
			<span class="tribe-block__event-price__cost"> 8€ </span>
				<span class="tribe-block__event-price__description">+ gg Anticipada | 10€ Taquilla</span>
	</div>



<div style="height:100px" aria-hidden="true" class="wp-block-spacer"></div>



<div class="wp-block-columns is-layout-flex wp-container-core-columns-is-layout-8f761849 wp-block-columns-is-layout-flex">
<div class="wp-block-column is-layout-flow wp-block-column-is-layout-flow" style="flex-basis:33.33%">
<figure class="wp-block-image size-large"><img loading="lazy" decoding="async" width="430" height="608" src="https://cafelapalma.com/wp-content/uploads/2022/02/QUENOVI-LA-PALMA-A3-LOW.jpg" alt="" class="wp-image-21388" srcset="https://cafelapalma.com/wp-content/uploads/2022/02/QUENOVI-LA-PALMA-A3-LOW.jpg 430w, https://cafelapalma.com/wp-content/uploads/2022/02/QUENOVI-LA-PALMA-A3-LOW-212x300.jpg 212w, https://cafelapalma.com/wp-content/uploads/2022/02/QUENOVI-LA-PALMA-A3-LOW-42x60.jpg 42w" sizes="auto, (max-width: 430px) 100vw, 430px" /></figure>


<div  class="tribe-block tribe-block__event-website" >
	<a
		href="https://link.dice.fm/D63db78b7e6d"
		target="_self"
			>
		BUY TICKETS	</a>
</div>
</div>



<div class="wp-block-column is-layout-flow wp-block-column-is-layout-flow" style="flex-basis:66.66%">
<p class="wp-block-paragraph"></p>



<p class="has-text-align-left wp-block-paragraph"><strong>QUENOVI </strong>es una banda cántabra fundada durante el confinamiento de 2020 por el productor (<strong>B-Fuzz Recording Studio</strong>) y guitarrista santanderino <strong>José Antonio Serrano</strong>, quien se ha rodeado de talentosos músicos para dar forma a un quinteto de lujo con un potente directo y un sonido enraizado en el rock, pero aderezado con multitud de influencias que van desde el sonido new wave hasta ritmos funk, con un ojo puesto en las últimas décadas del siglo XX y el otro en el rock de nueva generación.</p>



<p class="has-text-align-left wp-block-paragraph">Con muchos años de experiencia musical a sus espaldas pero apenas uno de recorrido conjunto como formación, su disco de debut y su homónima gira <strong><em>&#8216;Turistas&#8217;</em></strong> está llevando a <strong>Quenovi </strong>a visitar las principales salas de conciertos del país. Su rock guitarrero y bailable con enormes estribillos garantiza la diversión con temas que animan a ser coreados a todo pulmón.</p>



<p class="has-text-align-left wp-block-paragraph"><strong>TURPIN </strong>es un grupo de <strong>Madrid </strong>en activo desde 2016 y con dos trabajos en el mercado: <strong><em>«Alimento» </em></strong>(2017) y <strong><em>«Sin miedo a caer»</em></strong>, producidos por <strong>Paco Loco</strong> y <strong>Carlos Hernández</strong> respectivamente. Sus creadores son <strong>Pablo Solana</strong> (productor musical y miembro también de grupos como <strong>The Taxi Talk</strong> y <strong>Sal de mi vida</strong>) y <strong>Jota Turpin</strong>. Hacen <em>sharpop</em>: guitarras y letras afiladas en melodías pop reconocibles. Nace desde la autoproducción y el apoyo de <strong>Disparate Sound</strong>.</p>
</div>
</div>



<div style="height:100px" aria-hidden="true" class="wp-block-spacer"></div>



<hr class="wp-block-separator is-style-wide"/>



<div style="height:100px" aria-hidden="true" class="wp-block-spacer"></div>


<h2 class="tribe-block__related-events__title">Related Events</h2>

<ul  class="tribe-related-events tribe-clearfix" >
			<li>
	
<div class="tribe-related-events-thumbnail">
	<a href="https://cafelapalma.com/en/programacion/funkin-donuts/" class="url" rel="bookmark" tabindex="-1" aria-hidden="true"><img loading="lazy" decoding="async" width="693" height="1040" src="https://cafelapalma.com/wp-content/uploads/2026/07/FD-vert2-bn-693x1040.jpg" class="attachment-large size-large wp-post-image" alt="" /></a>
</div>
	<div class="tribe-related-event-info">
	<h3 class="tribe-related-events-title">
		<a href="https://cafelapalma.com/en/programacion/funkin-donuts/" class="tribe-event-url" rel="bookmark">
			FUNKIN&#8217; DONUTS		</a>
	</h3>
	<span class="tribe-event-date-start">5  September@22:00</span><span class="tribe-event-time">23:45</span></div>
</li>
			<li>
	
<div class="tribe-related-events-thumbnail">
	<a href="https://cafelapalma.com/en/programacion/willie-deville-concierto-benefico-x-venezuela/" class="url" rel="bookmark" tabindex="-1" aria-hidden="true"><img loading="lazy" decoding="async" width="1020" height="531" src="https://cafelapalma.com/wp-content/uploads/2026/08/Willie-deville-1100x572-1-1040x541.jpg" class="attachment-large size-large wp-post-image" alt="" /></a>
</div>
	<div class="tribe-related-event-info">
	<h3 class="tribe-related-events-title">
		<a href="https://cafelapalma.com/en/programacion/willie-deville-concierto-benefico-x-venezuela/" class="tribe-event-url" rel="bookmark">
			WILLIE DEVILLE: CONCIERTO BENÉFICO X VENEZUELA		</a>
	</h3>
	<span class="tribe-event-date-start">6  September@21:00</span><span class="tribe-event-time">23:45</span></div>
</li>
			<li>
	
<div class="tribe-related-events-thumbnail">
	<a href="https://cafelapalma.com/en/programacion/new-boix/" class="url" rel="bookmark" tabindex="-1" aria-hidden="true"><img loading="lazy" decoding="async" width="694" height="1040" src="https://cafelapalma.com/wp-content/uploads/2026/05/WhatsApp-Image-2026-04-29-at-12.00.28-694x1040.jpeg" class="attachment-large size-large wp-post-image" alt="" /></a>
</div>
	<div class="tribe-related-event-info">
	<h3 class="tribe-related-events-title">
		<a href="https://cafelapalma.com/en/programacion/new-boix/" class="tribe-event-url" rel="bookmark">
			NEW BOIX		</a>
	</h3>
	<span class="tribe-event-date-start">10  September@22:00</span><span class="tribe-event-time">23:45</span></div>
</li>
	</ul>

<p>QUENOVI es una banda cántabra fundada durante el confinamiento de 2020 por el productor (B-Fuzz Recording Studio) y guitarrista santanderino José Antonio Serrano, quien se ha rodeado de talentosos músicos para dar forma a un quinteto de lujo con un potente directo y un sonido enraizado en el rock, pero aderezado con multitud de influencias &hellip; </p>

QUENOVI es una banda cántabra fundada durante el confinamiento de 2020 por el productor (B-Fuzz Recording Studio) y guitarrista santanderino José Antonio Serrano, quien se ha rodeado de talentosos músicos para dar forma a un quinteto de lujo con un potente directo y un sonido enraizado en el rock, pero aderezado con multitud de influencias&hellip;
