{"id":21707,"date":"2022-03-09T17:11:08","date_gmt":"2022-03-09T16:11:08","guid":{"rendered":"https:\/\/cafelapalma.com\/programacion\/germen-live-1-diego900-alequi-copy\/"},"modified":"2022-03-09T17:14:01","modified_gmt":"2022-03-09T16:14:01","slug":"germen-live-2-ana-nieto-lian-faz","status":"publish","type":"tribe_events","link":"https:\/\/cafelapalma.com\/en\/programacion\/germen-live-2-ana-nieto-lian-faz\/","title":{"rendered":"GERMEN: ANA NIETO + LIAN FAZ"},"content":{"rendered":"<div  class=\"tribe-events-schedule tribe-clearfix\" >\n\t<p class=\"tribe-events-schedule__datetime\">\n\t\t<span class=\"tribe-events-schedule__date tribe-events-schedule__date--start\">\n\t\t\t08  April  2022\t\t<\/span>\n\n\t\t\t\t\t<span class=\"tribe-events-schedule__separator tribe-events-schedule__separator--date\">\n\t\t\t\t@\t\t\t<\/span>\n\t\t\t<span class=\"tribe-events-schedule__time tribe-events-schedule__time--start\">\n\t\t\t\t22:00\t\t\t<\/span>\n\t\t\n\t\t\t\t\t\t\t\t\t<span class=\"tribe-events-schedule__separator tribe-events-schedule__separator--time\">\n\t\t\t\t\t&#8211;\t\t\t\t<\/span>\n\t\t\t\n\t\t\t\t\t\t\t<span class=\"tribe-events-schedule__time tribe-events-schedule__time--end\">\n\t\t\t\t\t23:45\t\t\t\t<\/span>\n\t\t\t\n\t\t\t\t\t\t<\/p>\n<\/div>\n\n\n<div  class=\"tribe-block tribe-block__event-price\" >\n\t\t\t<span class=\"tribe-block__event-price__cost\"> 12\u20ac <\/span>\n\t\t\t\t<span class=\"tribe-block__event-price__description\">+ gg Anticipada | 15\u20ac Taquilla<\/span>\n\t<\/div>\n\n\n\n<div style=\"height:100px\" aria-hidden=\"true\" class=\"wp-block-spacer\"><\/div>\n\n\n\n<div class=\"wp-block-columns is-layout-flex wp-container-core-columns-is-layout-8f761849 wp-block-columns-is-layout-flex\">\n<div class=\"wp-block-column is-layout-flow wp-block-column-is-layout-flow\" style=\"flex-basis:33.33%\">\n<figure class=\"wp-block-image size-full\"><img loading=\"lazy\" decoding=\"async\" width=\"511\" height=\"511\" src=\"https:\/\/cafelapalma.com\/wp-content\/uploads\/2022\/03\/08.04_1.1-LOW.jpg\" alt=\"\" class=\"wp-image-21709\" srcset=\"https:\/\/cafelapalma.com\/wp-content\/uploads\/2022\/03\/08.04_1.1-LOW.jpg 511w, https:\/\/cafelapalma.com\/wp-content\/uploads\/2022\/03\/08.04_1.1-LOW-300x300.jpg 300w, https:\/\/cafelapalma.com\/wp-content\/uploads\/2022\/03\/08.04_1.1-LOW-150x150.jpg 150w, https:\/\/cafelapalma.com\/wp-content\/uploads\/2022\/03\/08.04_1.1-LOW-435x435.jpg 435w, https:\/\/cafelapalma.com\/wp-content\/uploads\/2022\/03\/08.04_1.1-LOW-60x60.jpg 60w\" sizes=\"auto, (max-width: 511px) 100vw, 511px\" \/><\/figure>\n\n\n<div  class=\"tribe-block tribe-block__event-website\" >\n\t<a\n\t\thref=\"https:\/\/link.dice.fm\/l2cfe1ab4698\"\n\t\ttarget=\"_self\"\n\t\t\t>\n\t\tBUY TICKETS\t<\/a>\n<\/div>\n<\/div>\n\n\n\n<div class=\"wp-block-column is-layout-flow wp-block-column-is-layout-flow\" style=\"flex-basis:66.66%\">\n<p class=\"has-text-align-left wp-block-paragraph\"><strong>GERMEN<\/strong> es un evento hecho por y para gente joven, en el que se presenta una nueva forma de consumir cultura y crear escena. <strong>GERMEN<\/strong> plantea una propuesta libre de etiquetas y barreras, que permite mostrar las sinergias existentes entre artistas de distintos estilos y la riqueza de la escena musical actual.<\/p>\n\n\n\n<p class=\"has-text-align-left wp-block-paragraph\"><strong>ANA NIETO<\/strong> y <strong>LIAN FAZ<\/strong> son dos de las grandes voces del nuevo R&amp;B en Espa\u00f1a. Tan vers\u00e1tiles como originales, ninguna de las dos se encasilla y son capaces de explorar diversos g\u00e9neros.<\/p>\n\n\n\n<p class=\"has-text-align-left wp-block-paragraph\"><strong>ANA NIETO<\/strong> nos presentar\u00e1 su \u00faltimo trabajo, el EP \u201c<strong><em>Kintsugi\u201d<\/em><\/strong>, que redefine el pop-trap con fuerte contenido mel\u00f3dico. <strong>LIAN FAZ<\/strong> se encuentra m\u00e1s pr\u00f3xima al R&amp;B y al hip-hop con matices de drum and bass y de otros m\u00faltiples estilos.<\/p>\n\n\n\n<p class=\"has-text-align-left wp-block-paragraph\">El objetivo de <strong>GERMEN<\/strong> es crear una experiencia en la que convivan los formatos de concierto y de club respetando la coherencia entre artistas. De esta forma, el p\u00fablico que acuda a los conciertos podr\u00e1 disfrutar del resto del evento y descubrir nueva m\u00fasica. La localizaci\u00f3n de <strong>GERMEN<\/strong> in <strong>CAFE LA PALMA<\/strong> servir\u00e1 como catalizador de este encuentro entre la vanguardia musical del momento.<\/p>\n\n\n\n<p class=\"has-text-align-left wp-block-paragraph\">Atr\u00e9vete a descubrir una nueva generaci\u00f3n de cantantes, bandas y djs, cada uno con su estilo propio, pero con una cosa en com\u00fan: ser el germen de la escena musical de este pa\u00eds.<\/p>\n<\/div>\n<\/div>\n\n\n\n<div style=\"height:100px\" aria-hidden=\"true\" class=\"wp-block-spacer\"><\/div>\n\n\n\n<hr class=\"wp-block-separator is-style-wide\"\/>\n\n\n\n<div style=\"height:100px\" aria-hidden=\"true\" class=\"wp-block-spacer\"><\/div>\n\n\n<h2 class=\"tribe-block__related-events__title\">Related Events<\/h2>\n\n<ul  class=\"tribe-related-events tribe-clearfix\" >\n\t\t\t<li>\n\t\n<div class=\"tribe-related-events-thumbnail\">\n\t<a href=\"https:\/\/cafelapalma.com\/en\/programacion\/funkin-donuts\/\" class=\"url\" rel=\"bookmark\" tabindex=\"-1\" aria-hidden=\"true\"><img loading=\"lazy\" decoding=\"async\" width=\"693\" height=\"1040\" src=\"https:\/\/cafelapalma.com\/wp-content\/uploads\/2026\/07\/FD-vert2-bn-693x1040.jpg\" class=\"attachment-large size-large wp-post-image\" alt=\"\" \/><\/a>\n<\/div>\n\t<div class=\"tribe-related-event-info\">\n\t<h3 class=\"tribe-related-events-title\">\n\t\t<a href=\"https:\/\/cafelapalma.com\/en\/programacion\/funkin-donuts\/\" class=\"tribe-event-url\" rel=\"bookmark\">\n\t\t\tFUNKIN&#8217; DONUTS\t\t<\/a>\n\t<\/h3>\n\t<span class=\"tribe-event-date-start\">5  September@22:00<\/span><span class=\"tribe-event-time\">23:45<\/span><\/div>\n<\/li>\n\t\t\t<li>\n\t\n<div class=\"tribe-related-events-thumbnail\">\n\t<a href=\"https:\/\/cafelapalma.com\/en\/programacion\/backstage-le-petit-truffle-mayo\/\" class=\"url\" rel=\"bookmark\" tabindex=\"-1\" aria-hidden=\"true\"><img loading=\"lazy\" decoding=\"async\" width=\"780\" height=\"1040\" src=\"https:\/\/cafelapalma.com\/wp-content\/uploads\/2026\/07\/Imagen-TruffleMayo-LePetit-i-1-780x1040.png\" class=\"attachment-large size-large wp-post-image\" alt=\"\" \/><\/a>\n<\/div>\n\t<div class=\"tribe-related-event-info\">\n\t<h3 class=\"tribe-related-events-title\">\n\t\t<a href=\"https:\/\/cafelapalma.com\/en\/programacion\/backstage-le-petit-truffle-mayo\/\" class=\"tribe-event-url\" rel=\"bookmark\">\n\t\t\tBACKSTAGE: LE PETIT + TRUFFLE MAYO\t\t<\/a>\n\t<\/h3>\n\t<span class=\"tribe-event-date-start\">5  September@23:55<\/span><\/div>\n<\/li>\n\t\t\t<li>\n\t\n<div class=\"tribe-related-events-thumbnail\">\n\t<a href=\"https:\/\/cafelapalma.com\/en\/programacion\/willie-deville-concierto-benefico-x-venezuela\/\" class=\"url\" rel=\"bookmark\" tabindex=\"-1\" aria-hidden=\"true\"><img loading=\"lazy\" decoding=\"async\" width=\"1020\" height=\"531\" src=\"https:\/\/cafelapalma.com\/wp-content\/uploads\/2026\/08\/Willie-deville-1100x572-1-1040x541.jpg\" class=\"attachment-large size-large wp-post-image\" alt=\"\" \/><\/a>\n<\/div>\n\t<div class=\"tribe-related-event-info\">\n\t<h3 class=\"tribe-related-events-title\">\n\t\t<a href=\"https:\/\/cafelapalma.com\/en\/programacion\/willie-deville-concierto-benefico-x-venezuela\/\" class=\"tribe-event-url\" rel=\"bookmark\">\n\t\t\tWILLIE DEVILLE: CONCIERTO BEN\u00c9FICO X VENEZUELA\t\t<\/a>\n\t<\/h3>\n\t<span class=\"tribe-event-date-start\">6  September@21:00<\/span><span class=\"tribe-event-time\">23:45<\/span><\/div>\n<\/li>\n\t<\/ul>","protected":false},"excerpt":{"rendered":"<p>GERMEN es un evento hecho por y para gente joven, en el que se presenta una nueva forma de consumir cultura y crear escena. GERMEN plantea una propuesta libre de etiquetas y barreras, que permite mostrar las sinergias existentes entre artistas de distintos estilos y la riqueza de la escena musical actual. ANA NIETO y &hellip; <\/p>","protected":false},"author":2,"featured_media":21704,"template":"","meta":{"_tec_requires_first_save":false,"_uag_custom_page_level_css":"","loftloader_page_shortcode":"","_EventAllDay":false,"_EventTimezone":"Europe\/Madrid","_EventStartDate":"2022-04-08 22:00:00","_EventEndDate":"2022-04-08 23:45:00","_EventStartDateUTC":"2022-04-08 20:00:00","_EventEndDateUTC":"2022-04-08 21:45:00","_EventShowMap":false,"_EventShowMapLink":false,"_EventURL":"https:\/\/link.dice.fm\/l2cfe1ab4698","_EventCost":"12","_EventCostDescription":"","_EventCurrencySymbol":"\u20ac","_EventCurrencyCode":"","_EventCurrencyPosition":"suffix","_EventDateTimeSeparator":"@","_EventTimeRangeSeparator":"-","_EventOrganizerID":[],"_EventVenueID":[0],"_OrganizerEmail":"","_OrganizerPhone":"","_OrganizerWebsite":"","_VenueAddress":"","_VenueCity":"","_VenueCountry":"","_VenueProvince":"","_VenueState":"","_VenueZip":"","_VenuePhone":"","_VenueURL":"","_VenueStateProvince":"","_VenueLat":"","_VenueLng":"","_VenueShowMap":false,"_VenueShowMapLink":false,"_tribe_blocks_recurrence_rules":"","_tribe_blocks_recurrence_description":"","_tribe_blocks_recurrence_exclusions":"","_ecp_custom_2":"","_tribe_events_status":"","_tribe_events_status_reason":"","_tribe_events_is_hybrid":"","_tribe_events_is_virtual":"","_tribe_events_virtual_video_source":"","_tribe_events_virtual_embed_video":"","_tribe_events_virtual_linked_button_text":"","_tribe_events_virtual_linked_button":"","_tribe_events_virtual_show_embed_at":"","_tribe_events_virtual_show_embed_to":[],"_tribe_events_virtual_show_on_event":"","_tribe_events_virtual_show_on_views":"","_tribe_events_virtual_url":"","footnotes":""},"tags":[11114,11120,1363,2865,9147,9146,11123,11113,11115,8970,11011,11012,11122,11121,1355,9632,2397,9349],"tribe_events_cat":[8963],"class_list":["post-21707","tribe_events","type-tribe_events","status-publish","has-post-thumbnail","hentry","tag-4ent","tag-ana-nieto","tag-cafe-la-palma","tag-conciertos-cafe-la-palma","tag-conciertos-madrid","tag-conciertos-malasana","tag-drum-bass","tag-germen","tag-germen-live","tag-indie","tag-jagermaister","tag-jagermusic","tag-kintsugi","tag-lian-faz","tag-pop","tag-rb","tag-trap","tag-urban","tribe_events_cat-concierto","cat_concierto"],"uagb_featured_image_src":{"full":["https:\/\/cafelapalma.com\/wp-content\/uploads\/2022\/03\/germen-g-LOW.png",613,614,false],"thumbnail":["https:\/\/cafelapalma.com\/wp-content\/uploads\/2022\/03\/germen-g-LOW-150x150.png",150,150,true],"medium":["https:\/\/cafelapalma.com\/wp-content\/uploads\/2022\/03\/germen-g-LOW-300x300.png",300,300,true],"medium_large":["https:\/\/cafelapalma.com\/wp-content\/uploads\/2022\/03\/germen-g-LOW.png",613,614,false],"large":["https:\/\/cafelapalma.com\/wp-content\/uploads\/2022\/03\/germen-g-LOW.png",613,614,false],"1536x1536":["https:\/\/cafelapalma.com\/wp-content\/uploads\/2022\/03\/germen-g-LOW.png",613,614,false],"2048x2048":["https:\/\/cafelapalma.com\/wp-content\/uploads\/2022\/03\/germen-g-LOW.png",613,614,false],"trp-custom-language-flag":["https:\/\/cafelapalma.com\/wp-content\/uploads\/2022\/03\/germen-g-LOW.png",12,12,false],"blossom-feminine-slider":["https:\/\/cafelapalma.com\/wp-content\/uploads\/2022\/03\/germen-g-LOW.png",613,614,false],"blossom-feminine-featured":["https:\/\/cafelapalma.com\/wp-content\/uploads\/2022\/03\/germen-g-LOW-613x600.png",613,600,true],"blossom-feminine-with-sidebar":["https:\/\/cafelapalma.com\/wp-content\/uploads\/2022\/03\/germen-g-LOW-613x600.png",613,600,true],"blossom-feminine-blog":["https:\/\/cafelapalma.com\/wp-content\/uploads\/2022\/03\/germen-g-LOW-435x435.png",435,435,true],"blossom-feminine-cat":["https:\/\/cafelapalma.com\/wp-content\/uploads\/2022\/03\/germen-g-LOW-450x300.png",450,300,true],"blossom-feminine-related":["https:\/\/cafelapalma.com\/wp-content\/uploads\/2022\/03\/germen-g-LOW-320x200.png",320,200,true],"blossom-feminine-schema":["https:\/\/cafelapalma.com\/wp-content\/uploads\/2022\/03\/germen-g-LOW-60x60.png",60,60,true]},"uagb_author_info":{"display_name":"Victor","author_link":"https:\/\/cafelapalma.com\/en\/author\/comunicacion\/"},"uagb_comment_info":0,"uagb_excerpt":"GERMEN es un evento hecho por y para gente joven, en el que se presenta una nueva forma de consumir cultura y crear escena. GERMEN plantea una propuesta libre de etiquetas y barreras, que permite mostrar las sinergias existentes entre artistas de distintos estilos y la riqueza de la escena musical actual. ANA NIETO y&hellip;","_links":{"self":[{"href":"https:\/\/cafelapalma.com\/en\/wp-json\/wp\/v2\/tribe_events\/21707","targetHints":{"allow":["GET"]}}],"collection":[{"href":"https:\/\/cafelapalma.com\/en\/wp-json\/wp\/v2\/tribe_events"}],"about":[{"href":"https:\/\/cafelapalma.com\/en\/wp-json\/wp\/v2\/types\/tribe_events"}],"author":[{"embeddable":true,"href":"https:\/\/cafelapalma.com\/en\/wp-json\/wp\/v2\/users\/2"}],"version-history":[{"count":0,"href":"https:\/\/cafelapalma.com\/en\/wp-json\/wp\/v2\/tribe_events\/21707\/revisions"}],"wp:featuredmedia":[{"embeddable":true,"href":"https:\/\/cafelapalma.com\/en\/wp-json\/wp\/v2\/media\/21704"}],"wp:attachment":[{"href":"https:\/\/cafelapalma.com\/en\/wp-json\/wp\/v2\/media?parent=21707"}],"wp:term":[{"taxonomy":"post_tag","embeddable":true,"href":"https:\/\/cafelapalma.com\/en\/wp-json\/wp\/v2\/tags?post=21707"},{"taxonomy":"tribe_events_cat","embeddable":true,"href":"https:\/\/cafelapalma.com\/en\/wp-json\/wp\/v2\/tribe_events_cat?post=21707"}],"curies":[{"name":"wp","href":"https:\/\/api.w.org\/{rel}","templated":true}]}}

<div  class="tribe-events-schedule tribe-clearfix" >
	<p class="tribe-events-schedule__datetime">
		<span class="tribe-events-schedule__date tribe-events-schedule__date--start">
			08  April  2022		</span>

					<span class="tribe-events-schedule__separator tribe-events-schedule__separator--date">
				@			</span>
			<span class="tribe-events-schedule__time tribe-events-schedule__time--start">
				22:00			</span>
		
									<span class="tribe-events-schedule__separator tribe-events-schedule__separator--time">
					&#8211;				</span>
			
							<span class="tribe-events-schedule__time tribe-events-schedule__time--end">
					23:45				</span>
			
						</p>
</div>


<div  class="tribe-block tribe-block__event-price" >
			<span class="tribe-block__event-price__cost"> 12€ </span>
				<span class="tribe-block__event-price__description">+ gg Anticipada | 15€ Taquilla</span>
	</div>



<div style="height:100px" aria-hidden="true" class="wp-block-spacer"></div>



<div class="wp-block-columns is-layout-flex wp-container-core-columns-is-layout-8f761849 wp-block-columns-is-layout-flex">
<div class="wp-block-column is-layout-flow wp-block-column-is-layout-flow" style="flex-basis:33.33%">
<figure class="wp-block-image size-full"><img loading="lazy" decoding="async" width="511" height="511" src="https://cafelapalma.com/wp-content/uploads/2022/03/08.04_1.1-LOW.jpg" alt="" class="wp-image-21709" srcset="https://cafelapalma.com/wp-content/uploads/2022/03/08.04_1.1-LOW.jpg 511w, https://cafelapalma.com/wp-content/uploads/2022/03/08.04_1.1-LOW-300x300.jpg 300w, https://cafelapalma.com/wp-content/uploads/2022/03/08.04_1.1-LOW-150x150.jpg 150w, https://cafelapalma.com/wp-content/uploads/2022/03/08.04_1.1-LOW-435x435.jpg 435w, https://cafelapalma.com/wp-content/uploads/2022/03/08.04_1.1-LOW-60x60.jpg 60w" sizes="auto, (max-width: 511px) 100vw, 511px" /></figure>


<div  class="tribe-block tribe-block__event-website" >
	<a
		href="https://link.dice.fm/l2cfe1ab4698"
		target="_self"
			>
		BUY TICKETS	</a>
</div>
</div>



<div class="wp-block-column is-layout-flow wp-block-column-is-layout-flow" style="flex-basis:66.66%">
<p class="has-text-align-left wp-block-paragraph"><strong>GERMEN</strong> es un evento hecho por y para gente joven, en el que se presenta una nueva forma de consumir cultura y crear escena. <strong>GERMEN</strong> plantea una propuesta libre de etiquetas y barreras, que permite mostrar las sinergias existentes entre artistas de distintos estilos y la riqueza de la escena musical actual.</p>



<p class="has-text-align-left wp-block-paragraph"><strong>ANA NIETO</strong> y <strong>LIAN FAZ</strong> son dos de las grandes voces del nuevo R&amp;B en España. Tan versátiles como originales, ninguna de las dos se encasilla y son capaces de explorar diversos géneros.</p>



<p class="has-text-align-left wp-block-paragraph"><strong>ANA NIETO</strong> nos presentará su último trabajo, el EP “<strong><em>Kintsugi”</em></strong>, que redefine el pop-trap con fuerte contenido melódico. <strong>LIAN FAZ</strong> se encuentra más próxima al R&amp;B y al hip-hop con matices de drum and bass y de otros múltiples estilos.</p>



<p class="has-text-align-left wp-block-paragraph">El objetivo de <strong>GERMEN</strong> es crear una experiencia en la que convivan los formatos de concierto y de club respetando la coherencia entre artistas. De esta forma, el público que acuda a los conciertos podrá disfrutar del resto del evento y descubrir nueva música. La localización de <strong>GERMEN</strong> in <strong>CAFE LA PALMA</strong> servirá como catalizador de este encuentro entre la vanguardia musical del momento.</p>



<p class="has-text-align-left wp-block-paragraph">Atrévete a descubrir una nueva generación de cantantes, bandas y djs, cada uno con su estilo propio, pero con una cosa en común: ser el germen de la escena musical de este país.</p>
</div>
</div>



<div style="height:100px" aria-hidden="true" class="wp-block-spacer"></div>



<hr class="wp-block-separator is-style-wide"/>



<div style="height:100px" aria-hidden="true" class="wp-block-spacer"></div>


<h2 class="tribe-block__related-events__title">Related Events</h2>

<ul  class="tribe-related-events tribe-clearfix" >
			<li>
	
<div class="tribe-related-events-thumbnail">
	<a href="https://cafelapalma.com/en/programacion/funkin-donuts/" class="url" rel="bookmark" tabindex="-1" aria-hidden="true"><img loading="lazy" decoding="async" width="693" height="1040" src="https://cafelapalma.com/wp-content/uploads/2026/07/FD-vert2-bn-693x1040.jpg" class="attachment-large size-large wp-post-image" alt="" /></a>
</div>
	<div class="tribe-related-event-info">
	<h3 class="tribe-related-events-title">
		<a href="https://cafelapalma.com/en/programacion/funkin-donuts/" class="tribe-event-url" rel="bookmark">
			FUNKIN&#8217; DONUTS		</a>
	</h3>
	<span class="tribe-event-date-start">5  September@22:00</span><span class="tribe-event-time">23:45</span></div>
</li>
			<li>
	
<div class="tribe-related-events-thumbnail">
	<a href="https://cafelapalma.com/en/programacion/backstage-le-petit-truffle-mayo/" class="url" rel="bookmark" tabindex="-1" aria-hidden="true"><img loading="lazy" decoding="async" width="780" height="1040" src="https://cafelapalma.com/wp-content/uploads/2026/07/Imagen-TruffleMayo-LePetit-i-1-780x1040.png" class="attachment-large size-large wp-post-image" alt="" /></a>
</div>
	<div class="tribe-related-event-info">
	<h3 class="tribe-related-events-title">
		<a href="https://cafelapalma.com/en/programacion/backstage-le-petit-truffle-mayo/" class="tribe-event-url" rel="bookmark">
			BACKSTAGE: LE PETIT + TRUFFLE MAYO		</a>
	</h3>
	<span class="tribe-event-date-start">5  September@23:55</span></div>
</li>
			<li>
	
<div class="tribe-related-events-thumbnail">
	<a href="https://cafelapalma.com/en/programacion/willie-deville-concierto-benefico-x-venezuela/" class="url" rel="bookmark" tabindex="-1" aria-hidden="true"><img loading="lazy" decoding="async" width="1020" height="531" src="https://cafelapalma.com/wp-content/uploads/2026/08/Willie-deville-1100x572-1-1040x541.jpg" class="attachment-large size-large wp-post-image" alt="" /></a>
</div>
	<div class="tribe-related-event-info">
	<h3 class="tribe-related-events-title">
		<a href="https://cafelapalma.com/en/programacion/willie-deville-concierto-benefico-x-venezuela/" class="tribe-event-url" rel="bookmark">
			WILLIE DEVILLE: CONCIERTO BENÉFICO X VENEZUELA		</a>
	</h3>
	<span class="tribe-event-date-start">6  September@21:00</span><span class="tribe-event-time">23:45</span></div>
</li>
	</ul>
