{"id":21904,"date":"2022-03-22T13:07:29","date_gmt":"2022-03-22T12:07:29","guid":{"rendered":"https:\/\/cafelapalma.com\/?post_type=tribe_events&#038;p=21904"},"modified":"2022-03-22T13:07:31","modified_gmt":"2022-03-22T12:07:31","slug":"malforta","status":"publish","type":"tribe_events","link":"https:\/\/cafelapalma.com\/en\/programacion\/malforta\/","title":{"rendered":"MALFORTA"},"content":{"rendered":"<div  class=\"tribe-events-schedule tribe-clearfix\" >\n\t<p class=\"tribe-events-schedule__datetime\">\n\t\t<span class=\"tribe-events-schedule__date tribe-events-schedule__date--start\">\n\t\t\t24  April  2022\t\t<\/span>\n\n\t\t\t\t\t<span class=\"tribe-events-schedule__separator tribe-events-schedule__separator--date\">\n\t\t\t\t@\t\t\t<\/span>\n\t\t\t<span class=\"tribe-events-schedule__time tribe-events-schedule__time--start\">\n\t\t\t\t21:00\t\t\t<\/span>\n\t\t\n\t\t\t\t\t\t\t\t\t<span class=\"tribe-events-schedule__separator tribe-events-schedule__separator--time\">\n\t\t\t\t\t&#8211;\t\t\t\t<\/span>\n\t\t\t\n\t\t\t\t\t\t\t<span class=\"tribe-events-schedule__time tribe-events-schedule__time--end\">\n\t\t\t\t\t23:15\t\t\t\t<\/span>\n\t\t\t\n\t\t\t\t\t\t<\/p>\n<\/div>\n\n\n<div  class=\"tribe-block tribe-block__event-price\" >\n\t\t\t<span class=\"tribe-block__event-price__cost\"> 10\u20ac <\/span>\n\t\t\t\t<span class=\"tribe-block__event-price__description\">+ gg Anticipada | 12\u20ac Taquilla<\/span>\n\t<\/div>\n\n\n\n<div style=\"height:100px\" aria-hidden=\"true\" class=\"wp-block-spacer\"><\/div>\n\n\n\n<div class=\"wp-block-columns is-layout-flex wp-container-core-columns-is-layout-8f761849 wp-block-columns-is-layout-flex\">\n<div class=\"wp-block-column is-layout-flow wp-block-column-is-layout-flow\" style=\"flex-basis:33.33%\">\n<figure class=\"wp-block-image size-large\"><img loading=\"lazy\" decoding=\"async\" width=\"575\" height=\"1024\" src=\"https:\/\/cafelapalma.com\/wp-content\/uploads\/2022\/03\/MALFORTA-STORIES-575x1024.jpeg\" alt=\"\" class=\"wp-image-21906\" srcset=\"https:\/\/cafelapalma.com\/wp-content\/uploads\/2022\/03\/MALFORTA-STORIES-575x1024.jpeg 575w, https:\/\/cafelapalma.com\/wp-content\/uploads\/2022\/03\/MALFORTA-STORIES-168x300.jpeg 168w, https:\/\/cafelapalma.com\/wp-content\/uploads\/2022\/03\/MALFORTA-STORIES-768x1368.jpeg 768w, https:\/\/cafelapalma.com\/wp-content\/uploads\/2022\/03\/MALFORTA-STORIES-862x1536.jpeg 862w, https:\/\/cafelapalma.com\/wp-content\/uploads\/2022\/03\/MALFORTA-STORIES-34x60.jpeg 34w, https:\/\/cafelapalma.com\/wp-content\/uploads\/2022\/03\/MALFORTA-STORIES.jpeg 898w\" sizes=\"auto, (max-width: 575px) 100vw, 575px\" \/><\/figure>\n\n\n<div  class=\"tribe-block tribe-block__event-website\" >\n\t<a\n\t\thref=\"https:\/\/mutick.com\/e\/concierto-de-malforta-en-madrid\"\n\t\ttarget=\"_self\"\n\t\t\t>\n\t\tBUY TICKETS\t<\/a>\n<\/div>\n<\/div>\n\n\n\n<div class=\"wp-block-column is-layout-flow wp-block-column-is-layout-flow\" style=\"flex-basis:66.66%\">\n<div style=\"height:100px\" aria-hidden=\"true\" class=\"wp-block-spacer\"><\/div>\n\n\n\n<p class=\"has-text-align-left wp-block-paragraph\"><strong>MALFORTA <\/strong>nace en un lugar hist\u00f3rico para la m\u00fasica como la ciudad fronteriza de <strong>Ir\u00fan <\/strong>y en un momento de incertidumbre como fue el a\u00f1o 2020. Esta mezcla puede ser una buena carta de presentaci\u00f3n para esta banda compuesta por <strong>Gorka Santalla<\/strong>, <strong>Jabier Muguruza<\/strong>, <strong>Jos\u00e9 Luis Garnica<\/strong>, <strong>Ricardo Mendiluze<\/strong> e <strong>I\u00f1igo Hern\u00e1ndez<\/strong>, cuya propuesta musical est\u00e1 repleta de himnos oscuros y llenos de magnetismo.<\/p>\n\n\n\n<p class=\"has-text-align-left wp-block-paragraph\">Canciones forjadas all\u00ed donde nacen las grandes composiciones: en los problemas cotidianos que llegan a conseguir estrangularte cada d\u00eda, pero con una inmensa carga emocional y melod\u00edas pegadizas donde sobresale la voz contundente y sincera de Gorka.<\/p>\n\n\n\n<p class=\"has-text-align-left wp-block-paragraph\">Grabado en los <strong>Estudios MOTU<\/strong> bajo la producci\u00f3n de <strong>Guillermo F. Mutiloa<\/strong>, <strong><em>\u2018MALFORTA\u2019<\/em><\/strong> (2021) supone, sin duda, un disco feroz.<\/p>\n<\/div>\n<\/div>\n\n\n\n<div style=\"height:100px\" aria-hidden=\"true\" class=\"wp-block-spacer\"><\/div>\n\n\n\n<hr class=\"wp-block-separator is-style-wide\"\/>\n\n\n\n<div style=\"height:100px\" aria-hidden=\"true\" class=\"wp-block-spacer\"><\/div>\n\n\n<h2 class=\"tribe-block__related-events__title\">Related Events<\/h2>\n\n<ul  class=\"tribe-related-events tribe-clearfix\" >\n\t\t\t<li>\n\t\n<div class=\"tribe-related-events-thumbnail\">\n\t<a href=\"https:\/\/cafelapalma.com\/en\/programacion\/funkin-donuts\/\" class=\"url\" rel=\"bookmark\" tabindex=\"-1\" aria-hidden=\"true\"><img loading=\"lazy\" decoding=\"async\" width=\"693\" height=\"1040\" src=\"https:\/\/cafelapalma.com\/wp-content\/uploads\/2026\/07\/FD-vert2-bn-693x1040.jpg\" class=\"attachment-large size-large wp-post-image\" alt=\"\" \/><\/a>\n<\/div>\n\t<div class=\"tribe-related-event-info\">\n\t<h3 class=\"tribe-related-events-title\">\n\t\t<a href=\"https:\/\/cafelapalma.com\/en\/programacion\/funkin-donuts\/\" class=\"tribe-event-url\" rel=\"bookmark\">\n\t\t\tFUNKIN&#8217; DONUTS\t\t<\/a>\n\t<\/h3>\n\t<span class=\"tribe-event-date-start\">5  September@22:00<\/span><span class=\"tribe-event-time\">23:45<\/span><\/div>\n<\/li>\n\t\t\t<li>\n\t\n<div class=\"tribe-related-events-thumbnail\">\n\t<a href=\"https:\/\/cafelapalma.com\/en\/programacion\/backstage-le-petit-truffle-mayo\/\" class=\"url\" rel=\"bookmark\" tabindex=\"-1\" aria-hidden=\"true\"><img loading=\"lazy\" decoding=\"async\" width=\"780\" height=\"1040\" src=\"https:\/\/cafelapalma.com\/wp-content\/uploads\/2026\/07\/Imagen-TruffleMayo-LePetit-i-1-780x1040.png\" class=\"attachment-large size-large wp-post-image\" alt=\"\" \/><\/a>\n<\/div>\n\t<div class=\"tribe-related-event-info\">\n\t<h3 class=\"tribe-related-events-title\">\n\t\t<a href=\"https:\/\/cafelapalma.com\/en\/programacion\/backstage-le-petit-truffle-mayo\/\" class=\"tribe-event-url\" rel=\"bookmark\">\n\t\t\tBACKSTAGE: LE PETIT + TRUFFLE MAYO\t\t<\/a>\n\t<\/h3>\n\t<span class=\"tribe-event-date-start\">5  September@23:55<\/span><\/div>\n<\/li>\n\t\t\t<li>\n\t\n<div class=\"tribe-related-events-thumbnail\">\n\t<a href=\"https:\/\/cafelapalma.com\/en\/programacion\/willie-deville-concierto-benefico-x-venezuela\/\" class=\"url\" rel=\"bookmark\" tabindex=\"-1\" aria-hidden=\"true\"><img loading=\"lazy\" decoding=\"async\" width=\"1020\" height=\"531\" src=\"https:\/\/cafelapalma.com\/wp-content\/uploads\/2026\/08\/Willie-deville-1100x572-1-1040x541.jpg\" class=\"attachment-large size-large wp-post-image\" alt=\"\" \/><\/a>\n<\/div>\n\t<div class=\"tribe-related-event-info\">\n\t<h3 class=\"tribe-related-events-title\">\n\t\t<a href=\"https:\/\/cafelapalma.com\/en\/programacion\/willie-deville-concierto-benefico-x-venezuela\/\" class=\"tribe-event-url\" rel=\"bookmark\">\n\t\t\tWILLIE DEVILLE: CONCIERTO BEN\u00c9FICO X VENEZUELA\t\t<\/a>\n\t<\/h3>\n\t<span class=\"tribe-event-date-start\">6  September@21:00<\/span><span class=\"tribe-event-time\">23:45<\/span><\/div>\n<\/li>\n\t<\/ul>","protected":false},"excerpt":{"rendered":"<p>MALFORTA nace en un lugar hist\u00f3rico para la m\u00fasica como la ciudad fronteriza de Ir\u00fan y en un momento de incertidumbre como fue el a\u00f1o 2020. Esta mezcla puede ser una buena carta de presentaci\u00f3n para esta banda compuesta por Gorka Santalla, Jabier Muguruza, Jos\u00e9 Luis Garnica, Ricardo Mendiluze e I\u00f1igo Hern\u00e1ndez, cuya propuesta musical &hellip; <\/p>","protected":false},"author":2,"featured_media":21907,"template":"","meta":{"_tec_requires_first_save":false,"_uag_custom_page_level_css":"","loftloader_page_shortcode":"","_EventAllDay":false,"_EventTimezone":"Europe\/Madrid","_EventStartDate":"2022-04-24 21:00:00","_EventEndDate":"2022-04-24 23:15:00","_EventStartDateUTC":"2022-04-24 19:00:00","_EventEndDateUTC":"2022-04-24 21:15:00","_EventShowMap":false,"_EventShowMapLink":false,"_EventURL":"https:\/\/mutick.com\/e\/concierto-de-malforta-en-madrid","_EventCost":"10","_EventCostDescription":"","_EventCurrencySymbol":"\u20ac","_EventCurrencyCode":"","_EventCurrencyPosition":"suffix","_EventDateTimeSeparator":"@","_EventTimeRangeSeparator":"-","_EventOrganizerID":[],"_EventVenueID":[0],"_OrganizerEmail":"","_OrganizerPhone":"","_OrganizerWebsite":"","_VenueAddress":"","_VenueCity":"","_VenueCountry":"","_VenueProvince":"","_VenueState":"","_VenueZip":"","_VenuePhone":"","_VenueURL":"","_VenueStateProvince":"","_VenueLat":"","_VenueLng":"","_VenueShowMap":false,"_VenueShowMapLink":false,"_tribe_blocks_recurrence_rules":"","_tribe_blocks_recurrence_description":"","_tribe_blocks_recurrence_exclusions":"","_ecp_custom_2":"","_tribe_events_status":"","_tribe_events_status_reason":"","_tribe_events_is_hybrid":"","_tribe_events_is_virtual":"","_tribe_events_virtual_video_source":"","_tribe_events_virtual_embed_video":"","_tribe_events_virtual_linked_button_text":"","_tribe_events_virtual_linked_button":"","_tribe_events_virtual_show_embed_at":"","_tribe_events_virtual_show_embed_to":[],"_tribe_events_virtual_show_on_event":"","_tribe_events_virtual_show_on_views":"","_tribe_events_virtual_url":"","footnotes":""},"tags":[1363,2865,9147,9146,11273,11270,11274,8970,11272,11266,11269,11268,11265,11267,11271,1354],"tribe_events_cat":[8963],"class_list":["post-21904","tribe_events","type-tribe_events","status-publish","has-post-thumbnail","hentry","tag-cafe-la-palma","tag-conciertos-cafe-la-palma","tag-conciertos-madrid","tag-conciertos-malasana","tag-estudios-motu","tag-gorka-santalla","tag-guillermo-f-mutiloa","tag-indie","tag-inigo-hernandez","tag-irun","tag-jabier-muguruza","tag-jose-luis-garnica","tag-malforta","tag-nordika","tag-ricardo-mendiluze","tag-rock","tribe_events_cat-concierto","cat_concierto"],"uagb_featured_image_src":{"full":["https:\/\/cafelapalma.com\/wp-content\/uploads\/2022\/03\/MalfortaPIC.jpg",1440,960,false],"thumbnail":["https:\/\/cafelapalma.com\/wp-content\/uploads\/2022\/03\/MalfortaPIC-150x150.jpg",150,150,true],"medium":["https:\/\/cafelapalma.com\/wp-content\/uploads\/2022\/03\/MalfortaPIC-300x200.jpg",300,200,true],"medium_large":["https:\/\/cafelapalma.com\/wp-content\/uploads\/2022\/03\/MalfortaPIC-768x512.jpg",768,512,true],"large":["https:\/\/cafelapalma.com\/wp-content\/uploads\/2022\/03\/MalfortaPIC-1024x683.jpg",1020,680,true],"1536x1536":["https:\/\/cafelapalma.com\/wp-content\/uploads\/2022\/03\/MalfortaPIC.jpg",1440,960,false],"2048x2048":["https:\/\/cafelapalma.com\/wp-content\/uploads\/2022\/03\/MalfortaPIC.jpg",1440,960,false],"trp-custom-language-flag":["https:\/\/cafelapalma.com\/wp-content\/uploads\/2022\/03\/MalfortaPIC.jpg",18,12,false],"blossom-feminine-slider":["https:\/\/cafelapalma.com\/wp-content\/uploads\/2022\/03\/MalfortaPIC-1440x649.jpg",1440,649,true],"blossom-feminine-featured":["https:\/\/cafelapalma.com\/wp-content\/uploads\/2022\/03\/MalfortaPIC-1410x600.jpg",1410,600,true],"blossom-feminine-with-sidebar":["https:\/\/cafelapalma.com\/wp-content\/uploads\/2022\/03\/MalfortaPIC-1020x600.jpg",1020,600,true],"blossom-feminine-blog":["https:\/\/cafelapalma.com\/wp-content\/uploads\/2022\/03\/MalfortaPIC-435x435.jpg",435,435,true],"blossom-feminine-cat":["https:\/\/cafelapalma.com\/wp-content\/uploads\/2022\/03\/MalfortaPIC-450x300.jpg",450,300,true],"blossom-feminine-related":["https:\/\/cafelapalma.com\/wp-content\/uploads\/2022\/03\/MalfortaPIC-320x200.jpg",320,200,true],"blossom-feminine-schema":["https:\/\/cafelapalma.com\/wp-content\/uploads\/2022\/03\/MalfortaPIC-90x60.jpg",90,60,true]},"uagb_author_info":{"display_name":"Victor","author_link":"https:\/\/cafelapalma.com\/en\/author\/comunicacion\/"},"uagb_comment_info":0,"uagb_excerpt":"MALFORTA nace en un lugar hist\u00f3rico para la m\u00fasica como la ciudad fronteriza de Ir\u00fan y en un momento de incertidumbre como fue el a\u00f1o 2020. Esta mezcla puede ser una buena carta de presentaci\u00f3n para esta banda compuesta por Gorka Santalla, Jabier Muguruza, Jos\u00e9 Luis Garnica, Ricardo Mendiluze e I\u00f1igo Hern\u00e1ndez, cuya propuesta musical&hellip;","_links":{"self":[{"href":"https:\/\/cafelapalma.com\/en\/wp-json\/wp\/v2\/tribe_events\/21904","targetHints":{"allow":["GET"]}}],"collection":[{"href":"https:\/\/cafelapalma.com\/en\/wp-json\/wp\/v2\/tribe_events"}],"about":[{"href":"https:\/\/cafelapalma.com\/en\/wp-json\/wp\/v2\/types\/tribe_events"}],"author":[{"embeddable":true,"href":"https:\/\/cafelapalma.com\/en\/wp-json\/wp\/v2\/users\/2"}],"version-history":[{"count":0,"href":"https:\/\/cafelapalma.com\/en\/wp-json\/wp\/v2\/tribe_events\/21904\/revisions"}],"wp:featuredmedia":[{"embeddable":true,"href":"https:\/\/cafelapalma.com\/en\/wp-json\/wp\/v2\/media\/21907"}],"wp:attachment":[{"href":"https:\/\/cafelapalma.com\/en\/wp-json\/wp\/v2\/media?parent=21904"}],"wp:term":[{"taxonomy":"post_tag","embeddable":true,"href":"https:\/\/cafelapalma.com\/en\/wp-json\/wp\/v2\/tags?post=21904"},{"taxonomy":"tribe_events_cat","embeddable":true,"href":"https:\/\/cafelapalma.com\/en\/wp-json\/wp\/v2\/tribe_events_cat?post=21904"}],"curies":[{"name":"wp","href":"https:\/\/api.w.org\/{rel}","templated":true}]}}

<div  class="tribe-events-schedule tribe-clearfix" >
	<p class="tribe-events-schedule__datetime">
		<span class="tribe-events-schedule__date tribe-events-schedule__date--start">
			24  April  2022		</span>

					<span class="tribe-events-schedule__separator tribe-events-schedule__separator--date">
				@			</span>
			<span class="tribe-events-schedule__time tribe-events-schedule__time--start">
				21:00			</span>
		
									<span class="tribe-events-schedule__separator tribe-events-schedule__separator--time">
					&#8211;				</span>
			
							<span class="tribe-events-schedule__time tribe-events-schedule__time--end">
					23:15				</span>
			
						</p>
</div>


<div  class="tribe-block tribe-block__event-price" >
			<span class="tribe-block__event-price__cost"> 10€ </span>
				<span class="tribe-block__event-price__description">+ gg Anticipada | 12€ Taquilla</span>
	</div>



<div style="height:100px" aria-hidden="true" class="wp-block-spacer"></div>



<div class="wp-block-columns is-layout-flex wp-container-core-columns-is-layout-8f761849 wp-block-columns-is-layout-flex">
<div class="wp-block-column is-layout-flow wp-block-column-is-layout-flow" style="flex-basis:33.33%">
<figure class="wp-block-image size-large"><img loading="lazy" decoding="async" width="575" height="1024" src="https://cafelapalma.com/wp-content/uploads/2022/03/MALFORTA-STORIES-575x1024.jpeg" alt="" class="wp-image-21906" srcset="https://cafelapalma.com/wp-content/uploads/2022/03/MALFORTA-STORIES-575x1024.jpeg 575w, https://cafelapalma.com/wp-content/uploads/2022/03/MALFORTA-STORIES-168x300.jpeg 168w, https://cafelapalma.com/wp-content/uploads/2022/03/MALFORTA-STORIES-768x1368.jpeg 768w, https://cafelapalma.com/wp-content/uploads/2022/03/MALFORTA-STORIES-862x1536.jpeg 862w, https://cafelapalma.com/wp-content/uploads/2022/03/MALFORTA-STORIES-34x60.jpeg 34w, https://cafelapalma.com/wp-content/uploads/2022/03/MALFORTA-STORIES.jpeg 898w" sizes="auto, (max-width: 575px) 100vw, 575px" /></figure>


<div  class="tribe-block tribe-block__event-website" >
	<a
		href="https://mutick.com/e/concierto-de-malforta-en-madrid"
		target="_self"
			>
		BUY TICKETS	</a>
</div>
</div>



<div class="wp-block-column is-layout-flow wp-block-column-is-layout-flow" style="flex-basis:66.66%">
<div style="height:100px" aria-hidden="true" class="wp-block-spacer"></div>



<p class="has-text-align-left wp-block-paragraph"><strong>MALFORTA </strong>nace en un lugar histórico para la música como la ciudad fronteriza de <strong>Irún </strong>y en un momento de incertidumbre como fue el año 2020. Esta mezcla puede ser una buena carta de presentación para esta banda compuesta por <strong>Gorka Santalla</strong>, <strong>Jabier Muguruza</strong>, <strong>José Luis Garnica</strong>, <strong>Ricardo Mendiluze</strong> e <strong>Iñigo Hernández</strong>, cuya propuesta musical está repleta de himnos oscuros y llenos de magnetismo.</p>



<p class="has-text-align-left wp-block-paragraph">Canciones forjadas allí donde nacen las grandes composiciones: en los problemas cotidianos que llegan a conseguir estrangularte cada día, pero con una inmensa carga emocional y melodías pegadizas donde sobresale la voz contundente y sincera de Gorka.</p>



<p class="has-text-align-left wp-block-paragraph">Grabado en los <strong>Estudios MOTU</strong> bajo la producción de <strong>Guillermo F. Mutiloa</strong>, <strong><em>‘MALFORTA’</em></strong> (2021) supone, sin duda, un disco feroz.</p>
</div>
</div>



<div style="height:100px" aria-hidden="true" class="wp-block-spacer"></div>



<hr class="wp-block-separator is-style-wide"/>



<div style="height:100px" aria-hidden="true" class="wp-block-spacer"></div>


<h2 class="tribe-block__related-events__title">Related Events</h2>

<ul  class="tribe-related-events tribe-clearfix" >
			<li>
	
<div class="tribe-related-events-thumbnail">
	<a href="https://cafelapalma.com/en/programacion/funkin-donuts/" class="url" rel="bookmark" tabindex="-1" aria-hidden="true"><img loading="lazy" decoding="async" width="693" height="1040" src="https://cafelapalma.com/wp-content/uploads/2026/07/FD-vert2-bn-693x1040.jpg" class="attachment-large size-large wp-post-image" alt="" /></a>
</div>
	<div class="tribe-related-event-info">
	<h3 class="tribe-related-events-title">
		<a href="https://cafelapalma.com/en/programacion/funkin-donuts/" class="tribe-event-url" rel="bookmark">
			FUNKIN&#8217; DONUTS		</a>
	</h3>
	<span class="tribe-event-date-start">5  September@22:00</span><span class="tribe-event-time">23:45</span></div>
</li>
			<li>
	
<div class="tribe-related-events-thumbnail">
	<a href="https://cafelapalma.com/en/programacion/backstage-le-petit-truffle-mayo/" class="url" rel="bookmark" tabindex="-1" aria-hidden="true"><img loading="lazy" decoding="async" width="780" height="1040" src="https://cafelapalma.com/wp-content/uploads/2026/07/Imagen-TruffleMayo-LePetit-i-1-780x1040.png" class="attachment-large size-large wp-post-image" alt="" /></a>
</div>
	<div class="tribe-related-event-info">
	<h3 class="tribe-related-events-title">
		<a href="https://cafelapalma.com/en/programacion/backstage-le-petit-truffle-mayo/" class="tribe-event-url" rel="bookmark">
			BACKSTAGE: LE PETIT + TRUFFLE MAYO		</a>
	</h3>
	<span class="tribe-event-date-start">5  September@23:55</span></div>
</li>
			<li>
	
<div class="tribe-related-events-thumbnail">
	<a href="https://cafelapalma.com/en/programacion/willie-deville-concierto-benefico-x-venezuela/" class="url" rel="bookmark" tabindex="-1" aria-hidden="true"><img loading="lazy" decoding="async" width="1020" height="531" src="https://cafelapalma.com/wp-content/uploads/2026/08/Willie-deville-1100x572-1-1040x541.jpg" class="attachment-large size-large wp-post-image" alt="" /></a>
</div>
	<div class="tribe-related-event-info">
	<h3 class="tribe-related-events-title">
		<a href="https://cafelapalma.com/en/programacion/willie-deville-concierto-benefico-x-venezuela/" class="tribe-event-url" rel="bookmark">
			WILLIE DEVILLE: CONCIERTO BENÉFICO X VENEZUELA		</a>
	</h3>
	<span class="tribe-event-date-start">6  September@21:00</span><span class="tribe-event-time">23:45</span></div>
</li>
	</ul>

<p>MALFORTA nace en un lugar histórico para la música como la ciudad fronteriza de Irún y en un momento de incertidumbre como fue el año 2020. Esta mezcla puede ser una buena carta de presentación para esta banda compuesta por Gorka Santalla, Jabier Muguruza, José Luis Garnica, Ricardo Mendiluze e Iñigo Hernández, cuya propuesta musical &hellip; </p>

MALFORTA nace en un lugar histórico para la música como la ciudad fronteriza de Irún y en un momento de incertidumbre como fue el año 2020. Esta mezcla puede ser una buena carta de presentación para esta banda compuesta por Gorka Santalla, Jabier Muguruza, José Luis Garnica, Ricardo Mendiluze e Iñigo Hernández, cuya propuesta musical&hellip;
