{"id":21913,"date":"2022-03-22T18:07:31","date_gmt":"2022-03-22T17:07:31","guid":{"rendered":"https:\/\/cafelapalma.com\/?post_type=tribe_events&#038;p=21913"},"modified":"2022-03-22T18:07:32","modified_gmt":"2022-03-22T17:07:32","slug":"mujeres-en-vivo-2022-a-tempo","status":"publish","type":"tribe_events","link":"https:\/\/cafelapalma.com\/en\/programacion\/mujeres-en-vivo-2022-a-tempo\/","title":{"rendered":"MUJERES EN VIVO 2022: A TEMPO"},"content":{"rendered":"<div  class=\"tribe-events-schedule tribe-clearfix\" >\n\t<p class=\"tribe-events-schedule__datetime\">\n\t\t<span class=\"tribe-events-schedule__date tribe-events-schedule__date--start\">\n\t\t\t27  March  2022\t\t<\/span>\n\n\t\t\t\t\t<span class=\"tribe-events-schedule__separator tribe-events-schedule__separator--date\">\n\t\t\t\t@\t\t\t<\/span>\n\t\t\t<span class=\"tribe-events-schedule__time tribe-events-schedule__time--start\">\n\t\t\t\t20:30\t\t\t<\/span>\n\t\t\n\t\t\t\t\t\t\t\t\t<span class=\"tribe-events-schedule__separator tribe-events-schedule__separator--time\">\n\t\t\t\t\t&#8211;\t\t\t\t<\/span>\n\t\t\t\n\t\t\t\t\t\t\t<span class=\"tribe-events-schedule__time tribe-events-schedule__time--end\">\n\t\t\t\t\t22:30\t\t\t\t<\/span>\n\t\t\t\n\t\t\t\t\t\t<\/p>\n<\/div>\n\n\n<div  class=\"tribe-block tribe-block__event-price\" >\n\t\t\t<span class=\"tribe-block__event-price__cost\"> 7\u20ac <\/span>\n\t\t\t\t<span class=\"tribe-block__event-price__description\">+ gg Anticipada | 9\u20ac Taquilla<\/span>\n\t<\/div>\n\n\n\n<div style=\"height:100px\" aria-hidden=\"true\" class=\"wp-block-spacer\"><\/div>\n\n\n\n<div class=\"wp-block-columns is-layout-flex wp-container-core-columns-is-layout-8f761849 wp-block-columns-is-layout-flex\">\n<div class=\"wp-block-column is-layout-flow wp-block-column-is-layout-flow\" style=\"flex-basis:33.33%\">\n<figure class=\"wp-block-image size-full\"><img loading=\"lazy\" decoding=\"async\" width=\"595\" height=\"842\" src=\"https:\/\/cafelapalma.com\/wp-content\/uploads\/2022\/03\/A-Tempo-A3.png\" alt=\"\" class=\"wp-image-21915\" srcset=\"https:\/\/cafelapalma.com\/wp-content\/uploads\/2022\/03\/A-Tempo-A3.png 595w, https:\/\/cafelapalma.com\/wp-content\/uploads\/2022\/03\/A-Tempo-A3-212x300.png 212w, https:\/\/cafelapalma.com\/wp-content\/uploads\/2022\/03\/A-Tempo-A3-42x60.png 42w\" sizes=\"auto, (max-width: 595px) 100vw, 595px\" \/><\/figure>\n\n\n<div  class=\"tribe-block tribe-block__event-website\" >\n\t<a\n\t\thref=\"https:\/\/link.dice.fm\/U9b2c508fd89\"\n\t\ttarget=\"_self\"\n\t\t\t>\n\t\tBUY TICKETS\t<\/a>\n<\/div>\n<\/div>\n\n\n\n<div class=\"wp-block-column is-layout-flow wp-block-column-is-layout-flow\" style=\"flex-basis:66.66%\">\n<p class=\"wp-block-paragraph\"><\/p>\n\n\n\n<p class=\"has-text-align-left wp-block-paragraph\"><strong>A TEMPO<\/strong> es un duo ac\u00fastico formado por <strong>Roc\u00edo Prudencio<\/strong> y <strong>Ana S\u00e1nchez<\/strong>. El proyecto comenz\u00f3 a gestarse durante sus estudios en el conservatorio y desde entonces han formado parte de diferentes agrupaciones hasta que decidieron unir sus especialidades, voz y guitarra. De esta forma pretenden acercarse a todos los estilos y \u00e9pocas musicales que les apasionan.<\/p>\n\n\n\n<p class=\"has-text-align-left wp-block-paragraph\"><strong>Roc\u00edo Prudencio<\/strong> es estudiante de canto en la <strong>Escuela Superior de Canto de Madrid<\/strong> e integrante del <strong>Coro Organum<\/strong> en la voz de contralto. Tambi\u00e9n ha formado parte de otras agrupaciones como <strong><em>\u00abBohemian Duet\u00bb<\/em><\/strong>. Por su parte, <strong>Ana S\u00e1nchez<\/strong> es estudiante de guitarra en el <strong>RCSMM <\/strong>y ha formado parte de otras agrupaciones como la <strong>Orquesta de Plectro y Guitarra<\/strong> de <strong>Pedro Chamorro<\/strong>. Profesional de la fotograf\u00eda, realiz\u00f3 sus estudios de Dise\u00f1o en la <strong>UCM<\/strong>.<\/p>\n\n\n\n<p class=\"has-text-align-left wp-block-paragraph\">Este concierto entra dentro del ciclo <strong>MUJERES EN VIVO 2022<\/strong>, organizado por <strong>LA NOCHE EN VIVO<\/strong> en colaboraci\u00f3n con la <strong>Direcci\u00f3n de Igualdad de la Comunidad de Madrid<\/strong>.<\/p>\n<\/div>\n<\/div>\n\n\n\n<div style=\"height:100px\" aria-hidden=\"true\" class=\"wp-block-spacer\"><\/div>\n\n\n\n<hr class=\"wp-block-separator is-style-wide\"\/>\n\n\n\n<div style=\"height:100px\" aria-hidden=\"true\" class=\"wp-block-spacer\"><\/div>\n\n\n<h2 class=\"tribe-block__related-events__title\">Related Events<\/h2>\n\n<ul  class=\"tribe-related-events tribe-clearfix\" >\n\t\t\t<li>\n\t\n<div class=\"tribe-related-events-thumbnail\">\n\t<a href=\"https:\/\/cafelapalma.com\/en\/programacion\/funkin-donuts\/\" class=\"url\" rel=\"bookmark\" tabindex=\"-1\" aria-hidden=\"true\"><img loading=\"lazy\" decoding=\"async\" width=\"693\" height=\"1040\" src=\"https:\/\/cafelapalma.com\/wp-content\/uploads\/2026\/07\/FD-vert2-bn-693x1040.jpg\" class=\"attachment-large size-large wp-post-image\" alt=\"\" \/><\/a>\n<\/div>\n\t<div class=\"tribe-related-event-info\">\n\t<h3 class=\"tribe-related-events-title\">\n\t\t<a href=\"https:\/\/cafelapalma.com\/en\/programacion\/funkin-donuts\/\" class=\"tribe-event-url\" rel=\"bookmark\">\n\t\t\tFUNKIN&#8217; DONUTS\t\t<\/a>\n\t<\/h3>\n\t<span class=\"tribe-event-date-start\">5  September@22:00<\/span><span class=\"tribe-event-time\">23:45<\/span><\/div>\n<\/li>\n\t\t\t<li>\n\t\n<div class=\"tribe-related-events-thumbnail\">\n\t<a href=\"https:\/\/cafelapalma.com\/en\/programacion\/backstage-le-petit-truffle-mayo\/\" class=\"url\" rel=\"bookmark\" tabindex=\"-1\" aria-hidden=\"true\"><img loading=\"lazy\" decoding=\"async\" width=\"780\" height=\"1040\" src=\"https:\/\/cafelapalma.com\/wp-content\/uploads\/2026\/07\/Imagen-TruffleMayo-LePetit-i-1-780x1040.png\" class=\"attachment-large size-large wp-post-image\" alt=\"\" \/><\/a>\n<\/div>\n\t<div class=\"tribe-related-event-info\">\n\t<h3 class=\"tribe-related-events-title\">\n\t\t<a href=\"https:\/\/cafelapalma.com\/en\/programacion\/backstage-le-petit-truffle-mayo\/\" class=\"tribe-event-url\" rel=\"bookmark\">\n\t\t\tBACKSTAGE: LE PETIT + TRUFFLE MAYO\t\t<\/a>\n\t<\/h3>\n\t<span class=\"tribe-event-date-start\">5  September@23:55<\/span><\/div>\n<\/li>\n\t\t\t<li>\n\t\n<div class=\"tribe-related-events-thumbnail\">\n\t<a href=\"https:\/\/cafelapalma.com\/en\/programacion\/willie-deville-concierto-benefico-x-venezuela\/\" class=\"url\" rel=\"bookmark\" tabindex=\"-1\" aria-hidden=\"true\"><img loading=\"lazy\" decoding=\"async\" width=\"1020\" height=\"531\" src=\"https:\/\/cafelapalma.com\/wp-content\/uploads\/2026\/08\/Willie-deville-1100x572-1-1040x541.jpg\" class=\"attachment-large size-large wp-post-image\" alt=\"\" \/><\/a>\n<\/div>\n\t<div class=\"tribe-related-event-info\">\n\t<h3 class=\"tribe-related-events-title\">\n\t\t<a href=\"https:\/\/cafelapalma.com\/en\/programacion\/willie-deville-concierto-benefico-x-venezuela\/\" class=\"tribe-event-url\" rel=\"bookmark\">\n\t\t\tWILLIE DEVILLE: CONCIERTO BEN\u00c9FICO X VENEZUELA\t\t<\/a>\n\t<\/h3>\n\t<span class=\"tribe-event-date-start\">6  September@21:00<\/span><span class=\"tribe-event-time\">23:45<\/span><\/div>\n<\/li>\n\t<\/ul>","protected":false},"excerpt":{"rendered":"<p>A TEMPO es un duo ac\u00fastico formado por Roc\u00edo Prudencio y Ana S\u00e1nchez. El proyecto comenz\u00f3 a gestarse durante sus estudios en el conservatorio y desde entonces han formado parte de diferentes agrupaciones hasta que decidieron unir sus especialidades, voz y guitarra. De esta forma pretenden acercarse a todos los estilos y \u00e9pocas musicales que &hellip; <\/p>","protected":false},"author":2,"featured_media":21916,"template":"","meta":{"_tec_requires_first_save":false,"_uag_custom_page_level_css":"","loftloader_page_shortcode":"","_EventAllDay":false,"_EventTimezone":"Europe\/Madrid","_EventStartDate":"2022-03-27 20:30:00","_EventEndDate":"2022-03-27 22:30:00","_EventStartDateUTC":"2022-03-27 18:30:00","_EventEndDateUTC":"2022-03-27 20:30:00","_EventShowMap":false,"_EventShowMapLink":false,"_EventURL":"https:\/\/link.dice.fm\/U9b2c508fd89","_EventCost":"7","_EventCostDescription":"","_EventCurrencySymbol":"\u20ac","_EventCurrencyCode":"","_EventCurrencyPosition":"suffix","_EventDateTimeSeparator":"@","_EventTimeRangeSeparator":"-","_EventOrganizerID":[],"_EventVenueID":[0],"_OrganizerEmail":"","_OrganizerPhone":"","_OrganizerWebsite":"","_VenueAddress":"","_VenueCity":"","_VenueCountry":"","_VenueProvince":"","_VenueState":"","_VenueZip":"","_VenuePhone":"","_VenueURL":"","_VenueStateProvince":"","_VenueLat":"","_VenueLng":"","_VenueShowMap":false,"_VenueShowMapLink":false,"_tribe_blocks_recurrence_rules":"","_tribe_blocks_recurrence_description":"","_tribe_blocks_recurrence_exclusions":"","_ecp_custom_2":"","_tribe_events_status":"","_tribe_events_status_reason":"","_tribe_events_is_hybrid":"","_tribe_events_is_virtual":"","_tribe_events_virtual_video_source":"","_tribe_events_virtual_embed_video":"","_tribe_events_virtual_linked_button_text":"","_tribe_events_virtual_linked_button":"","_tribe_events_virtual_show_embed_at":"","_tribe_events_virtual_show_embed_to":[],"_tribe_events_virtual_show_on_event":"","_tribe_events_virtual_show_on_views":"","_tribe_events_virtual_url":"","footnotes":""},"tags":[11275,11277,11281,1363,9398,2865,9147,9146,11280,11279,11278,9528,9224,9135,11283,11284,11282,11276],"tribe_events_cat":[8963],"class_list":["post-21913","tribe_events","type-tribe_events","status-publish","has-post-thumbnail","hentry","tag-a-tempo","tag-ana-sanchez","tag-bohemian-duet","tag-cafe-la-palma","tag-comunidad-de-madrid","tag-conciertos-cafe-la-palma","tag-conciertos-madrid","tag-conciertos-malasana","tag-contralto","tag-coro-organum","tag-escuela-superior-de-canto-de-madrid","tag-folk","tag-la-noche-en-vivo","tag-mujeres-en-vivo","tag-orquesta-de-plectro-y-guitarra","tag-pedro-chamorro","tag-rcsmm","tag-rocio-prudencio","tribe_events_cat-concierto","cat_concierto"],"uagb_featured_image_src":{"full":["https:\/\/cafelapalma.com\/wp-content\/uploads\/2022\/03\/A-Tempo-001.jpg",1080,1350,false],"thumbnail":["https:\/\/cafelapalma.com\/wp-content\/uploads\/2022\/03\/A-Tempo-001-150x150.jpg",150,150,true],"medium":["https:\/\/cafelapalma.com\/wp-content\/uploads\/2022\/03\/A-Tempo-001-240x300.jpg",240,300,true],"medium_large":["https:\/\/cafelapalma.com\/wp-content\/uploads\/2022\/03\/A-Tempo-001-768x960.jpg",768,960,true],"large":["https:\/\/cafelapalma.com\/wp-content\/uploads\/2022\/03\/A-Tempo-001-819x1024.jpg",819,1024,true],"1536x1536":["https:\/\/cafelapalma.com\/wp-content\/uploads\/2022\/03\/A-Tempo-001.jpg",1080,1350,false],"2048x2048":["https:\/\/cafelapalma.com\/wp-content\/uploads\/2022\/03\/A-Tempo-001.jpg",1080,1350,false],"trp-custom-language-flag":["https:\/\/cafelapalma.com\/wp-content\/uploads\/2022\/03\/A-Tempo-001.jpg",10,12,false],"blossom-feminine-slider":["https:\/\/cafelapalma.com\/wp-content\/uploads\/2022\/03\/A-Tempo-001-1080x649.jpg",1080,649,true],"blossom-feminine-featured":["https:\/\/cafelapalma.com\/wp-content\/uploads\/2022\/03\/A-Tempo-001-1080x600.jpg",1080,600,true],"blossom-feminine-with-sidebar":["https:\/\/cafelapalma.com\/wp-content\/uploads\/2022\/03\/A-Tempo-001-1020x600.jpg",1020,600,true],"blossom-feminine-blog":["https:\/\/cafelapalma.com\/wp-content\/uploads\/2022\/03\/A-Tempo-001-435x435.jpg",435,435,true],"blossom-feminine-cat":["https:\/\/cafelapalma.com\/wp-content\/uploads\/2022\/03\/A-Tempo-001-450x300.jpg",450,300,true],"blossom-feminine-related":["https:\/\/cafelapalma.com\/wp-content\/uploads\/2022\/03\/A-Tempo-001-320x200.jpg",320,200,true],"blossom-feminine-schema":["https:\/\/cafelapalma.com\/wp-content\/uploads\/2022\/03\/A-Tempo-001-48x60.jpg",48,60,true]},"uagb_author_info":{"display_name":"Victor","author_link":"https:\/\/cafelapalma.com\/en\/author\/comunicacion\/"},"uagb_comment_info":0,"uagb_excerpt":"A TEMPO es un duo ac\u00fastico formado por Roc\u00edo Prudencio y Ana S\u00e1nchez. El proyecto comenz\u00f3 a gestarse durante sus estudios en el conservatorio y desde entonces han formado parte de diferentes agrupaciones hasta que decidieron unir sus especialidades, voz y guitarra. De esta forma pretenden acercarse a todos los estilos y \u00e9pocas musicales que&hellip;","_links":{"self":[{"href":"https:\/\/cafelapalma.com\/en\/wp-json\/wp\/v2\/tribe_events\/21913","targetHints":{"allow":["GET"]}}],"collection":[{"href":"https:\/\/cafelapalma.com\/en\/wp-json\/wp\/v2\/tribe_events"}],"about":[{"href":"https:\/\/cafelapalma.com\/en\/wp-json\/wp\/v2\/types\/tribe_events"}],"author":[{"embeddable":true,"href":"https:\/\/cafelapalma.com\/en\/wp-json\/wp\/v2\/users\/2"}],"version-history":[{"count":0,"href":"https:\/\/cafelapalma.com\/en\/wp-json\/wp\/v2\/tribe_events\/21913\/revisions"}],"wp:featuredmedia":[{"embeddable":true,"href":"https:\/\/cafelapalma.com\/en\/wp-json\/wp\/v2\/media\/21916"}],"wp:attachment":[{"href":"https:\/\/cafelapalma.com\/en\/wp-json\/wp\/v2\/media?parent=21913"}],"wp:term":[{"taxonomy":"post_tag","embeddable":true,"href":"https:\/\/cafelapalma.com\/en\/wp-json\/wp\/v2\/tags?post=21913"},{"taxonomy":"tribe_events_cat","embeddable":true,"href":"https:\/\/cafelapalma.com\/en\/wp-json\/wp\/v2\/tribe_events_cat?post=21913"}],"curies":[{"name":"wp","href":"https:\/\/api.w.org\/{rel}","templated":true}]}}

<div  class="tribe-events-schedule tribe-clearfix" >
	<p class="tribe-events-schedule__datetime">
		<span class="tribe-events-schedule__date tribe-events-schedule__date--start">
			27  March  2022		</span>

					<span class="tribe-events-schedule__separator tribe-events-schedule__separator--date">
				@			</span>
			<span class="tribe-events-schedule__time tribe-events-schedule__time--start">
				20:30			</span>
		
									<span class="tribe-events-schedule__separator tribe-events-schedule__separator--time">
					&#8211;				</span>
			
							<span class="tribe-events-schedule__time tribe-events-schedule__time--end">
					22:30				</span>
			
						</p>
</div>


<div  class="tribe-block tribe-block__event-price" >
			<span class="tribe-block__event-price__cost"> 7€ </span>
				<span class="tribe-block__event-price__description">+ gg Anticipada | 9€ Taquilla</span>
	</div>



<div style="height:100px" aria-hidden="true" class="wp-block-spacer"></div>



<div class="wp-block-columns is-layout-flex wp-container-core-columns-is-layout-8f761849 wp-block-columns-is-layout-flex">
<div class="wp-block-column is-layout-flow wp-block-column-is-layout-flow" style="flex-basis:33.33%">
<figure class="wp-block-image size-full"><img loading="lazy" decoding="async" width="595" height="842" src="https://cafelapalma.com/wp-content/uploads/2022/03/A-Tempo-A3.png" alt="" class="wp-image-21915" srcset="https://cafelapalma.com/wp-content/uploads/2022/03/A-Tempo-A3.png 595w, https://cafelapalma.com/wp-content/uploads/2022/03/A-Tempo-A3-212x300.png 212w, https://cafelapalma.com/wp-content/uploads/2022/03/A-Tempo-A3-42x60.png 42w" sizes="auto, (max-width: 595px) 100vw, 595px" /></figure>


<div  class="tribe-block tribe-block__event-website" >
	<a
		href="https://link.dice.fm/U9b2c508fd89"
		target="_self"
			>
		BUY TICKETS	</a>
</div>
</div>



<div class="wp-block-column is-layout-flow wp-block-column-is-layout-flow" style="flex-basis:66.66%">
<p class="wp-block-paragraph"></p>



<p class="has-text-align-left wp-block-paragraph"><strong>A TEMPO</strong> es un duo acústico formado por <strong>Rocío Prudencio</strong> y <strong>Ana Sánchez</strong>. El proyecto comenzó a gestarse durante sus estudios en el conservatorio y desde entonces han formado parte de diferentes agrupaciones hasta que decidieron unir sus especialidades, voz y guitarra. De esta forma pretenden acercarse a todos los estilos y épocas musicales que les apasionan.</p>



<p class="has-text-align-left wp-block-paragraph"><strong>Rocío Prudencio</strong> es estudiante de canto en la <strong>Escuela Superior de Canto de Madrid</strong> e integrante del <strong>Coro Organum</strong> en la voz de contralto. También ha formado parte de otras agrupaciones como <strong><em>«Bohemian Duet»</em></strong>. Por su parte, <strong>Ana Sánchez</strong> es estudiante de guitarra en el <strong>RCSMM </strong>y ha formado parte de otras agrupaciones como la <strong>Orquesta de Plectro y Guitarra</strong> de <strong>Pedro Chamorro</strong>. Profesional de la fotografía, realizó sus estudios de Diseño en la <strong>UCM</strong>.</p>



<p class="has-text-align-left wp-block-paragraph">Este concierto entra dentro del ciclo <strong>MUJERES EN VIVO 2022</strong>, organizado por <strong>LA NOCHE EN VIVO</strong> en colaboración con la <strong>Dirección de Igualdad de la Comunidad de Madrid</strong>.</p>
</div>
</div>



<div style="height:100px" aria-hidden="true" class="wp-block-spacer"></div>



<hr class="wp-block-separator is-style-wide"/>



<div style="height:100px" aria-hidden="true" class="wp-block-spacer"></div>


<h2 class="tribe-block__related-events__title">Related Events</h2>

<ul  class="tribe-related-events tribe-clearfix" >
			<li>
	
<div class="tribe-related-events-thumbnail">
	<a href="https://cafelapalma.com/en/programacion/funkin-donuts/" class="url" rel="bookmark" tabindex="-1" aria-hidden="true"><img loading="lazy" decoding="async" width="693" height="1040" src="https://cafelapalma.com/wp-content/uploads/2026/07/FD-vert2-bn-693x1040.jpg" class="attachment-large size-large wp-post-image" alt="" /></a>
</div>
	<div class="tribe-related-event-info">
	<h3 class="tribe-related-events-title">
		<a href="https://cafelapalma.com/en/programacion/funkin-donuts/" class="tribe-event-url" rel="bookmark">
			FUNKIN&#8217; DONUTS		</a>
	</h3>
	<span class="tribe-event-date-start">5  September@22:00</span><span class="tribe-event-time">23:45</span></div>
</li>
			<li>
	
<div class="tribe-related-events-thumbnail">
	<a href="https://cafelapalma.com/en/programacion/backstage-le-petit-truffle-mayo/" class="url" rel="bookmark" tabindex="-1" aria-hidden="true"><img loading="lazy" decoding="async" width="780" height="1040" src="https://cafelapalma.com/wp-content/uploads/2026/07/Imagen-TruffleMayo-LePetit-i-1-780x1040.png" class="attachment-large size-large wp-post-image" alt="" /></a>
</div>
	<div class="tribe-related-event-info">
	<h3 class="tribe-related-events-title">
		<a href="https://cafelapalma.com/en/programacion/backstage-le-petit-truffle-mayo/" class="tribe-event-url" rel="bookmark">
			BACKSTAGE: LE PETIT + TRUFFLE MAYO		</a>
	</h3>
	<span class="tribe-event-date-start">5  September@23:55</span></div>
</li>
			<li>
	
<div class="tribe-related-events-thumbnail">
	<a href="https://cafelapalma.com/en/programacion/willie-deville-concierto-benefico-x-venezuela/" class="url" rel="bookmark" tabindex="-1" aria-hidden="true"><img loading="lazy" decoding="async" width="1020" height="531" src="https://cafelapalma.com/wp-content/uploads/2026/08/Willie-deville-1100x572-1-1040x541.jpg" class="attachment-large size-large wp-post-image" alt="" /></a>
</div>
	<div class="tribe-related-event-info">
	<h3 class="tribe-related-events-title">
		<a href="https://cafelapalma.com/en/programacion/willie-deville-concierto-benefico-x-venezuela/" class="tribe-event-url" rel="bookmark">
			WILLIE DEVILLE: CONCIERTO BENÉFICO X VENEZUELA		</a>
	</h3>
	<span class="tribe-event-date-start">6  September@21:00</span><span class="tribe-event-time">23:45</span></div>
</li>
	</ul>

<p>A TEMPO es un duo acústico formado por Rocío Prudencio y Ana Sánchez. El proyecto comenzó a gestarse durante sus estudios en el conservatorio y desde entonces han formado parte de diferentes agrupaciones hasta que decidieron unir sus especialidades, voz y guitarra. De esta forma pretenden acercarse a todos los estilos y épocas musicales que &hellip; </p>

A TEMPO es un duo acústico formado por Rocío Prudencio y Ana Sánchez. El proyecto comenzó a gestarse durante sus estudios en el conservatorio y desde entonces han formado parte de diferentes agrupaciones hasta que decidieron unir sus especialidades, voz y guitarra. De esta forma pretenden acercarse a todos los estilos y épocas musicales que&hellip;
