{"id":22222,"date":"2022-04-11T11:32:48","date_gmt":"2022-04-11T09:32:48","guid":{"rendered":"https:\/\/cafelapalma.com\/?post_type=tribe_events&#038;p=22222"},"modified":"2022-05-18T11:36:25","modified_gmt":"2022-05-18T09:36:25","slug":"chuly-juanse","status":"publish","type":"tribe_events","link":"https:\/\/cafelapalma.com\/en\/programacion\/chuly-juanse\/","title":{"rendered":"CHULY + JUANSE"},"content":{"rendered":"<div  class=\"tribe-events-schedule tribe-clearfix\" >\n\t<p class=\"tribe-events-schedule__datetime\">\n\t\t<span class=\"tribe-events-schedule__date tribe-events-schedule__date--start\">\n\t\t\t15  May  2022\t\t<\/span>\n\n\t\t\t\t\t<span class=\"tribe-events-schedule__separator tribe-events-schedule__separator--date\">\n\t\t\t\t@\t\t\t<\/span>\n\t\t\t<span class=\"tribe-events-schedule__time tribe-events-schedule__time--start\">\n\t\t\t\t21:00\t\t\t<\/span>\n\t\t\n\t\t\t\t\t\t\t\t\t<span class=\"tribe-events-schedule__separator tribe-events-schedule__separator--time\">\n\t\t\t\t\t&#8211;\t\t\t\t<\/span>\n\t\t\t\n\t\t\t\t\t\t\t<span class=\"tribe-events-schedule__time tribe-events-schedule__time--end\">\n\t\t\t\t\t23:15\t\t\t\t<\/span>\n\t\t\t\n\t\t\t\t\t\t<\/p>\n<\/div>\n\n\n<div  class=\"tribe-block tribe-block__event-price\" >\n\t\t\t<span class=\"tribe-block__event-price__cost\"> 8\u20ac <\/span>\n\t\t\t\t<span class=\"tribe-block__event-price__description\">+ gg Anticipada | 10\u20ac Taquilla<\/span>\n\t<\/div>\n\n\n\n<div style=\"height:100px\" aria-hidden=\"true\" class=\"wp-block-spacer\"><\/div>\n\n\n\n<div class=\"wp-block-columns is-layout-flex wp-container-core-columns-is-layout-8f761849 wp-block-columns-is-layout-flex\">\n<div class=\"wp-block-column is-layout-flow wp-block-column-is-layout-flow\" style=\"flex-basis:33.33%\">\n<figure class=\"wp-block-image size-full\"><img loading=\"lazy\" decoding=\"async\" width=\"512\" height=\"512\" src=\"https:\/\/cafelapalma.com\/wp-content\/uploads\/2022\/05\/chulymahou.png\" alt=\"\" class=\"wp-image-22737\" srcset=\"https:\/\/cafelapalma.com\/wp-content\/uploads\/2022\/05\/chulymahou.png 512w, https:\/\/cafelapalma.com\/wp-content\/uploads\/2022\/05\/chulymahou-300x300.png 300w, https:\/\/cafelapalma.com\/wp-content\/uploads\/2022\/05\/chulymahou-150x150.png 150w, https:\/\/cafelapalma.com\/wp-content\/uploads\/2022\/05\/chulymahou-435x435.png 435w, https:\/\/cafelapalma.com\/wp-content\/uploads\/2022\/05\/chulymahou-60x60.png 60w\" sizes=\"auto, (max-width: 512px) 100vw, 512px\" \/><\/figure>\n\n\n<div  class=\"tribe-block tribe-block__event-website\" >\n\t<a\n\t\thref=\"https:\/\/link.dice.fm\/G20127963813\"\n\t\ttarget=\"_self\"\n\t\t\t>\n\t\tBUY TICKETS\t<\/a>\n<\/div>\n<\/div>\n\n\n\n<div class=\"wp-block-column is-layout-flow wp-block-column-is-layout-flow\" style=\"flex-basis:66.66%\">\n<div style=\"height:100px\" aria-hidden=\"true\" class=\"wp-block-spacer\"><\/div>\n\n\n\n<p class=\"has-text-align-left wp-block-paragraph\"><strong>Carlos Garc\u00eda<\/strong>, <strong>Chuly<\/strong>, comenz\u00f3 a publicar temas en <strong>Spotify <\/strong>en 2019. Hoy d\u00eda, con m\u00e1s&nbsp;de 25K oyentes mensuales, ha colaborado con artistas como <strong>Dudi<\/strong>, <strong>iskender <\/strong>y <strong>Ambi <\/strong>entre muchos otros. Los medios hablan de \u00e9l como&nbsp;un artista muy vers\u00e1til, dif\u00edcil de encasillar en un g\u00e9nero: es capad de pasar de la nueva ola del pop rock hasta temas m\u00e1s&nbsp;electr\u00f3nicos con absoluta naturalidad.<\/p>\n\n\n\n<p class=\"has-text-align-left wp-block-paragraph\"><strong>Juan Sequ\u00ed<\/strong>, <strong>Juanse<\/strong>, es un cantante y escritor de <strong>Madrid<\/strong>. En 2021 debuta en las plataformas con <strong><em>\u201cMadrid de Noche\u201d<\/em><\/strong> en colaboraci\u00f3n con <strong>Chris Dunne<\/strong> y <strong>J. Lemon<\/strong>. A ra\u00edz de eso fue colaborando con artistas como <strong>Iskender <\/strong>con temas como <strong><em>\u201cVoy a Llamarte\u201d<\/em><\/strong> y <strong><em>\u201cSiempre Vuelves<\/em><\/strong>\u201d. <strong>Juanse<\/strong> se mueve dentro del g\u00e9nero del pop, y en ocasiones se inmiscuye en el reggaeton y el afro, como hemos podido ver con <strong><em>\u201cMercenaria\u201d<\/em><\/strong> o <strong><em>\u201cEterna\u201d<\/em><\/strong>. Con 17 a\u00f1os cuenta con m\u00e1s de 25 K oyentes en <strong>Spotify <\/strong>y est\u00e1 intentando hacerse un hueco en la nueva ola del pop espa\u00f1ol.<\/p>\n<\/div>\n<\/div>\n\n\n\n<div style=\"height:100px\" aria-hidden=\"true\" class=\"wp-block-spacer\"><\/div>\n\n\n\n<hr class=\"wp-block-separator is-style-wide\"\/>\n\n\n\n<div style=\"height:100px\" aria-hidden=\"true\" class=\"wp-block-spacer\"><\/div>\n\n\n<h2 class=\"tribe-block__related-events__title\">Related Events<\/h2>\n\n<ul  class=\"tribe-related-events tribe-clearfix\" >\n\t\t\t<li>\n\t\n<div class=\"tribe-related-events-thumbnail\">\n\t<a href=\"https:\/\/cafelapalma.com\/en\/programacion\/funkin-donuts\/\" class=\"url\" rel=\"bookmark\" tabindex=\"-1\" aria-hidden=\"true\"><img loading=\"lazy\" decoding=\"async\" width=\"693\" height=\"1040\" src=\"https:\/\/cafelapalma.com\/wp-content\/uploads\/2026\/07\/FD-vert2-bn-693x1040.jpg\" class=\"attachment-large size-large wp-post-image\" alt=\"\" \/><\/a>\n<\/div>\n\t<div class=\"tribe-related-event-info\">\n\t<h3 class=\"tribe-related-events-title\">\n\t\t<a href=\"https:\/\/cafelapalma.com\/en\/programacion\/funkin-donuts\/\" class=\"tribe-event-url\" rel=\"bookmark\">\n\t\t\tFUNKIN&#8217; DONUTS\t\t<\/a>\n\t<\/h3>\n\t<span class=\"tribe-event-date-start\">5  September@22:00<\/span><span class=\"tribe-event-time\">23:45<\/span><\/div>\n<\/li>\n\t\t\t<li>\n\t\n<div class=\"tribe-related-events-thumbnail\">\n\t<a href=\"https:\/\/cafelapalma.com\/en\/programacion\/backstage-le-petit-truffle-mayo\/\" class=\"url\" rel=\"bookmark\" tabindex=\"-1\" aria-hidden=\"true\"><img loading=\"lazy\" decoding=\"async\" width=\"780\" height=\"1040\" src=\"https:\/\/cafelapalma.com\/wp-content\/uploads\/2026\/07\/Imagen-TruffleMayo-LePetit-i-1-780x1040.png\" class=\"attachment-large size-large wp-post-image\" alt=\"\" \/><\/a>\n<\/div>\n\t<div class=\"tribe-related-event-info\">\n\t<h3 class=\"tribe-related-events-title\">\n\t\t<a href=\"https:\/\/cafelapalma.com\/en\/programacion\/backstage-le-petit-truffle-mayo\/\" class=\"tribe-event-url\" rel=\"bookmark\">\n\t\t\tBACKSTAGE: LE PETIT + TRUFFLE MAYO\t\t<\/a>\n\t<\/h3>\n\t<span class=\"tribe-event-date-start\">5  September@23:55<\/span><\/div>\n<\/li>\n\t\t\t<li>\n\t\n<div class=\"tribe-related-events-thumbnail\">\n\t<a href=\"https:\/\/cafelapalma.com\/en\/programacion\/willie-deville-concierto-benefico-x-venezuela\/\" class=\"url\" rel=\"bookmark\" tabindex=\"-1\" aria-hidden=\"true\"><img loading=\"lazy\" decoding=\"async\" width=\"1020\" height=\"531\" src=\"https:\/\/cafelapalma.com\/wp-content\/uploads\/2026\/08\/Willie-deville-1100x572-1-1040x541.jpg\" class=\"attachment-large size-large wp-post-image\" alt=\"\" \/><\/a>\n<\/div>\n\t<div class=\"tribe-related-event-info\">\n\t<h3 class=\"tribe-related-events-title\">\n\t\t<a href=\"https:\/\/cafelapalma.com\/en\/programacion\/willie-deville-concierto-benefico-x-venezuela\/\" class=\"tribe-event-url\" rel=\"bookmark\">\n\t\t\tWILLIE DEVILLE: CONCIERTO BEN\u00c9FICO X VENEZUELA\t\t<\/a>\n\t<\/h3>\n\t<span class=\"tribe-event-date-start\">6  September@21:00<\/span><span class=\"tribe-event-time\">23:45<\/span><\/div>\n<\/li>\n\t<\/ul>","protected":false},"excerpt":{"rendered":"<p>Carlos Garc\u00eda, Chuly, comenz\u00f3 a publicar temas en Spotify en 2019. Hoy d\u00eda, con m\u00e1s&nbsp;de 25K oyentes mensuales, ha colaborado con artistas como Dudi, iskender y Ambi entre muchos otros. Los medios hablan de \u00e9l como&nbsp;un artista muy vers\u00e1til, dif\u00edcil de encasillar en un g\u00e9nero: es capad de pasar de la nueva ola del pop &hellip; <\/p>","protected":false},"author":2,"featured_media":22225,"template":"","meta":{"_tec_requires_first_save":false,"_uag_custom_page_level_css":"","loftloader_page_shortcode":"","_EventAllDay":false,"_EventTimezone":"Europe\/Madrid","_EventStartDate":"2022-05-15 21:00:00","_EventEndDate":"2022-05-15 23:15:00","_EventStartDateUTC":"2022-05-15 19:00:00","_EventEndDateUTC":"2022-05-15 21:15:00","_EventShowMap":false,"_EventShowMapLink":false,"_EventURL":"https:\/\/link.dice.fm\/G20127963813","_EventCost":"8","_EventCostDescription":"","_EventCurrencySymbol":"\u20ac","_EventCurrencyCode":"","_EventCurrencyPosition":"suffix","_EventDateTimeSeparator":"@","_EventTimeRangeSeparator":"-","_EventOrganizerID":[],"_EventVenueID":[0],"_OrganizerEmail":"","_OrganizerPhone":"","_OrganizerWebsite":"","_VenueAddress":"","_VenueCity":"","_VenueCountry":"","_VenueProvince":"","_VenueState":"","_VenueZip":"","_VenuePhone":"","_VenueURL":"","_VenueStateProvince":"","_VenueLat":"","_VenueLng":"","_VenueShowMap":false,"_VenueShowMapLink":false,"_tribe_blocks_recurrence_rules":"","_tribe_blocks_recurrence_description":"","_tribe_blocks_recurrence_exclusions":"","_ecp_custom_2":"","_tribe_events_status":"","_tribe_events_status_reason":"","_tribe_events_is_hybrid":"","_tribe_events_is_virtual":"","_tribe_events_virtual_video_source":"","_tribe_events_virtual_embed_video":"","_tribe_events_virtual_linked_button_text":"","_tribe_events_virtual_linked_button":"","_tribe_events_virtual_show_embed_at":"","_tribe_events_virtual_show_embed_to":[],"_tribe_events_virtual_show_on_event":"","_tribe_events_virtual_show_on_views":"","_tribe_events_virtual_url":"","footnotes":""},"tags":[11364,1363,8869,11361,11368,11362,2865,9147,9146,11363,11373,8970,10275,11369,11365,11366,11367,11372,1355,9350,11371,11370],"tribe_events_cat":[8963],"class_list":["post-22222","tribe_events","type-tribe_events","status-publish","has-post-thumbnail","hentry","tag-ambi","tag-cafe-la-palma","tag-cafe-la-palma-2","tag-carlos-garcia","tag-chris-dunne","tag-chuly","tag-conciertos-cafe-la-palma","tag-conciertos-madrid","tag-conciertos-malasana","tag-dudi","tag-eterna","tag-indie","tag-iskender","tag-j-lemon","tag-juan-sequi","tag-juanse","tag-madrid-de-noche","tag-mercenaria","tag-pop","tag-reggaeton","tag-siempre-vuelves","tag-voy-a-llamarte","tribe_events_cat-concierto","cat_concierto"],"uagb_featured_image_src":{"full":["https:\/\/cafelapalma.com\/wp-content\/uploads\/2022\/04\/CHULY_low.jpg",418,627,false],"thumbnail":["https:\/\/cafelapalma.com\/wp-content\/uploads\/2022\/04\/CHULY_low-150x150.jpg",150,150,true],"medium":["https:\/\/cafelapalma.com\/wp-content\/uploads\/2022\/04\/CHULY_low-200x300.jpg",200,300,true],"medium_large":["https:\/\/cafelapalma.com\/wp-content\/uploads\/2022\/04\/CHULY_low.jpg",418,627,false],"large":["https:\/\/cafelapalma.com\/wp-content\/uploads\/2022\/04\/CHULY_low.jpg",418,627,false],"1536x1536":["https:\/\/cafelapalma.com\/wp-content\/uploads\/2022\/04\/CHULY_low.jpg",418,627,false],"2048x2048":["https:\/\/cafelapalma.com\/wp-content\/uploads\/2022\/04\/CHULY_low.jpg",418,627,false],"trp-custom-language-flag":["https:\/\/cafelapalma.com\/wp-content\/uploads\/2022\/04\/CHULY_low.jpg",8,12,false],"blossom-feminine-slider":["https:\/\/cafelapalma.com\/wp-content\/uploads\/2022\/04\/CHULY_low.jpg",418,627,false],"blossom-feminine-featured":["https:\/\/cafelapalma.com\/wp-content\/uploads\/2022\/04\/CHULY_low-418x600.jpg",418,600,true],"blossom-feminine-with-sidebar":["https:\/\/cafelapalma.com\/wp-content\/uploads\/2022\/04\/CHULY_low-418x600.jpg",418,600,true],"blossom-feminine-blog":["https:\/\/cafelapalma.com\/wp-content\/uploads\/2022\/04\/CHULY_low-418x435.jpg",418,435,true],"blossom-feminine-cat":["https:\/\/cafelapalma.com\/wp-content\/uploads\/2022\/04\/CHULY_low-418x300.jpg",418,300,true],"blossom-feminine-related":["https:\/\/cafelapalma.com\/wp-content\/uploads\/2022\/04\/CHULY_low-320x200.jpg",320,200,true],"blossom-feminine-schema":["https:\/\/cafelapalma.com\/wp-content\/uploads\/2022\/04\/CHULY_low-40x60.jpg",40,60,true]},"uagb_author_info":{"display_name":"Victor","author_link":"https:\/\/cafelapalma.com\/en\/author\/comunicacion\/"},"uagb_comment_info":0,"uagb_excerpt":"Carlos Garc\u00eda, Chuly, comenz\u00f3 a publicar temas en Spotify en 2019. Hoy d\u00eda, con m\u00e1s&nbsp;de 25K oyentes mensuales, ha colaborado con artistas como Dudi, iskender y Ambi entre muchos otros. Los medios hablan de \u00e9l como&nbsp;un artista muy vers\u00e1til, dif\u00edcil de encasillar en un g\u00e9nero: es capad de pasar de la nueva ola del pop&hellip;","_links":{"self":[{"href":"https:\/\/cafelapalma.com\/en\/wp-json\/wp\/v2\/tribe_events\/22222","targetHints":{"allow":["GET"]}}],"collection":[{"href":"https:\/\/cafelapalma.com\/en\/wp-json\/wp\/v2\/tribe_events"}],"about":[{"href":"https:\/\/cafelapalma.com\/en\/wp-json\/wp\/v2\/types\/tribe_events"}],"author":[{"embeddable":true,"href":"https:\/\/cafelapalma.com\/en\/wp-json\/wp\/v2\/users\/2"}],"version-history":[{"count":0,"href":"https:\/\/cafelapalma.com\/en\/wp-json\/wp\/v2\/tribe_events\/22222\/revisions"}],"wp:featuredmedia":[{"embeddable":true,"href":"https:\/\/cafelapalma.com\/en\/wp-json\/wp\/v2\/media\/22225"}],"wp:attachment":[{"href":"https:\/\/cafelapalma.com\/en\/wp-json\/wp\/v2\/media?parent=22222"}],"wp:term":[{"taxonomy":"post_tag","embeddable":true,"href":"https:\/\/cafelapalma.com\/en\/wp-json\/wp\/v2\/tags?post=22222"},{"taxonomy":"tribe_events_cat","embeddable":true,"href":"https:\/\/cafelapalma.com\/en\/wp-json\/wp\/v2\/tribe_events_cat?post=22222"}],"curies":[{"name":"wp","href":"https:\/\/api.w.org\/{rel}","templated":true}]}}

<div  class="tribe-events-schedule tribe-clearfix" >
	<p class="tribe-events-schedule__datetime">
		<span class="tribe-events-schedule__date tribe-events-schedule__date--start">
			15  May  2022		</span>

					<span class="tribe-events-schedule__separator tribe-events-schedule__separator--date">
				@			</span>
			<span class="tribe-events-schedule__time tribe-events-schedule__time--start">
				21:00			</span>
		
									<span class="tribe-events-schedule__separator tribe-events-schedule__separator--time">
					&#8211;				</span>
			
							<span class="tribe-events-schedule__time tribe-events-schedule__time--end">
					23:15				</span>
			
						</p>
</div>


<div  class="tribe-block tribe-block__event-price" >
			<span class="tribe-block__event-price__cost"> 8€ </span>
				<span class="tribe-block__event-price__description">+ gg Anticipada | 10€ Taquilla</span>
	</div>



<div style="height:100px" aria-hidden="true" class="wp-block-spacer"></div>



<div class="wp-block-columns is-layout-flex wp-container-core-columns-is-layout-8f761849 wp-block-columns-is-layout-flex">
<div class="wp-block-column is-layout-flow wp-block-column-is-layout-flow" style="flex-basis:33.33%">
<figure class="wp-block-image size-full"><img loading="lazy" decoding="async" width="512" height="512" src="https://cafelapalma.com/wp-content/uploads/2022/05/chulymahou.png" alt="" class="wp-image-22737" srcset="https://cafelapalma.com/wp-content/uploads/2022/05/chulymahou.png 512w, https://cafelapalma.com/wp-content/uploads/2022/05/chulymahou-300x300.png 300w, https://cafelapalma.com/wp-content/uploads/2022/05/chulymahou-150x150.png 150w, https://cafelapalma.com/wp-content/uploads/2022/05/chulymahou-435x435.png 435w, https://cafelapalma.com/wp-content/uploads/2022/05/chulymahou-60x60.png 60w" sizes="auto, (max-width: 512px) 100vw, 512px" /></figure>


<div  class="tribe-block tribe-block__event-website" >
	<a
		href="https://link.dice.fm/G20127963813"
		target="_self"
			>
		BUY TICKETS	</a>
</div>
</div>



<div class="wp-block-column is-layout-flow wp-block-column-is-layout-flow" style="flex-basis:66.66%">
<div style="height:100px" aria-hidden="true" class="wp-block-spacer"></div>



<p class="has-text-align-left wp-block-paragraph"><strong>Carlos García</strong>, <strong>Chuly</strong>, comenzó a publicar temas en <strong>Spotify </strong>en 2019. Hoy día, con más&nbsp;de 25K oyentes mensuales, ha colaborado con artistas como <strong>Dudi</strong>, <strong>iskender </strong>y <strong>Ambi </strong>entre muchos otros. Los medios hablan de él como&nbsp;un artista muy versátil, difícil de encasillar en un género: es capad de pasar de la nueva ola del pop rock hasta temas más&nbsp;electrónicos con absoluta naturalidad.</p>



<p class="has-text-align-left wp-block-paragraph"><strong>Juan Sequí</strong>, <strong>Juanse</strong>, es un cantante y escritor de <strong>Madrid</strong>. En 2021 debuta en las plataformas con <strong><em>“Madrid de Noche”</em></strong> en colaboración con <strong>Chris Dunne</strong> y <strong>J. Lemon</strong>. A raíz de eso fue colaborando con artistas como <strong>Iskender </strong>con temas como <strong><em>“Voy a Llamarte”</em></strong> y <strong><em>“Siempre Vuelves</em></strong>”. <strong>Juanse</strong> se mueve dentro del género del pop, y en ocasiones se inmiscuye en el reggaeton y el afro, como hemos podido ver con <strong><em>“Mercenaria”</em></strong> o <strong><em>“Eterna”</em></strong>. Con 17 años cuenta con más de 25 K oyentes en <strong>Spotify </strong>y está intentando hacerse un hueco en la nueva ola del pop español.</p>
</div>
</div>



<div style="height:100px" aria-hidden="true" class="wp-block-spacer"></div>



<hr class="wp-block-separator is-style-wide"/>



<div style="height:100px" aria-hidden="true" class="wp-block-spacer"></div>


<h2 class="tribe-block__related-events__title">Related Events</h2>

<ul  class="tribe-related-events tribe-clearfix" >
			<li>
	
<div class="tribe-related-events-thumbnail">
	<a href="https://cafelapalma.com/en/programacion/funkin-donuts/" class="url" rel="bookmark" tabindex="-1" aria-hidden="true"><img loading="lazy" decoding="async" width="693" height="1040" src="https://cafelapalma.com/wp-content/uploads/2026/07/FD-vert2-bn-693x1040.jpg" class="attachment-large size-large wp-post-image" alt="" /></a>
</div>
	<div class="tribe-related-event-info">
	<h3 class="tribe-related-events-title">
		<a href="https://cafelapalma.com/en/programacion/funkin-donuts/" class="tribe-event-url" rel="bookmark">
			FUNKIN&#8217; DONUTS		</a>
	</h3>
	<span class="tribe-event-date-start">5  September@22:00</span><span class="tribe-event-time">23:45</span></div>
</li>
			<li>
	
<div class="tribe-related-events-thumbnail">
	<a href="https://cafelapalma.com/en/programacion/backstage-le-petit-truffle-mayo/" class="url" rel="bookmark" tabindex="-1" aria-hidden="true"><img loading="lazy" decoding="async" width="780" height="1040" src="https://cafelapalma.com/wp-content/uploads/2026/07/Imagen-TruffleMayo-LePetit-i-1-780x1040.png" class="attachment-large size-large wp-post-image" alt="" /></a>
</div>
	<div class="tribe-related-event-info">
	<h3 class="tribe-related-events-title">
		<a href="https://cafelapalma.com/en/programacion/backstage-le-petit-truffle-mayo/" class="tribe-event-url" rel="bookmark">
			BACKSTAGE: LE PETIT + TRUFFLE MAYO		</a>
	</h3>
	<span class="tribe-event-date-start">5  September@23:55</span></div>
</li>
			<li>
	
<div class="tribe-related-events-thumbnail">
	<a href="https://cafelapalma.com/en/programacion/willie-deville-concierto-benefico-x-venezuela/" class="url" rel="bookmark" tabindex="-1" aria-hidden="true"><img loading="lazy" decoding="async" width="1020" height="531" src="https://cafelapalma.com/wp-content/uploads/2026/08/Willie-deville-1100x572-1-1040x541.jpg" class="attachment-large size-large wp-post-image" alt="" /></a>
</div>
	<div class="tribe-related-event-info">
	<h3 class="tribe-related-events-title">
		<a href="https://cafelapalma.com/en/programacion/willie-deville-concierto-benefico-x-venezuela/" class="tribe-event-url" rel="bookmark">
			WILLIE DEVILLE: CONCIERTO BENÉFICO X VENEZUELA		</a>
	</h3>
	<span class="tribe-event-date-start">6  September@21:00</span><span class="tribe-event-time">23:45</span></div>
</li>
	</ul>

<p>Carlos García, Chuly, comenzó a publicar temas en Spotify en 2019. Hoy día, con más&nbsp;de 25K oyentes mensuales, ha colaborado con artistas como Dudi, iskender y Ambi entre muchos otros. Los medios hablan de él como&nbsp;un artista muy versátil, difícil de encasillar en un género: es capad de pasar de la nueva ola del pop &hellip; </p>

Carlos García, Chuly, comenzó a publicar temas en Spotify en 2019. Hoy día, con más&nbsp;de 25K oyentes mensuales, ha colaborado con artistas como Dudi, iskender y Ambi entre muchos otros. Los medios hablan de él como&nbsp;un artista muy versátil, difícil de encasillar en un género: es capad de pasar de la nueva ola del pop&hellip;
