{"id":22524,"date":"2022-04-28T17:29:30","date_gmt":"2022-04-28T15:29:30","guid":{"rendered":"https:\/\/cafelapalma.com\/programacion\/basico-podcast-luis-chataing-1-patricia-conde-copy\/"},"modified":"2022-05-18T14:21:04","modified_gmt":"2022-05-18T12:21:04","slug":"basico-podcast-luis-chataing-2-victoria-martin-carolina-iglesias","status":"publish","type":"tribe_events","link":"https:\/\/cafelapalma.com\/en\/programacion\/basico-podcast-luis-chataing-2-victoria-martin-carolina-iglesias\/","title":{"rendered":"B\u00c1SICO PODCAST: VICTORIA MART\u00cdN Y CAROLINA IGLESIAS"},"content":{"rendered":"<div  class=\"tribe-events-schedule tribe-clearfix\" >\n\t<p class=\"tribe-events-schedule__datetime\">\n\t\t<span class=\"tribe-events-schedule__date tribe-events-schedule__date--start\">\n\t\t\t29  June  2022\t\t<\/span>\n\n\t\t\t\t\t<span class=\"tribe-events-schedule__separator tribe-events-schedule__separator--date\">\n\t\t\t\t@\t\t\t<\/span>\n\t\t\t<span class=\"tribe-events-schedule__time tribe-events-schedule__time--start\">\n\t\t\t\t21:00\t\t\t<\/span>\n\t\t\n\t\t\t\t\t\t\t\t\t<span class=\"tribe-events-schedule__separator tribe-events-schedule__separator--time\">\n\t\t\t\t\t&#8211;\t\t\t\t<\/span>\n\t\t\t\n\t\t\t\t\t\t\t<span class=\"tribe-events-schedule__time tribe-events-schedule__time--end\">\n\t\t\t\t\t23:00\t\t\t\t<\/span>\n\t\t\t\n\t\t\t\t\t\t<\/p>\n<\/div>\n\n\n<div  class=\"tribe-block tribe-block__event-price\" >\n\t\t\t<span class=\"tribe-block__event-price__cost\"> 25\u20ac <\/span>\n\t\t\t\t<span class=\"tribe-block__event-price__description\">+ gg Anticipada<\/span>\n\t<\/div>\n\n\n\n<div style=\"height:100px\" aria-hidden=\"true\" class=\"wp-block-spacer\"><\/div>\n\n\n\n<div class=\"wp-block-columns is-layout-flex wp-container-core-columns-is-layout-8f761849 wp-block-columns-is-layout-flex\">\n<div class=\"wp-block-column is-layout-flow wp-block-column-is-layout-flow\" style=\"flex-basis:33.33%\">\n<figure class=\"wp-block-image size-large\"><img loading=\"lazy\" decoding=\"async\" width=\"1024\" height=\"1024\" src=\"https:\/\/cafelapalma.com\/wp-content\/uploads\/2022\/04\/VICTORIA-CAROLINA_FEED-1024x1024.png\" alt=\"\" class=\"wp-image-22527\" srcset=\"https:\/\/cafelapalma.com\/wp-content\/uploads\/2022\/04\/VICTORIA-CAROLINA_FEED-1024x1024.png 1024w, https:\/\/cafelapalma.com\/wp-content\/uploads\/2022\/04\/VICTORIA-CAROLINA_FEED-300x300.png 300w, https:\/\/cafelapalma.com\/wp-content\/uploads\/2022\/04\/VICTORIA-CAROLINA_FEED-150x150.png 150w, https:\/\/cafelapalma.com\/wp-content\/uploads\/2022\/04\/VICTORIA-CAROLINA_FEED-768x768.png 768w, https:\/\/cafelapalma.com\/wp-content\/uploads\/2022\/04\/VICTORIA-CAROLINA_FEED-435x435.png 435w, https:\/\/cafelapalma.com\/wp-content\/uploads\/2022\/04\/VICTORIA-CAROLINA_FEED-60x60.png 60w, https:\/\/cafelapalma.com\/wp-content\/uploads\/2022\/04\/VICTORIA-CAROLINA_FEED.png 1080w\" sizes=\"auto, (max-width: 1024px) 100vw, 1024px\" \/><\/figure>\n\n\n<div  class=\"tribe-block tribe-block__event-website\" >\n\t<a\n\t\thref=\"https:\/\/social.ticketplate.com\/luis-chataing-basico-podcast\/\"\n\t\ttarget=\"_self\"\n\t\t\t>\n\t\tBUY TICKETS\t<\/a>\n<\/div>\n<\/div>\n\n\n\n<div class=\"wp-block-column is-layout-flow wp-block-column-is-layout-flow\" style=\"flex-basis:66.66%\">\n<div style=\"height:100px\" aria-hidden=\"true\" class=\"wp-block-spacer\"><\/div>\n\n\n\n<p class=\"has-text-align-left wp-block-paragraph\"><strong>B\u00c1SICO PODCAST<\/strong> es el formato digital en que <strong>Luis Chataing<\/strong> se mantiene en contacto con sus seguidores comentando temas de actualidad.<br><br>Por primera vez <strong>B\u00c1SICO PODCAST<\/strong> ser\u00e1 grabado fuera de estudio, desde <strong>Madrid<\/strong>, <strong>Espa\u00f1a<\/strong>, frente a un p\u00fablico exclusivo.<br><br>Las invitadas para la grabaci\u00f3n del 29 de junio ser\u00e1n <strong>Carolina Iglesias<\/strong> y <strong>Victoria Mart\u00edn<\/strong>, conductoras del fenomenal podcast <strong><em>Estirando el Chicle<\/em><\/strong> en que semanalmente comparten an\u00e9cdotas con interesantes invitadas.<\/p>\n<\/div>\n<\/div>\n\n\n\n<div style=\"height:100px\" aria-hidden=\"true\" class=\"wp-block-spacer\"><\/div>\n\n\n\n<hr class=\"wp-block-separator is-style-wide\"\/>\n\n\n\n<div style=\"height:100px\" aria-hidden=\"true\" class=\"wp-block-spacer\"><\/div>\n\n\n<h2 class=\"tribe-block__related-events__title\">Related Events<\/h2>\n\n<ul  class=\"tribe-related-events tribe-clearfix\" >\n\t\t\t<li>\n\t\n<div class=\"tribe-related-events-thumbnail\">\n\t<a href=\"https:\/\/cafelapalma.com\/en\/programacion\/funkin-donuts\/\" class=\"url\" rel=\"bookmark\" tabindex=\"-1\" aria-hidden=\"true\"><img loading=\"lazy\" decoding=\"async\" width=\"693\" height=\"1040\" src=\"https:\/\/cafelapalma.com\/wp-content\/uploads\/2026\/07\/FD-vert2-bn-693x1040.jpg\" class=\"attachment-large size-large wp-post-image\" alt=\"\" \/><\/a>\n<\/div>\n\t<div class=\"tribe-related-event-info\">\n\t<h3 class=\"tribe-related-events-title\">\n\t\t<a href=\"https:\/\/cafelapalma.com\/en\/programacion\/funkin-donuts\/\" class=\"tribe-event-url\" rel=\"bookmark\">\n\t\t\tFUNKIN&#8217; DONUTS\t\t<\/a>\n\t<\/h3>\n\t<span class=\"tribe-event-date-start\">5  September@22:00<\/span><span class=\"tribe-event-time\">23:45<\/span><\/div>\n<\/li>\n\t\t\t<li>\n\t\n<div class=\"tribe-related-events-thumbnail\">\n\t<a href=\"https:\/\/cafelapalma.com\/en\/programacion\/backstage-le-petit-truffle-mayo\/\" class=\"url\" rel=\"bookmark\" tabindex=\"-1\" aria-hidden=\"true\"><img loading=\"lazy\" decoding=\"async\" width=\"780\" height=\"1040\" src=\"https:\/\/cafelapalma.com\/wp-content\/uploads\/2026\/07\/Imagen-TruffleMayo-LePetit-i-1-780x1040.png\" class=\"attachment-large size-large wp-post-image\" alt=\"\" \/><\/a>\n<\/div>\n\t<div class=\"tribe-related-event-info\">\n\t<h3 class=\"tribe-related-events-title\">\n\t\t<a href=\"https:\/\/cafelapalma.com\/en\/programacion\/backstage-le-petit-truffle-mayo\/\" class=\"tribe-event-url\" rel=\"bookmark\">\n\t\t\tBACKSTAGE: LE PETIT + TRUFFLE MAYO\t\t<\/a>\n\t<\/h3>\n\t<span class=\"tribe-event-date-start\">5  September@23:55<\/span><\/div>\n<\/li>\n\t\t\t<li>\n\t\n<div class=\"tribe-related-events-thumbnail\">\n\t<a href=\"https:\/\/cafelapalma.com\/en\/programacion\/willie-deville-concierto-benefico-x-venezuela\/\" class=\"url\" rel=\"bookmark\" tabindex=\"-1\" aria-hidden=\"true\"><img loading=\"lazy\" decoding=\"async\" width=\"1020\" height=\"531\" src=\"https:\/\/cafelapalma.com\/wp-content\/uploads\/2026\/08\/Willie-deville-1100x572-1-1040x541.jpg\" class=\"attachment-large size-large wp-post-image\" alt=\"\" \/><\/a>\n<\/div>\n\t<div class=\"tribe-related-event-info\">\n\t<h3 class=\"tribe-related-events-title\">\n\t\t<a href=\"https:\/\/cafelapalma.com\/en\/programacion\/willie-deville-concierto-benefico-x-venezuela\/\" class=\"tribe-event-url\" rel=\"bookmark\">\n\t\t\tWILLIE DEVILLE: CONCIERTO BEN\u00c9FICO X VENEZUELA\t\t<\/a>\n\t<\/h3>\n\t<span class=\"tribe-event-date-start\">6  September@21:00<\/span><span class=\"tribe-event-time\">23:45<\/span><\/div>\n<\/li>\n\t<\/ul>","protected":false},"excerpt":{"rendered":"<p>B\u00c1SICO PODCAST es el formato digital en que Luis Chataing se mantiene en contacto con sus seguidores comentando temas de actualidad. Por primera vez B\u00c1SICO PODCAST ser\u00e1 grabado fuera de estudio, desde Madrid, Espa\u00f1a, frente a un p\u00fablico exclusivo. Las invitadas para la grabaci\u00f3n del 29 de junio ser\u00e1n Carolina Iglesias y Victoria Mart\u00edn, conductoras &hellip; <\/p>","protected":false},"author":2,"featured_media":22528,"template":"","meta":{"_tec_requires_first_save":false,"_uag_custom_page_level_css":"","loftloader_page_shortcode":"","_EventAllDay":false,"_EventTimezone":"Europe\/Madrid","_EventStartDate":"2022-06-29 21:00:00","_EventEndDate":"2022-06-29 23:00:00","_EventStartDateUTC":"2022-06-29 19:00:00","_EventEndDateUTC":"2022-06-29 21:00:00","_EventShowMap":false,"_EventShowMapLink":false,"_EventURL":"https:\/\/social.ticketplate.com\/luis-chataing-basico-podcast\/","_EventCost":"25","_EventCostDescription":"","_EventCurrencySymbol":"\u20ac","_EventCurrencyCode":"","_EventCurrencyPosition":"suffix","_EventDateTimeSeparator":"@","_EventTimeRangeSeparator":"-","_EventOrganizerID":[],"_EventVenueID":[0],"_OrganizerEmail":"","_OrganizerPhone":"","_OrganizerWebsite":"","_VenueAddress":"","_VenueCity":"","_VenueCountry":"","_VenueProvince":"","_VenueState":"","_VenueZip":"","_VenuePhone":"","_VenueURL":"","_VenueStateProvince":"","_VenueLat":"","_VenueLng":"","_VenueShowMap":false,"_VenueShowMapLink":false,"_tribe_blocks_recurrence_rules":"","_tribe_blocks_recurrence_description":"","_tribe_blocks_recurrence_exclusions":"","_ecp_custom_2":"","_tribe_events_status":"","_tribe_events_status_reason":"","_tribe_events_is_hybrid":"","_tribe_events_is_virtual":"","_tribe_events_virtual_video_source":"","_tribe_events_virtual_embed_video":"","_tribe_events_virtual_linked_button_text":"","_tribe_events_virtual_linked_button":"","_tribe_events_virtual_show_embed_at":"","_tribe_events_virtual_show_embed_to":[],"_tribe_events_virtual_show_on_event":"","_tribe_events_virtual_show_on_views":"","_tribe_events_virtual_url":"","footnotes":""},"tags":[9638,11525,1363,11527,11530,11522,11523,11528,11529,10344,11526],"tribe_events_cat":[9510],"class_list":["post-22524","tribe_events","type-tribe_events","status-publish","has-post-thumbnail","hentry","tag-actividades-cafe-la-palma","tag-basico-podcast","tag-cafe-la-palma","tag-carolina-iglesias","tag-estirando-el-chicle","tag-luis-chataing","tag-nitantarde-productions","tag-percebes-y-grelos","tag-percebesygrelos","tag-podcast-en-directo","tag-victoria-martin","tribe_events_cat-actividades","cat_actividades"],"uagb_featured_image_src":{"full":["https:\/\/cafelapalma.com\/wp-content\/uploads\/2022\/04\/VICTORIA-CAROLINA_STORIE.png",1080,1920,false],"thumbnail":["https:\/\/cafelapalma.com\/wp-content\/uploads\/2022\/04\/VICTORIA-CAROLINA_STORIE-150x150.png",150,150,true],"medium":["https:\/\/cafelapalma.com\/wp-content\/uploads\/2022\/04\/VICTORIA-CAROLINA_STORIE-169x300.png",169,300,true],"medium_large":["https:\/\/cafelapalma.com\/wp-content\/uploads\/2022\/04\/VICTORIA-CAROLINA_STORIE-768x1365.png",768,1365,true],"large":["https:\/\/cafelapalma.com\/wp-content\/uploads\/2022\/04\/VICTORIA-CAROLINA_STORIE-576x1024.png",576,1024,true],"1536x1536":["https:\/\/cafelapalma.com\/wp-content\/uploads\/2022\/04\/VICTORIA-CAROLINA_STORIE-864x1536.png",864,1536,true],"2048x2048":["https:\/\/cafelapalma.com\/wp-content\/uploads\/2022\/04\/VICTORIA-CAROLINA_STORIE.png",1080,1920,false],"trp-custom-language-flag":["https:\/\/cafelapalma.com\/wp-content\/uploads\/2022\/04\/VICTORIA-CAROLINA_STORIE.png",7,12,false],"blossom-feminine-slider":["https:\/\/cafelapalma.com\/wp-content\/uploads\/2022\/04\/VICTORIA-CAROLINA_STORIE-1080x649.png",1080,649,true],"blossom-feminine-featured":["https:\/\/cafelapalma.com\/wp-content\/uploads\/2022\/04\/VICTORIA-CAROLINA_STORIE-1080x600.png",1080,600,true],"blossom-feminine-with-sidebar":["https:\/\/cafelapalma.com\/wp-content\/uploads\/2022\/04\/VICTORIA-CAROLINA_STORIE-1020x600.png",1020,600,true],"blossom-feminine-blog":["https:\/\/cafelapalma.com\/wp-content\/uploads\/2022\/04\/VICTORIA-CAROLINA_STORIE-435x435.png",435,435,true],"blossom-feminine-cat":["https:\/\/cafelapalma.com\/wp-content\/uploads\/2022\/04\/VICTORIA-CAROLINA_STORIE-450x300.png",450,300,true],"blossom-feminine-related":["https:\/\/cafelapalma.com\/wp-content\/uploads\/2022\/04\/VICTORIA-CAROLINA_STORIE-320x200.png",320,200,true],"blossom-feminine-schema":["https:\/\/cafelapalma.com\/wp-content\/uploads\/2022\/04\/VICTORIA-CAROLINA_STORIE-34x60.png",34,60,true]},"uagb_author_info":{"display_name":"Victor","author_link":"https:\/\/cafelapalma.com\/en\/author\/comunicacion\/"},"uagb_comment_info":0,"uagb_excerpt":"B\u00c1SICO PODCAST es el formato digital en que Luis Chataing se mantiene en contacto con sus seguidores comentando temas de actualidad. Por primera vez B\u00c1SICO PODCAST ser\u00e1 grabado fuera de estudio, desde Madrid, Espa\u00f1a, frente a un p\u00fablico exclusivo. Las invitadas para la grabaci\u00f3n del 29 de junio ser\u00e1n Carolina Iglesias y Victoria Mart\u00edn, conductoras&hellip;","_links":{"self":[{"href":"https:\/\/cafelapalma.com\/en\/wp-json\/wp\/v2\/tribe_events\/22524","targetHints":{"allow":["GET"]}}],"collection":[{"href":"https:\/\/cafelapalma.com\/en\/wp-json\/wp\/v2\/tribe_events"}],"about":[{"href":"https:\/\/cafelapalma.com\/en\/wp-json\/wp\/v2\/types\/tribe_events"}],"author":[{"embeddable":true,"href":"https:\/\/cafelapalma.com\/en\/wp-json\/wp\/v2\/users\/2"}],"version-history":[{"count":0,"href":"https:\/\/cafelapalma.com\/en\/wp-json\/wp\/v2\/tribe_events\/22524\/revisions"}],"wp:featuredmedia":[{"embeddable":true,"href":"https:\/\/cafelapalma.com\/en\/wp-json\/wp\/v2\/media\/22528"}],"wp:attachment":[{"href":"https:\/\/cafelapalma.com\/en\/wp-json\/wp\/v2\/media?parent=22524"}],"wp:term":[{"taxonomy":"post_tag","embeddable":true,"href":"https:\/\/cafelapalma.com\/en\/wp-json\/wp\/v2\/tags?post=22524"},{"taxonomy":"tribe_events_cat","embeddable":true,"href":"https:\/\/cafelapalma.com\/en\/wp-json\/wp\/v2\/tribe_events_cat?post=22524"}],"curies":[{"name":"wp","href":"https:\/\/api.w.org\/{rel}","templated":true}]}}

BÁSICO PODCAST: VICTORIA MARTÍN Y CAROLINA IGLESIAS

<div  class="tribe-events-schedule tribe-clearfix" >
	<p class="tribe-events-schedule__datetime">
		<span class="tribe-events-schedule__date tribe-events-schedule__date--start">
			29  June  2022		</span>

					<span class="tribe-events-schedule__separator tribe-events-schedule__separator--date">
				@			</span>
			<span class="tribe-events-schedule__time tribe-events-schedule__time--start">
				21:00			</span>
		
									<span class="tribe-events-schedule__separator tribe-events-schedule__separator--time">
					&#8211;				</span>
			
							<span class="tribe-events-schedule__time tribe-events-schedule__time--end">
					23:00				</span>
			
						</p>
</div>


<div  class="tribe-block tribe-block__event-price" >
			<span class="tribe-block__event-price__cost"> 25€ </span>
				<span class="tribe-block__event-price__description">+ gg Anticipada</span>
	</div>



<div style="height:100px" aria-hidden="true" class="wp-block-spacer"></div>



<div class="wp-block-columns is-layout-flex wp-container-core-columns-is-layout-8f761849 wp-block-columns-is-layout-flex">
<div class="wp-block-column is-layout-flow wp-block-column-is-layout-flow" style="flex-basis:33.33%">
<figure class="wp-block-image size-large"><img loading="lazy" decoding="async" width="1024" height="1024" src="https://cafelapalma.com/wp-content/uploads/2022/04/VICTORIA-CAROLINA_FEED-1024x1024.png" alt="" class="wp-image-22527" srcset="https://cafelapalma.com/wp-content/uploads/2022/04/VICTORIA-CAROLINA_FEED-1024x1024.png 1024w, https://cafelapalma.com/wp-content/uploads/2022/04/VICTORIA-CAROLINA_FEED-300x300.png 300w, https://cafelapalma.com/wp-content/uploads/2022/04/VICTORIA-CAROLINA_FEED-150x150.png 150w, https://cafelapalma.com/wp-content/uploads/2022/04/VICTORIA-CAROLINA_FEED-768x768.png 768w, https://cafelapalma.com/wp-content/uploads/2022/04/VICTORIA-CAROLINA_FEED-435x435.png 435w, https://cafelapalma.com/wp-content/uploads/2022/04/VICTORIA-CAROLINA_FEED-60x60.png 60w, https://cafelapalma.com/wp-content/uploads/2022/04/VICTORIA-CAROLINA_FEED.png 1080w" sizes="auto, (max-width: 1024px) 100vw, 1024px" /></figure>


<div  class="tribe-block tribe-block__event-website" >
	<a
		href="https://social.ticketplate.com/luis-chataing-basico-podcast/"
		target="_self"
			>
		BUY TICKETS	</a>
</div>
</div>



<div class="wp-block-column is-layout-flow wp-block-column-is-layout-flow" style="flex-basis:66.66%">
<div style="height:100px" aria-hidden="true" class="wp-block-spacer"></div>



<p class="has-text-align-left wp-block-paragraph"><strong>BÁSICO PODCAST</strong> es el formato digital en que <strong>Luis Chataing</strong> se mantiene en contacto con sus seguidores comentando temas de actualidad.<br><br>Por primera vez <strong>BÁSICO PODCAST</strong> será grabado fuera de estudio, desde <strong>Madrid</strong>, <strong>España</strong>, frente a un público exclusivo.<br><br>Las invitadas para la grabación del 29 de junio serán <strong>Carolina Iglesias</strong> y <strong>Victoria Martín</strong>, conductoras del fenomenal podcast <strong><em>Estirando el Chicle</em></strong> en que semanalmente comparten anécdotas con interesantes invitadas.</p>
</div>
</div>



<div style="height:100px" aria-hidden="true" class="wp-block-spacer"></div>



<hr class="wp-block-separator is-style-wide"/>



<div style="height:100px" aria-hidden="true" class="wp-block-spacer"></div>


<h2 class="tribe-block__related-events__title">Related Events</h2>

<ul  class="tribe-related-events tribe-clearfix" >
			<li>
	
<div class="tribe-related-events-thumbnail">
	<a href="https://cafelapalma.com/en/programacion/funkin-donuts/" class="url" rel="bookmark" tabindex="-1" aria-hidden="true"><img loading="lazy" decoding="async" width="693" height="1040" src="https://cafelapalma.com/wp-content/uploads/2026/07/FD-vert2-bn-693x1040.jpg" class="attachment-large size-large wp-post-image" alt="" /></a>
</div>
	<div class="tribe-related-event-info">
	<h3 class="tribe-related-events-title">
		<a href="https://cafelapalma.com/en/programacion/funkin-donuts/" class="tribe-event-url" rel="bookmark">
			FUNKIN&#8217; DONUTS		</a>
	</h3>
	<span class="tribe-event-date-start">5  September@22:00</span><span class="tribe-event-time">23:45</span></div>
</li>
			<li>
	
<div class="tribe-related-events-thumbnail">
	<a href="https://cafelapalma.com/en/programacion/backstage-le-petit-truffle-mayo/" class="url" rel="bookmark" tabindex="-1" aria-hidden="true"><img loading="lazy" decoding="async" width="780" height="1040" src="https://cafelapalma.com/wp-content/uploads/2026/07/Imagen-TruffleMayo-LePetit-i-1-780x1040.png" class="attachment-large size-large wp-post-image" alt="" /></a>
</div>
	<div class="tribe-related-event-info">
	<h3 class="tribe-related-events-title">
		<a href="https://cafelapalma.com/en/programacion/backstage-le-petit-truffle-mayo/" class="tribe-event-url" rel="bookmark">
			BACKSTAGE: LE PETIT + TRUFFLE MAYO		</a>
	</h3>
	<span class="tribe-event-date-start">5  September@23:55</span></div>
</li>
			<li>
	
<div class="tribe-related-events-thumbnail">
	<a href="https://cafelapalma.com/en/programacion/willie-deville-concierto-benefico-x-venezuela/" class="url" rel="bookmark" tabindex="-1" aria-hidden="true"><img loading="lazy" decoding="async" width="1020" height="531" src="https://cafelapalma.com/wp-content/uploads/2026/08/Willie-deville-1100x572-1-1040x541.jpg" class="attachment-large size-large wp-post-image" alt="" /></a>
</div>
	<div class="tribe-related-event-info">
	<h3 class="tribe-related-events-title">
		<a href="https://cafelapalma.com/en/programacion/willie-deville-concierto-benefico-x-venezuela/" class="tribe-event-url" rel="bookmark">
			WILLIE DEVILLE: CONCIERTO BENÉFICO X VENEZUELA		</a>
	</h3>
	<span class="tribe-event-date-start">6  September@21:00</span><span class="tribe-event-time">23:45</span></div>
</li>
	</ul>

<p>BÁSICO PODCAST es el formato digital en que Luis Chataing se mantiene en contacto con sus seguidores comentando temas de actualidad. Por primera vez BÁSICO PODCAST será grabado fuera de estudio, desde Madrid, España, frente a un público exclusivo. Las invitadas para la grabación del 29 de junio serán Carolina Iglesias y Victoria Martín, conductoras &hellip; </p>

BÁSICO PODCAST es el formato digital en que Luis Chataing se mantiene en contacto con sus seguidores comentando temas de actualidad. Por primera vez BÁSICO PODCAST será grabado fuera de estudio, desde Madrid, España, frente a un público exclusivo. Las invitadas para la grabación del 29 de junio serán Carolina Iglesias y Victoria Martín, conductoras&hellip;
