{"id":22877,"date":"2022-05-31T11:18:03","date_gmt":"2022-05-31T09:18:03","guid":{"rendered":"https:\/\/cafelapalma.com\/?post_type=tribe_events&#038;p=22877"},"modified":"2022-05-31T11:18:04","modified_gmt":"2022-05-31T09:18:04","slug":"fikasound-ruok","status":"publish","type":"tribe_events","link":"https:\/\/cafelapalma.com\/en\/programacion\/fikasound-ruok\/","title":{"rendered":"FIKASOUND presenta ORINA + LA PERFECTA MOMENT + CONTRAMAESTRE FERN\u00c1NDEZ"},"content":{"rendered":"<div  class=\"tribe-events-schedule tribe-clearfix\" >\n\t<p class=\"tribe-events-schedule__datetime\">\n\t\t<span class=\"tribe-events-schedule__date tribe-events-schedule__date--start\">\n\t\t\t22  July  2022\t\t<\/span>\n\n\t\t\t\t\t<span class=\"tribe-events-schedule__separator tribe-events-schedule__separator--date\">\n\t\t\t\t@\t\t\t<\/span>\n\t\t\t<span class=\"tribe-events-schedule__time tribe-events-schedule__time--start\">\n\t\t\t\t21:00\t\t\t<\/span>\n\t\t\n\t\t\t\t\t\t\t\t\t<span class=\"tribe-events-schedule__separator tribe-events-schedule__separator--time\">\n\t\t\t\t\t&#8211;\t\t\t\t<\/span>\n\t\t\t\n\t\t\t\t\t\t\t<span class=\"tribe-events-schedule__time tribe-events-schedule__time--end\">\n\t\t\t\t\t23:45\t\t\t\t<\/span>\n\t\t\t\n\t\t\t\t\t\t<\/p>\n<\/div>\n\n\n<div  class=\"tribe-block tribe-block__event-price\" >\n\t\t\t<span class=\"tribe-block__event-price__cost\"> 10\u20ac <\/span>\n\t\t\t\t<span class=\"tribe-block__event-price__description\">+ gg Anticipada | 12\u20ac Taquilla<\/span>\n\t<\/div>\n\n\n\n<div style=\"height:100px\" aria-hidden=\"true\" class=\"wp-block-spacer\"><\/div>\n\n\n\n<div class=\"wp-block-columns is-layout-flex wp-container-core-columns-is-layout-8f761849 wp-block-columns-is-layout-flex\">\n<div class=\"wp-block-column is-layout-flow wp-block-column-is-layout-flow\" style=\"flex-basis:33.33%\">\n<figure class=\"wp-block-image size-full\"><img loading=\"lazy\" decoding=\"async\" width=\"430\" height=\"608\" src=\"https:\/\/cafelapalma.com\/wp-content\/uploads\/2022\/05\/FIKAFEST-A3-LOW.jpg\" alt=\"\" class=\"wp-image-22879\" srcset=\"https:\/\/cafelapalma.com\/wp-content\/uploads\/2022\/05\/FIKAFEST-A3-LOW.jpg 430w, https:\/\/cafelapalma.com\/wp-content\/uploads\/2022\/05\/FIKAFEST-A3-LOW-212x300.jpg 212w, https:\/\/cafelapalma.com\/wp-content\/uploads\/2022\/05\/FIKAFEST-A3-LOW-42x60.jpg 42w\" sizes=\"auto, (max-width: 430px) 100vw, 430px\" \/><\/figure>\n\n\n<div  class=\"tribe-block tribe-block__event-website\" >\n\t<a\n\t\thref=\"https:\/\/dice.fm\/bundles\/fikasound-mxdk\"\n\t\ttarget=\"_self\"\n\t\t\t>\n\t\tBUY TICKETS\t<\/a>\n<\/div>\n<\/div>\n\n\n\n<div class=\"wp-block-column is-layout-flow wp-block-column-is-layout-flow\" style=\"flex-basis:66.66%\">\n<p class=\"has-text-align-left wp-block-paragraph\"><strong>FIKASOUND<\/strong> presenta por todo lo alto su tradicional festejo estival, una celebraci\u00f3n enfocada especialmente para la juventud de cualquier edad en la que encontramos una selecci\u00f3n de diversos estados de \u00e1nimo musicalizados por bandas que tienen algo en com\u00fan: ser de la familia de <strong>Fikasound<\/strong>.<\/p>\n\n\n\n<p class=\"has-text-align-left wp-block-paragraph\">El viernes ser\u00e1 el turno del rock. Esa palabra tan gen\u00e9rica puede englobar proyectos tan dispares en su est\u00e9tica y a la vez tan cercanos por como reflejan los estigmas de la mocedad.<\/p>\n\n\n\n<p class=\"has-text-align-left wp-block-paragraph\"><strong>CONTRAMAESTRE FERN\u00c1NDEZ<\/strong> (<strong>Diadermin<\/strong>) nos ense\u00f1ar\u00e1 con su s\u00e1tira a bailar el desencanto ante lo cotidiano con aroma a salitre.<\/p>\n\n\n\n<p class=\"has-text-align-left wp-block-paragraph\"><strong>LA PERFECTA MOMENT<\/strong> pondr\u00e1n la banda sonora a la juventud que empieza a darse cuenta de que salir de fiesta quiz\u00e1 no sea para tanto y nada mejor que llegar a esas reflexiones en una fiesta.<\/p>\n\n\n\n<p class=\"has-text-align-left wp-block-paragraph\"><strong>ORINA<\/strong> cerrar\u00e1 con un golpetazo a cualquier reflexi\u00f3n e invitar\u00e1 a bailar a los individualistas mediante la comuni\u00f3n del pogo y las fracturas de t\u00edmpanos. Adem\u00e1s cuentan con <strong>Manu\u00e9 <\/strong>a la voz que dice ser el mism\u00edsimo <strong>Satan\u00e1s<\/strong>.<\/p>\n\n\n\n<p class=\"has-text-align-left wp-block-paragraph\">Todo esto es una soluci\u00f3n ideal para darse un chapuz\u00f3n de pesimismo festivo. Pero por si fuera poco contaremos con m\u00fasica diyei del mism\u00edsimo <strong>CONCURSEITTI<\/strong> (<strong>Jos\u00e9 Sanz<\/strong>, as\u00ed que <strong>Sonia y Selena<\/strong> caen fijo) y <strong>MARX SIMPSON<\/strong> (<strong>M\u00e1quina Baja<\/strong>), electr\u00f3nica a todo gas para darle a la zapatilla. Despu\u00e9s de esto es probable que quieras llorar de felicidad.<\/p>\n<\/div>\n<\/div>\n\n\n\n<div style=\"height:100px\" aria-hidden=\"true\" class=\"wp-block-spacer\"><\/div>\n\n\n\n<hr class=\"wp-block-separator is-style-wide\"\/>\n\n\n\n<div style=\"height:100px\" aria-hidden=\"true\" class=\"wp-block-spacer\"><\/div>\n\n\n<h2 class=\"tribe-block__related-events__title\">Related Events<\/h2>\n\n<ul  class=\"tribe-related-events tribe-clearfix\" >\n\t\t\t<li>\n\t\n<div class=\"tribe-related-events-thumbnail\">\n\t<a href=\"https:\/\/cafelapalma.com\/en\/programacion\/funkin-donuts\/\" class=\"url\" rel=\"bookmark\" tabindex=\"-1\" aria-hidden=\"true\"><img loading=\"lazy\" decoding=\"async\" width=\"693\" height=\"1040\" src=\"https:\/\/cafelapalma.com\/wp-content\/uploads\/2026\/07\/FD-vert2-bn-693x1040.jpg\" class=\"attachment-large size-large wp-post-image\" alt=\"\" \/><\/a>\n<\/div>\n\t<div class=\"tribe-related-event-info\">\n\t<h3 class=\"tribe-related-events-title\">\n\t\t<a href=\"https:\/\/cafelapalma.com\/en\/programacion\/funkin-donuts\/\" class=\"tribe-event-url\" rel=\"bookmark\">\n\t\t\tFUNKIN&#8217; DONUTS\t\t<\/a>\n\t<\/h3>\n\t<span class=\"tribe-event-date-start\">5  September@22:00<\/span><span class=\"tribe-event-time\">23:45<\/span><\/div>\n<\/li>\n\t\t\t<li>\n\t\n<div class=\"tribe-related-events-thumbnail\">\n\t<a href=\"https:\/\/cafelapalma.com\/en\/programacion\/backstage-le-petit-truffle-mayo\/\" class=\"url\" rel=\"bookmark\" tabindex=\"-1\" aria-hidden=\"true\"><img loading=\"lazy\" decoding=\"async\" width=\"780\" height=\"1040\" src=\"https:\/\/cafelapalma.com\/wp-content\/uploads\/2026\/07\/Imagen-TruffleMayo-LePetit-i-1-780x1040.png\" class=\"attachment-large size-large wp-post-image\" alt=\"\" \/><\/a>\n<\/div>\n\t<div class=\"tribe-related-event-info\">\n\t<h3 class=\"tribe-related-events-title\">\n\t\t<a href=\"https:\/\/cafelapalma.com\/en\/programacion\/backstage-le-petit-truffle-mayo\/\" class=\"tribe-event-url\" rel=\"bookmark\">\n\t\t\tBACKSTAGE: LE PETIT + TRUFFLE MAYO\t\t<\/a>\n\t<\/h3>\n\t<span class=\"tribe-event-date-start\">5  September@23:55<\/span><\/div>\n<\/li>\n\t\t\t<li>\n\t\n<div class=\"tribe-related-events-thumbnail\">\n\t<a href=\"https:\/\/cafelapalma.com\/en\/programacion\/willie-deville-concierto-benefico-x-venezuela\/\" class=\"url\" rel=\"bookmark\" tabindex=\"-1\" aria-hidden=\"true\"><img loading=\"lazy\" decoding=\"async\" width=\"1020\" height=\"531\" src=\"https:\/\/cafelapalma.com\/wp-content\/uploads\/2026\/08\/Willie-deville-1100x572-1-1040x541.jpg\" class=\"attachment-large size-large wp-post-image\" alt=\"\" \/><\/a>\n<\/div>\n\t<div class=\"tribe-related-event-info\">\n\t<h3 class=\"tribe-related-events-title\">\n\t\t<a href=\"https:\/\/cafelapalma.com\/en\/programacion\/willie-deville-concierto-benefico-x-venezuela\/\" class=\"tribe-event-url\" rel=\"bookmark\">\n\t\t\tWILLIE DEVILLE: CONCIERTO BEN\u00c9FICO X VENEZUELA\t\t<\/a>\n\t<\/h3>\n\t<span class=\"tribe-event-date-start\">6  September@21:00<\/span><span class=\"tribe-event-time\">23:45<\/span><\/div>\n<\/li>\n\t<\/ul>","protected":false},"excerpt":{"rendered":"<p>FIKASOUND presenta por todo lo alto su tradicional festejo estival, una celebraci\u00f3n enfocada especialmente para la juventud de cualquier edad en la que encontramos una selecci\u00f3n de diversos estados de \u00e1nimo musicalizados por bandas que tienen algo en com\u00fan: ser de la familia de Fikasound. El viernes ser\u00e1 el turno del rock. Esa palabra tan &hellip; <\/p>","protected":false},"author":2,"featured_media":22880,"template":"","meta":{"_tec_requires_first_save":false,"_uag_custom_page_level_css":"","loftloader_page_shortcode":"","_EventAllDay":false,"_EventTimezone":"Europe\/Madrid","_EventStartDate":"2022-07-22 21:00:00","_EventEndDate":"2022-07-22 23:45:00","_EventStartDateUTC":"2022-07-22 19:00:00","_EventEndDateUTC":"2022-07-22 21:45:00","_EventShowMap":false,"_EventShowMapLink":false,"_EventURL":"https:\/\/dice.fm\/bundles\/fikasound-mxdk","_EventCost":"10","_EventCostDescription":"","_EventCurrencySymbol":"\u20ac","_EventCurrencyCode":"","_EventCurrencyPosition":"suffix","_EventDateTimeSeparator":"@","_EventTimeRangeSeparator":"-","_EventOrganizerID":[],"_EventVenueID":[0],"_OrganizerEmail":"","_OrganizerPhone":"","_OrganizerWebsite":"","_VenueAddress":"","_VenueCity":"","_VenueCountry":"","_VenueProvince":"","_VenueState":"","_VenueZip":"","_VenuePhone":"","_VenueURL":"","_VenueStateProvince":"","_VenueLat":"","_VenueLng":"","_VenueShowMap":false,"_VenueShowMapLink":false,"_tribe_blocks_recurrence_rules":"","_tribe_blocks_recurrence_description":"","_tribe_blocks_recurrence_exclusions":"","_ecp_custom_2":"","_tribe_events_status":"","_tribe_events_status_reason":"","_tribe_events_is_hybrid":"","_tribe_events_is_virtual":"","_tribe_events_virtual_video_source":"","_tribe_events_virtual_embed_video":"","_tribe_events_virtual_linked_button_text":"","_tribe_events_virtual_linked_button":"","_tribe_events_virtual_show_embed_at":"","_tribe_events_virtual_show_embed_to":[],"_tribe_events_virtual_show_on_event":"","_tribe_events_virtual_show_on_views":"","_tribe_events_virtual_url":"","footnotes":""},"tags":[1363,2865,9147,9146,11728,11722,11723,11733,11721,11729,11724,11727,11732,11731,11726,11725,11730],"tribe_events_cat":[8963],"class_list":["post-22877","tribe_events","type-tribe_events","status-publish","has-post-thumbnail","hentry","tag-cafe-la-palma","tag-conciertos-cafe-la-palma","tag-conciertos-madrid","tag-conciertos-malasana","tag-concurseitti","tag-contramaestre-fernandez","tag-diadermin","tag-dionisio","tag-fikasound","tag-jose-sanz","tag-la-perfecta-moment","tag-manue","tag-maquina-baja","tag-marx-simpson","tag-orina","tag-raul-querido","tag-sonia-y-selena","tribe_events_cat-concierto","cat_concierto"],"uagb_featured_image_src":{"full":["https:\/\/cafelapalma.com\/wp-content\/uploads\/2022\/05\/FIKALOGOSTWHT.png",1080,1920,false],"thumbnail":["https:\/\/cafelapalma.com\/wp-content\/uploads\/2022\/05\/FIKALOGOSTWHT-150x150.png",150,150,true],"medium":["https:\/\/cafelapalma.com\/wp-content\/uploads\/2022\/05\/FIKALOGOSTWHT-169x300.png",169,300,true],"medium_large":["https:\/\/cafelapalma.com\/wp-content\/uploads\/2022\/05\/FIKALOGOSTWHT-768x1365.png",768,1365,true],"large":["https:\/\/cafelapalma.com\/wp-content\/uploads\/2022\/05\/FIKALOGOSTWHT-576x1024.png",576,1024,true],"1536x1536":["https:\/\/cafelapalma.com\/wp-content\/uploads\/2022\/05\/FIKALOGOSTWHT-864x1536.png",864,1536,true],"2048x2048":["https:\/\/cafelapalma.com\/wp-content\/uploads\/2022\/05\/FIKALOGOSTWHT.png",1080,1920,false],"trp-custom-language-flag":["https:\/\/cafelapalma.com\/wp-content\/uploads\/2022\/05\/FIKALOGOSTWHT.png",7,12,false],"blossom-feminine-slider":["https:\/\/cafelapalma.com\/wp-content\/uploads\/2022\/05\/FIKALOGOSTWHT-1080x649.png",1080,649,true],"blossom-feminine-featured":["https:\/\/cafelapalma.com\/wp-content\/uploads\/2022\/05\/FIKALOGOSTWHT-1080x600.png",1080,600,true],"blossom-feminine-with-sidebar":["https:\/\/cafelapalma.com\/wp-content\/uploads\/2022\/05\/FIKALOGOSTWHT-1020x600.png",1020,600,true],"blossom-feminine-blog":["https:\/\/cafelapalma.com\/wp-content\/uploads\/2022\/05\/FIKALOGOSTWHT-435x435.png",435,435,true],"blossom-feminine-cat":["https:\/\/cafelapalma.com\/wp-content\/uploads\/2022\/05\/FIKALOGOSTWHT-450x300.png",450,300,true],"blossom-feminine-related":["https:\/\/cafelapalma.com\/wp-content\/uploads\/2022\/05\/FIKALOGOSTWHT-320x200.png",320,200,true],"blossom-feminine-schema":["https:\/\/cafelapalma.com\/wp-content\/uploads\/2022\/05\/FIKALOGOSTWHT-34x60.png",34,60,true]},"uagb_author_info":{"display_name":"Victor","author_link":"https:\/\/cafelapalma.com\/en\/author\/comunicacion\/"},"uagb_comment_info":0,"uagb_excerpt":"FIKASOUND presenta por todo lo alto su tradicional festejo estival, una celebraci\u00f3n enfocada especialmente para la juventud de cualquier edad en la que encontramos una selecci\u00f3n de diversos estados de \u00e1nimo musicalizados por bandas que tienen algo en com\u00fan: ser de la familia de Fikasound. El viernes ser\u00e1 el turno del rock. Esa palabra tan&hellip;","_links":{"self":[{"href":"https:\/\/cafelapalma.com\/en\/wp-json\/wp\/v2\/tribe_events\/22877","targetHints":{"allow":["GET"]}}],"collection":[{"href":"https:\/\/cafelapalma.com\/en\/wp-json\/wp\/v2\/tribe_events"}],"about":[{"href":"https:\/\/cafelapalma.com\/en\/wp-json\/wp\/v2\/types\/tribe_events"}],"author":[{"embeddable":true,"href":"https:\/\/cafelapalma.com\/en\/wp-json\/wp\/v2\/users\/2"}],"version-history":[{"count":0,"href":"https:\/\/cafelapalma.com\/en\/wp-json\/wp\/v2\/tribe_events\/22877\/revisions"}],"wp:featuredmedia":[{"embeddable":true,"href":"https:\/\/cafelapalma.com\/en\/wp-json\/wp\/v2\/media\/22880"}],"wp:attachment":[{"href":"https:\/\/cafelapalma.com\/en\/wp-json\/wp\/v2\/media?parent=22877"}],"wp:term":[{"taxonomy":"post_tag","embeddable":true,"href":"https:\/\/cafelapalma.com\/en\/wp-json\/wp\/v2\/tags?post=22877"},{"taxonomy":"tribe_events_cat","embeddable":true,"href":"https:\/\/cafelapalma.com\/en\/wp-json\/wp\/v2\/tribe_events_cat?post=22877"}],"curies":[{"name":"wp","href":"https:\/\/api.w.org\/{rel}","templated":true}]}}

FIKASOUND presenta ORINA + LA PERFECTA MOMENT + CONTRAMAESTRE FERNÁNDEZ

<div  class="tribe-events-schedule tribe-clearfix" >
	<p class="tribe-events-schedule__datetime">
		<span class="tribe-events-schedule__date tribe-events-schedule__date--start">
			22  July  2022		</span>

					<span class="tribe-events-schedule__separator tribe-events-schedule__separator--date">
				@			</span>
			<span class="tribe-events-schedule__time tribe-events-schedule__time--start">
				21:00			</span>
		
									<span class="tribe-events-schedule__separator tribe-events-schedule__separator--time">
					&#8211;				</span>
			
							<span class="tribe-events-schedule__time tribe-events-schedule__time--end">
					23:45				</span>
			
						</p>
</div>


<div  class="tribe-block tribe-block__event-price" >
			<span class="tribe-block__event-price__cost"> 10€ </span>
				<span class="tribe-block__event-price__description">+ gg Anticipada | 12€ Taquilla</span>
	</div>



<div style="height:100px" aria-hidden="true" class="wp-block-spacer"></div>



<div class="wp-block-columns is-layout-flex wp-container-core-columns-is-layout-8f761849 wp-block-columns-is-layout-flex">
<div class="wp-block-column is-layout-flow wp-block-column-is-layout-flow" style="flex-basis:33.33%">
<figure class="wp-block-image size-full"><img loading="lazy" decoding="async" width="430" height="608" src="https://cafelapalma.com/wp-content/uploads/2022/05/FIKAFEST-A3-LOW.jpg" alt="" class="wp-image-22879" srcset="https://cafelapalma.com/wp-content/uploads/2022/05/FIKAFEST-A3-LOW.jpg 430w, https://cafelapalma.com/wp-content/uploads/2022/05/FIKAFEST-A3-LOW-212x300.jpg 212w, https://cafelapalma.com/wp-content/uploads/2022/05/FIKAFEST-A3-LOW-42x60.jpg 42w" sizes="auto, (max-width: 430px) 100vw, 430px" /></figure>


<div  class="tribe-block tribe-block__event-website" >
	<a
		href="https://dice.fm/bundles/fikasound-mxdk"
		target="_self"
			>
		BUY TICKETS	</a>
</div>
</div>



<div class="wp-block-column is-layout-flow wp-block-column-is-layout-flow" style="flex-basis:66.66%">
<p class="has-text-align-left wp-block-paragraph"><strong>FIKASOUND</strong> presenta por todo lo alto su tradicional festejo estival, una celebración enfocada especialmente para la juventud de cualquier edad en la que encontramos una selección de diversos estados de ánimo musicalizados por bandas que tienen algo en común: ser de la familia de <strong>Fikasound</strong>.</p>



<p class="has-text-align-left wp-block-paragraph">El viernes será el turno del rock. Esa palabra tan genérica puede englobar proyectos tan dispares en su estética y a la vez tan cercanos por como reflejan los estigmas de la mocedad.</p>



<p class="has-text-align-left wp-block-paragraph"><strong>CONTRAMAESTRE FERNÁNDEZ</strong> (<strong>Diadermin</strong>) nos enseñará con su sátira a bailar el desencanto ante lo cotidiano con aroma a salitre.</p>



<p class="has-text-align-left wp-block-paragraph"><strong>LA PERFECTA MOMENT</strong> pondrán la banda sonora a la juventud que empieza a darse cuenta de que salir de fiesta quizá no sea para tanto y nada mejor que llegar a esas reflexiones en una fiesta.</p>



<p class="has-text-align-left wp-block-paragraph"><strong>ORINA</strong> cerrará con un golpetazo a cualquier reflexión e invitará a bailar a los individualistas mediante la comunión del pogo y las fracturas de tímpanos. Además cuentan con <strong>Manué </strong>a la voz que dice ser el mismísimo <strong>Satanás</strong>.</p>



<p class="has-text-align-left wp-block-paragraph">Todo esto es una solución ideal para darse un chapuzón de pesimismo festivo. Pero por si fuera poco contaremos con música diyei del mismísimo <strong>CONCURSEITTI</strong> (<strong>José Sanz</strong>, así que <strong>Sonia y Selena</strong> caen fijo) y <strong>MARX SIMPSON</strong> (<strong>Máquina Baja</strong>), electrónica a todo gas para darle a la zapatilla. Después de esto es probable que quieras llorar de felicidad.</p>
</div>
</div>



<div style="height:100px" aria-hidden="true" class="wp-block-spacer"></div>



<hr class="wp-block-separator is-style-wide"/>



<div style="height:100px" aria-hidden="true" class="wp-block-spacer"></div>


<h2 class="tribe-block__related-events__title">Related Events</h2>

<ul  class="tribe-related-events tribe-clearfix" >
			<li>
	
<div class="tribe-related-events-thumbnail">
	<a href="https://cafelapalma.com/en/programacion/funkin-donuts/" class="url" rel="bookmark" tabindex="-1" aria-hidden="true"><img loading="lazy" decoding="async" width="693" height="1040" src="https://cafelapalma.com/wp-content/uploads/2026/07/FD-vert2-bn-693x1040.jpg" class="attachment-large size-large wp-post-image" alt="" /></a>
</div>
	<div class="tribe-related-event-info">
	<h3 class="tribe-related-events-title">
		<a href="https://cafelapalma.com/en/programacion/funkin-donuts/" class="tribe-event-url" rel="bookmark">
			FUNKIN&#8217; DONUTS		</a>
	</h3>
	<span class="tribe-event-date-start">5  September@22:00</span><span class="tribe-event-time">23:45</span></div>
</li>
			<li>
	
<div class="tribe-related-events-thumbnail">
	<a href="https://cafelapalma.com/en/programacion/backstage-le-petit-truffle-mayo/" class="url" rel="bookmark" tabindex="-1" aria-hidden="true"><img loading="lazy" decoding="async" width="780" height="1040" src="https://cafelapalma.com/wp-content/uploads/2026/07/Imagen-TruffleMayo-LePetit-i-1-780x1040.png" class="attachment-large size-large wp-post-image" alt="" /></a>
</div>
	<div class="tribe-related-event-info">
	<h3 class="tribe-related-events-title">
		<a href="https://cafelapalma.com/en/programacion/backstage-le-petit-truffle-mayo/" class="tribe-event-url" rel="bookmark">
			BACKSTAGE: LE PETIT + TRUFFLE MAYO		</a>
	</h3>
	<span class="tribe-event-date-start">5  September@23:55</span></div>
</li>
			<li>
	
<div class="tribe-related-events-thumbnail">
	<a href="https://cafelapalma.com/en/programacion/willie-deville-concierto-benefico-x-venezuela/" class="url" rel="bookmark" tabindex="-1" aria-hidden="true"><img loading="lazy" decoding="async" width="1020" height="531" src="https://cafelapalma.com/wp-content/uploads/2026/08/Willie-deville-1100x572-1-1040x541.jpg" class="attachment-large size-large wp-post-image" alt="" /></a>
</div>
	<div class="tribe-related-event-info">
	<h3 class="tribe-related-events-title">
		<a href="https://cafelapalma.com/en/programacion/willie-deville-concierto-benefico-x-venezuela/" class="tribe-event-url" rel="bookmark">
			WILLIE DEVILLE: CONCIERTO BENÉFICO X VENEZUELA		</a>
	</h3>
	<span class="tribe-event-date-start">6  September@21:00</span><span class="tribe-event-time">23:45</span></div>
</li>
	</ul>

<p>FIKASOUND presenta por todo lo alto su tradicional festejo estival, una celebración enfocada especialmente para la juventud de cualquier edad en la que encontramos una selección de diversos estados de ánimo musicalizados por bandas que tienen algo en común: ser de la familia de Fikasound. El viernes será el turno del rock. Esa palabra tan &hellip; </p>

FIKASOUND presenta por todo lo alto su tradicional festejo estival, una celebración enfocada especialmente para la juventud de cualquier edad en la que encontramos una selección de diversos estados de ánimo musicalizados por bandas que tienen algo en común: ser de la familia de Fikasound. El viernes será el turno del rock. Esa palabra tan&hellip;
