{"id":22903,"date":"2022-06-02T13:58:20","date_gmt":"2022-06-02T11:58:20","guid":{"rendered":"https:\/\/cafelapalma.com\/?post_type=tribe_events&#038;p=22903"},"modified":"2022-06-02T13:58:22","modified_gmt":"2022-06-02T11:58:22","slug":"jagermusic-presenta-maria-sanchez-vibras","status":"publish","type":"tribe_events","link":"https:\/\/cafelapalma.com\/en\/programacion\/jagermusic-presenta-maria-sanchez-vibras\/","title":{"rendered":"J\u00c4GERMUSIC presenta: MAR\u00cdA S\u00c1NCHEZ + ViBras"},"content":{"rendered":"<div  class=\"tribe-events-schedule tribe-clearfix\" >\n\t<p class=\"tribe-events-schedule__datetime\">\n\t\t<span class=\"tribe-events-schedule__date tribe-events-schedule__date--start\">\n\t\t\t24  June  2022\t\t<\/span>\n\n\t\t\t\t\t<span class=\"tribe-events-schedule__separator tribe-events-schedule__separator--date\">\n\t\t\t\t@\t\t\t<\/span>\n\t\t\t<span class=\"tribe-events-schedule__time tribe-events-schedule__time--start\">\n\t\t\t\t21:30\t\t\t<\/span>\n\t\t\n\t\t\t\t\t\t\t\t\t<span class=\"tribe-events-schedule__separator tribe-events-schedule__separator--time\">\n\t\t\t\t\t&#8211;\t\t\t\t<\/span>\n\t\t\t\n\t\t\t\t\t\t\t<span class=\"tribe-events-schedule__time tribe-events-schedule__time--end\">\n\t\t\t\t\t23:45\t\t\t\t<\/span>\n\t\t\t\n\t\t\t\t\t\t<\/p>\n<\/div>\n\n\n<div  class=\"tribe-block tribe-block__event-price\" >\n\t\t\t<span class=\"tribe-block__event-price__cost\"> 10\u20ac <\/span>\n\t\t\t\t<span class=\"tribe-block__event-price__description\">+ gg Anticipada | 13\u20ac Taquilla<\/span>\n\t<\/div>\n\n\n\n<div style=\"height:100px\" aria-hidden=\"true\" class=\"wp-block-spacer\"><\/div>\n\n\n\n<div class=\"wp-block-columns is-layout-flex wp-container-core-columns-is-layout-8f761849 wp-block-columns-is-layout-flex\">\n<div class=\"wp-block-column is-layout-flow wp-block-column-is-layout-flow\" style=\"flex-basis:33.33%\">\n<figure class=\"wp-block-image size-full\"><img loading=\"lazy\" decoding=\"async\" width=\"430\" height=\"608\" src=\"https:\/\/cafelapalma.com\/wp-content\/uploads\/2022\/06\/masanchjagerA\u00b7LOW.png\" alt=\"\" class=\"wp-image-22905\" srcset=\"https:\/\/cafelapalma.com\/wp-content\/uploads\/2022\/06\/masanchjagerA\u00b7LOW.png 430w, https:\/\/cafelapalma.com\/wp-content\/uploads\/2022\/06\/masanchjagerA\u00b7LOW-212x300.png 212w, https:\/\/cafelapalma.com\/wp-content\/uploads\/2022\/06\/masanchjagerA\u00b7LOW-42x60.png 42w\" sizes=\"auto, (max-width: 430px) 100vw, 430px\" \/><\/figure>\n\n\n<div  class=\"tribe-block tribe-block__event-website\" >\n\t<a\n\t\thref=\"https:\/\/link.dice.fm\/sdc659a5db0e\"\n\t\ttarget=\"_self\"\n\t\t\t>\n\t\tBUY TICKETS\t<\/a>\n<\/div>\n<\/div>\n\n\n\n<div class=\"wp-block-column is-layout-flow wp-block-column-is-layout-flow\" style=\"flex-basis:66.66%\">\n<div style=\"height:100px\" aria-hidden=\"true\" class=\"wp-block-spacer\"><\/div>\n\n\n\n<p class=\"has-text-align-left wp-block-paragraph\"><strong>MAR\u00cdA S\u00c1NCHEZ<\/strong> es una artista madrile\u00f1a que fusiona flamenco con todo tipo de g\u00e9neros musicales. Ella produce y arregla toda su m\u00fasica, con lo que consigue un estilo propio. <em><strong>\u201cEspinas\u201d<\/strong><\/em> ser\u00e1 el t\u00edtulo de su pr\u00f3ximo disco en que ha volcado todo su talento y que saldr\u00e1 a lo largo de este 2022. Tambi\u00e9n para este a\u00f1o tiene preparadas varias colaboraciones con artistas nacionales como <strong>Garzi<\/strong>, <strong>Marko Italia<\/strong>, <strong>H Roto<\/strong>, <strong>Bendriss<\/strong>, <strong>Svj<\/strong>&#8230; y colaboraciones internacionales como <strong>Pedro Mafama<\/strong>. En resumen, estamos de enhorabuena porque <strong>MAR\u00cdA S\u00c1NCHEZ<\/strong> promete un a\u00f1o con mucha m\u00fasica, esa m\u00fasica suya llena de sentimiento.<\/p>\n\n\n\n<p class=\"has-text-align-left wp-block-paragraph\"><strong>ViBras<\/strong>\u00a0es el alter ego de <strong>Paula Brasero<\/strong>, una madrile\u00f1a que en el verano de 2020 empez\u00f3 a subir covers a sus perfiles y al poco tiempo se lanz\u00f3 a sacar sus propios temas:\u00a0<strong><em>\u201cEn la Oscuridad<\/em>\u201d<\/strong>,\u00a0<em><strong>\u201cAmor Fugaz\u201d<\/strong><\/em>\u00a0y\u00a0<em><strong>\u201cCari\u00f1ito\u201d<\/strong><\/em>. Ahora est\u00e1 trabajando en su primer disco\u00a0<strong><em>\u201cDesierto<\/em>\u201d<\/strong> producido por\u00a0<strong>Genius <\/strong>y mezclado por\u00a0<strong>Cuore<\/strong>, el cual ver\u00e1 la luz el pr\u00f3ximo septiembre.\u00a0<\/p>\n<\/div>\n<\/div>\n\n\n\n<div style=\"height:100px\" aria-hidden=\"true\" class=\"wp-block-spacer\"><\/div>\n\n\n\n<hr class=\"wp-block-separator is-style-wide\"\/>\n\n\n\n<div style=\"height:100px\" aria-hidden=\"true\" class=\"wp-block-spacer\"><\/div>\n\n\n<h2 class=\"tribe-block__related-events__title\">Related Events<\/h2>\n\n<ul  class=\"tribe-related-events tribe-clearfix\" >\n\t\t\t<li>\n\t\n<div class=\"tribe-related-events-thumbnail\">\n\t<a href=\"https:\/\/cafelapalma.com\/en\/programacion\/funkin-donuts\/\" class=\"url\" rel=\"bookmark\" tabindex=\"-1\" aria-hidden=\"true\"><img loading=\"lazy\" decoding=\"async\" width=\"693\" height=\"1040\" src=\"https:\/\/cafelapalma.com\/wp-content\/uploads\/2026\/07\/FD-vert2-bn-693x1040.jpg\" class=\"attachment-large size-large wp-post-image\" alt=\"\" \/><\/a>\n<\/div>\n\t<div class=\"tribe-related-event-info\">\n\t<h3 class=\"tribe-related-events-title\">\n\t\t<a href=\"https:\/\/cafelapalma.com\/en\/programacion\/funkin-donuts\/\" class=\"tribe-event-url\" rel=\"bookmark\">\n\t\t\tFUNKIN&#8217; DONUTS\t\t<\/a>\n\t<\/h3>\n\t<span class=\"tribe-event-date-start\">5  September@22:00<\/span><span class=\"tribe-event-time\">23:45<\/span><\/div>\n<\/li>\n\t\t\t<li>\n\t\n<div class=\"tribe-related-events-thumbnail\">\n\t<a href=\"https:\/\/cafelapalma.com\/en\/programacion\/backstage-le-petit-truffle-mayo\/\" class=\"url\" rel=\"bookmark\" tabindex=\"-1\" aria-hidden=\"true\"><img loading=\"lazy\" decoding=\"async\" width=\"780\" height=\"1040\" src=\"https:\/\/cafelapalma.com\/wp-content\/uploads\/2026\/07\/Imagen-TruffleMayo-LePetit-i-1-780x1040.png\" class=\"attachment-large size-large wp-post-image\" alt=\"\" \/><\/a>\n<\/div>\n\t<div class=\"tribe-related-event-info\">\n\t<h3 class=\"tribe-related-events-title\">\n\t\t<a href=\"https:\/\/cafelapalma.com\/en\/programacion\/backstage-le-petit-truffle-mayo\/\" class=\"tribe-event-url\" rel=\"bookmark\">\n\t\t\tBACKSTAGE: LE PETIT + TRUFFLE MAYO\t\t<\/a>\n\t<\/h3>\n\t<span class=\"tribe-event-date-start\">5  September@23:55<\/span><\/div>\n<\/li>\n\t\t\t<li>\n\t\n<div class=\"tribe-related-events-thumbnail\">\n\t<a href=\"https:\/\/cafelapalma.com\/en\/programacion\/willie-deville-concierto-benefico-x-venezuela\/\" class=\"url\" rel=\"bookmark\" tabindex=\"-1\" aria-hidden=\"true\"><img loading=\"lazy\" decoding=\"async\" width=\"1020\" height=\"531\" src=\"https:\/\/cafelapalma.com\/wp-content\/uploads\/2026\/08\/Willie-deville-1100x572-1-1040x541.jpg\" class=\"attachment-large size-large wp-post-image\" alt=\"\" \/><\/a>\n<\/div>\n\t<div class=\"tribe-related-event-info\">\n\t<h3 class=\"tribe-related-events-title\">\n\t\t<a href=\"https:\/\/cafelapalma.com\/en\/programacion\/willie-deville-concierto-benefico-x-venezuela\/\" class=\"tribe-event-url\" rel=\"bookmark\">\n\t\t\tWILLIE DEVILLE: CONCIERTO BEN\u00c9FICO X VENEZUELA\t\t<\/a>\n\t<\/h3>\n\t<span class=\"tribe-event-date-start\">6  September@21:00<\/span><span class=\"tribe-event-time\">23:45<\/span><\/div>\n<\/li>\n\t<\/ul>","protected":false},"excerpt":{"rendered":"<p>MAR\u00cdA S\u00c1NCHEZ es una artista madrile\u00f1a que fusiona flamenco con todo tipo de g\u00e9neros musicales. Ella produce y arregla toda su m\u00fasica, con lo que consigue un estilo propio. \u201cEspinas\u201d ser\u00e1 el t\u00edtulo de su pr\u00f3ximo disco en que ha volcado todo su talento y que saldr\u00e1 a lo largo de este 2022. Tambi\u00e9n para &hellip; <\/p>","protected":false},"author":2,"featured_media":22853,"template":"","meta":{"_tec_requires_first_save":false,"_uag_custom_page_level_css":"","loftloader_page_shortcode":"","_EventAllDay":false,"_EventTimezone":"Europe\/Madrid","_EventStartDate":"2022-06-24 21:30:00","_EventEndDate":"2022-06-24 23:45:00","_EventStartDateUTC":"2022-06-24 19:30:00","_EventEndDateUTC":"2022-06-24 21:45:00","_EventShowMap":false,"_EventShowMapLink":false,"_EventURL":"https:\/\/link.dice.fm\/sdc659a5db0e","_EventCost":"10","_EventCostDescription":"","_EventCurrencySymbol":"\u20ac","_EventCurrencyCode":"","_EventCurrencyPosition":"suffix","_EventDateTimeSeparator":"@","_EventTimeRangeSeparator":"-","_EventOrganizerID":[],"_EventVenueID":[0],"_OrganizerEmail":"","_OrganizerPhone":"","_OrganizerWebsite":"","_VenueAddress":"","_VenueCity":"","_VenueCountry":"","_VenueProvince":"","_VenueState":"","_VenueZip":"","_VenuePhone":"","_VenueURL":"","_VenueStateProvince":"","_VenueLat":"","_VenueLng":"","_VenueShowMap":false,"_VenueShowMapLink":false,"_tribe_blocks_recurrence_rules":"","_tribe_blocks_recurrence_description":"","_tribe_blocks_recurrence_exclusions":"","_ecp_custom_2":"","_tribe_events_status":"","_tribe_events_status_reason":"","_tribe_events_is_hybrid":"","_tribe_events_is_virtual":"","_tribe_events_virtual_video_source":"","_tribe_events_virtual_embed_video":"","_tribe_events_virtual_linked_button_text":"","_tribe_events_virtual_linked_button":"","_tribe_events_virtual_show_embed_at":"","_tribe_events_virtual_show_embed_to":[],"_tribe_events_virtual_show_on_event":"","_tribe_events_virtual_show_on_views":"","_tribe_events_virtual_url":"","footnotes":""},"tags":[11706,11764,11760,1363,11765,2865,9147,9146,11768,11766,11763,10120,11757,11767,11758,11705,11759,11755,11762,11761,11756],"tribe_events_cat":[8963],"class_list":["post-22903","tribe_events","type-tribe_events","status-publish","has-post-thumbnail","hentry","tag-all-nighters","tag-amor-fugaz","tag-bendriss","tag-cafe-la-palma","tag-carinito","tag-conciertos-cafe-la-palma","tag-conciertos-madrid","tag-conciertos-malasana","tag-cuore","tag-desierto","tag-en-la-oscuridad","tag-espinas","tag-garzi","tag-genius","tag-h-roto","tag-maria-sanchez","tag-marko-italia","tag-paula-brasero","tag-pedro-mafama","tag-svj","tag-vibras","tribe_events_cat-concierto","cat_concierto"],"uagb_featured_image_src":{"full":["https:\/\/cafelapalma.com\/wp-content\/uploads\/2021\/04\/MARIA-SANCHEZ.jpeg",2048,1350,false],"thumbnail":["https:\/\/cafelapalma.com\/wp-content\/uploads\/2021\/04\/MARIA-SANCHEZ-150x150.jpeg",150,150,true],"medium":["https:\/\/cafelapalma.com\/wp-content\/uploads\/2021\/04\/MARIA-SANCHEZ-300x198.jpeg",300,198,true],"medium_large":["https:\/\/cafelapalma.com\/wp-content\/uploads\/2021\/04\/MARIA-SANCHEZ-768x506.jpeg",768,506,true],"large":["https:\/\/cafelapalma.com\/wp-content\/uploads\/2021\/04\/MARIA-SANCHEZ-1024x675.jpeg",1020,672,true],"1536x1536":["https:\/\/cafelapalma.com\/wp-content\/uploads\/2021\/04\/MARIA-SANCHEZ-1536x1013.jpeg",1536,1013,true],"2048x2048":["https:\/\/cafelapalma.com\/wp-content\/uploads\/2021\/04\/MARIA-SANCHEZ.jpeg",2048,1350,false],"trp-custom-language-flag":["https:\/\/cafelapalma.com\/wp-content\/uploads\/2021\/04\/MARIA-SANCHEZ.jpeg",18,12,false],"blossom-feminine-slider":["https:\/\/cafelapalma.com\/wp-content\/uploads\/2021\/04\/MARIA-SANCHEZ-1920x649.jpeg",1920,649,true],"blossom-feminine-featured":["https:\/\/cafelapalma.com\/wp-content\/uploads\/2021\/04\/MARIA-SANCHEZ-1410x600.jpeg",1410,600,true],"blossom-feminine-with-sidebar":["https:\/\/cafelapalma.com\/wp-content\/uploads\/2021\/04\/MARIA-SANCHEZ-1020x600.jpeg",1020,600,true],"blossom-feminine-blog":["https:\/\/cafelapalma.com\/wp-content\/uploads\/2021\/04\/MARIA-SANCHEZ-435x435.jpeg",435,435,true],"blossom-feminine-cat":["https:\/\/cafelapalma.com\/wp-content\/uploads\/2021\/04\/MARIA-SANCHEZ-450x300.jpeg",450,300,true],"blossom-feminine-related":["https:\/\/cafelapalma.com\/wp-content\/uploads\/2021\/04\/MARIA-SANCHEZ-320x200.jpeg",320,200,true],"blossom-feminine-schema":["https:\/\/cafelapalma.com\/wp-content\/uploads\/2021\/04\/MARIA-SANCHEZ-91x60.jpeg",91,60,true]},"uagb_author_info":{"display_name":"Victor","author_link":"https:\/\/cafelapalma.com\/en\/author\/comunicacion\/"},"uagb_comment_info":0,"uagb_excerpt":"MAR\u00cdA S\u00c1NCHEZ es una artista madrile\u00f1a que fusiona flamenco con todo tipo de g\u00e9neros musicales. Ella produce y arregla toda su m\u00fasica, con lo que consigue un estilo propio. \u201cEspinas\u201d ser\u00e1 el t\u00edtulo de su pr\u00f3ximo disco en que ha volcado todo su talento y que saldr\u00e1 a lo largo de este 2022. Tambi\u00e9n para&hellip;","_links":{"self":[{"href":"https:\/\/cafelapalma.com\/en\/wp-json\/wp\/v2\/tribe_events\/22903","targetHints":{"allow":["GET"]}}],"collection":[{"href":"https:\/\/cafelapalma.com\/en\/wp-json\/wp\/v2\/tribe_events"}],"about":[{"href":"https:\/\/cafelapalma.com\/en\/wp-json\/wp\/v2\/types\/tribe_events"}],"author":[{"embeddable":true,"href":"https:\/\/cafelapalma.com\/en\/wp-json\/wp\/v2\/users\/2"}],"version-history":[{"count":0,"href":"https:\/\/cafelapalma.com\/en\/wp-json\/wp\/v2\/tribe_events\/22903\/revisions"}],"wp:featuredmedia":[{"embeddable":true,"href":"https:\/\/cafelapalma.com\/en\/wp-json\/wp\/v2\/media\/22853"}],"wp:attachment":[{"href":"https:\/\/cafelapalma.com\/en\/wp-json\/wp\/v2\/media?parent=22903"}],"wp:term":[{"taxonomy":"post_tag","embeddable":true,"href":"https:\/\/cafelapalma.com\/en\/wp-json\/wp\/v2\/tags?post=22903"},{"taxonomy":"tribe_events_cat","embeddable":true,"href":"https:\/\/cafelapalma.com\/en\/wp-json\/wp\/v2\/tribe_events_cat?post=22903"}],"curies":[{"name":"wp","href":"https:\/\/api.w.org\/{rel}","templated":true}]}}

JÄGERMUSIC presenta: MARÍA SÁNCHEZ + ViBras

<div  class="tribe-events-schedule tribe-clearfix" >
	<p class="tribe-events-schedule__datetime">
		<span class="tribe-events-schedule__date tribe-events-schedule__date--start">
			24  June  2022		</span>

					<span class="tribe-events-schedule__separator tribe-events-schedule__separator--date">
				@			</span>
			<span class="tribe-events-schedule__time tribe-events-schedule__time--start">
				21:30			</span>
		
									<span class="tribe-events-schedule__separator tribe-events-schedule__separator--time">
					&#8211;				</span>
			
							<span class="tribe-events-schedule__time tribe-events-schedule__time--end">
					23:45				</span>
			
						</p>
</div>


<div  class="tribe-block tribe-block__event-price" >
			<span class="tribe-block__event-price__cost"> 10€ </span>
				<span class="tribe-block__event-price__description">+ gg Anticipada | 13€ Taquilla</span>
	</div>



<div style="height:100px" aria-hidden="true" class="wp-block-spacer"></div>



<div class="wp-block-columns is-layout-flex wp-container-core-columns-is-layout-8f761849 wp-block-columns-is-layout-flex">
<div class="wp-block-column is-layout-flow wp-block-column-is-layout-flow" style="flex-basis:33.33%">
<figure class="wp-block-image size-full"><img loading="lazy" decoding="async" width="430" height="608" src="https://cafelapalma.com/wp-content/uploads/2022/06/masanchjagerA·LOW.png" alt="" class="wp-image-22905" srcset="https://cafelapalma.com/wp-content/uploads/2022/06/masanchjagerA·LOW.png 430w, https://cafelapalma.com/wp-content/uploads/2022/06/masanchjagerA·LOW-212x300.png 212w, https://cafelapalma.com/wp-content/uploads/2022/06/masanchjagerA·LOW-42x60.png 42w" sizes="auto, (max-width: 430px) 100vw, 430px" /></figure>


<div  class="tribe-block tribe-block__event-website" >
	<a
		href="https://link.dice.fm/sdc659a5db0e"
		target="_self"
			>
		BUY TICKETS	</a>
</div>
</div>



<div class="wp-block-column is-layout-flow wp-block-column-is-layout-flow" style="flex-basis:66.66%">
<div style="height:100px" aria-hidden="true" class="wp-block-spacer"></div>



<p class="has-text-align-left wp-block-paragraph"><strong>MARÍA SÁNCHEZ</strong> es una artista madrileña que fusiona flamenco con todo tipo de géneros musicales. Ella produce y arregla toda su música, con lo que consigue un estilo propio. <em><strong>“Espinas”</strong></em> será el título de su próximo disco en que ha volcado todo su talento y que saldrá a lo largo de este 2022. También para este año tiene preparadas varias colaboraciones con artistas nacionales como <strong>Garzi</strong>, <strong>Marko Italia</strong>, <strong>H Roto</strong>, <strong>Bendriss</strong>, <strong>Svj</strong>&#8230; y colaboraciones internacionales como <strong>Pedro Mafama</strong>. En resumen, estamos de enhorabuena porque <strong>MARÍA SÁNCHEZ</strong> promete un año con mucha música, esa música suya llena de sentimiento.</p>



<p class="has-text-align-left wp-block-paragraph"><strong>ViBras</strong> es el alter ego de <strong>Paula Brasero</strong>, una madrileña que en el verano de 2020 empezó a subir covers a sus perfiles y al poco tiempo se lanzó a sacar sus propios temas: <strong><em>“En la Oscuridad</em>”</strong>, <em><strong>“Amor Fugaz”</strong></em> y <em><strong>“Cariñito”</strong></em>. Ahora está trabajando en su primer disco <strong><em>“Desierto</em>”</strong> producido por <strong>Genius </strong>y mezclado por <strong>Cuore</strong>, el cual verá la luz el próximo septiembre. </p>
</div>
</div>



<div style="height:100px" aria-hidden="true" class="wp-block-spacer"></div>



<hr class="wp-block-separator is-style-wide"/>



<div style="height:100px" aria-hidden="true" class="wp-block-spacer"></div>


<h2 class="tribe-block__related-events__title">Related Events</h2>

<ul  class="tribe-related-events tribe-clearfix" >
			<li>
	
<div class="tribe-related-events-thumbnail">
	<a href="https://cafelapalma.com/en/programacion/funkin-donuts/" class="url" rel="bookmark" tabindex="-1" aria-hidden="true"><img loading="lazy" decoding="async" width="693" height="1040" src="https://cafelapalma.com/wp-content/uploads/2026/07/FD-vert2-bn-693x1040.jpg" class="attachment-large size-large wp-post-image" alt="" /></a>
</div>
	<div class="tribe-related-event-info">
	<h3 class="tribe-related-events-title">
		<a href="https://cafelapalma.com/en/programacion/funkin-donuts/" class="tribe-event-url" rel="bookmark">
			FUNKIN&#8217; DONUTS		</a>
	</h3>
	<span class="tribe-event-date-start">5  September@22:00</span><span class="tribe-event-time">23:45</span></div>
</li>
			<li>
	
<div class="tribe-related-events-thumbnail">
	<a href="https://cafelapalma.com/en/programacion/backstage-le-petit-truffle-mayo/" class="url" rel="bookmark" tabindex="-1" aria-hidden="true"><img loading="lazy" decoding="async" width="780" height="1040" src="https://cafelapalma.com/wp-content/uploads/2026/07/Imagen-TruffleMayo-LePetit-i-1-780x1040.png" class="attachment-large size-large wp-post-image" alt="" /></a>
</div>
	<div class="tribe-related-event-info">
	<h3 class="tribe-related-events-title">
		<a href="https://cafelapalma.com/en/programacion/backstage-le-petit-truffle-mayo/" class="tribe-event-url" rel="bookmark">
			BACKSTAGE: LE PETIT + TRUFFLE MAYO		</a>
	</h3>
	<span class="tribe-event-date-start">5  September@23:55</span></div>
</li>
			<li>
	
<div class="tribe-related-events-thumbnail">
	<a href="https://cafelapalma.com/en/programacion/willie-deville-concierto-benefico-x-venezuela/" class="url" rel="bookmark" tabindex="-1" aria-hidden="true"><img loading="lazy" decoding="async" width="1020" height="531" src="https://cafelapalma.com/wp-content/uploads/2026/08/Willie-deville-1100x572-1-1040x541.jpg" class="attachment-large size-large wp-post-image" alt="" /></a>
</div>
	<div class="tribe-related-event-info">
	<h3 class="tribe-related-events-title">
		<a href="https://cafelapalma.com/en/programacion/willie-deville-concierto-benefico-x-venezuela/" class="tribe-event-url" rel="bookmark">
			WILLIE DEVILLE: CONCIERTO BENÉFICO X VENEZUELA		</a>
	</h3>
	<span class="tribe-event-date-start">6  September@21:00</span><span class="tribe-event-time">23:45</span></div>
</li>
	</ul>

<p>MARÍA SÁNCHEZ es una artista madrileña que fusiona flamenco con todo tipo de géneros musicales. Ella produce y arregla toda su música, con lo que consigue un estilo propio. “Espinas” será el título de su próximo disco en que ha volcado todo su talento y que saldrá a lo largo de este 2022. También para &hellip; </p>

MARÍA SÁNCHEZ es una artista madrileña que fusiona flamenco con todo tipo de géneros musicales. Ella produce y arregla toda su música, con lo que consigue un estilo propio. “Espinas” será el título de su próximo disco en que ha volcado todo su talento y que saldrá a lo largo de este 2022. También para&hellip;
