{"id":23408,"date":"2022-07-26T16:27:31","date_gmt":"2022-07-26T14:27:31","guid":{"rendered":"https:\/\/cafelapalma.com\/?post_type=tribe_events&#038;p=23408"},"modified":"2022-07-26T16:27:33","modified_gmt":"2022-07-26T14:27:33","slug":"sara-rioja-presenta-renacer","status":"publish","type":"tribe_events","link":"https:\/\/cafelapalma.com\/en\/programacion\/sara-rioja-presenta-renacer\/","title":{"rendered":"SARA RIOJA"},"content":{"rendered":"<div  class=\"tribe-events-schedule tribe-clearfix\" >\n\t<p class=\"tribe-events-schedule__datetime\">\n\t\t<span class=\"tribe-events-schedule__date tribe-events-schedule__date--start\">\n\t\t\t21  September  2022\t\t<\/span>\n\n\t\t\t\t\t<span class=\"tribe-events-schedule__separator tribe-events-schedule__separator--date\">\n\t\t\t\t@\t\t\t<\/span>\n\t\t\t<span class=\"tribe-events-schedule__time tribe-events-schedule__time--start\">\n\t\t\t\t21:00\t\t\t<\/span>\n\t\t\n\t\t\t\t\t\t\t\t\t<span class=\"tribe-events-schedule__separator tribe-events-schedule__separator--time\">\n\t\t\t\t\t&#8211;\t\t\t\t<\/span>\n\t\t\t\n\t\t\t\t\t\t\t<span class=\"tribe-events-schedule__time tribe-events-schedule__time--end\">\n\t\t\t\t\t23:00\t\t\t\t<\/span>\n\t\t\t\n\t\t\t\t\t\t<\/p>\n<\/div>\n\n\n<div  class=\"tribe-block tribe-block__event-price\" >\n\t\t\t<span class=\"tribe-block__event-price__cost\"> 10\u20ac <\/span>\n\t\t\t\t<span class=\"tribe-block__event-price__description\">+ gg Anticipada | 12\u20ac Taquilla<\/span>\n\t<\/div>\n\n\n\n<div style=\"height:100px\" aria-hidden=\"true\" class=\"wp-block-spacer\"><\/div>\n\n\n\n<div class=\"wp-block-columns is-layout-flex wp-container-core-columns-is-layout-8f761849 wp-block-columns-is-layout-flex\">\n<div class=\"wp-block-column is-layout-flow wp-block-column-is-layout-flow\" style=\"flex-basis:33.33%\">\n<figure class=\"wp-block-image size-full\"><img loading=\"lazy\" decoding=\"async\" width=\"430\" height=\"608\" src=\"https:\/\/cafelapalma.com\/wp-content\/uploads\/2022\/07\/SARA-RIOJA-LOW.jpg\" alt=\"\" class=\"wp-image-23409\" srcset=\"https:\/\/cafelapalma.com\/wp-content\/uploads\/2022\/07\/SARA-RIOJA-LOW.jpg 430w, https:\/\/cafelapalma.com\/wp-content\/uploads\/2022\/07\/SARA-RIOJA-LOW-212x300.jpg 212w, https:\/\/cafelapalma.com\/wp-content\/uploads\/2022\/07\/SARA-RIOJA-LOW-42x60.jpg 42w\" sizes=\"auto, (max-width: 430px) 100vw, 430px\" \/><\/figure>\n\n\n<div  class=\"tribe-block tribe-block__event-website\" >\n\t<a\n\t\thref=\"https:\/\/link.dice.fm\/Bd2622fb2e41\"\n\t\ttarget=\"_self\"\n\t\t\t>\n\t\tBUY TICKETS\t<\/a>\n<\/div>\n<\/div>\n\n\n\n<div class=\"wp-block-column is-layout-flow wp-block-column-is-layout-flow\" style=\"flex-basis:66.66%\">\n<p class=\"wp-block-paragraph\"><\/p>\n\n\n\n<p class=\"has-text-align-left wp-block-paragraph\">El buen hijo siempre regresa a casa, dice el dicho popular, y es la historia de <strong>Sara Rioja<\/strong>: la int\u00e9rprete, compositora y productora subir\u00e1 las buenas energ\u00edas con su nuevo EP <strong><em>\u00abRenacer\u00bb<\/em><\/strong>, cuatro canciones que evocan al auto-poder, creer en uno mismo, la amistad, cambiar las tornas en los roles sociales y no dejarse derribar por el qu\u00e9 dir\u00e1n.<\/p>\n\n\n\n<p class=\"has-text-align-left wp-block-paragraph\">Tras m\u00e1s de una d\u00e9cada de arduo trabajo en <strong>Londres<\/strong>, donde <strong>Sara Rioja<\/strong> ha logrado trabajar con grandes productores, m\u00fasicos y estudios musicales como <strong>Abbey Road<\/strong> y <strong>Metropolis Studios<\/strong>, vuelve ahora a sus ra\u00edces con <strong><em>\u00abRenacer\u00bb<\/em><\/strong> su primer trabajo en solitario y en su lengua materna: el castellano.\u00a0<\/p>\n\n\n\n<p class=\"has-text-align-left wp-block-paragraph\"><strong>Sara <\/strong>ha girado por <strong>Europa <\/strong>en varias ocasiones y tocado en los escenarios principales de salas como <strong>Cargo <\/strong>in <strong>Londres<\/strong>, <strong>Amnesia Ibiza<\/strong>, <strong>Untold Festival<\/strong> o como telonera de <strong>Hall &amp; Oates<\/strong>. Y as\u00ed, el mismo d\u00eda\u00a0\u00a0del lanzamiento de su nuevo trabajo, <strong>Sara <\/strong>estar\u00e1 en su ciudad natal, <strong>Madrid<\/strong>, en <strong>CAFE LA PALMA<\/strong>, lugar que tanto frecuent\u00f3 en sus a\u00f1os de la <strong>Escuela de M\u00fasica Creativa<\/strong> y donde brindar\u00e1 un concierto \u00edntimo y lleno de sorpresas y nuevas canciones.\u00a0\u00a0<\/p>\n<\/div>\n<\/div>\n\n\n\n<div style=\"height:100px\" aria-hidden=\"true\" class=\"wp-block-spacer\"><\/div>\n\n\n\n<hr class=\"wp-block-separator has-alpha-channel-opacity is-style-wide\"\/>\n\n\n\n<div style=\"height:100px\" aria-hidden=\"true\" class=\"wp-block-spacer\"><\/div>\n\n\n<h2 class=\"tribe-block__related-events__title\">Related Events<\/h2>\n\n<ul  class=\"tribe-related-events tribe-clearfix\" >\n\t\t\t<li>\n\t\n<div class=\"tribe-related-events-thumbnail\">\n\t<a href=\"https:\/\/cafelapalma.com\/en\/programacion\/funkin-donuts\/\" class=\"url\" rel=\"bookmark\" tabindex=\"-1\" aria-hidden=\"true\"><img loading=\"lazy\" decoding=\"async\" width=\"693\" height=\"1040\" src=\"https:\/\/cafelapalma.com\/wp-content\/uploads\/2026\/07\/FD-vert2-bn-693x1040.jpg\" class=\"attachment-large size-large wp-post-image\" alt=\"\" \/><\/a>\n<\/div>\n\t<div class=\"tribe-related-event-info\">\n\t<h3 class=\"tribe-related-events-title\">\n\t\t<a href=\"https:\/\/cafelapalma.com\/en\/programacion\/funkin-donuts\/\" class=\"tribe-event-url\" rel=\"bookmark\">\n\t\t\tFUNKIN&#8217; DONUTS\t\t<\/a>\n\t<\/h3>\n\t<span class=\"tribe-event-date-start\">5  September@22:00<\/span><span class=\"tribe-event-time\">23:45<\/span><\/div>\n<\/li>\n\t\t\t<li>\n\t\n<div class=\"tribe-related-events-thumbnail\">\n\t<a href=\"https:\/\/cafelapalma.com\/en\/programacion\/backstage-le-petit-truffle-mayo\/\" class=\"url\" rel=\"bookmark\" tabindex=\"-1\" aria-hidden=\"true\"><img loading=\"lazy\" decoding=\"async\" width=\"780\" height=\"1040\" src=\"https:\/\/cafelapalma.com\/wp-content\/uploads\/2026\/07\/Imagen-TruffleMayo-LePetit-i-1-780x1040.png\" class=\"attachment-large size-large wp-post-image\" alt=\"\" \/><\/a>\n<\/div>\n\t<div class=\"tribe-related-event-info\">\n\t<h3 class=\"tribe-related-events-title\">\n\t\t<a href=\"https:\/\/cafelapalma.com\/en\/programacion\/backstage-le-petit-truffle-mayo\/\" class=\"tribe-event-url\" rel=\"bookmark\">\n\t\t\tBACKSTAGE: LE PETIT + TRUFFLE MAYO\t\t<\/a>\n\t<\/h3>\n\t<span class=\"tribe-event-date-start\">5  September@23:55<\/span><\/div>\n<\/li>\n\t\t\t<li>\n\t\n<div class=\"tribe-related-events-thumbnail\">\n\t<a href=\"https:\/\/cafelapalma.com\/en\/programacion\/willie-deville-concierto-benefico-x-venezuela\/\" class=\"url\" rel=\"bookmark\" tabindex=\"-1\" aria-hidden=\"true\"><img loading=\"lazy\" decoding=\"async\" width=\"1020\" height=\"531\" src=\"https:\/\/cafelapalma.com\/wp-content\/uploads\/2026\/08\/Willie-deville-1100x572-1-1040x541.jpg\" class=\"attachment-large size-large wp-post-image\" alt=\"\" \/><\/a>\n<\/div>\n\t<div class=\"tribe-related-event-info\">\n\t<h3 class=\"tribe-related-events-title\">\n\t\t<a href=\"https:\/\/cafelapalma.com\/en\/programacion\/willie-deville-concierto-benefico-x-venezuela\/\" class=\"tribe-event-url\" rel=\"bookmark\">\n\t\t\tWILLIE DEVILLE: CONCIERTO BEN\u00c9FICO X VENEZUELA\t\t<\/a>\n\t<\/h3>\n\t<span class=\"tribe-event-date-start\">6  September@21:00<\/span><span class=\"tribe-event-time\">23:45<\/span><\/div>\n<\/li>\n\t<\/ul>","protected":false},"excerpt":{"rendered":"<p>El buen hijo siempre regresa a casa, dice el dicho popular, y es la historia de Sara Rioja: la int\u00e9rprete, compositora y productora subir\u00e1 las buenas energ\u00edas con su nuevo EP \u00abRenacer\u00bb, cuatro canciones que evocan al auto-poder, creer en uno mismo, la amistad, cambiar las tornas en los roles sociales y no dejarse derribar &hellip; <\/p>","protected":false},"author":2,"featured_media":23410,"template":"","meta":{"_tec_requires_first_save":false,"_uag_custom_page_level_css":"","loftloader_page_shortcode":"","_EventAllDay":false,"_EventTimezone":"Europe\/Madrid","_EventStartDate":"2022-09-21 21:00:00","_EventEndDate":"2022-09-21 23:00:00","_EventStartDateUTC":"2022-09-21 19:00:00","_EventEndDateUTC":"2022-09-21 21:00:00","_EventShowMap":false,"_EventShowMapLink":false,"_EventURL":"https:\/\/link.dice.fm\/Bd2622fb2e41","_EventCost":"10","_EventCostDescription":"","_EventCurrencySymbol":"\u20ac","_EventCurrencyCode":"","_EventCurrencyPosition":"suffix","_EventDateTimeSeparator":"@","_EventTimeRangeSeparator":"-","_EventOrganizerID":[],"_EventVenueID":[0],"_OrganizerEmail":"","_OrganizerPhone":"","_OrganizerWebsite":"","_VenueAddress":"","_VenueCity":"","_VenueCountry":"","_VenueProvince":"","_VenueState":"","_VenueZip":"","_VenuePhone":"","_VenueURL":"","_VenueStateProvince":"","_VenueLat":"","_VenueLng":"","_VenueShowMap":false,"_VenueShowMapLink":false,"_tribe_blocks_recurrence_rules":"","_tribe_blocks_recurrence_description":"","_tribe_blocks_recurrence_exclusions":"","_ecp_custom_2":"","_tribe_events_status":"","_tribe_events_status_reason":"","_tribe_events_is_hybrid":"","_tribe_events_is_virtual":"","_tribe_events_virtual_video_source":"","_tribe_events_virtual_embed_video":"","_tribe_events_virtual_linked_button_text":"","_tribe_events_virtual_linked_button":"","_tribe_events_virtual_show_embed_at":"","_tribe_events_virtual_show_embed_to":[],"_tribe_events_virtual_show_on_event":"","_tribe_events_virtual_show_on_views":"","_tribe_events_virtual_url":"","footnotes":""},"tags":[11977,1363,8869,11979,2865,9147,9146,11980,9837,11978,1355,11976,11975],"tribe_events_cat":[8963],"class_list":["post-23408","tribe_events","type-tribe_events","status-publish","has-post-thumbnail","hentry","tag-abbey-road","tag-cafe-la-palma","tag-cafe-la-palma-2","tag-cargo","tag-conciertos-cafe-la-palma","tag-conciertos-madrid","tag-conciertos-malasana","tag-escuela-de-musica-creativa","tag-londres","tag-metropolis-studios","tag-pop","tag-renacer","tag-sara-rioja","tribe_events_cat-concierto","cat_concierto"],"uagb_featured_image_src":{"full":["https:\/\/cafelapalma.com\/wp-content\/uploads\/2022\/07\/SRlow.jpg",432,605,false],"thumbnail":["https:\/\/cafelapalma.com\/wp-content\/uploads\/2022\/07\/SRlow-150x150.jpg",150,150,true],"medium":["https:\/\/cafelapalma.com\/wp-content\/uploads\/2022\/07\/SRlow-214x300.jpg",214,300,true],"medium_large":["https:\/\/cafelapalma.com\/wp-content\/uploads\/2022\/07\/SRlow.jpg",432,605,false],"large":["https:\/\/cafelapalma.com\/wp-content\/uploads\/2022\/07\/SRlow.jpg",432,605,false],"1536x1536":["https:\/\/cafelapalma.com\/wp-content\/uploads\/2022\/07\/SRlow.jpg",432,605,false],"2048x2048":["https:\/\/cafelapalma.com\/wp-content\/uploads\/2022\/07\/SRlow.jpg",432,605,false],"trp-custom-language-flag":["https:\/\/cafelapalma.com\/wp-content\/uploads\/2022\/07\/SRlow.jpg",9,12,false],"blossom-feminine-slider":["https:\/\/cafelapalma.com\/wp-content\/uploads\/2022\/07\/SRlow.jpg",432,605,false],"blossom-feminine-featured":["https:\/\/cafelapalma.com\/wp-content\/uploads\/2022\/07\/SRlow-432x600.jpg",432,600,true],"blossom-feminine-with-sidebar":["https:\/\/cafelapalma.com\/wp-content\/uploads\/2022\/07\/SRlow-432x600.jpg",432,600,true],"blossom-feminine-blog":["https:\/\/cafelapalma.com\/wp-content\/uploads\/2022\/07\/SRlow-432x435.jpg",432,435,true],"blossom-feminine-cat":["https:\/\/cafelapalma.com\/wp-content\/uploads\/2022\/07\/SRlow-432x300.jpg",432,300,true],"blossom-feminine-related":["https:\/\/cafelapalma.com\/wp-content\/uploads\/2022\/07\/SRlow-320x200.jpg",320,200,true],"blossom-feminine-schema":["https:\/\/cafelapalma.com\/wp-content\/uploads\/2022\/07\/SRlow-43x60.jpg",43,60,true]},"uagb_author_info":{"display_name":"Victor","author_link":"https:\/\/cafelapalma.com\/en\/author\/comunicacion\/"},"uagb_comment_info":0,"uagb_excerpt":"El buen hijo siempre regresa a casa, dice el dicho popular, y es la historia de Sara Rioja: la int\u00e9rprete, compositora y productora subir\u00e1 las buenas energ\u00edas con su nuevo EP \u00abRenacer\u00bb, cuatro canciones que evocan al auto-poder, creer en uno mismo, la amistad, cambiar las tornas en los roles sociales y no dejarse derribar&hellip;","_links":{"self":[{"href":"https:\/\/cafelapalma.com\/en\/wp-json\/wp\/v2\/tribe_events\/23408","targetHints":{"allow":["GET"]}}],"collection":[{"href":"https:\/\/cafelapalma.com\/en\/wp-json\/wp\/v2\/tribe_events"}],"about":[{"href":"https:\/\/cafelapalma.com\/en\/wp-json\/wp\/v2\/types\/tribe_events"}],"author":[{"embeddable":true,"href":"https:\/\/cafelapalma.com\/en\/wp-json\/wp\/v2\/users\/2"}],"version-history":[{"count":0,"href":"https:\/\/cafelapalma.com\/en\/wp-json\/wp\/v2\/tribe_events\/23408\/revisions"}],"wp:featuredmedia":[{"embeddable":true,"href":"https:\/\/cafelapalma.com\/en\/wp-json\/wp\/v2\/media\/23410"}],"wp:attachment":[{"href":"https:\/\/cafelapalma.com\/en\/wp-json\/wp\/v2\/media?parent=23408"}],"wp:term":[{"taxonomy":"post_tag","embeddable":true,"href":"https:\/\/cafelapalma.com\/en\/wp-json\/wp\/v2\/tags?post=23408"},{"taxonomy":"tribe_events_cat","embeddable":true,"href":"https:\/\/cafelapalma.com\/en\/wp-json\/wp\/v2\/tribe_events_cat?post=23408"}],"curies":[{"name":"wp","href":"https:\/\/api.w.org\/{rel}","templated":true}]}}

<div  class="tribe-events-schedule tribe-clearfix" >
	<p class="tribe-events-schedule__datetime">
		<span class="tribe-events-schedule__date tribe-events-schedule__date--start">
			21  September  2022		</span>

					<span class="tribe-events-schedule__separator tribe-events-schedule__separator--date">
				@			</span>
			<span class="tribe-events-schedule__time tribe-events-schedule__time--start">
				21:00			</span>
		
									<span class="tribe-events-schedule__separator tribe-events-schedule__separator--time">
					&#8211;				</span>
			
							<span class="tribe-events-schedule__time tribe-events-schedule__time--end">
					23:00				</span>
			
						</p>
</div>


<div  class="tribe-block tribe-block__event-price" >
			<span class="tribe-block__event-price__cost"> 10€ </span>
				<span class="tribe-block__event-price__description">+ gg Anticipada | 12€ Taquilla</span>
	</div>



<div style="height:100px" aria-hidden="true" class="wp-block-spacer"></div>



<div class="wp-block-columns is-layout-flex wp-container-core-columns-is-layout-8f761849 wp-block-columns-is-layout-flex">
<div class="wp-block-column is-layout-flow wp-block-column-is-layout-flow" style="flex-basis:33.33%">
<figure class="wp-block-image size-full"><img loading="lazy" decoding="async" width="430" height="608" src="https://cafelapalma.com/wp-content/uploads/2022/07/SARA-RIOJA-LOW.jpg" alt="" class="wp-image-23409" srcset="https://cafelapalma.com/wp-content/uploads/2022/07/SARA-RIOJA-LOW.jpg 430w, https://cafelapalma.com/wp-content/uploads/2022/07/SARA-RIOJA-LOW-212x300.jpg 212w, https://cafelapalma.com/wp-content/uploads/2022/07/SARA-RIOJA-LOW-42x60.jpg 42w" sizes="auto, (max-width: 430px) 100vw, 430px" /></figure>


<div  class="tribe-block tribe-block__event-website" >
	<a
		href="https://link.dice.fm/Bd2622fb2e41"
		target="_self"
			>
		BUY TICKETS	</a>
</div>
</div>



<div class="wp-block-column is-layout-flow wp-block-column-is-layout-flow" style="flex-basis:66.66%">
<p class="wp-block-paragraph"></p>



<p class="has-text-align-left wp-block-paragraph">El buen hijo siempre regresa a casa, dice el dicho popular, y es la historia de <strong>Sara Rioja</strong>: la intérprete, compositora y productora subirá las buenas energías con su nuevo EP <strong><em>«Renacer»</em></strong>, cuatro canciones que evocan al auto-poder, creer en uno mismo, la amistad, cambiar las tornas en los roles sociales y no dejarse derribar por el qué dirán.</p>



<p class="has-text-align-left wp-block-paragraph">Tras más de una década de arduo trabajo en <strong>Londres</strong>, donde <strong>Sara Rioja</strong> ha logrado trabajar con grandes productores, músicos y estudios musicales como <strong>Abbey Road</strong> y <strong>Metropolis Studios</strong>, vuelve ahora a sus raíces con <strong><em>«Renacer»</em></strong> su primer trabajo en solitario y en su lengua materna: el castellano. </p>



<p class="has-text-align-left wp-block-paragraph"><strong>Sara </strong>ha girado por <strong>Europa </strong>en varias ocasiones y tocado en los escenarios principales de salas como <strong>Cargo </strong>in <strong>Londres</strong>, <strong>Amnesia Ibiza</strong>, <strong>Untold Festival</strong> o como telonera de <strong>Hall &amp; Oates</strong>. Y así, el mismo día  del lanzamiento de su nuevo trabajo, <strong>Sara </strong>estará en su ciudad natal, <strong>Madrid</strong>, en <strong>CAFE LA PALMA</strong>, lugar que tanto frecuentó en sus años de la <strong>Escuela de Música Creativa</strong> y donde brindará un concierto íntimo y lleno de sorpresas y nuevas canciones.  </p>
</div>
</div>



<div style="height:100px" aria-hidden="true" class="wp-block-spacer"></div>



<hr class="wp-block-separator has-alpha-channel-opacity is-style-wide"/>



<div style="height:100px" aria-hidden="true" class="wp-block-spacer"></div>


<h2 class="tribe-block__related-events__title">Related Events</h2>

<ul  class="tribe-related-events tribe-clearfix" >
			<li>
	
<div class="tribe-related-events-thumbnail">
	<a href="https://cafelapalma.com/en/programacion/funkin-donuts/" class="url" rel="bookmark" tabindex="-1" aria-hidden="true"><img loading="lazy" decoding="async" width="693" height="1040" src="https://cafelapalma.com/wp-content/uploads/2026/07/FD-vert2-bn-693x1040.jpg" class="attachment-large size-large wp-post-image" alt="" /></a>
</div>
	<div class="tribe-related-event-info">
	<h3 class="tribe-related-events-title">
		<a href="https://cafelapalma.com/en/programacion/funkin-donuts/" class="tribe-event-url" rel="bookmark">
			FUNKIN&#8217; DONUTS		</a>
	</h3>
	<span class="tribe-event-date-start">5  September@22:00</span><span class="tribe-event-time">23:45</span></div>
</li>
			<li>
	
<div class="tribe-related-events-thumbnail">
	<a href="https://cafelapalma.com/en/programacion/backstage-le-petit-truffle-mayo/" class="url" rel="bookmark" tabindex="-1" aria-hidden="true"><img loading="lazy" decoding="async" width="780" height="1040" src="https://cafelapalma.com/wp-content/uploads/2026/07/Imagen-TruffleMayo-LePetit-i-1-780x1040.png" class="attachment-large size-large wp-post-image" alt="" /></a>
</div>
	<div class="tribe-related-event-info">
	<h3 class="tribe-related-events-title">
		<a href="https://cafelapalma.com/en/programacion/backstage-le-petit-truffle-mayo/" class="tribe-event-url" rel="bookmark">
			BACKSTAGE: LE PETIT + TRUFFLE MAYO		</a>
	</h3>
	<span class="tribe-event-date-start">5  September@23:55</span></div>
</li>
			<li>
	
<div class="tribe-related-events-thumbnail">
	<a href="https://cafelapalma.com/en/programacion/willie-deville-concierto-benefico-x-venezuela/" class="url" rel="bookmark" tabindex="-1" aria-hidden="true"><img loading="lazy" decoding="async" width="1020" height="531" src="https://cafelapalma.com/wp-content/uploads/2026/08/Willie-deville-1100x572-1-1040x541.jpg" class="attachment-large size-large wp-post-image" alt="" /></a>
</div>
	<div class="tribe-related-event-info">
	<h3 class="tribe-related-events-title">
		<a href="https://cafelapalma.com/en/programacion/willie-deville-concierto-benefico-x-venezuela/" class="tribe-event-url" rel="bookmark">
			WILLIE DEVILLE: CONCIERTO BENÉFICO X VENEZUELA		</a>
	</h3>
	<span class="tribe-event-date-start">6  September@21:00</span><span class="tribe-event-time">23:45</span></div>
</li>
	</ul>

<p>El buen hijo siempre regresa a casa, dice el dicho popular, y es la historia de Sara Rioja: la intérprete, compositora y productora subirá las buenas energías con su nuevo EP «Renacer», cuatro canciones que evocan al auto-poder, creer en uno mismo, la amistad, cambiar las tornas en los roles sociales y no dejarse derribar &hellip; </p>

El buen hijo siempre regresa a casa, dice el dicho popular, y es la historia de Sara Rioja: la intérprete, compositora y productora subirá las buenas energías con su nuevo EP «Renacer», cuatro canciones que evocan al auto-poder, creer en uno mismo, la amistad, cambiar las tornas en los roles sociales y no dejarse derribar&hellip;
