{"id":24955,"date":"2022-10-25T10:15:33","date_gmt":"2022-10-25T08:15:33","guid":{"rendered":"https:\/\/cafelapalma.com\/?post_type=tribe_events&#038;p=24955"},"modified":"2022-10-25T10:15:59","modified_gmt":"2022-10-25T08:15:59","slug":"cafeina","status":"publish","type":"tribe_events","link":"https:\/\/cafelapalma.com\/en\/programacion\/cafeina\/","title":{"rendered":"CAFE\u00cdNA"},"content":{"rendered":"<div  class=\"tribe-events-schedule tribe-clearfix\" >\n\t<p class=\"tribe-events-schedule__datetime\">\n\t\t<span class=\"tribe-events-schedule__date tribe-events-schedule__date--start\">\n\t\t\t17  November  2022\t\t<\/span>\n\n\t\t\t\t\t<span class=\"tribe-events-schedule__separator tribe-events-schedule__separator--date\">\n\t\t\t\t@\t\t\t<\/span>\n\t\t\t<span class=\"tribe-events-schedule__time tribe-events-schedule__time--start\">\n\t\t\t\t23:50\t\t\t<\/span>\n\t\t\n\t\t\t\t\t\t\t\t\t<span class=\"tribe-events-schedule__separator tribe-events-schedule__separator--time\">\n\t\t\t\t\t&#8211;\t\t\t\t<\/span>\n\t\t\t\n\t\t\t\t\t\t\t<span class=\"tribe-events-schedule__time tribe-events-schedule__time--end\">\n\t\t\t\t\t23:55\t\t\t\t<\/span>\n\t\t\t\n\t\t\t\t\t\t<\/p>\n<\/div>\n\n\n<div  class=\"tribe-block tribe-block__event-price\" >\n\t\t\t<span class=\"tribe-block__event-price__cost\"> ENTRADA LIBRE <\/span>\n\t\t<\/div>\n\n\n\n<div style=\"height:100px\" aria-hidden=\"true\" class=\"wp-block-spacer\"><\/div>\n\n\n\n<div class=\"wp-block-columns is-layout-flex wp-container-core-columns-is-layout-8f761849 wp-block-columns-is-layout-flex\">\n<div class=\"wp-block-column is-layout-flow wp-block-column-is-layout-flow\" style=\"flex-basis:33.33%\">\n<figure class=\"wp-block-image size-large\"><img loading=\"lazy\" decoding=\"async\" width=\"770\" height=\"1040\" src=\"https:\/\/cafelapalma.com\/wp-content\/uploads\/2022\/10\/CAFEINA-A3-770x1040.jpg\" alt=\"\" class=\"wp-image-24956\" srcset=\"https:\/\/cafelapalma.com\/wp-content\/uploads\/2022\/10\/CAFEINA-A3-770x1040.jpg 770w, https:\/\/cafelapalma.com\/wp-content\/uploads\/2022\/10\/CAFEINA-A3-222x300.jpg 222w, https:\/\/cafelapalma.com\/wp-content\/uploads\/2022\/10\/CAFEINA-A3-768x1038.jpg 768w, https:\/\/cafelapalma.com\/wp-content\/uploads\/2022\/10\/CAFEINA-A3-44x60.jpg 44w, https:\/\/cafelapalma.com\/wp-content\/uploads\/2022\/10\/CAFEINA-A3.jpg 852w\" sizes=\"auto, (max-width: 770px) 100vw, 770px\" \/><\/figure>\n<\/div>\n\n\n\n<div class=\"wp-block-column is-layout-flow wp-block-column-is-layout-flow\" style=\"flex-basis:66.66%\">\n<div style=\"height:100px\" aria-hidden=\"true\" class=\"wp-block-spacer\"><\/div>\n\n\n\n<p class=\"has-text-align-left wp-block-paragraph\"><strong>CAFE\u00cdNA <\/strong>es un club al puro estilo <strong>Boiler Room<\/strong> d\u00f3nde predomina la calidad musical. Hosteado por el label <strong>Aventuras Tropicales<\/strong>, se bailar\u00e1n estilos musicales principalmente electr\u00f3nicos, aderezados con pinceladas de m\u00fasica urbana, latina, africana, tropical y bajos potentes.<\/p>\n\n\n\n<p class=\"has-text-align-left wp-block-paragraph\">Para esta primera edici\u00f3n, presentamos a <strong>Marcos\u00a0Flores<\/strong> <em>aka\u00a0<\/em><strong>Marcos\u00a0Boricua<\/strong>, promotor, productor, DJ y representante europeo del sello <strong>Color Red\/Red Night Recordings<\/strong>.\u00a0Sus sesiones siempre se han caracterizado por el eclecticismo dentro de la m\u00fasica afroamericana y latinoamericana: funk, soul, jazz, hip-hop, salsa, cumbia, disco, afro y house son algunos de los estilos que toca este selector con veinte a\u00f1os de experiencia\u00a0detr\u00e1s de los platos.<\/p>\n\n\n\n<p class=\"wp-block-paragraph\"><\/p>\n<\/div>\n<\/div>\n\n\n\n<div style=\"height:100px\" aria-hidden=\"true\" class=\"wp-block-spacer\"><\/div>\n\n\n\n<hr class=\"wp-block-separator has-alpha-channel-opacity is-style-wide\"\/>\n\n\n\n<div style=\"height:100px\" aria-hidden=\"true\" class=\"wp-block-spacer\"><\/div>\n\n\n<h2 class=\"tribe-block__related-events__title\">Related Events<\/h2>\n\n<ul  class=\"tribe-related-events tribe-clearfix\" >\n\t\t\t<li>\n\t\n<div class=\"tribe-related-events-thumbnail\">\n\t<a href=\"https:\/\/cafelapalma.com\/en\/programacion\/funkin-donuts\/\" class=\"url\" rel=\"bookmark\" tabindex=\"-1\" aria-hidden=\"true\"><img loading=\"lazy\" decoding=\"async\" width=\"693\" height=\"1040\" src=\"https:\/\/cafelapalma.com\/wp-content\/uploads\/2026\/07\/FD-vert2-bn-693x1040.jpg\" class=\"attachment-large size-large wp-post-image\" alt=\"\" \/><\/a>\n<\/div>\n\t<div class=\"tribe-related-event-info\">\n\t<h3 class=\"tribe-related-events-title\">\n\t\t<a href=\"https:\/\/cafelapalma.com\/en\/programacion\/funkin-donuts\/\" class=\"tribe-event-url\" rel=\"bookmark\">\n\t\t\tFUNKIN&#8217; DONUTS\t\t<\/a>\n\t<\/h3>\n\t<span class=\"tribe-event-date-start\">5  September@22:00<\/span><span class=\"tribe-event-time\">23:45<\/span><\/div>\n<\/li>\n\t\t\t<li>\n\t\n<div class=\"tribe-related-events-thumbnail\">\n\t<a href=\"https:\/\/cafelapalma.com\/en\/programacion\/backstage-le-petit-truffle-mayo\/\" class=\"url\" rel=\"bookmark\" tabindex=\"-1\" aria-hidden=\"true\"><img loading=\"lazy\" decoding=\"async\" width=\"780\" height=\"1040\" src=\"https:\/\/cafelapalma.com\/wp-content\/uploads\/2026\/07\/Imagen-TruffleMayo-LePetit-i-1-780x1040.png\" class=\"attachment-large size-large wp-post-image\" alt=\"\" \/><\/a>\n<\/div>\n\t<div class=\"tribe-related-event-info\">\n\t<h3 class=\"tribe-related-events-title\">\n\t\t<a href=\"https:\/\/cafelapalma.com\/en\/programacion\/backstage-le-petit-truffle-mayo\/\" class=\"tribe-event-url\" rel=\"bookmark\">\n\t\t\tBACKSTAGE: LE PETIT + TRUFFLE MAYO\t\t<\/a>\n\t<\/h3>\n\t<span class=\"tribe-event-date-start\">5  September@23:55<\/span><\/div>\n<\/li>\n\t\t\t<li>\n\t\n<div class=\"tribe-related-events-thumbnail\">\n\t<a href=\"https:\/\/cafelapalma.com\/en\/programacion\/willie-deville-concierto-benefico-x-venezuela\/\" class=\"url\" rel=\"bookmark\" tabindex=\"-1\" aria-hidden=\"true\"><img loading=\"lazy\" decoding=\"async\" width=\"1020\" height=\"531\" src=\"https:\/\/cafelapalma.com\/wp-content\/uploads\/2026\/08\/Willie-deville-1100x572-1-1040x541.jpg\" class=\"attachment-large size-large wp-post-image\" alt=\"\" \/><\/a>\n<\/div>\n\t<div class=\"tribe-related-event-info\">\n\t<h3 class=\"tribe-related-events-title\">\n\t\t<a href=\"https:\/\/cafelapalma.com\/en\/programacion\/willie-deville-concierto-benefico-x-venezuela\/\" class=\"tribe-event-url\" rel=\"bookmark\">\n\t\t\tWILLIE DEVILLE: CONCIERTO BEN\u00c9FICO X VENEZUELA\t\t<\/a>\n\t<\/h3>\n\t<span class=\"tribe-event-date-start\">6  September@21:00<\/span><span class=\"tribe-event-time\">23:45<\/span><\/div>\n<\/li>\n\t<\/ul>","protected":false},"excerpt":{"rendered":"<p>CAFE\u00cdNA es un club al puro estilo Boiler Room d\u00f3nde predomina la calidad musical. Hosteado por el label Aventuras Tropicales, se bailar\u00e1n estilos musicales principalmente electr\u00f3nicos, aderezados con pinceladas de m\u00fasica urbana, latina, africana, tropical y bajos potentes. Para esta primera edici\u00f3n, presentamos a Marcos\u00a0Flores aka\u00a0Marcos\u00a0Boricua, promotor, productor, DJ y representante europeo del sello Color &hellip; <\/p>","protected":false},"author":2,"featured_media":24958,"template":"","meta":{"_tec_requires_first_save":false,"_uag_custom_page_level_css":"","loftloader_page_shortcode":"","_EventAllDay":false,"_EventTimezone":"Europe\/Madrid","_EventStartDate":"2022-11-17 23:50:00","_EventEndDate":"2022-11-17 23:55:00","_EventStartDateUTC":"2022-11-17 22:50:00","_EventEndDateUTC":"2022-11-17 22:55:00","_EventShowMap":false,"_EventShowMapLink":false,"_EventURL":"","_EventCost":"ENTRADA LIBRE","_EventCostDescription":"","_EventCurrencySymbol":"\u20ac","_EventCurrencyCode":"","_EventCurrencyPosition":"suffix","_EventDateTimeSeparator":"@","_EventTimeRangeSeparator":"-","_EventOrganizerID":[],"_EventVenueID":[0],"_OrganizerEmail":"","_OrganizerPhone":"","_OrganizerWebsite":"","_VenueAddress":"","_VenueCity":"","_VenueCountry":"","_VenueProvince":"","_VenueState":"","_VenueZip":"","_VenuePhone":"","_VenueURL":"","_VenueStateProvince":"","_VenueLat":"","_VenueLng":"","_VenueShowMap":false,"_VenueShowMapLink":false,"_tribe_blocks_recurrence_rules":"","_tribe_blocks_recurrence_description":"","_tribe_blocks_recurrence_exclusions":"","_ecp_custom_2":"","_tribe_events_status":"","_tribe_events_status_reason":"","_tribe_events_is_hybrid":"","_tribe_events_is_virtual":"","_tribe_events_virtual_video_source":"","_tribe_events_virtual_embed_video":"","_tribe_events_virtual_linked_button_text":"","_tribe_events_virtual_linked_button":"","_tribe_events_virtual_show_embed_at":"","_tribe_events_virtual_show_embed_to":[],"_tribe_events_virtual_show_on_event":"","_tribe_events_virtual_show_on_views":"","_tribe_events_virtual_url":"","footnotes":""},"tags":[9550,9360,10832,8869,1363,9225,12527,12529,12530,9916,9847,9226,9227,1357,2396,777,12528,12532,12531,9620],"tribe_events_cat":[8964],"class_list":["post-24955","tribe_events","type-tribe_events","status-publish","has-post-thumbnail","hentry","tag-afro","tag-aventuras-tropicales","tag-boiler-room","tag-cafe-la-palma-2","tag-cafe-la-palma","tag-cafe-la-palma-clubbing","tag-cafeina","tag-color-red-red-night-recordings","tag-color-red-red-night-recordings-sus-sesiones-siempre-se-han-caracterizado-por-el-eclecticismo-dentro-de-la-musica-afroamericana-y-latinoamericana-funk","tag-cumbia","tag-disco","tag-djs-madrid","tag-djs-malasana","tag-electronica","tag-hip-hop","tag-jazz","tag-marcos-boricua","tag-marcos-flores","tag-salsa","tag-soul","tribe_events_cat-clubbing","cat_clubbing"],"uagb_featured_image_src":{"full":["https:\/\/cafelapalma.com\/wp-content\/uploads\/2022\/10\/CAFEINA-MUG.jpg",426,575,false],"thumbnail":["https:\/\/cafelapalma.com\/wp-content\/uploads\/2022\/10\/CAFEINA-MUG-150x150.jpg",150,150,true],"medium":["https:\/\/cafelapalma.com\/wp-content\/uploads\/2022\/10\/CAFEINA-MUG-222x300.jpg",222,300,true],"medium_large":["https:\/\/cafelapalma.com\/wp-content\/uploads\/2022\/10\/CAFEINA-MUG.jpg",426,575,false],"large":["https:\/\/cafelapalma.com\/wp-content\/uploads\/2022\/10\/CAFEINA-MUG.jpg",426,575,false],"1536x1536":["https:\/\/cafelapalma.com\/wp-content\/uploads\/2022\/10\/CAFEINA-MUG.jpg",426,575,false],"2048x2048":["https:\/\/cafelapalma.com\/wp-content\/uploads\/2022\/10\/CAFEINA-MUG.jpg",426,575,false],"trp-custom-language-flag":["https:\/\/cafelapalma.com\/wp-content\/uploads\/2022\/10\/CAFEINA-MUG.jpg",9,12,false],"blossom-feminine-slider":["https:\/\/cafelapalma.com\/wp-content\/uploads\/2022\/10\/CAFEINA-MUG.jpg",426,575,false],"blossom-feminine-featured":["https:\/\/cafelapalma.com\/wp-content\/uploads\/2022\/10\/CAFEINA-MUG.jpg",426,575,false],"blossom-feminine-with-sidebar":["https:\/\/cafelapalma.com\/wp-content\/uploads\/2022\/10\/CAFEINA-MUG.jpg",426,575,false],"blossom-feminine-blog":["https:\/\/cafelapalma.com\/wp-content\/uploads\/2022\/10\/CAFEINA-MUG-426x435.jpg",426,435,true],"blossom-feminine-cat":["https:\/\/cafelapalma.com\/wp-content\/uploads\/2022\/10\/CAFEINA-MUG-426x300.jpg",426,300,true],"blossom-feminine-related":["https:\/\/cafelapalma.com\/wp-content\/uploads\/2022\/10\/CAFEINA-MUG-320x200.jpg",320,200,true],"blossom-feminine-schema":["https:\/\/cafelapalma.com\/wp-content\/uploads\/2022\/10\/CAFEINA-MUG-44x60.jpg",44,60,true]},"uagb_author_info":{"display_name":"Victor","author_link":"https:\/\/cafelapalma.com\/en\/author\/comunicacion\/"},"uagb_comment_info":0,"uagb_excerpt":"CAFE\u00cdNA es un club al puro estilo Boiler Room d\u00f3nde predomina la calidad musical. Hosteado por el label Aventuras Tropicales, se bailar\u00e1n estilos musicales principalmente electr\u00f3nicos, aderezados con pinceladas de m\u00fasica urbana, latina, africana, tropical y bajos potentes. Para esta primera edici\u00f3n, presentamos a Marcos\u00a0Flores aka\u00a0Marcos\u00a0Boricua, promotor, productor, DJ y representante europeo del sello Color&hellip;","_links":{"self":[{"href":"https:\/\/cafelapalma.com\/en\/wp-json\/wp\/v2\/tribe_events\/24955","targetHints":{"allow":["GET"]}}],"collection":[{"href":"https:\/\/cafelapalma.com\/en\/wp-json\/wp\/v2\/tribe_events"}],"about":[{"href":"https:\/\/cafelapalma.com\/en\/wp-json\/wp\/v2\/types\/tribe_events"}],"author":[{"embeddable":true,"href":"https:\/\/cafelapalma.com\/en\/wp-json\/wp\/v2\/users\/2"}],"version-history":[{"count":0,"href":"https:\/\/cafelapalma.com\/en\/wp-json\/wp\/v2\/tribe_events\/24955\/revisions"}],"wp:featuredmedia":[{"embeddable":true,"href":"https:\/\/cafelapalma.com\/en\/wp-json\/wp\/v2\/media\/24958"}],"wp:attachment":[{"href":"https:\/\/cafelapalma.com\/en\/wp-json\/wp\/v2\/media?parent=24955"}],"wp:term":[{"taxonomy":"post_tag","embeddable":true,"href":"https:\/\/cafelapalma.com\/en\/wp-json\/wp\/v2\/tags?post=24955"},{"taxonomy":"tribe_events_cat","embeddable":true,"href":"https:\/\/cafelapalma.com\/en\/wp-json\/wp\/v2\/tribe_events_cat?post=24955"}],"curies":[{"name":"wp","href":"https:\/\/api.w.org\/{rel}","templated":true}]}}

CAFEÍNA

<div  class="tribe-events-schedule tribe-clearfix" >
	<p class="tribe-events-schedule__datetime">
		<span class="tribe-events-schedule__date tribe-events-schedule__date--start">
			17  November  2022		</span>

					<span class="tribe-events-schedule__separator tribe-events-schedule__separator--date">
				@			</span>
			<span class="tribe-events-schedule__time tribe-events-schedule__time--start">
				23:50			</span>
		
									<span class="tribe-events-schedule__separator tribe-events-schedule__separator--time">
					&#8211;				</span>
			
							<span class="tribe-events-schedule__time tribe-events-schedule__time--end">
					23:55				</span>
			
						</p>
</div>


<div  class="tribe-block tribe-block__event-price" >
			<span class="tribe-block__event-price__cost"> ENTRADA LIBRE </span>
		</div>



<div style="height:100px" aria-hidden="true" class="wp-block-spacer"></div>



<div class="wp-block-columns is-layout-flex wp-container-core-columns-is-layout-8f761849 wp-block-columns-is-layout-flex">
<div class="wp-block-column is-layout-flow wp-block-column-is-layout-flow" style="flex-basis:33.33%">
<figure class="wp-block-image size-large"><img loading="lazy" decoding="async" width="770" height="1040" src="https://cafelapalma.com/wp-content/uploads/2022/10/CAFEINA-A3-770x1040.jpg" alt="" class="wp-image-24956" srcset="https://cafelapalma.com/wp-content/uploads/2022/10/CAFEINA-A3-770x1040.jpg 770w, https://cafelapalma.com/wp-content/uploads/2022/10/CAFEINA-A3-222x300.jpg 222w, https://cafelapalma.com/wp-content/uploads/2022/10/CAFEINA-A3-768x1038.jpg 768w, https://cafelapalma.com/wp-content/uploads/2022/10/CAFEINA-A3-44x60.jpg 44w, https://cafelapalma.com/wp-content/uploads/2022/10/CAFEINA-A3.jpg 852w" sizes="auto, (max-width: 770px) 100vw, 770px" /></figure>
</div>



<div class="wp-block-column is-layout-flow wp-block-column-is-layout-flow" style="flex-basis:66.66%">
<div style="height:100px" aria-hidden="true" class="wp-block-spacer"></div>



<p class="has-text-align-left wp-block-paragraph"><strong>CAFEÍNA </strong>es un club al puro estilo <strong>Boiler Room</strong> dónde predomina la calidad musical. Hosteado por el label <strong>Aventuras Tropicales</strong>, se bailarán estilos musicales principalmente electrónicos, aderezados con pinceladas de música urbana, latina, africana, tropical y bajos potentes.</p>



<p class="has-text-align-left wp-block-paragraph">Para esta primera edición, presentamos a <strong>Marcos Flores</strong> <em>aka </em><strong>Marcos Boricua</strong>, promotor, productor, DJ y representante europeo del sello <strong>Color Red/Red Night Recordings</strong>. Sus sesiones siempre se han caracterizado por el eclecticismo dentro de la música afroamericana y latinoamericana: funk, soul, jazz, hip-hop, salsa, cumbia, disco, afro y house son algunos de los estilos que toca este selector con veinte años de experiencia detrás de los platos.</p>



<p class="wp-block-paragraph"></p>
</div>
</div>



<div style="height:100px" aria-hidden="true" class="wp-block-spacer"></div>



<hr class="wp-block-separator has-alpha-channel-opacity is-style-wide"/>



<div style="height:100px" aria-hidden="true" class="wp-block-spacer"></div>


<h2 class="tribe-block__related-events__title">Related Events</h2>

<ul  class="tribe-related-events tribe-clearfix" >
			<li>
	
<div class="tribe-related-events-thumbnail">
	<a href="https://cafelapalma.com/en/programacion/funkin-donuts/" class="url" rel="bookmark" tabindex="-1" aria-hidden="true"><img loading="lazy" decoding="async" width="693" height="1040" src="https://cafelapalma.com/wp-content/uploads/2026/07/FD-vert2-bn-693x1040.jpg" class="attachment-large size-large wp-post-image" alt="" /></a>
</div>
	<div class="tribe-related-event-info">
	<h3 class="tribe-related-events-title">
		<a href="https://cafelapalma.com/en/programacion/funkin-donuts/" class="tribe-event-url" rel="bookmark">
			FUNKIN&#8217; DONUTS		</a>
	</h3>
	<span class="tribe-event-date-start">5  September@22:00</span><span class="tribe-event-time">23:45</span></div>
</li>
			<li>
	
<div class="tribe-related-events-thumbnail">
	<a href="https://cafelapalma.com/en/programacion/backstage-le-petit-truffle-mayo/" class="url" rel="bookmark" tabindex="-1" aria-hidden="true"><img loading="lazy" decoding="async" width="780" height="1040" src="https://cafelapalma.com/wp-content/uploads/2026/07/Imagen-TruffleMayo-LePetit-i-1-780x1040.png" class="attachment-large size-large wp-post-image" alt="" /></a>
</div>
	<div class="tribe-related-event-info">
	<h3 class="tribe-related-events-title">
		<a href="https://cafelapalma.com/en/programacion/backstage-le-petit-truffle-mayo/" class="tribe-event-url" rel="bookmark">
			BACKSTAGE: LE PETIT + TRUFFLE MAYO		</a>
	</h3>
	<span class="tribe-event-date-start">5  September@23:55</span></div>
</li>
			<li>
	
<div class="tribe-related-events-thumbnail">
	<a href="https://cafelapalma.com/en/programacion/willie-deville-concierto-benefico-x-venezuela/" class="url" rel="bookmark" tabindex="-1" aria-hidden="true"><img loading="lazy" decoding="async" width="1020" height="531" src="https://cafelapalma.com/wp-content/uploads/2026/08/Willie-deville-1100x572-1-1040x541.jpg" class="attachment-large size-large wp-post-image" alt="" /></a>
</div>
	<div class="tribe-related-event-info">
	<h3 class="tribe-related-events-title">
		<a href="https://cafelapalma.com/en/programacion/willie-deville-concierto-benefico-x-venezuela/" class="tribe-event-url" rel="bookmark">
			WILLIE DEVILLE: CONCIERTO BENÉFICO X VENEZUELA		</a>
	</h3>
	<span class="tribe-event-date-start">6  September@21:00</span><span class="tribe-event-time">23:45</span></div>
</li>
	</ul>

<p>CAFEÍNA es un club al puro estilo Boiler Room dónde predomina la calidad musical. Hosteado por el label Aventuras Tropicales, se bailarán estilos musicales principalmente electrónicos, aderezados con pinceladas de música urbana, latina, africana, tropical y bajos potentes. Para esta primera edición, presentamos a Marcos Flores aka Marcos Boricua, promotor, productor, DJ y representante europeo del sello Color &hellip; </p>

CAFEÍNA es un club al puro estilo Boiler Room dónde predomina la calidad musical. Hosteado por el label Aventuras Tropicales, se bailarán estilos musicales principalmente electrónicos, aderezados con pinceladas de música urbana, latina, africana, tropical y bajos potentes. Para esta primera edición, presentamos a Marcos Flores aka Marcos Boricua, promotor, productor, DJ y representante europeo del sello Color&hellip;
