{"id":25281,"date":"2022-12-13T11:37:40","date_gmt":"2022-12-13T10:37:40","guid":{"rendered":"https:\/\/cafelapalma.com\/?post_type=tribe_events&#038;p=25281"},"modified":"2022-12-13T11:37:45","modified_gmt":"2022-12-13T10:37:45","slug":"liss-da-silva-esta-noche-mambo","status":"publish","type":"tribe_events","link":"https:\/\/cafelapalma.com\/en\/programacion\/liss-da-silva-esta-noche-mambo\/","title":{"rendered":"LISS DA SILVA"},"content":{"rendered":"<div  class=\"tribe-events-schedule tribe-clearfix\" >\n\t<p class=\"tribe-events-schedule__datetime\">\n\t\t<span class=\"tribe-events-schedule__date tribe-events-schedule__date--start\">\n\t\t\t11  February  2023\t\t<\/span>\n\n\t\t\t\t\t<span class=\"tribe-events-schedule__separator tribe-events-schedule__separator--date\">\n\t\t\t\t@\t\t\t<\/span>\n\t\t\t<span class=\"tribe-events-schedule__time tribe-events-schedule__time--start\">\n\t\t\t\t22:00\t\t\t<\/span>\n\t\t\n\t\t\t\t\t\t\t\t\t<span class=\"tribe-events-schedule__separator tribe-events-schedule__separator--time\">\n\t\t\t\t\t&#8211;\t\t\t\t<\/span>\n\t\t\t\n\t\t\t\t\t\t\t<span class=\"tribe-events-schedule__time tribe-events-schedule__time--end\">\n\t\t\t\t\t23:45\t\t\t\t<\/span>\n\t\t\t\n\t\t\t\t\t\t<\/p>\n<\/div>\n\n\n<div  class=\"tribe-block tribe-block__event-price\" >\n\t\t\t<span class=\"tribe-block__event-price__cost\"> 10\u20ac <\/span>\n\t\t\t\t<span class=\"tribe-block__event-price__description\">+ gg Anticipada | 12\u20ac Taquilla<\/span>\n\t<\/div>\n\n\n\n<div style=\"height:100px\" aria-hidden=\"true\" class=\"wp-block-spacer\"><\/div>\n\n\n\n<div class=\"wp-block-columns is-layout-flex wp-container-core-columns-is-layout-8f761849 wp-block-columns-is-layout-flex\">\n<div class=\"wp-block-column is-layout-flow wp-block-column-is-layout-flow\" style=\"flex-basis:33.33%\">\n<figure class=\"wp-block-image size-large\"><img loading=\"lazy\" decoding=\"async\" width=\"735\" height=\"1040\" src=\"https:\/\/cafelapalma.com\/wp-content\/uploads\/2022\/12\/CARTEL-JPG-Liss-Da-Silva-735x1040.jpg\" alt=\"\" class=\"wp-image-25282\" srcset=\"https:\/\/cafelapalma.com\/wp-content\/uploads\/2022\/12\/CARTEL-JPG-Liss-Da-Silva-735x1040.jpg 735w, https:\/\/cafelapalma.com\/wp-content\/uploads\/2022\/12\/CARTEL-JPG-Liss-Da-Silva-212x300.jpg 212w, https:\/\/cafelapalma.com\/wp-content\/uploads\/2022\/12\/CARTEL-JPG-Liss-Da-Silva-768x1086.jpg 768w, https:\/\/cafelapalma.com\/wp-content\/uploads\/2022\/12\/CARTEL-JPG-Liss-Da-Silva-1086x1536.jpg 1086w, https:\/\/cafelapalma.com\/wp-content\/uploads\/2022\/12\/CARTEL-JPG-Liss-Da-Silva-42x60.jpg 42w, https:\/\/cafelapalma.com\/wp-content\/uploads\/2022\/12\/CARTEL-JPG-Liss-Da-Silva.jpg 1414w\" sizes=\"auto, (max-width: 735px) 100vw, 735px\" \/><\/figure>\n\n\n<div  class=\"tribe-block tribe-block__event-website\" >\n\t<a\n\t\thref=\"https:\/\/link.dice.fm\/xc5b0db9752d\"\n\t\ttarget=\"_self\"\n\t\t\t>\n\t\tBUY TICKETS\t<\/a>\n<\/div>\n<\/div>\n\n\n\n<div class=\"wp-block-column is-layout-flow wp-block-column-is-layout-flow\" style=\"flex-basis:66.66%\">\n<p class=\"has-text-align-left wp-block-paragraph\">Despu\u00e9s de lanzar hace unos meses su primer single, <strong><em>\u201cMambo\u201d<\/em><\/strong> (que ha sido premiado en numerosos festivales de cine) y el videoclip que se public\u00f3 hace unos meses, <strong>Liss Da Silva<\/strong> publica el single de su segundo sencillo, <strong><em>\u201cNo\u201d<\/em><\/strong>, y que pertenece a su nuevo EP <strong><em>\u00abHoy no, esta noche Mambo\u00bb<\/em><\/strong>.<\/p>\n\n\n\n<p class=\"has-text-align-left wp-block-paragraph\">Natural de <strong>Alicante<\/strong> y de ascendencia brasile\u00f1a, <strong>Liss Da Silva<\/strong> es una artista heterog\u00e9nea y ex\u00f3tica que se desenvuelve con total naturalidad en diversos estilos musicales que van del Blues, R&amp;B o Neosoul a lo m\u00e1s escogido del Pop, el Funk o el Jazz.<\/p>\n\n\n\n<p class=\"has-text-align-left wp-block-paragraph\">Conocer a Liss te ense\u00f1a que la m\u00fasica trasciende de ese lenguaje que s\u00ed no todo el mundo habla s\u00ed entiende, a algo m\u00e1s, a ser su fluido vital, a la esencia que da sentido a su vida. Todo lo que hace tiene intenci\u00f3n musical, tiene ritmo, tiene swing, tiene duende, tiene comp\u00e1s. Una mujer heterog\u00e9nea, ex\u00f3tica y racial a la vez fruto de sus or\u00edgenes que van desde el tr\u00f3pico de Capricornio a tierras gallegas, de Levante y la Costa C\u00e1lida hasta la meseta castellana. Una artista capaz de estar siempre en la carretera sin salir de una sola ciudad. Una mujer capaz de sentirse en cualquier ciudad como en casa.<\/p>\n<\/div>\n<\/div>\n\n\n\n<div style=\"height:100px\" aria-hidden=\"true\" class=\"wp-block-spacer\"><\/div>\n\n\n\n<hr class=\"wp-block-separator has-alpha-channel-opacity is-style-wide\"\/>\n\n\n\n<div style=\"height:100px\" aria-hidden=\"true\" class=\"wp-block-spacer\"><\/div>\n\n\n<h2 class=\"tribe-block__related-events__title\">Related Events<\/h2>\n\n<ul  class=\"tribe-related-events tribe-clearfix\" >\n\t\t\t<li>\n\t\n<div class=\"tribe-related-events-thumbnail\">\n\t<a href=\"https:\/\/cafelapalma.com\/en\/programacion\/funkin-donuts\/\" class=\"url\" rel=\"bookmark\" tabindex=\"-1\" aria-hidden=\"true\"><img loading=\"lazy\" decoding=\"async\" width=\"693\" height=\"1040\" src=\"https:\/\/cafelapalma.com\/wp-content\/uploads\/2026\/07\/FD-vert2-bn-693x1040.jpg\" class=\"attachment-large size-large wp-post-image\" alt=\"\" \/><\/a>\n<\/div>\n\t<div class=\"tribe-related-event-info\">\n\t<h3 class=\"tribe-related-events-title\">\n\t\t<a href=\"https:\/\/cafelapalma.com\/en\/programacion\/funkin-donuts\/\" class=\"tribe-event-url\" rel=\"bookmark\">\n\t\t\tFUNKIN&#8217; DONUTS\t\t<\/a>\n\t<\/h3>\n\t<span class=\"tribe-event-date-start\">5  September@22:00<\/span><span class=\"tribe-event-time\">23:45<\/span><\/div>\n<\/li>\n\t\t\t<li>\n\t\n<div class=\"tribe-related-events-thumbnail\">\n\t<a href=\"https:\/\/cafelapalma.com\/en\/programacion\/backstage-le-petit-truffle-mayo\/\" class=\"url\" rel=\"bookmark\" tabindex=\"-1\" aria-hidden=\"true\"><img loading=\"lazy\" decoding=\"async\" width=\"780\" height=\"1040\" src=\"https:\/\/cafelapalma.com\/wp-content\/uploads\/2026\/07\/Imagen-TruffleMayo-LePetit-i-1-780x1040.png\" class=\"attachment-large size-large wp-post-image\" alt=\"\" \/><\/a>\n<\/div>\n\t<div class=\"tribe-related-event-info\">\n\t<h3 class=\"tribe-related-events-title\">\n\t\t<a href=\"https:\/\/cafelapalma.com\/en\/programacion\/backstage-le-petit-truffle-mayo\/\" class=\"tribe-event-url\" rel=\"bookmark\">\n\t\t\tBACKSTAGE: LE PETIT + TRUFFLE MAYO\t\t<\/a>\n\t<\/h3>\n\t<span class=\"tribe-event-date-start\">5  September@23:55<\/span><\/div>\n<\/li>\n\t\t\t<li>\n\t\n<div class=\"tribe-related-events-thumbnail\">\n\t<a href=\"https:\/\/cafelapalma.com\/en\/programacion\/willie-deville-concierto-benefico-x-venezuela\/\" class=\"url\" rel=\"bookmark\" tabindex=\"-1\" aria-hidden=\"true\"><img loading=\"lazy\" decoding=\"async\" width=\"1020\" height=\"531\" src=\"https:\/\/cafelapalma.com\/wp-content\/uploads\/2026\/08\/Willie-deville-1100x572-1-1040x541.jpg\" class=\"attachment-large size-large wp-post-image\" alt=\"\" \/><\/a>\n<\/div>\n\t<div class=\"tribe-related-event-info\">\n\t<h3 class=\"tribe-related-events-title\">\n\t\t<a href=\"https:\/\/cafelapalma.com\/en\/programacion\/willie-deville-concierto-benefico-x-venezuela\/\" class=\"tribe-event-url\" rel=\"bookmark\">\n\t\t\tWILLIE DEVILLE: CONCIERTO BEN\u00c9FICO X VENEZUELA\t\t<\/a>\n\t<\/h3>\n\t<span class=\"tribe-event-date-start\">6  September@21:00<\/span><span class=\"tribe-event-time\">23:45<\/span><\/div>\n<\/li>\n\t<\/ul>","protected":false},"excerpt":{"rendered":"<p>Despu\u00e9s de lanzar hace unos meses su primer single, \u201cMambo\u201d (que ha sido premiado en numerosos festivales de cine) y el videoclip que se public\u00f3 hace unos meses, Liss Da Silva publica el single de su segundo sencillo, \u201cNo\u201d, y que pertenece a su nuevo EP \u00abHoy no, esta noche Mambo\u00bb. Natural de Alicante y &hellip; <\/p>","protected":false},"author":2,"featured_media":25283,"template":"","meta":{"_tec_requires_first_save":false,"_uag_custom_page_level_css":"","loftloader_page_shortcode":"","_EventAllDay":false,"_EventTimezone":"Europe\/Madrid","_EventStartDate":"2023-02-11 22:00:00","_EventEndDate":"2023-02-11 23:45:00","_EventStartDateUTC":"2023-02-11 21:00:00","_EventEndDateUTC":"2023-02-11 22:45:00","_EventShowMap":false,"_EventShowMapLink":false,"_EventURL":"https:\/\/link.dice.fm\/xc5b0db9752d","_EventCost":"10","_EventCostDescription":"","_EventCurrencySymbol":"\u20ac","_EventCurrencyCode":"","_EventCurrencyPosition":"suffix","_EventDateTimeSeparator":"@","_EventTimeRangeSeparator":"-","_EventOrganizerID":[],"_EventVenueID":[0],"_OrganizerEmail":"","_OrganizerPhone":"","_OrganizerWebsite":"","_VenueAddress":"","_VenueCity":"","_VenueCountry":"","_VenueProvince":"","_VenueState":"","_VenueZip":"","_VenuePhone":"","_VenueURL":"","_VenueStateProvince":"","_VenueLat":"","_VenueLng":"","_VenueShowMap":false,"_VenueShowMapLink":false,"_tribe_blocks_recurrence_rules":"","_tribe_blocks_recurrence_description":"","_tribe_blocks_recurrence_exclusions":"","_ecp_custom_2":"","_tribe_events_status":"","_tribe_events_status_reason":"","_tribe_events_is_hybrid":"","_tribe_events_is_virtual":"","_tribe_events_virtual_video_source":"","_tribe_events_virtual_embed_video":"","_tribe_events_virtual_linked_button_text":"","_tribe_events_virtual_linked_button":"","_tribe_events_virtual_show_embed_at":"","_tribe_events_virtual_show_embed_to":[],"_tribe_events_virtual_show_on_event":"","_tribe_events_virtual_show_on_views":"","_tribe_events_virtual_url":"","footnotes":""},"tags":[9710,1363,8869,2865,9147,9146,12764,12763,777,12760,12761,9725,12765,12762,1355,9632],"tribe_events_cat":[8963],"class_list":["post-25281","tribe_events","type-tribe_events","status-publish","has-post-thumbnail","hentry","tag-blues","tag-cafe-la-palma","tag-cafe-la-palma-2","tag-conciertos-cafe-la-palma","tag-conciertos-madrid","tag-conciertos-malasana","tag-esta-noche-mambo","tag-hoy-no","tag-jazz","tag-liss-da-silva","tag-mambo","tag-neo-soul","tag-neosoul","tag-no","tag-pop","tag-rb","tribe_events_cat-concierto","cat_concierto"],"uagb_featured_image_src":{"full":["https:\/\/cafelapalma.com\/wp-content\/uploads\/2022\/12\/LISS-DS-LOW.jpg",512,512,false],"thumbnail":["https:\/\/cafelapalma.com\/wp-content\/uploads\/2022\/12\/LISS-DS-LOW-150x150.jpg",150,150,true],"medium":["https:\/\/cafelapalma.com\/wp-content\/uploads\/2022\/12\/LISS-DS-LOW-300x300.jpg",300,300,true],"medium_large":["https:\/\/cafelapalma.com\/wp-content\/uploads\/2022\/12\/LISS-DS-LOW.jpg",512,512,false],"large":["https:\/\/cafelapalma.com\/wp-content\/uploads\/2022\/12\/LISS-DS-LOW.jpg",512,512,false],"1536x1536":["https:\/\/cafelapalma.com\/wp-content\/uploads\/2022\/12\/LISS-DS-LOW.jpg",512,512,false],"2048x2048":["https:\/\/cafelapalma.com\/wp-content\/uploads\/2022\/12\/LISS-DS-LOW.jpg",512,512,false],"trp-custom-language-flag":["https:\/\/cafelapalma.com\/wp-content\/uploads\/2022\/12\/LISS-DS-LOW.jpg",12,12,false],"blossom-feminine-slider":["https:\/\/cafelapalma.com\/wp-content\/uploads\/2022\/12\/LISS-DS-LOW.jpg",512,512,false],"blossom-feminine-featured":["https:\/\/cafelapalma.com\/wp-content\/uploads\/2022\/12\/LISS-DS-LOW.jpg",512,512,false],"blossom-feminine-with-sidebar":["https:\/\/cafelapalma.com\/wp-content\/uploads\/2022\/12\/LISS-DS-LOW.jpg",512,512,false],"blossom-feminine-blog":["https:\/\/cafelapalma.com\/wp-content\/uploads\/2022\/12\/LISS-DS-LOW-435x435.jpg",435,435,true],"blossom-feminine-cat":["https:\/\/cafelapalma.com\/wp-content\/uploads\/2022\/12\/LISS-DS-LOW-450x300.jpg",450,300,true],"blossom-feminine-related":["https:\/\/cafelapalma.com\/wp-content\/uploads\/2022\/12\/LISS-DS-LOW-320x200.jpg",320,200,true],"blossom-feminine-schema":["https:\/\/cafelapalma.com\/wp-content\/uploads\/2022\/12\/LISS-DS-LOW-60x60.jpg",60,60,true]},"uagb_author_info":{"display_name":"Victor","author_link":"https:\/\/cafelapalma.com\/en\/author\/comunicacion\/"},"uagb_comment_info":0,"uagb_excerpt":"Despu\u00e9s de lanzar hace unos meses su primer single, \u201cMambo\u201d (que ha sido premiado en numerosos festivales de cine) y el videoclip que se public\u00f3 hace unos meses, Liss Da Silva publica el single de su segundo sencillo, \u201cNo\u201d, y que pertenece a su nuevo EP \u00abHoy no, esta noche Mambo\u00bb. Natural de Alicante y&hellip;","_links":{"self":[{"href":"https:\/\/cafelapalma.com\/en\/wp-json\/wp\/v2\/tribe_events\/25281","targetHints":{"allow":["GET"]}}],"collection":[{"href":"https:\/\/cafelapalma.com\/en\/wp-json\/wp\/v2\/tribe_events"}],"about":[{"href":"https:\/\/cafelapalma.com\/en\/wp-json\/wp\/v2\/types\/tribe_events"}],"author":[{"embeddable":true,"href":"https:\/\/cafelapalma.com\/en\/wp-json\/wp\/v2\/users\/2"}],"version-history":[{"count":0,"href":"https:\/\/cafelapalma.com\/en\/wp-json\/wp\/v2\/tribe_events\/25281\/revisions"}],"wp:featuredmedia":[{"embeddable":true,"href":"https:\/\/cafelapalma.com\/en\/wp-json\/wp\/v2\/media\/25283"}],"wp:attachment":[{"href":"https:\/\/cafelapalma.com\/en\/wp-json\/wp\/v2\/media?parent=25281"}],"wp:term":[{"taxonomy":"post_tag","embeddable":true,"href":"https:\/\/cafelapalma.com\/en\/wp-json\/wp\/v2\/tags?post=25281"},{"taxonomy":"tribe_events_cat","embeddable":true,"href":"https:\/\/cafelapalma.com\/en\/wp-json\/wp\/v2\/tribe_events_cat?post=25281"}],"curies":[{"name":"wp","href":"https:\/\/api.w.org\/{rel}","templated":true}]}}

<div  class="tribe-events-schedule tribe-clearfix" >
	<p class="tribe-events-schedule__datetime">
		<span class="tribe-events-schedule__date tribe-events-schedule__date--start">
			11  February  2023		</span>

					<span class="tribe-events-schedule__separator tribe-events-schedule__separator--date">
				@			</span>
			<span class="tribe-events-schedule__time tribe-events-schedule__time--start">
				22:00			</span>
		
									<span class="tribe-events-schedule__separator tribe-events-schedule__separator--time">
					&#8211;				</span>
			
							<span class="tribe-events-schedule__time tribe-events-schedule__time--end">
					23:45				</span>
			
						</p>
</div>


<div  class="tribe-block tribe-block__event-price" >
			<span class="tribe-block__event-price__cost"> 10€ </span>
				<span class="tribe-block__event-price__description">+ gg Anticipada | 12€ Taquilla</span>
	</div>



<div style="height:100px" aria-hidden="true" class="wp-block-spacer"></div>



<div class="wp-block-columns is-layout-flex wp-container-core-columns-is-layout-8f761849 wp-block-columns-is-layout-flex">
<div class="wp-block-column is-layout-flow wp-block-column-is-layout-flow" style="flex-basis:33.33%">
<figure class="wp-block-image size-large"><img loading="lazy" decoding="async" width="735" height="1040" src="https://cafelapalma.com/wp-content/uploads/2022/12/CARTEL-JPG-Liss-Da-Silva-735x1040.jpg" alt="" class="wp-image-25282" srcset="https://cafelapalma.com/wp-content/uploads/2022/12/CARTEL-JPG-Liss-Da-Silva-735x1040.jpg 735w, https://cafelapalma.com/wp-content/uploads/2022/12/CARTEL-JPG-Liss-Da-Silva-212x300.jpg 212w, https://cafelapalma.com/wp-content/uploads/2022/12/CARTEL-JPG-Liss-Da-Silva-768x1086.jpg 768w, https://cafelapalma.com/wp-content/uploads/2022/12/CARTEL-JPG-Liss-Da-Silva-1086x1536.jpg 1086w, https://cafelapalma.com/wp-content/uploads/2022/12/CARTEL-JPG-Liss-Da-Silva-42x60.jpg 42w, https://cafelapalma.com/wp-content/uploads/2022/12/CARTEL-JPG-Liss-Da-Silva.jpg 1414w" sizes="auto, (max-width: 735px) 100vw, 735px" /></figure>


<div  class="tribe-block tribe-block__event-website" >
	<a
		href="https://link.dice.fm/xc5b0db9752d"
		target="_self"
			>
		BUY TICKETS	</a>
</div>
</div>



<div class="wp-block-column is-layout-flow wp-block-column-is-layout-flow" style="flex-basis:66.66%">
<p class="has-text-align-left wp-block-paragraph">Después de lanzar hace unos meses su primer single, <strong><em>“Mambo”</em></strong> (que ha sido premiado en numerosos festivales de cine) y el videoclip que se publicó hace unos meses, <strong>Liss Da Silva</strong> publica el single de su segundo sencillo, <strong><em>“No”</em></strong>, y que pertenece a su nuevo EP <strong><em>«Hoy no, esta noche Mambo»</em></strong>.</p>



<p class="has-text-align-left wp-block-paragraph">Natural de <strong>Alicante</strong> y de ascendencia brasileña, <strong>Liss Da Silva</strong> es una artista heterogénea y exótica que se desenvuelve con total naturalidad en diversos estilos musicales que van del Blues, R&amp;B o Neosoul a lo más escogido del Pop, el Funk o el Jazz.</p>



<p class="has-text-align-left wp-block-paragraph">Conocer a Liss te enseña que la música trasciende de ese lenguaje que sí no todo el mundo habla sí entiende, a algo más, a ser su fluido vital, a la esencia que da sentido a su vida. Todo lo que hace tiene intención musical, tiene ritmo, tiene swing, tiene duende, tiene compás. Una mujer heterogénea, exótica y racial a la vez fruto de sus orígenes que van desde el trópico de Capricornio a tierras gallegas, de Levante y la Costa Cálida hasta la meseta castellana. Una artista capaz de estar siempre en la carretera sin salir de una sola ciudad. Una mujer capaz de sentirse en cualquier ciudad como en casa.</p>
</div>
</div>



<div style="height:100px" aria-hidden="true" class="wp-block-spacer"></div>



<hr class="wp-block-separator has-alpha-channel-opacity is-style-wide"/>



<div style="height:100px" aria-hidden="true" class="wp-block-spacer"></div>


<h2 class="tribe-block__related-events__title">Related Events</h2>

<ul  class="tribe-related-events tribe-clearfix" >
			<li>
	
<div class="tribe-related-events-thumbnail">
	<a href="https://cafelapalma.com/en/programacion/funkin-donuts/" class="url" rel="bookmark" tabindex="-1" aria-hidden="true"><img loading="lazy" decoding="async" width="693" height="1040" src="https://cafelapalma.com/wp-content/uploads/2026/07/FD-vert2-bn-693x1040.jpg" class="attachment-large size-large wp-post-image" alt="" /></a>
</div>
	<div class="tribe-related-event-info">
	<h3 class="tribe-related-events-title">
		<a href="https://cafelapalma.com/en/programacion/funkin-donuts/" class="tribe-event-url" rel="bookmark">
			FUNKIN&#8217; DONUTS		</a>
	</h3>
	<span class="tribe-event-date-start">5  September@22:00</span><span class="tribe-event-time">23:45</span></div>
</li>
			<li>
	
<div class="tribe-related-events-thumbnail">
	<a href="https://cafelapalma.com/en/programacion/backstage-le-petit-truffle-mayo/" class="url" rel="bookmark" tabindex="-1" aria-hidden="true"><img loading="lazy" decoding="async" width="780" height="1040" src="https://cafelapalma.com/wp-content/uploads/2026/07/Imagen-TruffleMayo-LePetit-i-1-780x1040.png" class="attachment-large size-large wp-post-image" alt="" /></a>
</div>
	<div class="tribe-related-event-info">
	<h3 class="tribe-related-events-title">
		<a href="https://cafelapalma.com/en/programacion/backstage-le-petit-truffle-mayo/" class="tribe-event-url" rel="bookmark">
			BACKSTAGE: LE PETIT + TRUFFLE MAYO		</a>
	</h3>
	<span class="tribe-event-date-start">5  September@23:55</span></div>
</li>
			<li>
	
<div class="tribe-related-events-thumbnail">
	<a href="https://cafelapalma.com/en/programacion/willie-deville-concierto-benefico-x-venezuela/" class="url" rel="bookmark" tabindex="-1" aria-hidden="true"><img loading="lazy" decoding="async" width="1020" height="531" src="https://cafelapalma.com/wp-content/uploads/2026/08/Willie-deville-1100x572-1-1040x541.jpg" class="attachment-large size-large wp-post-image" alt="" /></a>
</div>
	<div class="tribe-related-event-info">
	<h3 class="tribe-related-events-title">
		<a href="https://cafelapalma.com/en/programacion/willie-deville-concierto-benefico-x-venezuela/" class="tribe-event-url" rel="bookmark">
			WILLIE DEVILLE: CONCIERTO BENÉFICO X VENEZUELA		</a>
	</h3>
	<span class="tribe-event-date-start">6  September@21:00</span><span class="tribe-event-time">23:45</span></div>
</li>
	</ul>

<p>Después de lanzar hace unos meses su primer single, “Mambo” (que ha sido premiado en numerosos festivales de cine) y el videoclip que se publicó hace unos meses, Liss Da Silva publica el single de su segundo sencillo, “No”, y que pertenece a su nuevo EP «Hoy no, esta noche Mambo». Natural de Alicante y &hellip; </p>

Después de lanzar hace unos meses su primer single, “Mambo” (que ha sido premiado en numerosos festivales de cine) y el videoclip que se publicó hace unos meses, Liss Da Silva publica el single de su segundo sencillo, “No”, y que pertenece a su nuevo EP «Hoy no, esta noche Mambo». Natural de Alicante y&hellip;
