{"id":25521,"date":"2023-01-12T19:00:58","date_gmt":"2023-01-12T18:00:58","guid":{"rendered":"https:\/\/cafelapalma.com\/?post_type=tribe_events&#038;p=25521"},"modified":"2023-03-09T13:09:02","modified_gmt":"2023-03-09T12:09:02","slug":"sound-isidro-2023-el-nido","status":"publish","type":"tribe_events","link":"https:\/\/cafelapalma.com\/en\/programacion\/sound-isidro-2023-el-nido\/","title":{"rendered":"SOUND ISIDRO 2023: EL NIDO"},"content":{"rendered":"<div  class=\"tribe-events-schedule tribe-clearfix\" >\n\t<p class=\"tribe-events-schedule__datetime\">\n\t\t<span class=\"tribe-events-schedule__date tribe-events-schedule__date--start\">\n\t\t\t14  April  2023\t\t<\/span>\n\n\t\t\t\t\t<span class=\"tribe-events-schedule__separator tribe-events-schedule__separator--date\">\n\t\t\t\t@\t\t\t<\/span>\n\t\t\t<span class=\"tribe-events-schedule__time tribe-events-schedule__time--start\">\n\t\t\t\t22:00\t\t\t<\/span>\n\t\t\n\t\t\t\t\t\t\t\t\t<span class=\"tribe-events-schedule__separator tribe-events-schedule__separator--time\">\n\t\t\t\t\t&#8211;\t\t\t\t<\/span>\n\t\t\t\n\t\t\t\t\t\t\t<span class=\"tribe-events-schedule__time tribe-events-schedule__time--end\">\n\t\t\t\t\t23:45\t\t\t\t<\/span>\n\t\t\t\n\t\t\t\t\t\t<\/p>\n<\/div>\n\n\n<div  class=\"tribe-block tribe-block__event-price\" >\n\t\t\t<span class=\"tribe-block__event-price__cost\"> 12\u20ac <\/span>\n\t\t\t\t<span class=\"tribe-block__event-price__description\">+ gg Anticipada | 15\u20ac Taquilla<\/span>\n\t<\/div>\n\n\n\n<div style=\"height:100px\" aria-hidden=\"true\" class=\"wp-block-spacer\"><\/div>\n\n\n\n<div class=\"wp-block-columns is-layout-flex wp-container-core-columns-is-layout-8f761849 wp-block-columns-is-layout-flex\">\n<div class=\"wp-block-column is-layout-flow wp-block-column-is-layout-flow\" style=\"flex-basis:33.33%\">\n<figure class=\"wp-block-image size-large\"><img loading=\"lazy\" decoding=\"async\" width=\"1040\" height=\"1040\" src=\"https:\/\/cafelapalma.com\/wp-content\/uploads\/2023\/01\/elnidosi23-1040x1040.jpg\" alt=\"\" class=\"wp-image-25522\" srcset=\"https:\/\/cafelapalma.com\/wp-content\/uploads\/2023\/01\/elnidosi23-1040x1040.jpg 1040w, https:\/\/cafelapalma.com\/wp-content\/uploads\/2023\/01\/elnidosi23-300x300.jpg 300w, https:\/\/cafelapalma.com\/wp-content\/uploads\/2023\/01\/elnidosi23-150x150.jpg 150w, https:\/\/cafelapalma.com\/wp-content\/uploads\/2023\/01\/elnidosi23-768x768.jpg 768w, https:\/\/cafelapalma.com\/wp-content\/uploads\/2023\/01\/elnidosi23-435x435.jpg 435w, https:\/\/cafelapalma.com\/wp-content\/uploads\/2023\/01\/elnidosi23-60x60.jpg 60w, https:\/\/cafelapalma.com\/wp-content\/uploads\/2023\/01\/elnidosi23.jpg 1080w\" sizes=\"auto, (max-width: 1040px) 100vw, 1040px\" \/><\/figure>\n\n\n<div  class=\"tribe-block tribe-block__event-website\" >\n\t<a\n\t\thref=\"https:\/\/link.dice.fm\/i31ee1f6b0d0\"\n\t\ttarget=\"_self\"\n\t\t\t>\n\t\tBUY TICKETS\t<\/a>\n<\/div>\n<\/div>\n\n\n\n<div class=\"wp-block-column is-layout-flow wp-block-column-is-layout-flow\" style=\"flex-basis:66.66%\">\n<p class=\"wp-block-paragraph\"><\/p>\n\n\n\n<p class=\"has-text-align-left wp-block-paragraph\"><strong>El Nido<\/strong> es una excelente banda folk, aunque tambi\u00e9n se expresan en otros estilos como el pop que nace, como tal, en <strong>Barcelona <\/strong>en el a\u00f1o 2018 formada por cuatro amigos que se reencuentran en la ciudad condal para retomar de nuevo un proyecto musical anteriormente compartido. La banda la forman cuatro m\u00fasicos multiinstrumentistas: <strong>\u00c1lvaro Herreros<\/strong>, <strong>Eneko Lekumberri<\/strong>, <strong>Nacho Prada<\/strong> y <strong>Rodrigo Cachorro Ant\u00f3n<\/strong>.<\/p>\n\n\n\n<p class=\"has-text-align-left wp-block-paragraph\">Detr\u00e1s de <strong>El Nido<\/strong> podr\u00e1s escuchar tanto diferentes tradiciones folcl\u00f3ricas como m\u00fasicas desde el rock a la canci\u00f3n de autor, el jazz\u2026 para dar un resultado muy propio en sus canciones. Su directo viene cargado con mucha fuerza y es un continuo desfilar de instrumentos como mandolinas, guitarras, flautas, panderetas, panderos cuadrados, darbukas, bouzoukis, vieiras o cucharas para mostrarnos con un especial y delicado virtuosismo la m\u00fasica de sus ra\u00edces en un camino lleno de recursos t\u00edmbricos, m\u00e9tricos y de imaginario que les va incrementando la creatividad, a la vez que ti\u00f1e su m\u00fasica del inconfundible olor a casa.<\/p>\n\n\n\n<p class=\"has-text-align-left wp-block-paragraph\">Sin duda alguna <strong>El Nido<\/strong> es una interesante propuesta a seguir y una gran banda que se enmarca en la corriente de nuevos grupos de folk que beben de la tradici\u00f3n pero que la dan una vuelta para sonar a ellos mismos.<\/p>\n\n\n\n<p class=\"has-text-align-left wp-block-paragraph\"><\/p>\n\n\n\n<p class=\"has-text-align-left wp-block-paragraph\"><strong>Sound Isidro 2023<\/strong>&nbsp;ha confirmado su regreso durante los meses de abril y mayo, en plena primavera. El ciclo madrile\u00f1o volver\u00e1 a llevar a algunas de las bandas m\u00e1s interesantes del momento a las salas m\u00e1s emblem\u00e1ticas de la ciudad.<\/p>\n\n\n\n<div style=\"height:100px\" aria-hidden=\"true\" class=\"wp-block-spacer\"><\/div>\n<\/div>\n<\/div>\n\n\n\n<hr class=\"wp-block-separator has-alpha-channel-opacity is-style-wide\"\/>\n\n\n\n<div style=\"height:100px\" aria-hidden=\"true\" class=\"wp-block-spacer\"><\/div>\n\n\n<h2 class=\"tribe-block__related-events__title\">Related Events<\/h2>\n\n<ul  class=\"tribe-related-events tribe-clearfix\" >\n\t\t\t<li>\n\t\n<div class=\"tribe-related-events-thumbnail\">\n\t<a href=\"https:\/\/cafelapalma.com\/en\/programacion\/funkin-donuts\/\" class=\"url\" rel=\"bookmark\" tabindex=\"-1\" aria-hidden=\"true\"><img loading=\"lazy\" decoding=\"async\" width=\"693\" height=\"1040\" src=\"https:\/\/cafelapalma.com\/wp-content\/uploads\/2026\/07\/FD-vert2-bn-693x1040.jpg\" class=\"attachment-large size-large wp-post-image\" alt=\"\" \/><\/a>\n<\/div>\n\t<div class=\"tribe-related-event-info\">\n\t<h3 class=\"tribe-related-events-title\">\n\t\t<a href=\"https:\/\/cafelapalma.com\/en\/programacion\/funkin-donuts\/\" class=\"tribe-event-url\" rel=\"bookmark\">\n\t\t\tFUNKIN&#8217; DONUTS\t\t<\/a>\n\t<\/h3>\n\t<span class=\"tribe-event-date-start\">5  September@22:00<\/span><span class=\"tribe-event-time\">23:45<\/span><\/div>\n<\/li>\n\t\t\t<li>\n\t\n<div class=\"tribe-related-events-thumbnail\">\n\t<a href=\"https:\/\/cafelapalma.com\/en\/programacion\/backstage-le-petit-truffle-mayo\/\" class=\"url\" rel=\"bookmark\" tabindex=\"-1\" aria-hidden=\"true\"><img loading=\"lazy\" decoding=\"async\" width=\"780\" height=\"1040\" src=\"https:\/\/cafelapalma.com\/wp-content\/uploads\/2026\/07\/Imagen-TruffleMayo-LePetit-i-1-780x1040.png\" class=\"attachment-large size-large wp-post-image\" alt=\"\" \/><\/a>\n<\/div>\n\t<div class=\"tribe-related-event-info\">\n\t<h3 class=\"tribe-related-events-title\">\n\t\t<a href=\"https:\/\/cafelapalma.com\/en\/programacion\/backstage-le-petit-truffle-mayo\/\" class=\"tribe-event-url\" rel=\"bookmark\">\n\t\t\tBACKSTAGE: LE PETIT + TRUFFLE MAYO\t\t<\/a>\n\t<\/h3>\n\t<span class=\"tribe-event-date-start\">5  September@23:55<\/span><\/div>\n<\/li>\n\t\t\t<li>\n\t\n<div class=\"tribe-related-events-thumbnail\">\n\t<a href=\"https:\/\/cafelapalma.com\/en\/programacion\/willie-deville-concierto-benefico-x-venezuela\/\" class=\"url\" rel=\"bookmark\" tabindex=\"-1\" aria-hidden=\"true\"><img loading=\"lazy\" decoding=\"async\" width=\"1020\" height=\"531\" src=\"https:\/\/cafelapalma.com\/wp-content\/uploads\/2026\/08\/Willie-deville-1100x572-1-1040x541.jpg\" class=\"attachment-large size-large wp-post-image\" alt=\"\" \/><\/a>\n<\/div>\n\t<div class=\"tribe-related-event-info\">\n\t<h3 class=\"tribe-related-events-title\">\n\t\t<a href=\"https:\/\/cafelapalma.com\/en\/programacion\/willie-deville-concierto-benefico-x-venezuela\/\" class=\"tribe-event-url\" rel=\"bookmark\">\n\t\t\tWILLIE DEVILLE: CONCIERTO BEN\u00c9FICO X VENEZUELA\t\t<\/a>\n\t<\/h3>\n\t<span class=\"tribe-event-date-start\">6  September@21:00<\/span><span class=\"tribe-event-time\">23:45<\/span><\/div>\n<\/li>\n\t<\/ul>","protected":false},"excerpt":{"rendered":"<p>El Nido es una excelente banda folk, aunque tambi\u00e9n se expresan en otros estilos como el pop que nace, como tal, en Barcelona en el a\u00f1o 2018 formada por cuatro amigos que se reencuentran en la ciudad condal para retomar de nuevo un proyecto musical anteriormente compartido. La banda la forman cuatro m\u00fasicos multiinstrumentistas: \u00c1lvaro &hellip; <\/p>","protected":false},"author":2,"featured_media":25523,"template":"","meta":{"_tec_requires_first_save":false,"_uag_custom_page_level_css":"","loftloader_page_shortcode":"","_EventAllDay":false,"_EventTimezone":"Europe\/Madrid","_EventStartDate":"2023-04-14 22:00:00","_EventEndDate":"2023-04-14 23:45:00","_EventStartDateUTC":"2023-04-14 20:00:00","_EventEndDateUTC":"2023-04-14 21:45:00","_EventShowMap":false,"_EventShowMapLink":false,"_EventURL":"https:\/\/link.dice.fm\/i31ee1f6b0d0","_EventCost":"12","_EventCostDescription":"","_EventCurrencySymbol":"\u20ac","_EventCurrencyCode":"","_EventCurrencyPosition":"suffix","_EventDateTimeSeparator":"@","_EventTimeRangeSeparator":"-","_EventOrganizerID":[],"_EventVenueID":[0],"_OrganizerEmail":"","_OrganizerPhone":"","_OrganizerWebsite":"","_VenueAddress":"","_VenueCity":"","_VenueCountry":"","_VenueProvince":"","_VenueState":"","_VenueZip":"","_VenuePhone":"","_VenueURL":"","_VenueStateProvince":"","_VenueLat":"","_VenueLng":"","_VenueShowMap":false,"_VenueShowMapLink":false,"_tribe_blocks_recurrence_rules":"","_tribe_blocks_recurrence_description":"","_tribe_blocks_recurrence_exclusions":"","_ecp_custom_2":"","_tribe_events_status":"","_tribe_events_status_reason":"","_tribe_events_is_hybrid":"","_tribe_events_is_virtual":"","_tribe_events_virtual_video_source":"","_tribe_events_virtual_embed_video":"","_tribe_events_virtual_linked_button_text":"","_tribe_events_virtual_linked_button":"","_tribe_events_virtual_show_embed_at":"","_tribe_events_virtual_show_embed_to":[],"_tribe_events_virtual_show_on_event":"","_tribe_events_virtual_show_on_views":"","_tribe_events_virtual_url":"","footnotes":""},"tags":[12964,1363,8869,2865,9147,9146,12967,12962,12963,9528,11172,777,1355,12966,9300,12961],"tribe_events_cat":[8963],"class_list":["post-25521","tribe_events","type-tribe_events","status-publish","has-post-thumbnail","hentry","tag-alvaro-herreros","tag-cafe-la-palma","tag-cafe-la-palma-2","tag-conciertos-cafe-la-palma","tag-conciertos-madrid","tag-conciertos-malasana","tag-darbukas","tag-el-nido","tag-eneko-lekumberri","tag-folk","tag-javi-ferrara","tag-jazz","tag-pop","tag-rodrigo-cachorro-anton","tag-sound-isidro","tag-sound-isidro-2023","tribe_events_cat-concierto","cat_concierto"],"uagb_featured_image_src":{"full":["https:\/\/cafelapalma.com\/wp-content\/uploads\/2023\/01\/si23.jpg",1080,1080,false],"thumbnail":["https:\/\/cafelapalma.com\/wp-content\/uploads\/2023\/01\/si23-150x150.jpg",150,150,true],"medium":["https:\/\/cafelapalma.com\/wp-content\/uploads\/2023\/01\/si23-300x300.jpg",300,300,true],"medium_large":["https:\/\/cafelapalma.com\/wp-content\/uploads\/2023\/01\/si23-768x768.jpg",768,768,true],"large":["https:\/\/cafelapalma.com\/wp-content\/uploads\/2023\/01\/si23-1040x1040.jpg",1020,1020,true],"1536x1536":["https:\/\/cafelapalma.com\/wp-content\/uploads\/2023\/01\/si23.jpg",1080,1080,false],"2048x2048":["https:\/\/cafelapalma.com\/wp-content\/uploads\/2023\/01\/si23.jpg",1080,1080,false],"trp-custom-language-flag":["https:\/\/cafelapalma.com\/wp-content\/uploads\/2023\/01\/si23.jpg",12,12,false],"blossom-feminine-slider":["https:\/\/cafelapalma.com\/wp-content\/uploads\/2023\/01\/si23-1080x649.jpg",1080,649,true],"blossom-feminine-featured":["https:\/\/cafelapalma.com\/wp-content\/uploads\/2023\/01\/si23-1080x600.jpg",1080,600,true],"blossom-feminine-with-sidebar":["https:\/\/cafelapalma.com\/wp-content\/uploads\/2023\/01\/si23-1020x600.jpg",1020,600,true],"blossom-feminine-blog":["https:\/\/cafelapalma.com\/wp-content\/uploads\/2023\/01\/si23-435x435.jpg",435,435,true],"blossom-feminine-cat":["https:\/\/cafelapalma.com\/wp-content\/uploads\/2023\/01\/si23-450x300.jpg",450,300,true],"blossom-feminine-related":["https:\/\/cafelapalma.com\/wp-content\/uploads\/2023\/01\/si23-320x200.jpg",320,200,true],"blossom-feminine-schema":["https:\/\/cafelapalma.com\/wp-content\/uploads\/2023\/01\/si23-60x60.jpg",60,60,true]},"uagb_author_info":{"display_name":"Victor","author_link":"https:\/\/cafelapalma.com\/en\/author\/comunicacion\/"},"uagb_comment_info":0,"uagb_excerpt":"El Nido es una excelente banda folk, aunque tambi\u00e9n se expresan en otros estilos como el pop que nace, como tal, en Barcelona en el a\u00f1o 2018 formada por cuatro amigos que se reencuentran en la ciudad condal para retomar de nuevo un proyecto musical anteriormente compartido. La banda la forman cuatro m\u00fasicos multiinstrumentistas: \u00c1lvaro&hellip;","_links":{"self":[{"href":"https:\/\/cafelapalma.com\/en\/wp-json\/wp\/v2\/tribe_events\/25521","targetHints":{"allow":["GET"]}}],"collection":[{"href":"https:\/\/cafelapalma.com\/en\/wp-json\/wp\/v2\/tribe_events"}],"about":[{"href":"https:\/\/cafelapalma.com\/en\/wp-json\/wp\/v2\/types\/tribe_events"}],"author":[{"embeddable":true,"href":"https:\/\/cafelapalma.com\/en\/wp-json\/wp\/v2\/users\/2"}],"version-history":[{"count":0,"href":"https:\/\/cafelapalma.com\/en\/wp-json\/wp\/v2\/tribe_events\/25521\/revisions"}],"wp:featuredmedia":[{"embeddable":true,"href":"https:\/\/cafelapalma.com\/en\/wp-json\/wp\/v2\/media\/25523"}],"wp:attachment":[{"href":"https:\/\/cafelapalma.com\/en\/wp-json\/wp\/v2\/media?parent=25521"}],"wp:term":[{"taxonomy":"post_tag","embeddable":true,"href":"https:\/\/cafelapalma.com\/en\/wp-json\/wp\/v2\/tags?post=25521"},{"taxonomy":"tribe_events_cat","embeddable":true,"href":"https:\/\/cafelapalma.com\/en\/wp-json\/wp\/v2\/tribe_events_cat?post=25521"}],"curies":[{"name":"wp","href":"https:\/\/api.w.org\/{rel}","templated":true}]}}

<div  class="tribe-events-schedule tribe-clearfix" >
	<p class="tribe-events-schedule__datetime">
		<span class="tribe-events-schedule__date tribe-events-schedule__date--start">
			14  April  2023		</span>

					<span class="tribe-events-schedule__separator tribe-events-schedule__separator--date">
				@			</span>
			<span class="tribe-events-schedule__time tribe-events-schedule__time--start">
				22:00			</span>
		
									<span class="tribe-events-schedule__separator tribe-events-schedule__separator--time">
					&#8211;				</span>
			
							<span class="tribe-events-schedule__time tribe-events-schedule__time--end">
					23:45				</span>
			
						</p>
</div>


<div  class="tribe-block tribe-block__event-price" >
			<span class="tribe-block__event-price__cost"> 12€ </span>
				<span class="tribe-block__event-price__description">+ gg Anticipada | 15€ Taquilla</span>
	</div>



<div style="height:100px" aria-hidden="true" class="wp-block-spacer"></div>



<div class="wp-block-columns is-layout-flex wp-container-core-columns-is-layout-8f761849 wp-block-columns-is-layout-flex">
<div class="wp-block-column is-layout-flow wp-block-column-is-layout-flow" style="flex-basis:33.33%">
<figure class="wp-block-image size-large"><img loading="lazy" decoding="async" width="1040" height="1040" src="https://cafelapalma.com/wp-content/uploads/2023/01/elnidosi23-1040x1040.jpg" alt="" class="wp-image-25522" srcset="https://cafelapalma.com/wp-content/uploads/2023/01/elnidosi23-1040x1040.jpg 1040w, https://cafelapalma.com/wp-content/uploads/2023/01/elnidosi23-300x300.jpg 300w, https://cafelapalma.com/wp-content/uploads/2023/01/elnidosi23-150x150.jpg 150w, https://cafelapalma.com/wp-content/uploads/2023/01/elnidosi23-768x768.jpg 768w, https://cafelapalma.com/wp-content/uploads/2023/01/elnidosi23-435x435.jpg 435w, https://cafelapalma.com/wp-content/uploads/2023/01/elnidosi23-60x60.jpg 60w, https://cafelapalma.com/wp-content/uploads/2023/01/elnidosi23.jpg 1080w" sizes="auto, (max-width: 1040px) 100vw, 1040px" /></figure>


<div  class="tribe-block tribe-block__event-website" >
	<a
		href="https://link.dice.fm/i31ee1f6b0d0"
		target="_self"
			>
		BUY TICKETS	</a>
</div>
</div>



<div class="wp-block-column is-layout-flow wp-block-column-is-layout-flow" style="flex-basis:66.66%">
<p class="wp-block-paragraph"></p>



<p class="has-text-align-left wp-block-paragraph"><strong>El Nido</strong> es una excelente banda folk, aunque también se expresan en otros estilos como el pop que nace, como tal, en <strong>Barcelona </strong>en el año 2018 formada por cuatro amigos que se reencuentran en la ciudad condal para retomar de nuevo un proyecto musical anteriormente compartido. La banda la forman cuatro músicos multiinstrumentistas: <strong>Álvaro Herreros</strong>, <strong>Eneko Lekumberri</strong>, <strong>Nacho Prada</strong> y <strong>Rodrigo Cachorro Antón</strong>.</p>



<p class="has-text-align-left wp-block-paragraph">Detrás de <strong>El Nido</strong> podrás escuchar tanto diferentes tradiciones folclóricas como músicas desde el rock a la canción de autor, el jazz… para dar un resultado muy propio en sus canciones. Su directo viene cargado con mucha fuerza y es un continuo desfilar de instrumentos como mandolinas, guitarras, flautas, panderetas, panderos cuadrados, darbukas, bouzoukis, vieiras o cucharas para mostrarnos con un especial y delicado virtuosismo la música de sus raíces en un camino lleno de recursos tímbricos, métricos y de imaginario que les va incrementando la creatividad, a la vez que tiñe su música del inconfundible olor a casa.</p>



<p class="has-text-align-left wp-block-paragraph">Sin duda alguna <strong>El Nido</strong> es una interesante propuesta a seguir y una gran banda que se enmarca en la corriente de nuevos grupos de folk que beben de la tradición pero que la dan una vuelta para sonar a ellos mismos.</p>



<p class="has-text-align-left wp-block-paragraph"></p>



<p class="has-text-align-left wp-block-paragraph"><strong>Sound Isidro 2023</strong>&nbsp;ha confirmado su regreso durante los meses de abril y mayo, en plena primavera. El ciclo madrileño volverá a llevar a algunas de las bandas más interesantes del momento a las salas más emblemáticas de la ciudad.</p>



<div style="height:100px" aria-hidden="true" class="wp-block-spacer"></div>
</div>
</div>



<hr class="wp-block-separator has-alpha-channel-opacity is-style-wide"/>



<div style="height:100px" aria-hidden="true" class="wp-block-spacer"></div>


<h2 class="tribe-block__related-events__title">Related Events</h2>

<ul  class="tribe-related-events tribe-clearfix" >
			<li>
	
<div class="tribe-related-events-thumbnail">
	<a href="https://cafelapalma.com/en/programacion/funkin-donuts/" class="url" rel="bookmark" tabindex="-1" aria-hidden="true"><img loading="lazy" decoding="async" width="693" height="1040" src="https://cafelapalma.com/wp-content/uploads/2026/07/FD-vert2-bn-693x1040.jpg" class="attachment-large size-large wp-post-image" alt="" /></a>
</div>
	<div class="tribe-related-event-info">
	<h3 class="tribe-related-events-title">
		<a href="https://cafelapalma.com/en/programacion/funkin-donuts/" class="tribe-event-url" rel="bookmark">
			FUNKIN&#8217; DONUTS		</a>
	</h3>
	<span class="tribe-event-date-start">5  September@22:00</span><span class="tribe-event-time">23:45</span></div>
</li>
			<li>
	
<div class="tribe-related-events-thumbnail">
	<a href="https://cafelapalma.com/en/programacion/backstage-le-petit-truffle-mayo/" class="url" rel="bookmark" tabindex="-1" aria-hidden="true"><img loading="lazy" decoding="async" width="780" height="1040" src="https://cafelapalma.com/wp-content/uploads/2026/07/Imagen-TruffleMayo-LePetit-i-1-780x1040.png" class="attachment-large size-large wp-post-image" alt="" /></a>
</div>
	<div class="tribe-related-event-info">
	<h3 class="tribe-related-events-title">
		<a href="https://cafelapalma.com/en/programacion/backstage-le-petit-truffle-mayo/" class="tribe-event-url" rel="bookmark">
			BACKSTAGE: LE PETIT + TRUFFLE MAYO		</a>
	</h3>
	<span class="tribe-event-date-start">5  September@23:55</span></div>
</li>
			<li>
	
<div class="tribe-related-events-thumbnail">
	<a href="https://cafelapalma.com/en/programacion/willie-deville-concierto-benefico-x-venezuela/" class="url" rel="bookmark" tabindex="-1" aria-hidden="true"><img loading="lazy" decoding="async" width="1020" height="531" src="https://cafelapalma.com/wp-content/uploads/2026/08/Willie-deville-1100x572-1-1040x541.jpg" class="attachment-large size-large wp-post-image" alt="" /></a>
</div>
	<div class="tribe-related-event-info">
	<h3 class="tribe-related-events-title">
		<a href="https://cafelapalma.com/en/programacion/willie-deville-concierto-benefico-x-venezuela/" class="tribe-event-url" rel="bookmark">
			WILLIE DEVILLE: CONCIERTO BENÉFICO X VENEZUELA		</a>
	</h3>
	<span class="tribe-event-date-start">6  September@21:00</span><span class="tribe-event-time">23:45</span></div>
</li>
	</ul>

<p>El Nido es una excelente banda folk, aunque también se expresan en otros estilos como el pop que nace, como tal, en Barcelona en el año 2018 formada por cuatro amigos que se reencuentran en la ciudad condal para retomar de nuevo un proyecto musical anteriormente compartido. La banda la forman cuatro músicos multiinstrumentistas: Álvaro &hellip; </p>

El Nido es una excelente banda folk, aunque también se expresan en otros estilos como el pop que nace, como tal, en Barcelona en el año 2018 formada por cuatro amigos que se reencuentran en la ciudad condal para retomar de nuevo un proyecto musical anteriormente compartido. La banda la forman cuatro músicos multiinstrumentistas: Álvaro&hellip;
