{"id":25529,"date":"2023-01-12T19:22:18","date_gmt":"2023-01-12T18:22:18","guid":{"rendered":"https:\/\/cafelapalma.com\/?post_type=tribe_events&#038;p=25529"},"modified":"2023-04-22T13:08:15","modified_gmt":"2023-04-22T11:08:15","slug":"la-jetee-bueno-perdona","status":"publish","type":"tribe_events","link":"https:\/\/cafelapalma.com\/en\/programacion\/la-jetee-bueno-perdona\/","title":{"rendered":"LA JET\u00c9E + BUENO PERDONA"},"content":{"rendered":"<div  class=\"tribe-events-schedule tribe-clearfix\" >\n\t<p class=\"tribe-events-schedule__datetime\">\n\t\t<span class=\"tribe-events-schedule__date tribe-events-schedule__date--start\">\n\t\t\t22  April  2023\t\t<\/span>\n\n\t\t\t\t\t<span class=\"tribe-events-schedule__separator tribe-events-schedule__separator--date\">\n\t\t\t\t@\t\t\t<\/span>\n\t\t\t<span class=\"tribe-events-schedule__time tribe-events-schedule__time--start\">\n\t\t\t\t21:30\t\t\t<\/span>\n\t\t\n\t\t\t\t\t\t\t\t\t<span class=\"tribe-events-schedule__separator tribe-events-schedule__separator--time\">\n\t\t\t\t\t&#8211;\t\t\t\t<\/span>\n\t\t\t\n\t\t\t\t\t\t\t<span class=\"tribe-events-schedule__time tribe-events-schedule__time--end\">\n\t\t\t\t\t23:45\t\t\t\t<\/span>\n\t\t\t\n\t\t\t\t\t\t<\/p>\n<\/div>\n\n\n<div  class=\"tribe-block tribe-block__event-price\" >\n\t\t\t<span class=\"tribe-block__event-price__cost\"> 10\u20ac <\/span>\n\t\t\t\t<span class=\"tribe-block__event-price__description\">+ gg Anticipada | 12\u20ac Taquilla<\/span>\n\t<\/div>\n\n\n\n<div style=\"height:100px\" aria-hidden=\"true\" class=\"wp-block-spacer\"><\/div>\n\n\n\n<div class=\"wp-block-columns is-layout-flex wp-container-core-columns-is-layout-8f761849 wp-block-columns-is-layout-flex\">\n<div class=\"wp-block-column is-layout-flow wp-block-column-is-layout-flow\" style=\"flex-basis:33.33%\">\n<figure class=\"wp-block-image size-full\"><img loading=\"lazy\" decoding=\"async\" width=\"297\" height=\"420\" src=\"https:\/\/cafelapalma.com\/wp-content\/uploads\/2023\/01\/LAJETEE.jpg\" alt=\"\" class=\"wp-image-25530\" srcset=\"https:\/\/cafelapalma.com\/wp-content\/uploads\/2023\/01\/LAJETEE.jpg 297w, https:\/\/cafelapalma.com\/wp-content\/uploads\/2023\/01\/LAJETEE-212x300.jpg 212w, https:\/\/cafelapalma.com\/wp-content\/uploads\/2023\/01\/LAJETEE-42x60.jpg 42w\" sizes=\"auto, (max-width: 297px) 100vw, 297px\" \/><\/figure>\n\n\n<div  class=\"tribe-block tribe-block__event-website\" >\n\t<a\n\t\thref=\"https:\/\/link.dice.fm\/c57aa85f6748\"\n\t\ttarget=\"_self\"\n\t\t\t>\n\t\tBUY TICKETS\t<\/a>\n<\/div>\n<\/div>\n\n\n\n<div class=\"wp-block-column is-layout-flow wp-block-column-is-layout-flow\" style=\"flex-basis:66.66%\">\n<p class=\"has-text-align-left wp-block-paragraph\">La banda alicantina <strong>La jet\u00e9e<\/strong>, que recientemente ha fichado por <strong>Clifford Records<\/strong>, presenta su primer larga duraci\u00f3n, <em><strong>\u201cAnte la perspectiva de un p\u00e1ramo\u201d<\/strong><\/em>, un heterog\u00e9neo despliegue de alardes sonoros con un ojo puesto en los \u201880, otro en los \u201890 y una mirada rabiosamente contempor\u00e1nea.<\/p>\n\n\n\n<p class=\"has-text-align-left wp-block-paragraph\"><strong>La jet\u00e9e<\/strong> se esfuerzan por llevar el indie-rock en espa\u00f1ol a nuevos territorios y as\u00ed <em><strong>\u201cAnte la perspectiva de un p\u00e1ramo\u201d<\/strong><\/em> transita por diversas texturas que rinden tributo por igual a <strong>Sunny Day Real Estate <\/strong>que a <strong>Bowie<\/strong>; a <strong>El Inquilino Comunista<\/strong> y a <strong>La Costa Brava<\/strong>. Art-rock, noise pop, electr\u00f3nica, emo, synth pop\u2026 Lo cierto es que <strong>La jet\u00e9e<\/strong> se resisten a las etiquetas. La emoci\u00f3n es lo importante aqu\u00ed y unas letras cargadas de simbolismos respaldan esta intenci\u00f3n. Te podr\u00e1n gustar o no gustar, pero si algo es innegable es que en los cuatro a\u00f1os de vida (pandemia mediante) que les han llevado hasta este primer LP, este quinteto de <strong>Alicante <\/strong>ha conseguido desarrollar un sonido \u00fanico, reconocible y cautivador: nadie suena como ellos y tendr\u00e1s que escucharlos m\u00e1s de una vez para desentra\u00f1ar todos los misterios que esconde su m\u00fasica.<\/p>\n\n\n\n<p class=\"has-text-align-left wp-block-paragraph\"><strong>Bueno Perdona<\/strong> es una banda de noise pop formada por los sure\u00f1os <strong>Teresa<\/strong>, <strong>Juanma<\/strong>, <strong>Joaquim<\/strong>, <strong>David <\/strong>y <strong>Fernando<\/strong>. En la noche del 22 de abril, presentan su primer EP <strong><em>\u201cPocas Cosas En Mucho Tiempo\u201d<\/em><\/strong>, donde letras irreverentes sobre temas cotidianos contrastan con atm\u00f3sferas profundas de shoegaze y que dan como resultado canciones divertidas y descaradas.<\/p>\n<\/div>\n<\/div>\n\n\n\n<div style=\"height:100px\" aria-hidden=\"true\" class=\"wp-block-spacer\"><\/div>\n\n\n\n<hr class=\"wp-block-separator has-alpha-channel-opacity is-style-wide\"\/>\n\n\n\n<div style=\"height:100px\" aria-hidden=\"true\" class=\"wp-block-spacer\"><\/div>\n\n\n<h2 class=\"tribe-block__related-events__title\">Related Events<\/h2>\n\n<ul  class=\"tribe-related-events tribe-clearfix\" >\n\t\t\t<li>\n\t\n<div class=\"tribe-related-events-thumbnail\">\n\t<a href=\"https:\/\/cafelapalma.com\/en\/programacion\/funkin-donuts\/\" class=\"url\" rel=\"bookmark\" tabindex=\"-1\" aria-hidden=\"true\"><img loading=\"lazy\" decoding=\"async\" width=\"693\" height=\"1040\" src=\"https:\/\/cafelapalma.com\/wp-content\/uploads\/2026\/07\/FD-vert2-bn-693x1040.jpg\" class=\"attachment-large size-large wp-post-image\" alt=\"\" \/><\/a>\n<\/div>\n\t<div class=\"tribe-related-event-info\">\n\t<h3 class=\"tribe-related-events-title\">\n\t\t<a href=\"https:\/\/cafelapalma.com\/en\/programacion\/funkin-donuts\/\" class=\"tribe-event-url\" rel=\"bookmark\">\n\t\t\tFUNKIN&#8217; DONUTS\t\t<\/a>\n\t<\/h3>\n\t<span class=\"tribe-event-date-start\">5  September@22:00<\/span><span class=\"tribe-event-time\">23:45<\/span><\/div>\n<\/li>\n\t\t\t<li>\n\t\n<div class=\"tribe-related-events-thumbnail\">\n\t<a href=\"https:\/\/cafelapalma.com\/en\/programacion\/backstage-le-petit-truffle-mayo\/\" class=\"url\" rel=\"bookmark\" tabindex=\"-1\" aria-hidden=\"true\"><img loading=\"lazy\" decoding=\"async\" width=\"780\" height=\"1040\" src=\"https:\/\/cafelapalma.com\/wp-content\/uploads\/2026\/07\/Imagen-TruffleMayo-LePetit-i-1-780x1040.png\" class=\"attachment-large size-large wp-post-image\" alt=\"\" \/><\/a>\n<\/div>\n\t<div class=\"tribe-related-event-info\">\n\t<h3 class=\"tribe-related-events-title\">\n\t\t<a href=\"https:\/\/cafelapalma.com\/en\/programacion\/backstage-le-petit-truffle-mayo\/\" class=\"tribe-event-url\" rel=\"bookmark\">\n\t\t\tBACKSTAGE: LE PETIT + TRUFFLE MAYO\t\t<\/a>\n\t<\/h3>\n\t<span class=\"tribe-event-date-start\">5  September@23:55<\/span><\/div>\n<\/li>\n\t\t\t<li>\n\t\n<div class=\"tribe-related-events-thumbnail\">\n\t<a href=\"https:\/\/cafelapalma.com\/en\/programacion\/willie-deville-concierto-benefico-x-venezuela\/\" class=\"url\" rel=\"bookmark\" tabindex=\"-1\" aria-hidden=\"true\"><img loading=\"lazy\" decoding=\"async\" width=\"1020\" height=\"531\" src=\"https:\/\/cafelapalma.com\/wp-content\/uploads\/2026\/08\/Willie-deville-1100x572-1-1040x541.jpg\" class=\"attachment-large size-large wp-post-image\" alt=\"\" \/><\/a>\n<\/div>\n\t<div class=\"tribe-related-event-info\">\n\t<h3 class=\"tribe-related-events-title\">\n\t\t<a href=\"https:\/\/cafelapalma.com\/en\/programacion\/willie-deville-concierto-benefico-x-venezuela\/\" class=\"tribe-event-url\" rel=\"bookmark\">\n\t\t\tWILLIE DEVILLE: CONCIERTO BEN\u00c9FICO X VENEZUELA\t\t<\/a>\n\t<\/h3>\n\t<span class=\"tribe-event-date-start\">6  September@21:00<\/span><span class=\"tribe-event-time\">23:45<\/span><\/div>\n<\/li>\n\t<\/ul>","protected":false},"excerpt":{"rendered":"<p>La banda alicantina La jet\u00e9e, que recientemente ha fichado por Clifford Records, presenta su primer larga duraci\u00f3n, \u201cAnte la perspectiva de un p\u00e1ramo\u201d, un heterog\u00e9neo despliegue de alardes sonoros con un ojo puesto en los \u201880, otro en los \u201890 y una mirada rabiosamente contempor\u00e1nea. La jet\u00e9e se esfuerzan por llevar el indie-rock en espa\u00f1ol &hellip; <\/p>","protected":false},"author":2,"featured_media":25531,"template":"","meta":{"_tec_requires_first_save":false,"_uag_custom_page_level_css":"","loftloader_page_shortcode":"","_EventAllDay":false,"_EventTimezone":"Europe\/Madrid","_EventStartDate":"2023-04-22 21:30:00","_EventEndDate":"2023-04-22 23:45:00","_EventStartDateUTC":"2023-04-22 19:30:00","_EventEndDateUTC":"2023-04-22 21:45:00","_EventShowMap":false,"_EventShowMapLink":false,"_EventURL":"https:\/\/link.dice.fm\/c57aa85f6748","_EventCost":"10","_EventCostDescription":"","_EventCurrencySymbol":"\u20ac","_EventCurrencyCode":"","_EventCurrencyPosition":"suffix","_EventDateTimeSeparator":"@","_EventTimeRangeSeparator":"-","_EventOrganizerID":[],"_EventVenueID":[0],"_OrganizerEmail":"","_OrganizerPhone":"","_OrganizerWebsite":"","_VenueAddress":"","_VenueCity":"","_VenueCountry":"","_VenueProvince":"","_VenueState":"","_VenueZip":"","_VenuePhone":"","_VenueURL":"","_VenueStateProvince":"","_VenueLat":"","_VenueLng":"","_VenueShowMap":false,"_VenueShowMapLink":false,"_tribe_blocks_recurrence_rules":"","_tribe_blocks_recurrence_description":"","_tribe_blocks_recurrence_exclusions":"","_ecp_custom_2":"","_tribe_events_status":"","_tribe_events_status_reason":"","_tribe_events_is_hybrid":"","_tribe_events_is_virtual":"","_tribe_events_virtual_video_source":"","_tribe_events_virtual_embed_video":"","_tribe_events_virtual_linked_button_text":"","_tribe_events_virtual_linked_button":"","_tribe_events_virtual_show_embed_at":"","_tribe_events_virtual_show_embed_to":[],"_tribe_events_virtual_show_on_event":"","_tribe_events_virtual_show_on_views":"","_tribe_events_virtual_url":"","footnotes":""},"tags":[12972,12973,12975,12974,1363,12971,2865,9147,9146,9939,1357,9741,12970,12109,13460,1355,1354,9380,9292],"tribe_events_cat":[8963],"class_list":["post-25529","tribe_events","type-tribe_events","status-publish","has-post-thumbnail","hentry","tag-ante-la-perspectiva-de-un-paramo","tag-art-rock","tag-bernardo-calvo","tag-bueno-perdona","tag-cafe-la-palma","tag-clifford-records","tag-conciertos-cafe-la-palma","tag-conciertos-madrid","tag-conciertos-malasana","tag-dream-pop","tag-electronica","tag-emo","tag-la-jetee","tag-noise-pop","tag-pocas-cosas-en-mucho-tiempo","tag-pop","tag-rock","tag-shoegaze","tag-synth-pop","tribe_events_cat-concierto","cat_concierto"],"uagb_featured_image_src":{"full":["https:\/\/cafelapalma.com\/wp-content\/uploads\/2023\/01\/lajeteepic.jpg",957,958,false],"thumbnail":["https:\/\/cafelapalma.com\/wp-content\/uploads\/2023\/01\/lajeteepic-150x150.jpg",150,150,true],"medium":["https:\/\/cafelapalma.com\/wp-content\/uploads\/2023\/01\/lajeteepic-300x300.jpg",300,300,true],"medium_large":["https:\/\/cafelapalma.com\/wp-content\/uploads\/2023\/01\/lajeteepic-768x769.jpg",768,769,true],"large":["https:\/\/cafelapalma.com\/wp-content\/uploads\/2023\/01\/lajeteepic.jpg",957,958,false],"1536x1536":["https:\/\/cafelapalma.com\/wp-content\/uploads\/2023\/01\/lajeteepic.jpg",957,958,false],"2048x2048":["https:\/\/cafelapalma.com\/wp-content\/uploads\/2023\/01\/lajeteepic.jpg",957,958,false],"trp-custom-language-flag":["https:\/\/cafelapalma.com\/wp-content\/uploads\/2023\/01\/lajeteepic.jpg",12,12,false],"blossom-feminine-slider":["https:\/\/cafelapalma.com\/wp-content\/uploads\/2023\/01\/lajeteepic-957x649.jpg",957,649,true],"blossom-feminine-featured":["https:\/\/cafelapalma.com\/wp-content\/uploads\/2023\/01\/lajeteepic-957x600.jpg",957,600,true],"blossom-feminine-with-sidebar":["https:\/\/cafelapalma.com\/wp-content\/uploads\/2023\/01\/lajeteepic-957x600.jpg",957,600,true],"blossom-feminine-blog":["https:\/\/cafelapalma.com\/wp-content\/uploads\/2023\/01\/lajeteepic-435x435.jpg",435,435,true],"blossom-feminine-cat":["https:\/\/cafelapalma.com\/wp-content\/uploads\/2023\/01\/lajeteepic-450x300.jpg",450,300,true],"blossom-feminine-related":["https:\/\/cafelapalma.com\/wp-content\/uploads\/2023\/01\/lajeteepic-320x200.jpg",320,200,true],"blossom-feminine-schema":["https:\/\/cafelapalma.com\/wp-content\/uploads\/2023\/01\/lajeteepic-60x60.jpg",60,60,true]},"uagb_author_info":{"display_name":"Victor","author_link":"https:\/\/cafelapalma.com\/en\/author\/comunicacion\/"},"uagb_comment_info":0,"uagb_excerpt":"La banda alicantina La jet\u00e9e, que recientemente ha fichado por Clifford Records, presenta su primer larga duraci\u00f3n, \u201cAnte la perspectiva de un p\u00e1ramo\u201d, un heterog\u00e9neo despliegue de alardes sonoros con un ojo puesto en los \u201880, otro en los \u201890 y una mirada rabiosamente contempor\u00e1nea. La jet\u00e9e se esfuerzan por llevar el indie-rock en espa\u00f1ol&hellip;","_links":{"self":[{"href":"https:\/\/cafelapalma.com\/en\/wp-json\/wp\/v2\/tribe_events\/25529","targetHints":{"allow":["GET"]}}],"collection":[{"href":"https:\/\/cafelapalma.com\/en\/wp-json\/wp\/v2\/tribe_events"}],"about":[{"href":"https:\/\/cafelapalma.com\/en\/wp-json\/wp\/v2\/types\/tribe_events"}],"author":[{"embeddable":true,"href":"https:\/\/cafelapalma.com\/en\/wp-json\/wp\/v2\/users\/2"}],"version-history":[{"count":0,"href":"https:\/\/cafelapalma.com\/en\/wp-json\/wp\/v2\/tribe_events\/25529\/revisions"}],"wp:featuredmedia":[{"embeddable":true,"href":"https:\/\/cafelapalma.com\/en\/wp-json\/wp\/v2\/media\/25531"}],"wp:attachment":[{"href":"https:\/\/cafelapalma.com\/en\/wp-json\/wp\/v2\/media?parent=25529"}],"wp:term":[{"taxonomy":"post_tag","embeddable":true,"href":"https:\/\/cafelapalma.com\/en\/wp-json\/wp\/v2\/tags?post=25529"},{"taxonomy":"tribe_events_cat","embeddable":true,"href":"https:\/\/cafelapalma.com\/en\/wp-json\/wp\/v2\/tribe_events_cat?post=25529"}],"curies":[{"name":"wp","href":"https:\/\/api.w.org\/{rel}","templated":true}]}}

LA JETÉE + BUENO PERDONA

<div  class="tribe-events-schedule tribe-clearfix" >
	<p class="tribe-events-schedule__datetime">
		<span class="tribe-events-schedule__date tribe-events-schedule__date--start">
			22  April  2023		</span>

					<span class="tribe-events-schedule__separator tribe-events-schedule__separator--date">
				@			</span>
			<span class="tribe-events-schedule__time tribe-events-schedule__time--start">
				21:30			</span>
		
									<span class="tribe-events-schedule__separator tribe-events-schedule__separator--time">
					&#8211;				</span>
			
							<span class="tribe-events-schedule__time tribe-events-schedule__time--end">
					23:45				</span>
			
						</p>
</div>


<div  class="tribe-block tribe-block__event-price" >
			<span class="tribe-block__event-price__cost"> 10€ </span>
				<span class="tribe-block__event-price__description">+ gg Anticipada | 12€ Taquilla</span>
	</div>



<div style="height:100px" aria-hidden="true" class="wp-block-spacer"></div>



<div class="wp-block-columns is-layout-flex wp-container-core-columns-is-layout-8f761849 wp-block-columns-is-layout-flex">
<div class="wp-block-column is-layout-flow wp-block-column-is-layout-flow" style="flex-basis:33.33%">
<figure class="wp-block-image size-full"><img loading="lazy" decoding="async" width="297" height="420" src="https://cafelapalma.com/wp-content/uploads/2023/01/LAJETEE.jpg" alt="" class="wp-image-25530" srcset="https://cafelapalma.com/wp-content/uploads/2023/01/LAJETEE.jpg 297w, https://cafelapalma.com/wp-content/uploads/2023/01/LAJETEE-212x300.jpg 212w, https://cafelapalma.com/wp-content/uploads/2023/01/LAJETEE-42x60.jpg 42w" sizes="auto, (max-width: 297px) 100vw, 297px" /></figure>


<div  class="tribe-block tribe-block__event-website" >
	<a
		href="https://link.dice.fm/c57aa85f6748"
		target="_self"
			>
		BUY TICKETS	</a>
</div>
</div>



<div class="wp-block-column is-layout-flow wp-block-column-is-layout-flow" style="flex-basis:66.66%">
<p class="has-text-align-left wp-block-paragraph">La banda alicantina <strong>La jetée</strong>, que recientemente ha fichado por <strong>Clifford Records</strong>, presenta su primer larga duración, <em><strong>“Ante la perspectiva de un páramo”</strong></em>, un heterogéneo despliegue de alardes sonoros con un ojo puesto en los ‘80, otro en los ‘90 y una mirada rabiosamente contemporánea.</p>



<p class="has-text-align-left wp-block-paragraph"><strong>La jetée</strong> se esfuerzan por llevar el indie-rock en español a nuevos territorios y así <em><strong>“Ante la perspectiva de un páramo”</strong></em> transita por diversas texturas que rinden tributo por igual a <strong>Sunny Day Real Estate </strong>que a <strong>Bowie</strong>; a <strong>El Inquilino Comunista</strong> y a <strong>La Costa Brava</strong>. Art-rock, noise pop, electrónica, emo, synth pop… Lo cierto es que <strong>La jetée</strong> se resisten a las etiquetas. La emoción es lo importante aquí y unas letras cargadas de simbolismos respaldan esta intención. Te podrán gustar o no gustar, pero si algo es innegable es que en los cuatro años de vida (pandemia mediante) que les han llevado hasta este primer LP, este quinteto de <strong>Alicante </strong>ha conseguido desarrollar un sonido único, reconocible y cautivador: nadie suena como ellos y tendrás que escucharlos más de una vez para desentrañar todos los misterios que esconde su música.</p>



<p class="has-text-align-left wp-block-paragraph"><strong>Bueno Perdona</strong> es una banda de noise pop formada por los sureños <strong>Teresa</strong>, <strong>Juanma</strong>, <strong>Joaquim</strong>, <strong>David </strong>y <strong>Fernando</strong>. En la noche del 22 de abril, presentan su primer EP <strong><em>“Pocas Cosas En Mucho Tiempo”</em></strong>, donde letras irreverentes sobre temas cotidianos contrastan con atmósferas profundas de shoegaze y que dan como resultado canciones divertidas y descaradas.</p>
</div>
</div>



<div style="height:100px" aria-hidden="true" class="wp-block-spacer"></div>



<hr class="wp-block-separator has-alpha-channel-opacity is-style-wide"/>



<div style="height:100px" aria-hidden="true" class="wp-block-spacer"></div>


<h2 class="tribe-block__related-events__title">Related Events</h2>

<ul  class="tribe-related-events tribe-clearfix" >
			<li>
	
<div class="tribe-related-events-thumbnail">
	<a href="https://cafelapalma.com/en/programacion/funkin-donuts/" class="url" rel="bookmark" tabindex="-1" aria-hidden="true"><img loading="lazy" decoding="async" width="693" height="1040" src="https://cafelapalma.com/wp-content/uploads/2026/07/FD-vert2-bn-693x1040.jpg" class="attachment-large size-large wp-post-image" alt="" /></a>
</div>
	<div class="tribe-related-event-info">
	<h3 class="tribe-related-events-title">
		<a href="https://cafelapalma.com/en/programacion/funkin-donuts/" class="tribe-event-url" rel="bookmark">
			FUNKIN&#8217; DONUTS		</a>
	</h3>
	<span class="tribe-event-date-start">5  September@22:00</span><span class="tribe-event-time">23:45</span></div>
</li>
			<li>
	
<div class="tribe-related-events-thumbnail">
	<a href="https://cafelapalma.com/en/programacion/backstage-le-petit-truffle-mayo/" class="url" rel="bookmark" tabindex="-1" aria-hidden="true"><img loading="lazy" decoding="async" width="780" height="1040" src="https://cafelapalma.com/wp-content/uploads/2026/07/Imagen-TruffleMayo-LePetit-i-1-780x1040.png" class="attachment-large size-large wp-post-image" alt="" /></a>
</div>
	<div class="tribe-related-event-info">
	<h3 class="tribe-related-events-title">
		<a href="https://cafelapalma.com/en/programacion/backstage-le-petit-truffle-mayo/" class="tribe-event-url" rel="bookmark">
			BACKSTAGE: LE PETIT + TRUFFLE MAYO		</a>
	</h3>
	<span class="tribe-event-date-start">5  September@23:55</span></div>
</li>
			<li>
	
<div class="tribe-related-events-thumbnail">
	<a href="https://cafelapalma.com/en/programacion/willie-deville-concierto-benefico-x-venezuela/" class="url" rel="bookmark" tabindex="-1" aria-hidden="true"><img loading="lazy" decoding="async" width="1020" height="531" src="https://cafelapalma.com/wp-content/uploads/2026/08/Willie-deville-1100x572-1-1040x541.jpg" class="attachment-large size-large wp-post-image" alt="" /></a>
</div>
	<div class="tribe-related-event-info">
	<h3 class="tribe-related-events-title">
		<a href="https://cafelapalma.com/en/programacion/willie-deville-concierto-benefico-x-venezuela/" class="tribe-event-url" rel="bookmark">
			WILLIE DEVILLE: CONCIERTO BENÉFICO X VENEZUELA		</a>
	</h3>
	<span class="tribe-event-date-start">6  September@21:00</span><span class="tribe-event-time">23:45</span></div>
</li>
	</ul>

<p>La banda alicantina La jetée, que recientemente ha fichado por Clifford Records, presenta su primer larga duración, “Ante la perspectiva de un páramo”, un heterogéneo despliegue de alardes sonoros con un ojo puesto en los ‘80, otro en los ‘90 y una mirada rabiosamente contemporánea. La jetée se esfuerzan por llevar el indie-rock en español &hellip; </p>

La banda alicantina La jetée, que recientemente ha fichado por Clifford Records, presenta su primer larga duración, “Ante la perspectiva de un páramo”, un heterogéneo despliegue de alardes sonoros con un ojo puesto en los ‘80, otro en los ‘90 y una mirada rabiosamente contemporánea. La jetée se esfuerzan por llevar el indie-rock en español&hellip;
