{"id":25951,"date":"2023-03-01T13:28:21","date_gmt":"2023-03-01T12:28:21","guid":{"rendered":"https:\/\/cafelapalma.com\/?post_type=tribe_events&#038;p=25951"},"modified":"2023-03-29T13:27:57","modified_gmt":"2023-03-29T11:27:57","slug":"luis-carrillo","status":"publish","type":"tribe_events","link":"https:\/\/cafelapalma.com\/en\/programacion\/luis-carrillo\/","title":{"rendered":"LUIS CARRILLO"},"content":{"rendered":"<div  class=\"tribe-events-schedule tribe-clearfix\" >\n\t<p class=\"tribe-events-schedule__datetime\">\n\t\t<span class=\"tribe-events-schedule__date tribe-events-schedule__date--start\">\n\t\t\t11  June  2023\t\t<\/span>\n\n\t\t\t\t\t<span class=\"tribe-events-schedule__separator tribe-events-schedule__separator--date\">\n\t\t\t\t@\t\t\t<\/span>\n\t\t\t<span class=\"tribe-events-schedule__time tribe-events-schedule__time--start\">\n\t\t\t\t21:00\t\t\t<\/span>\n\t\t\n\t\t\t\t\t\t\t\t\t<span class=\"tribe-events-schedule__separator tribe-events-schedule__separator--time\">\n\t\t\t\t\t&#8211;\t\t\t\t<\/span>\n\t\t\t\n\t\t\t\t\t\t\t<span class=\"tribe-events-schedule__time tribe-events-schedule__time--end\">\n\t\t\t\t\t23:00\t\t\t\t<\/span>\n\t\t\t\n\t\t\t\t\t\t<\/p>\n<\/div>\n\n\n<div  class=\"tribe-block tribe-block__event-price\" >\n\t\t\t<span class=\"tribe-block__event-price__cost\"> 10\u20ac <\/span>\n\t\t\t\t<span class=\"tribe-block__event-price__description\">+ gg Anticipada | 12\u20ac Taquilla<\/span>\n\t<\/div>\n\n\n\n<div style=\"height:100px\" aria-hidden=\"true\" class=\"wp-block-spacer\"><\/div>\n\n\n\n<div class=\"wp-block-columns is-layout-flex wp-container-core-columns-is-layout-8f761849 wp-block-columns-is-layout-flex\">\n<div class=\"wp-block-column is-layout-flow wp-block-column-is-layout-flow\" style=\"flex-basis:33.33%\">\n<figure class=\"wp-block-image size-full\"><img loading=\"lazy\" decoding=\"async\" width=\"457\" height=\"572\" src=\"https:\/\/cafelapalma.com\/wp-content\/uploads\/2023\/03\/LUIS-CARRILLO-A3-LOW.jpg\" alt=\"\" class=\"wp-image-25952\" srcset=\"https:\/\/cafelapalma.com\/wp-content\/uploads\/2023\/03\/LUIS-CARRILLO-A3-LOW.jpg 457w, https:\/\/cafelapalma.com\/wp-content\/uploads\/2023\/03\/LUIS-CARRILLO-A3-LOW-240x300.jpg 240w, https:\/\/cafelapalma.com\/wp-content\/uploads\/2023\/03\/LUIS-CARRILLO-A3-LOW-48x60.jpg 48w\" sizes=\"auto, (max-width: 457px) 100vw, 457px\" \/><\/figure>\n\n\n<div  class=\"tribe-block tribe-block__event-website\" >\n\t<a\n\t\thref=\"https:\/\/ticketere.com\/evento\/luis-carrillo-puntos-de-fuga-tour\/\"\n\t\ttarget=\"_self\"\n\t\t\t>\n\t\tBUY TICKETS\t<\/a>\n<\/div>\n<\/div>\n\n\n\n<div class=\"wp-block-column is-layout-flow wp-block-column-is-layout-flow\" style=\"flex-basis:66.66%\">\n<p class=\"wp-block-paragraph\"><\/p>\n\n\n\n<p class=\"has-text-align-left wp-block-paragraph\"><strong><em>\u00abPuntos de Fuga\u00bb<\/em><\/strong> es el cuarto trabajo de estudio del m\u00fasico <strong>Luis Carrillo<\/strong>. Una nueva colecci\u00f3n de diez canciones grabadas en directo con una instrumentaci\u00f3n variada y colaboraciones como\u00a0<strong>Chica Sobresalto<\/strong>, <strong>Santero y los Muchachos<\/strong>, <strong>Adriana Moragues<\/strong> y <strong>Marta Andr\u00e9s<\/strong>.<\/p>\n\n\n\n<p class=\"has-text-align-left wp-block-paragraph\">Este trabajo supone un punto de encuentro entre composiciones in\u00e9ditas y algunos de los temas m\u00e1s queridos y arropados por el p\u00fablico, pero con la magia del directo, el punto fuerte del valenciano. El \u00e1lbum es una celebraci\u00f3n a la m\u00fasica en vivo que recorre las emociones m\u00e1s puras de los asuntos de amor disperso. Una monta\u00f1a rusa emocional que comienza desde el sentimiento m\u00e1s pasional, hasta las dudas, pasando por la despedida y el lado m\u00e1s oscuro y solitario de este proceso. Cada canci\u00f3n es un estado. Y cada estado es una historia.<\/p>\n\n\n\n<p class=\"has-text-align-left wp-block-paragraph\"><strong><em>\u00abPuntos de Fuga\u00bb<\/em><\/strong> es un disco para hacer balance de la carrera de <strong>Luis Carrillo<\/strong> y poder disfrutar de lo que ha estado cosechando y preparando entre finales de 2022 y principios de 2023.<\/p>\n<\/div>\n<\/div>\n\n\n\n<div style=\"height:100px\" aria-hidden=\"true\" class=\"wp-block-spacer\"><\/div>\n\n\n\n<hr class=\"wp-block-separator has-alpha-channel-opacity is-style-wide\"\/>\n\n\n\n<div style=\"height:100px\" aria-hidden=\"true\" class=\"wp-block-spacer\"><\/div>\n\n\n<h2 class=\"tribe-block__related-events__title\">Related Events<\/h2>\n\n<ul  class=\"tribe-related-events tribe-clearfix\" >\n\t\t\t<li>\n\t\n<div class=\"tribe-related-events-thumbnail\">\n\t<a href=\"https:\/\/cafelapalma.com\/en\/programacion\/funkin-donuts\/\" class=\"url\" rel=\"bookmark\" tabindex=\"-1\" aria-hidden=\"true\"><img loading=\"lazy\" decoding=\"async\" width=\"693\" height=\"1040\" src=\"https:\/\/cafelapalma.com\/wp-content\/uploads\/2026\/07\/FD-vert2-bn-693x1040.jpg\" class=\"attachment-large size-large wp-post-image\" alt=\"\" \/><\/a>\n<\/div>\n\t<div class=\"tribe-related-event-info\">\n\t<h3 class=\"tribe-related-events-title\">\n\t\t<a href=\"https:\/\/cafelapalma.com\/en\/programacion\/funkin-donuts\/\" class=\"tribe-event-url\" rel=\"bookmark\">\n\t\t\tFUNKIN&#8217; DONUTS\t\t<\/a>\n\t<\/h3>\n\t<span class=\"tribe-event-date-start\">5  September@22:00<\/span><span class=\"tribe-event-time\">23:45<\/span><\/div>\n<\/li>\n\t\t\t<li>\n\t\n<div class=\"tribe-related-events-thumbnail\">\n\t<a href=\"https:\/\/cafelapalma.com\/en\/programacion\/backstage-le-petit-truffle-mayo\/\" class=\"url\" rel=\"bookmark\" tabindex=\"-1\" aria-hidden=\"true\"><img loading=\"lazy\" decoding=\"async\" width=\"780\" height=\"1040\" src=\"https:\/\/cafelapalma.com\/wp-content\/uploads\/2026\/07\/Imagen-TruffleMayo-LePetit-i-1-780x1040.png\" class=\"attachment-large size-large wp-post-image\" alt=\"\" \/><\/a>\n<\/div>\n\t<div class=\"tribe-related-event-info\">\n\t<h3 class=\"tribe-related-events-title\">\n\t\t<a href=\"https:\/\/cafelapalma.com\/en\/programacion\/backstage-le-petit-truffle-mayo\/\" class=\"tribe-event-url\" rel=\"bookmark\">\n\t\t\tBACKSTAGE: LE PETIT + TRUFFLE MAYO\t\t<\/a>\n\t<\/h3>\n\t<span class=\"tribe-event-date-start\">5  September@23:55<\/span><\/div>\n<\/li>\n\t\t\t<li>\n\t\n<div class=\"tribe-related-events-thumbnail\">\n\t<a href=\"https:\/\/cafelapalma.com\/en\/programacion\/willie-deville-concierto-benefico-x-venezuela\/\" class=\"url\" rel=\"bookmark\" tabindex=\"-1\" aria-hidden=\"true\"><img loading=\"lazy\" decoding=\"async\" width=\"1020\" height=\"531\" src=\"https:\/\/cafelapalma.com\/wp-content\/uploads\/2026\/08\/Willie-deville-1100x572-1-1040x541.jpg\" class=\"attachment-large size-large wp-post-image\" alt=\"\" \/><\/a>\n<\/div>\n\t<div class=\"tribe-related-event-info\">\n\t<h3 class=\"tribe-related-events-title\">\n\t\t<a href=\"https:\/\/cafelapalma.com\/en\/programacion\/willie-deville-concierto-benefico-x-venezuela\/\" class=\"tribe-event-url\" rel=\"bookmark\">\n\t\t\tWILLIE DEVILLE: CONCIERTO BEN\u00c9FICO X VENEZUELA\t\t<\/a>\n\t<\/h3>\n\t<span class=\"tribe-event-date-start\">6  September@21:00<\/span><span class=\"tribe-event-time\">23:45<\/span><\/div>\n<\/li>\n\t<\/ul>","protected":false},"excerpt":{"rendered":"<p>\u00abPuntos de Fuga\u00bb es el cuarto trabajo de estudio del m\u00fasico Luis Carrillo. Una nueva colecci\u00f3n de diez canciones grabadas en directo con una instrumentaci\u00f3n variada y colaboraciones como\u00a0Chica Sobresalto, Santero y los Muchachos, Adriana Moragues y Marta Andr\u00e9s. Este trabajo supone un punto de encuentro entre composiciones in\u00e9ditas y algunos de los temas m\u00e1s &hellip; <\/p>","protected":false},"author":2,"featured_media":25953,"template":"","meta":{"_tec_requires_first_save":false,"_uag_custom_page_level_css":"","loftloader_page_shortcode":"","_EventAllDay":false,"_EventTimezone":"Europe\/Madrid","_EventStartDate":"2023-06-11 21:00:00","_EventEndDate":"2023-06-11 23:00:00","_EventStartDateUTC":"2023-06-11 19:00:00","_EventEndDateUTC":"2023-06-11 21:00:00","_EventShowMap":false,"_EventShowMapLink":false,"_EventURL":"https:\/\/ticketere.com\/evento\/luis-carrillo-puntos-de-fuga-tour\/","_EventCost":"10","_EventCostDescription":"","_EventCurrencySymbol":"\u20ac","_EventCurrencyCode":"","_EventCurrencyPosition":"suffix","_EventDateTimeSeparator":"@","_EventTimeRangeSeparator":"-","_EventOrganizerID":[],"_EventVenueID":[0],"_OrganizerEmail":"","_OrganizerPhone":"","_OrganizerWebsite":"","_VenueAddress":"","_VenueCity":"","_VenueCountry":"","_VenueProvince":"","_VenueState":"","_VenueZip":"","_VenuePhone":"","_VenueURL":"","_VenueStateProvince":"","_VenueLat":"","_VenueLng":"","_VenueShowMap":false,"_VenueShowMapLink":false,"_tribe_blocks_recurrence_rules":"","_tribe_blocks_recurrence_description":"","_tribe_blocks_recurrence_exclusions":"","_ecp_custom_2":"","_tribe_events_status":"","_tribe_events_status_reason":"","_tribe_events_is_hybrid":"","_tribe_events_is_virtual":"","_tribe_events_virtual_video_source":"","_tribe_events_virtual_embed_video":"","_tribe_events_virtual_linked_button_text":"","_tribe_events_virtual_linked_button":"","_tribe_events_virtual_show_embed_at":"","_tribe_events_virtual_show_embed_to":[],"_tribe_events_virtual_show_on_event":"","_tribe_events_virtual_show_on_views":"","_tribe_events_virtual_url":"","footnotes":""},"tags":[13267,1363,13265,2865,9147,9146,13268,13270,13264,1355,13263,13266,13271,13269],"tribe_events_cat":[8963],"class_list":["post-25951","tribe_events","type-tribe_events","status-publish","has-post-thumbnail","hentry","tag-adriana-moragues","tag-cafe-la-palma","tag-chica-sobresalto","tag-conciertos-cafe-la-palma","tag-conciertos-madrid","tag-conciertos-malasana","tag-david-ortega","tag-la-casa-de-la-mar","tag-luis-carrillo","tag-pop","tag-puntos-de-fuga","tag-santero-y-los-muchachos","tag-ticketere","tag-valmusica","tribe_events_cat-concierto","cat_concierto"],"uagb_featured_image_src":{"full":["https:\/\/cafelapalma.com\/wp-content\/uploads\/2023\/03\/LUIS-CARRILLO-LOWPIC-VERT.jpg",419,625,false],"thumbnail":["https:\/\/cafelapalma.com\/wp-content\/uploads\/2023\/03\/LUIS-CARRILLO-LOWPIC-VERT-150x150.jpg",150,150,true],"medium":["https:\/\/cafelapalma.com\/wp-content\/uploads\/2023\/03\/LUIS-CARRILLO-LOWPIC-VERT-201x300.jpg",201,300,true],"medium_large":["https:\/\/cafelapalma.com\/wp-content\/uploads\/2023\/03\/LUIS-CARRILLO-LOWPIC-VERT.jpg",419,625,false],"large":["https:\/\/cafelapalma.com\/wp-content\/uploads\/2023\/03\/LUIS-CARRILLO-LOWPIC-VERT.jpg",419,625,false],"1536x1536":["https:\/\/cafelapalma.com\/wp-content\/uploads\/2023\/03\/LUIS-CARRILLO-LOWPIC-VERT.jpg",419,625,false],"2048x2048":["https:\/\/cafelapalma.com\/wp-content\/uploads\/2023\/03\/LUIS-CARRILLO-LOWPIC-VERT.jpg",419,625,false],"trp-custom-language-flag":["https:\/\/cafelapalma.com\/wp-content\/uploads\/2023\/03\/LUIS-CARRILLO-LOWPIC-VERT.jpg",8,12,false],"blossom-feminine-slider":["https:\/\/cafelapalma.com\/wp-content\/uploads\/2023\/03\/LUIS-CARRILLO-LOWPIC-VERT.jpg",419,625,false],"blossom-feminine-featured":["https:\/\/cafelapalma.com\/wp-content\/uploads\/2023\/03\/LUIS-CARRILLO-LOWPIC-VERT-419x600.jpg",419,600,true],"blossom-feminine-with-sidebar":["https:\/\/cafelapalma.com\/wp-content\/uploads\/2023\/03\/LUIS-CARRILLO-LOWPIC-VERT-419x600.jpg",419,600,true],"blossom-feminine-blog":["https:\/\/cafelapalma.com\/wp-content\/uploads\/2023\/03\/LUIS-CARRILLO-LOWPIC-VERT-419x435.jpg",419,435,true],"blossom-feminine-cat":["https:\/\/cafelapalma.com\/wp-content\/uploads\/2023\/03\/LUIS-CARRILLO-LOWPIC-VERT-419x300.jpg",419,300,true],"blossom-feminine-related":["https:\/\/cafelapalma.com\/wp-content\/uploads\/2023\/03\/LUIS-CARRILLO-LOWPIC-VERT-320x200.jpg",320,200,true],"blossom-feminine-schema":["https:\/\/cafelapalma.com\/wp-content\/uploads\/2023\/03\/LUIS-CARRILLO-LOWPIC-VERT-40x60.jpg",40,60,true]},"uagb_author_info":{"display_name":"Victor","author_link":"https:\/\/cafelapalma.com\/en\/author\/comunicacion\/"},"uagb_comment_info":0,"uagb_excerpt":"\u00abPuntos de Fuga\u00bb es el cuarto trabajo de estudio del m\u00fasico Luis Carrillo. Una nueva colecci\u00f3n de diez canciones grabadas en directo con una instrumentaci\u00f3n variada y colaboraciones como\u00a0Chica Sobresalto, Santero y los Muchachos, Adriana Moragues y Marta Andr\u00e9s. Este trabajo supone un punto de encuentro entre composiciones in\u00e9ditas y algunos de los temas m\u00e1s&hellip;","_links":{"self":[{"href":"https:\/\/cafelapalma.com\/en\/wp-json\/wp\/v2\/tribe_events\/25951","targetHints":{"allow":["GET"]}}],"collection":[{"href":"https:\/\/cafelapalma.com\/en\/wp-json\/wp\/v2\/tribe_events"}],"about":[{"href":"https:\/\/cafelapalma.com\/en\/wp-json\/wp\/v2\/types\/tribe_events"}],"author":[{"embeddable":true,"href":"https:\/\/cafelapalma.com\/en\/wp-json\/wp\/v2\/users\/2"}],"version-history":[{"count":0,"href":"https:\/\/cafelapalma.com\/en\/wp-json\/wp\/v2\/tribe_events\/25951\/revisions"}],"wp:featuredmedia":[{"embeddable":true,"href":"https:\/\/cafelapalma.com\/en\/wp-json\/wp\/v2\/media\/25953"}],"wp:attachment":[{"href":"https:\/\/cafelapalma.com\/en\/wp-json\/wp\/v2\/media?parent=25951"}],"wp:term":[{"taxonomy":"post_tag","embeddable":true,"href":"https:\/\/cafelapalma.com\/en\/wp-json\/wp\/v2\/tags?post=25951"},{"taxonomy":"tribe_events_cat","embeddable":true,"href":"https:\/\/cafelapalma.com\/en\/wp-json\/wp\/v2\/tribe_events_cat?post=25951"}],"curies":[{"name":"wp","href":"https:\/\/api.w.org\/{rel}","templated":true}]}}

<div  class="tribe-events-schedule tribe-clearfix" >
	<p class="tribe-events-schedule__datetime">
		<span class="tribe-events-schedule__date tribe-events-schedule__date--start">
			11  June  2023		</span>

					<span class="tribe-events-schedule__separator tribe-events-schedule__separator--date">
				@			</span>
			<span class="tribe-events-schedule__time tribe-events-schedule__time--start">
				21:00			</span>
		
									<span class="tribe-events-schedule__separator tribe-events-schedule__separator--time">
					&#8211;				</span>
			
							<span class="tribe-events-schedule__time tribe-events-schedule__time--end">
					23:00				</span>
			
						</p>
</div>


<div  class="tribe-block tribe-block__event-price" >
			<span class="tribe-block__event-price__cost"> 10€ </span>
				<span class="tribe-block__event-price__description">+ gg Anticipada | 12€ Taquilla</span>
	</div>



<div style="height:100px" aria-hidden="true" class="wp-block-spacer"></div>



<div class="wp-block-columns is-layout-flex wp-container-core-columns-is-layout-8f761849 wp-block-columns-is-layout-flex">
<div class="wp-block-column is-layout-flow wp-block-column-is-layout-flow" style="flex-basis:33.33%">
<figure class="wp-block-image size-full"><img loading="lazy" decoding="async" width="457" height="572" src="https://cafelapalma.com/wp-content/uploads/2023/03/LUIS-CARRILLO-A3-LOW.jpg" alt="" class="wp-image-25952" srcset="https://cafelapalma.com/wp-content/uploads/2023/03/LUIS-CARRILLO-A3-LOW.jpg 457w, https://cafelapalma.com/wp-content/uploads/2023/03/LUIS-CARRILLO-A3-LOW-240x300.jpg 240w, https://cafelapalma.com/wp-content/uploads/2023/03/LUIS-CARRILLO-A3-LOW-48x60.jpg 48w" sizes="auto, (max-width: 457px) 100vw, 457px" /></figure>


<div  class="tribe-block tribe-block__event-website" >
	<a
		href="https://ticketere.com/evento/luis-carrillo-puntos-de-fuga-tour/"
		target="_self"
			>
		BUY TICKETS	</a>
</div>
</div>



<div class="wp-block-column is-layout-flow wp-block-column-is-layout-flow" style="flex-basis:66.66%">
<p class="wp-block-paragraph"></p>



<p class="has-text-align-left wp-block-paragraph"><strong><em>«Puntos de Fuga»</em></strong> es el cuarto trabajo de estudio del músico <strong>Luis Carrillo</strong>. Una nueva colección de diez canciones grabadas en directo con una instrumentación variada y colaboraciones como <strong>Chica Sobresalto</strong>, <strong>Santero y los Muchachos</strong>, <strong>Adriana Moragues</strong> y <strong>Marta Andrés</strong>.</p>



<p class="has-text-align-left wp-block-paragraph">Este trabajo supone un punto de encuentro entre composiciones inéditas y algunos de los temas más queridos y arropados por el público, pero con la magia del directo, el punto fuerte del valenciano. El álbum es una celebración a la música en vivo que recorre las emociones más puras de los asuntos de amor disperso. Una montaña rusa emocional que comienza desde el sentimiento más pasional, hasta las dudas, pasando por la despedida y el lado más oscuro y solitario de este proceso. Cada canción es un estado. Y cada estado es una historia.</p>



<p class="has-text-align-left wp-block-paragraph"><strong><em>«Puntos de Fuga»</em></strong> es un disco para hacer balance de la carrera de <strong>Luis Carrillo</strong> y poder disfrutar de lo que ha estado cosechando y preparando entre finales de 2022 y principios de 2023.</p>
</div>
</div>



<div style="height:100px" aria-hidden="true" class="wp-block-spacer"></div>



<hr class="wp-block-separator has-alpha-channel-opacity is-style-wide"/>



<div style="height:100px" aria-hidden="true" class="wp-block-spacer"></div>


<h2 class="tribe-block__related-events__title">Related Events</h2>

<ul  class="tribe-related-events tribe-clearfix" >
			<li>
	
<div class="tribe-related-events-thumbnail">
	<a href="https://cafelapalma.com/en/programacion/funkin-donuts/" class="url" rel="bookmark" tabindex="-1" aria-hidden="true"><img loading="lazy" decoding="async" width="693" height="1040" src="https://cafelapalma.com/wp-content/uploads/2026/07/FD-vert2-bn-693x1040.jpg" class="attachment-large size-large wp-post-image" alt="" /></a>
</div>
	<div class="tribe-related-event-info">
	<h3 class="tribe-related-events-title">
		<a href="https://cafelapalma.com/en/programacion/funkin-donuts/" class="tribe-event-url" rel="bookmark">
			FUNKIN&#8217; DONUTS		</a>
	</h3>
	<span class="tribe-event-date-start">5  September@22:00</span><span class="tribe-event-time">23:45</span></div>
</li>
			<li>
	
<div class="tribe-related-events-thumbnail">
	<a href="https://cafelapalma.com/en/programacion/backstage-le-petit-truffle-mayo/" class="url" rel="bookmark" tabindex="-1" aria-hidden="true"><img loading="lazy" decoding="async" width="780" height="1040" src="https://cafelapalma.com/wp-content/uploads/2026/07/Imagen-TruffleMayo-LePetit-i-1-780x1040.png" class="attachment-large size-large wp-post-image" alt="" /></a>
</div>
	<div class="tribe-related-event-info">
	<h3 class="tribe-related-events-title">
		<a href="https://cafelapalma.com/en/programacion/backstage-le-petit-truffle-mayo/" class="tribe-event-url" rel="bookmark">
			BACKSTAGE: LE PETIT + TRUFFLE MAYO		</a>
	</h3>
	<span class="tribe-event-date-start">5  September@23:55</span></div>
</li>
			<li>
	
<div class="tribe-related-events-thumbnail">
	<a href="https://cafelapalma.com/en/programacion/willie-deville-concierto-benefico-x-venezuela/" class="url" rel="bookmark" tabindex="-1" aria-hidden="true"><img loading="lazy" decoding="async" width="1020" height="531" src="https://cafelapalma.com/wp-content/uploads/2026/08/Willie-deville-1100x572-1-1040x541.jpg" class="attachment-large size-large wp-post-image" alt="" /></a>
</div>
	<div class="tribe-related-event-info">
	<h3 class="tribe-related-events-title">
		<a href="https://cafelapalma.com/en/programacion/willie-deville-concierto-benefico-x-venezuela/" class="tribe-event-url" rel="bookmark">
			WILLIE DEVILLE: CONCIERTO BENÉFICO X VENEZUELA		</a>
	</h3>
	<span class="tribe-event-date-start">6  September@21:00</span><span class="tribe-event-time">23:45</span></div>
</li>
	</ul>

<p>«Puntos de Fuga» es el cuarto trabajo de estudio del músico Luis Carrillo. Una nueva colección de diez canciones grabadas en directo con una instrumentación variada y colaboraciones como Chica Sobresalto, Santero y los Muchachos, Adriana Moragues y Marta Andrés. Este trabajo supone un punto de encuentro entre composiciones inéditas y algunos de los temas más &hellip; </p>

«Puntos de Fuga» es el cuarto trabajo de estudio del músico Luis Carrillo. Una nueva colección de diez canciones grabadas en directo con una instrumentación variada y colaboraciones como Chica Sobresalto, Santero y los Muchachos, Adriana Moragues y Marta Andrés. Este trabajo supone un punto de encuentro entre composiciones inéditas y algunos de los temas más&hellip;
