{"id":26009,"date":"2023-03-07T16:24:57","date_gmt":"2023-03-07T15:24:57","guid":{"rendered":"https:\/\/cafelapalma.com\/programacion\/nuebo-club-5-copy\/"},"modified":"2023-03-07T16:31:11","modified_gmt":"2023-03-07T15:31:11","slug":"nuebo-club-6-afterparty-sebastian-cortes","status":"publish","type":"tribe_events","link":"https:\/\/cafelapalma.com\/en\/programacion\/nuebo-club-6-afterparty-sebastian-cortes\/","title":{"rendered":"NUEBO CLUB \u00b7 AFTERPARTY SEBASTIAN CORT\u00c9S: NUEBO DJ + RADA MANCY (Live Showcase) + BETTY BUNNY + HANNA PLUM"},"content":{"rendered":"<div  class=\"tribe-events-schedule tribe-clearfix\" >\n\t<p class=\"tribe-events-schedule__datetime\">\n\t\t<span class=\"tribe-events-schedule__date tribe-events-schedule__date--start\">\n\t\t\t10  March  2023\t\t<\/span>\n\n\t\t\t\t\t<span class=\"tribe-events-schedule__separator tribe-events-schedule__separator--date\">\n\t\t\t\t@\t\t\t<\/span>\n\t\t\t<span class=\"tribe-events-schedule__time tribe-events-schedule__time--start\">\n\t\t\t\t23:50\t\t\t<\/span>\n\t\t\n\t\t\t\t\t\t\t\t\t<span class=\"tribe-events-schedule__separator tribe-events-schedule__separator--time\">\n\t\t\t\t\t&#8211;\t\t\t\t<\/span>\n\t\t\t\n\t\t\t\t\t\t\t<span class=\"tribe-events-schedule__time tribe-events-schedule__time--end\">\n\t\t\t\t\t23:55\t\t\t\t<\/span>\n\t\t\t\n\t\t\t\t\t\t<\/p>\n<\/div>\n\n\n<div  class=\"tribe-block tribe-block__event-price\" >\n\t\t\t<span class=\"tribe-block__event-price__cost\"> 13\u20ac <\/span>\n\t\t\t\t<span class=\"tribe-block__event-price__description\">+ gg Anticipada | 15\u20ac Taquilla con CONSUMICI\u00d3N<\/span>\n\t<\/div>\n\n\n\n<div style=\"height:100px\" aria-hidden=\"true\" class=\"wp-block-spacer\"><\/div>\n\n\n\n<div class=\"wp-block-columns is-layout-flex wp-container-core-columns-is-layout-8f761849 wp-block-columns-is-layout-flex\">\n<div class=\"wp-block-column is-layout-flow wp-block-column-is-layout-flow\" style=\"flex-basis:33.33%\">\n<figure class=\"wp-block-image size-full\"><img loading=\"lazy\" decoding=\"async\" width=\"430\" height=\"608\" src=\"https:\/\/cafelapalma.com\/wp-content\/uploads\/2023\/03\/NUEBOMARA3-LOW.jpg\" alt=\"\" class=\"wp-image-26013\" srcset=\"https:\/\/cafelapalma.com\/wp-content\/uploads\/2023\/03\/NUEBOMARA3-LOW.jpg 430w, https:\/\/cafelapalma.com\/wp-content\/uploads\/2023\/03\/NUEBOMARA3-LOW-212x300.jpg 212w, https:\/\/cafelapalma.com\/wp-content\/uploads\/2023\/03\/NUEBOMARA3-LOW-42x60.jpg 42w\" sizes=\"auto, (max-width: 430px) 100vw, 430px\" \/><\/figure>\n\n\n<div  class=\"tribe-block tribe-block__event-website\" >\n\t<a\n\t\thref=\"https:\/\/link.dice.fm\/e1e466c8d737\"\n\t\ttarget=\"_self\"\n\t\t\t>\n\t\tBUY TICKETS\t<\/a>\n<\/div>\n<\/div>\n\n\n\n<div class=\"wp-block-column is-layout-flow wp-block-column-is-layout-flow\" style=\"flex-basis:66.66%\">\n<div style=\"height:100px\" aria-hidden=\"true\" class=\"wp-block-spacer\"><\/div>\n\n\n\n<p class=\"has-text-align-left wp-block-paragraph\">La revista <strong>NUEBO <\/strong>abre la 2\u00aa temporada de <strong>NUEBO CLUB<\/strong> in <strong>CAFE LA PALMA<\/strong>, con <em>live showcases <\/em>y Dj Sets en horario club. El evento servir\u00e1, adem\u00e1s, para celebrar el <em>afterparty<\/em> del concierto de <strong>SEBASTI\u00c1N CORT\u00c9S<\/strong> en Madrid.<\/p>\n\n\n\n<p class=\"has-text-align-left wp-block-paragraph\">Adem\u00e1s, contaremos con el live showcase de <strong>RADA MANCY<\/strong>, una jovenc\u00edsima venezolana cuya faceta musical en clave de trap difunde, casi al 100%, desde su cuenta de Instagram.<\/p>\n\n\n\n<p class=\"has-text-align-left wp-block-paragraph\"><strong>NUEBO DJ<\/strong> es el Dj oficial del club con el mismo nombre. Bajo su m\u00e1scara, cada noche podemos encontrar diferentes personas, pero todas con un objetivo com\u00fan: tomarle el pulso al panorama musical y pinchar temazos. Adem\u00e1s, contaremos en nuestra cabina con las Djs <strong>BETTY BUNNY<\/strong> y <strong>HANNA PLUM<\/strong>.<\/p>\n\n\n\n<p class=\"has-text-align-left wp-block-paragraph\"><em>Organiza<\/em> <strong>ALL NIGHTERS<\/strong><\/p>\n<\/div>\n<\/div>\n\n\n\n<div style=\"height:100px\" aria-hidden=\"true\" class=\"wp-block-spacer\"><\/div>\n\n\n\n<hr class=\"wp-block-separator has-alpha-channel-opacity is-style-wide\"\/>\n\n\n\n<div style=\"height:100px\" aria-hidden=\"true\" class=\"wp-block-spacer\"><\/div>\n\n\n<h2 class=\"tribe-block__related-events__title\">Related Events<\/h2>\n\n<ul  class=\"tribe-related-events tribe-clearfix\" >\n\t\t\t<li>\n\t\n<div class=\"tribe-related-events-thumbnail\">\n\t<a href=\"https:\/\/cafelapalma.com\/en\/programacion\/funkin-donuts\/\" class=\"url\" rel=\"bookmark\" tabindex=\"-1\" aria-hidden=\"true\"><img loading=\"lazy\" decoding=\"async\" width=\"693\" height=\"1040\" src=\"https:\/\/cafelapalma.com\/wp-content\/uploads\/2026\/07\/FD-vert2-bn-693x1040.jpg\" class=\"attachment-large size-large wp-post-image\" alt=\"\" \/><\/a>\n<\/div>\n\t<div class=\"tribe-related-event-info\">\n\t<h3 class=\"tribe-related-events-title\">\n\t\t<a href=\"https:\/\/cafelapalma.com\/en\/programacion\/funkin-donuts\/\" class=\"tribe-event-url\" rel=\"bookmark\">\n\t\t\tFUNKIN&#8217; DONUTS\t\t<\/a>\n\t<\/h3>\n\t<span class=\"tribe-event-date-start\">5  September@22:00<\/span><span class=\"tribe-event-time\">23:45<\/span><\/div>\n<\/li>\n\t\t\t<li>\n\t\n<div class=\"tribe-related-events-thumbnail\">\n\t<a href=\"https:\/\/cafelapalma.com\/en\/programacion\/backstage-le-petit-truffle-mayo\/\" class=\"url\" rel=\"bookmark\" tabindex=\"-1\" aria-hidden=\"true\"><img loading=\"lazy\" decoding=\"async\" width=\"780\" height=\"1040\" src=\"https:\/\/cafelapalma.com\/wp-content\/uploads\/2026\/07\/Imagen-TruffleMayo-LePetit-i-1-780x1040.png\" class=\"attachment-large size-large wp-post-image\" alt=\"\" \/><\/a>\n<\/div>\n\t<div class=\"tribe-related-event-info\">\n\t<h3 class=\"tribe-related-events-title\">\n\t\t<a href=\"https:\/\/cafelapalma.com\/en\/programacion\/backstage-le-petit-truffle-mayo\/\" class=\"tribe-event-url\" rel=\"bookmark\">\n\t\t\tBACKSTAGE: LE PETIT + TRUFFLE MAYO\t\t<\/a>\n\t<\/h3>\n\t<span class=\"tribe-event-date-start\">5  September@23:55<\/span><\/div>\n<\/li>\n\t\t\t<li>\n\t\n<div class=\"tribe-related-events-thumbnail\">\n\t<a href=\"https:\/\/cafelapalma.com\/en\/programacion\/willie-deville-concierto-benefico-x-venezuela\/\" class=\"url\" rel=\"bookmark\" tabindex=\"-1\" aria-hidden=\"true\"><img loading=\"lazy\" decoding=\"async\" width=\"1020\" height=\"531\" src=\"https:\/\/cafelapalma.com\/wp-content\/uploads\/2026\/08\/Willie-deville-1100x572-1-1040x541.jpg\" class=\"attachment-large size-large wp-post-image\" alt=\"\" \/><\/a>\n<\/div>\n\t<div class=\"tribe-related-event-info\">\n\t<h3 class=\"tribe-related-events-title\">\n\t\t<a href=\"https:\/\/cafelapalma.com\/en\/programacion\/willie-deville-concierto-benefico-x-venezuela\/\" class=\"tribe-event-url\" rel=\"bookmark\">\n\t\t\tWILLIE DEVILLE: CONCIERTO BEN\u00c9FICO X VENEZUELA\t\t<\/a>\n\t<\/h3>\n\t<span class=\"tribe-event-date-start\">6  September@21:00<\/span><span class=\"tribe-event-time\">23:45<\/span><\/div>\n<\/li>\n\t<\/ul>","protected":false},"excerpt":{"rendered":"<p>La revista NUEBO abre la 2\u00aa temporada de NUEBO CLUB en CAFE LA PALMA, con live showcases y Dj Sets en horario club. El evento servir\u00e1, adem\u00e1s, para celebrar el afterparty del concierto de SEBASTI\u00c1N CORT\u00c9S en Madrid. Adem\u00e1s, contaremos con el live showcase de RADA MANCY, una jovenc\u00edsima venezolana cuya faceta musical en clave &hellip; <\/p>","protected":false},"author":2,"featured_media":25646,"template":"","meta":{"_tec_requires_first_save":false,"_uag_custom_page_level_css":"","loftloader_page_shortcode":"","_EventAllDay":false,"_EventTimezone":"Europe\/Madrid","_EventStartDate":"2023-03-10 23:50:00","_EventEndDate":"2023-03-10 23:55:00","_EventStartDateUTC":"2023-03-10 22:50:00","_EventEndDateUTC":"2023-03-10 22:55:00","_EventShowMap":false,"_EventShowMapLink":false,"_EventURL":"https:\/\/link.dice.fm\/e1e466c8d737","_EventCost":"13","_EventCostDescription":"","_EventCurrencySymbol":"\u20ac","_EventCurrencyCode":"","_EventCurrencyPosition":"suffix","_EventDateTimeSeparator":"@","_EventTimeRangeSeparator":"-","_EventOrganizerID":[],"_EventVenueID":[0],"_OrganizerEmail":"","_OrganizerPhone":"","_OrganizerWebsite":"","_VenueAddress":"","_VenueCity":"","_VenueCountry":"","_VenueProvince":"","_VenueState":"","_VenueZip":"","_VenuePhone":"","_VenueURL":"","_VenueStateProvince":"","_VenueLat":"","_VenueLng":"","_VenueShowMap":false,"_VenueShowMapLink":false,"_tribe_blocks_recurrence_rules":"","_tribe_blocks_recurrence_description":"","_tribe_blocks_recurrence_exclusions":"","_ecp_custom_2":"","_tribe_events_status":"","_tribe_events_status_reason":"","_tribe_events_is_hybrid":"","_tribe_events_is_virtual":"","_tribe_events_virtual_video_source":"","_tribe_events_virtual_embed_video":"","_tribe_events_virtual_linked_button_text":"","_tribe_events_virtual_linked_button":"","_tribe_events_virtual_show_embed_at":"","_tribe_events_virtual_show_embed_to":[],"_tribe_events_virtual_show_on_event":"","_tribe_events_virtual_show_on_views":"","_tribe_events_virtual_url":"","footnotes":""},"tags":[11706,1363,9225,10139,9557,9484,9226,9227,13101,1357,9607,13336,10990,1083,12233,12229,12232,13335,12231,13100,13334,12230,13333,12236],"tribe_events_cat":[8964],"class_list":["post-26009","tribe_events","type-tribe_events","status-publish","has-post-thumbnail","hentry","tag-all-nighters","tag-cafe-la-palma","tag-cafe-la-palma-clubbing","tag-dani-aciron","tag-deep-house","tag-dj-set","tag-djs-madrid","tag-djs-malasana","tag-drumnbass","tag-electronica","tag-garage","tag-hanna-g-plum","tag-hanna-plum","tag-live","tag-luis-j-menendez","tag-nuebo","tag-nuebo-club","tag-nuebo-dj","tag-nuebo-magazine","tag-onthebass","tag-rada-mancy","tag-revista-nuebo","tag-sebastian-cortes","tag-showcases","tribe_events_cat-clubbing","cat_clubbing"],"uagb_featured_image_src":{"full":["https:\/\/cafelapalma.com\/wp-content\/uploads\/2023\/01\/NUEBO-FRONT-2-LOW-2.png",430,608,false],"thumbnail":["https:\/\/cafelapalma.com\/wp-content\/uploads\/2023\/01\/NUEBO-FRONT-2-LOW-2-150x150.png",150,150,true],"medium":["https:\/\/cafelapalma.com\/wp-content\/uploads\/2023\/01\/NUEBO-FRONT-2-LOW-2-212x300.png",212,300,true],"medium_large":["https:\/\/cafelapalma.com\/wp-content\/uploads\/2023\/01\/NUEBO-FRONT-2-LOW-2.png",430,608,false],"large":["https:\/\/cafelapalma.com\/wp-content\/uploads\/2023\/01\/NUEBO-FRONT-2-LOW-2.png",430,608,false],"1536x1536":["https:\/\/cafelapalma.com\/wp-content\/uploads\/2023\/01\/NUEBO-FRONT-2-LOW-2.png",430,608,false],"2048x2048":["https:\/\/cafelapalma.com\/wp-content\/uploads\/2023\/01\/NUEBO-FRONT-2-LOW-2.png",430,608,false],"trp-custom-language-flag":["https:\/\/cafelapalma.com\/wp-content\/uploads\/2023\/01\/NUEBO-FRONT-2-LOW-2.png",8,12,false],"blossom-feminine-slider":["https:\/\/cafelapalma.com\/wp-content\/uploads\/2023\/01\/NUEBO-FRONT-2-LOW-2.png",430,608,false],"blossom-feminine-featured":["https:\/\/cafelapalma.com\/wp-content\/uploads\/2023\/01\/NUEBO-FRONT-2-LOW-2-430x600.png",430,600,true],"blossom-feminine-with-sidebar":["https:\/\/cafelapalma.com\/wp-content\/uploads\/2023\/01\/NUEBO-FRONT-2-LOW-2-430x600.png",430,600,true],"blossom-feminine-blog":["https:\/\/cafelapalma.com\/wp-content\/uploads\/2023\/01\/NUEBO-FRONT-2-LOW-2-430x435.png",430,435,true],"blossom-feminine-cat":["https:\/\/cafelapalma.com\/wp-content\/uploads\/2023\/01\/NUEBO-FRONT-2-LOW-2-430x300.png",430,300,true],"blossom-feminine-related":["https:\/\/cafelapalma.com\/wp-content\/uploads\/2023\/01\/NUEBO-FRONT-2-LOW-2-320x200.png",320,200,true],"blossom-feminine-schema":["https:\/\/cafelapalma.com\/wp-content\/uploads\/2023\/01\/NUEBO-FRONT-2-LOW-2-42x60.png",42,60,true]},"uagb_author_info":{"display_name":"Victor","author_link":"https:\/\/cafelapalma.com\/en\/author\/comunicacion\/"},"uagb_comment_info":0,"uagb_excerpt":"La revista NUEBO abre la 2\u00aa temporada de NUEBO CLUB en CAFE LA PALMA, con live showcases y Dj Sets en horario club. El evento servir\u00e1, adem\u00e1s, para celebrar el afterparty del concierto de SEBASTI\u00c1N CORT\u00c9S en Madrid. Adem\u00e1s, contaremos con el live showcase de RADA MANCY, una jovenc\u00edsima venezolana cuya faceta musical en clave&hellip;","_links":{"self":[{"href":"https:\/\/cafelapalma.com\/en\/wp-json\/wp\/v2\/tribe_events\/26009","targetHints":{"allow":["GET"]}}],"collection":[{"href":"https:\/\/cafelapalma.com\/en\/wp-json\/wp\/v2\/tribe_events"}],"about":[{"href":"https:\/\/cafelapalma.com\/en\/wp-json\/wp\/v2\/types\/tribe_events"}],"author":[{"embeddable":true,"href":"https:\/\/cafelapalma.com\/en\/wp-json\/wp\/v2\/users\/2"}],"version-history":[{"count":0,"href":"https:\/\/cafelapalma.com\/en\/wp-json\/wp\/v2\/tribe_events\/26009\/revisions"}],"wp:featuredmedia":[{"embeddable":true,"href":"https:\/\/cafelapalma.com\/en\/wp-json\/wp\/v2\/media\/25646"}],"wp:attachment":[{"href":"https:\/\/cafelapalma.com\/en\/wp-json\/wp\/v2\/media?parent=26009"}],"wp:term":[{"taxonomy":"post_tag","embeddable":true,"href":"https:\/\/cafelapalma.com\/en\/wp-json\/wp\/v2\/tags?post=26009"},{"taxonomy":"tribe_events_cat","embeddable":true,"href":"https:\/\/cafelapalma.com\/en\/wp-json\/wp\/v2\/tribe_events_cat?post=26009"}],"curies":[{"name":"wp","href":"https:\/\/api.w.org\/{rel}","templated":true}]}}

NUEBO CLUB · AFTERPARTY SEBASTIAN CORTÉS: NUEBO DJ + RADA MANCY (Live Showcase) + BETTY BUNNY + HANNA PLUM

<div  class="tribe-events-schedule tribe-clearfix" >
	<p class="tribe-events-schedule__datetime">
		<span class="tribe-events-schedule__date tribe-events-schedule__date--start">
			10  March  2023		</span>

					<span class="tribe-events-schedule__separator tribe-events-schedule__separator--date">
				@			</span>
			<span class="tribe-events-schedule__time tribe-events-schedule__time--start">
				23:50			</span>
		
									<span class="tribe-events-schedule__separator tribe-events-schedule__separator--time">
					&#8211;				</span>
			
							<span class="tribe-events-schedule__time tribe-events-schedule__time--end">
					23:55				</span>
			
						</p>
</div>


<div  class="tribe-block tribe-block__event-price" >
			<span class="tribe-block__event-price__cost"> 13€ </span>
				<span class="tribe-block__event-price__description">+ gg Anticipada | 15€ Taquilla con CONSUMICIÓN</span>
	</div>



<div style="height:100px" aria-hidden="true" class="wp-block-spacer"></div>



<div class="wp-block-columns is-layout-flex wp-container-core-columns-is-layout-8f761849 wp-block-columns-is-layout-flex">
<div class="wp-block-column is-layout-flow wp-block-column-is-layout-flow" style="flex-basis:33.33%">
<figure class="wp-block-image size-full"><img loading="lazy" decoding="async" width="430" height="608" src="https://cafelapalma.com/wp-content/uploads/2023/03/NUEBOMARA3-LOW.jpg" alt="" class="wp-image-26013" srcset="https://cafelapalma.com/wp-content/uploads/2023/03/NUEBOMARA3-LOW.jpg 430w, https://cafelapalma.com/wp-content/uploads/2023/03/NUEBOMARA3-LOW-212x300.jpg 212w, https://cafelapalma.com/wp-content/uploads/2023/03/NUEBOMARA3-LOW-42x60.jpg 42w" sizes="auto, (max-width: 430px) 100vw, 430px" /></figure>


<div  class="tribe-block tribe-block__event-website" >
	<a
		href="https://link.dice.fm/e1e466c8d737"
		target="_self"
			>
		BUY TICKETS	</a>
</div>
</div>



<div class="wp-block-column is-layout-flow wp-block-column-is-layout-flow" style="flex-basis:66.66%">
<div style="height:100px" aria-hidden="true" class="wp-block-spacer"></div>



<p class="has-text-align-left wp-block-paragraph">La revista <strong>NUEBO </strong>abre la 2ª temporada de <strong>NUEBO CLUB</strong> in <strong>CAFE LA PALMA</strong>, con <em>live showcases </em>y Dj Sets en horario club. El evento servirá, además, para celebrar el <em>afterparty</em> del concierto de <strong>SEBASTIÁN CORTÉS</strong> en Madrid.</p>



<p class="has-text-align-left wp-block-paragraph">Además, contaremos con el live showcase de <strong>RADA MANCY</strong>, una jovencísima venezolana cuya faceta musical en clave de trap difunde, casi al 100%, desde su cuenta de Instagram.</p>



<p class="has-text-align-left wp-block-paragraph"><strong>NUEBO DJ</strong> es el Dj oficial del club con el mismo nombre. Bajo su máscara, cada noche podemos encontrar diferentes personas, pero todas con un objetivo común: tomarle el pulso al panorama musical y pinchar temazos. Además, contaremos en nuestra cabina con las Djs <strong>BETTY BUNNY</strong> y <strong>HANNA PLUM</strong>.</p>



<p class="has-text-align-left wp-block-paragraph"><em>Organiza</em> <strong>ALL NIGHTERS</strong></p>
</div>
</div>



<div style="height:100px" aria-hidden="true" class="wp-block-spacer"></div>



<hr class="wp-block-separator has-alpha-channel-opacity is-style-wide"/>



<div style="height:100px" aria-hidden="true" class="wp-block-spacer"></div>


<h2 class="tribe-block__related-events__title">Related Events</h2>

<ul  class="tribe-related-events tribe-clearfix" >
			<li>
	
<div class="tribe-related-events-thumbnail">
	<a href="https://cafelapalma.com/en/programacion/funkin-donuts/" class="url" rel="bookmark" tabindex="-1" aria-hidden="true"><img loading="lazy" decoding="async" width="693" height="1040" src="https://cafelapalma.com/wp-content/uploads/2026/07/FD-vert2-bn-693x1040.jpg" class="attachment-large size-large wp-post-image" alt="" /></a>
</div>
	<div class="tribe-related-event-info">
	<h3 class="tribe-related-events-title">
		<a href="https://cafelapalma.com/en/programacion/funkin-donuts/" class="tribe-event-url" rel="bookmark">
			FUNKIN&#8217; DONUTS		</a>
	</h3>
	<span class="tribe-event-date-start">5  September@22:00</span><span class="tribe-event-time">23:45</span></div>
</li>
			<li>
	
<div class="tribe-related-events-thumbnail">
	<a href="https://cafelapalma.com/en/programacion/backstage-le-petit-truffle-mayo/" class="url" rel="bookmark" tabindex="-1" aria-hidden="true"><img loading="lazy" decoding="async" width="780" height="1040" src="https://cafelapalma.com/wp-content/uploads/2026/07/Imagen-TruffleMayo-LePetit-i-1-780x1040.png" class="attachment-large size-large wp-post-image" alt="" /></a>
</div>
	<div class="tribe-related-event-info">
	<h3 class="tribe-related-events-title">
		<a href="https://cafelapalma.com/en/programacion/backstage-le-petit-truffle-mayo/" class="tribe-event-url" rel="bookmark">
			BACKSTAGE: LE PETIT + TRUFFLE MAYO		</a>
	</h3>
	<span class="tribe-event-date-start">5  September@23:55</span></div>
</li>
			<li>
	
<div class="tribe-related-events-thumbnail">
	<a href="https://cafelapalma.com/en/programacion/willie-deville-concierto-benefico-x-venezuela/" class="url" rel="bookmark" tabindex="-1" aria-hidden="true"><img loading="lazy" decoding="async" width="1020" height="531" src="https://cafelapalma.com/wp-content/uploads/2026/08/Willie-deville-1100x572-1-1040x541.jpg" class="attachment-large size-large wp-post-image" alt="" /></a>
</div>
	<div class="tribe-related-event-info">
	<h3 class="tribe-related-events-title">
		<a href="https://cafelapalma.com/en/programacion/willie-deville-concierto-benefico-x-venezuela/" class="tribe-event-url" rel="bookmark">
			WILLIE DEVILLE: CONCIERTO BENÉFICO X VENEZUELA		</a>
	</h3>
	<span class="tribe-event-date-start">6  September@21:00</span><span class="tribe-event-time">23:45</span></div>
</li>
	</ul>

<p>La revista NUEBO abre la 2ª temporada de NUEBO CLUB en CAFE LA PALMA, con live showcases y Dj Sets en horario club. El evento servirá, además, para celebrar el afterparty del concierto de SEBASTIÁN CORTÉS en Madrid. Además, contaremos con el live showcase de RADA MANCY, una jovencísima venezolana cuya faceta musical en clave &hellip; </p>

La revista NUEBO abre la 2ª temporada de NUEBO CLUB en CAFE LA PALMA, con live showcases y Dj Sets en horario club. El evento servirá, además, para celebrar el afterparty del concierto de SEBASTIÁN CORTÉS en Madrid. Además, contaremos con el live showcase de RADA MANCY, una jovencísima venezolana cuya faceta musical en clave&hellip;
