{"id":26242,"date":"2023-04-11T17:07:06","date_gmt":"2023-04-11T15:07:06","guid":{"rendered":"https:\/\/cafelapalma.com\/?post_type=tribe_events&#038;p=26242"},"modified":"2023-05-16T11:37:03","modified_gmt":"2023-05-16T09:37:03","slug":"perdon-mentira-ernst","status":"publish","type":"tribe_events","link":"https:\/\/cafelapalma.com\/en\/programacion\/perdon-mentira-ernst\/","title":{"rendered":"PERD\u00d3N MENTIRA + ERNST"},"content":{"rendered":"<div  class=\"tribe-events-schedule tribe-clearfix\" >\n\t<p class=\"tribe-events-schedule__datetime\">\n\t\t<span class=\"tribe-events-schedule__date tribe-events-schedule__date--start\">\n\t\t\t14  May  2023\t\t<\/span>\n\n\t\t\t\t\t<span class=\"tribe-events-schedule__separator tribe-events-schedule__separator--date\">\n\t\t\t\t@\t\t\t<\/span>\n\t\t\t<span class=\"tribe-events-schedule__time tribe-events-schedule__time--start\">\n\t\t\t\t21:00\t\t\t<\/span>\n\t\t\n\t\t\t\t\t\t\t\t\t<span class=\"tribe-events-schedule__separator tribe-events-schedule__separator--time\">\n\t\t\t\t\t&#8211;\t\t\t\t<\/span>\n\t\t\t\n\t\t\t\t\t\t\t<span class=\"tribe-events-schedule__time tribe-events-schedule__time--end\">\n\t\t\t\t\t23:45\t\t\t\t<\/span>\n\t\t\t\n\t\t\t\t\t\t<\/p>\n<\/div>\n\n\n<div  class=\"tribe-block tribe-block__event-price\" >\n\t\t\t<span class=\"tribe-block__event-price__cost\"> 9\u20ac <\/span>\n\t\t\t\t<span class=\"tribe-block__event-price__description\">+ gg Anticipada | 12\u20ac Taquilla<\/span>\n\t<\/div>\n\n\n\n<div style=\"height:100px\" aria-hidden=\"true\" class=\"wp-block-spacer\"><\/div>\n\n\n\n<div class=\"wp-block-columns is-layout-flex wp-container-core-columns-is-layout-8f761849 wp-block-columns-is-layout-flex\">\n<div class=\"wp-block-column is-layout-flow wp-block-column-is-layout-flow\" style=\"flex-basis:33.33%\">\n<figure class=\"wp-block-image size-full\"><img loading=\"lazy\" decoding=\"async\" width=\"297\" height=\"420\" src=\"https:\/\/cafelapalma.com\/wp-content\/uploads\/2023\/05\/PERDONMENTIRA-A3-MMG.jpg\" alt=\"\" class=\"wp-image-26457\" srcset=\"https:\/\/cafelapalma.com\/wp-content\/uploads\/2023\/05\/PERDONMENTIRA-A3-MMG.jpg 297w, https:\/\/cafelapalma.com\/wp-content\/uploads\/2023\/05\/PERDONMENTIRA-A3-MMG-212x300.jpg 212w, https:\/\/cafelapalma.com\/wp-content\/uploads\/2023\/05\/PERDONMENTIRA-A3-MMG-42x60.jpg 42w\" sizes=\"auto, (max-width: 297px) 100vw, 297px\" \/><\/figure>\n\n\n<div  class=\"tribe-block tribe-block__event-website\" >\n\t<a\n\t\thref=\"https:\/\/link.dice.fm\/te1bcb766c6d\"\n\t\ttarget=\"_self\"\n\t\t\t>\n\t\tBUY TICKETS\t<\/a>\n<\/div>\n<\/div>\n\n\n\n<div class=\"wp-block-column is-layout-flow wp-block-column-is-layout-flow\" style=\"flex-basis:66.66%\">\n<div style=\"height:100px\" aria-hidden=\"true\" class=\"wp-block-spacer\"><\/div>\n\n\n\n<p class=\"has-text-align-left wp-block-paragraph\"><strong>PERD\u00d3N MENTIRA<\/strong> es un proyecto del m\u00fasico y actor madrile\u00f1o <strong>Francisco Valero<\/strong>, creado durante la pandemia, que pone el foco en el uso de secuenciadores, sintes y cajas de ritmos para contar la odisea de <strong>Postpaco<\/strong>, un antiguo guitarra de rock del extrarradio, reconvertido en una persona bi\u00f3nica, para tomar la ciudad con sus m\u00e1quinas y sus letras incisivas y po\u00e9ticas que dan cuenta del momento en el que vivimos. Presenta su EP debut <strong><em>\u2018Postpaco\u2019<\/em><\/strong> (2022), que cabalga entre la experimentaci\u00f3n sonora, el revival tecno noventero y el electropop de <strong>Aviador Dro<\/strong> o <strong>Fad Gadget<\/strong>. En escena le acompa\u00f1ar\u00e1 el artista visual <strong>VJ Lafum\u00e9<\/strong>.<\/p>\n\n\n\n<p class=\"has-text-align-left wp-block-paragraph\"><strong>ERNST<\/strong> es el nombre del proyecto emergente creado por <strong>Ernesto L\u00f3pez<\/strong> (voz y guitarra) al que acompa\u00f1an <strong>\u00c1ngel Blaya<\/strong> (bajo) y <strong>Javi Mart\u00ednez<\/strong> (percusi\u00f3n). Sus canciones son grabadas, producidas y mezcladas en casa y exploran las distintas dimensiones del pop y del neo-soul, utilizando desde las guitarras el\u00e9ctricas del rock hasta los sintetizadores del synthwave.<\/p>\n\n\n\n<p class=\"has-text-align-left wp-block-paragraph\"><em>Este concierto fomra parte del ciclo <\/em><strong>Madrid me Gusta<\/strong><em>, organizado por <\/em><strong>Mahou <\/strong><em>en colaboraci\u00f3n con <\/em><strong>Madrid En Vivo<\/strong><em>.<\/em><\/p>\n<\/div>\n<\/div>\n\n\n\n<div style=\"height:100px\" aria-hidden=\"true\" class=\"wp-block-spacer\"><\/div>\n\n\n\n<hr class=\"wp-block-separator has-alpha-channel-opacity\"\/>\n\n\n\n<div style=\"height:100px\" aria-hidden=\"true\" class=\"wp-block-spacer\"><\/div>\n\n\n<h2 class=\"tribe-block__related-events__title\">Related Events<\/h2>\n\n<ul  class=\"tribe-related-events tribe-clearfix\" >\n\t\t\t<li>\n\t\n<div class=\"tribe-related-events-thumbnail\">\n\t<a href=\"https:\/\/cafelapalma.com\/en\/programacion\/funkin-donuts\/\" class=\"url\" rel=\"bookmark\" tabindex=\"-1\" aria-hidden=\"true\"><img loading=\"lazy\" decoding=\"async\" width=\"693\" height=\"1040\" src=\"https:\/\/cafelapalma.com\/wp-content\/uploads\/2026\/07\/FD-vert2-bn-693x1040.jpg\" class=\"attachment-large size-large wp-post-image\" alt=\"\" \/><\/a>\n<\/div>\n\t<div class=\"tribe-related-event-info\">\n\t<h3 class=\"tribe-related-events-title\">\n\t\t<a href=\"https:\/\/cafelapalma.com\/en\/programacion\/funkin-donuts\/\" class=\"tribe-event-url\" rel=\"bookmark\">\n\t\t\tFUNKIN&#8217; DONUTS\t\t<\/a>\n\t<\/h3>\n\t<span class=\"tribe-event-date-start\">5  September@22:00<\/span><span class=\"tribe-event-time\">23:45<\/span><\/div>\n<\/li>\n\t\t\t<li>\n\t\n<div class=\"tribe-related-events-thumbnail\">\n\t<a href=\"https:\/\/cafelapalma.com\/en\/programacion\/backstage-le-petit-truffle-mayo\/\" class=\"url\" rel=\"bookmark\" tabindex=\"-1\" aria-hidden=\"true\"><img loading=\"lazy\" decoding=\"async\" width=\"780\" height=\"1040\" src=\"https:\/\/cafelapalma.com\/wp-content\/uploads\/2026\/07\/Imagen-TruffleMayo-LePetit-i-1-780x1040.png\" class=\"attachment-large size-large wp-post-image\" alt=\"\" \/><\/a>\n<\/div>\n\t<div class=\"tribe-related-event-info\">\n\t<h3 class=\"tribe-related-events-title\">\n\t\t<a href=\"https:\/\/cafelapalma.com\/en\/programacion\/backstage-le-petit-truffle-mayo\/\" class=\"tribe-event-url\" rel=\"bookmark\">\n\t\t\tBACKSTAGE: LE PETIT + TRUFFLE MAYO\t\t<\/a>\n\t<\/h3>\n\t<span class=\"tribe-event-date-start\">5  September@23:55<\/span><\/div>\n<\/li>\n\t\t\t<li>\n\t\n<div class=\"tribe-related-events-thumbnail\">\n\t<a href=\"https:\/\/cafelapalma.com\/en\/programacion\/willie-deville-concierto-benefico-x-venezuela\/\" class=\"url\" rel=\"bookmark\" tabindex=\"-1\" aria-hidden=\"true\"><img loading=\"lazy\" decoding=\"async\" width=\"1020\" height=\"531\" src=\"https:\/\/cafelapalma.com\/wp-content\/uploads\/2026\/08\/Willie-deville-1100x572-1-1040x541.jpg\" class=\"attachment-large size-large wp-post-image\" alt=\"\" \/><\/a>\n<\/div>\n\t<div class=\"tribe-related-event-info\">\n\t<h3 class=\"tribe-related-events-title\">\n\t\t<a href=\"https:\/\/cafelapalma.com\/en\/programacion\/willie-deville-concierto-benefico-x-venezuela\/\" class=\"tribe-event-url\" rel=\"bookmark\">\n\t\t\tWILLIE DEVILLE: CONCIERTO BEN\u00c9FICO X VENEZUELA\t\t<\/a>\n\t<\/h3>\n\t<span class=\"tribe-event-date-start\">6  September@21:00<\/span><span class=\"tribe-event-time\">23:45<\/span><\/div>\n<\/li>\n\t<\/ul>","protected":false},"excerpt":{"rendered":"<p>PERD\u00d3N MENTIRA es un proyecto del m\u00fasico y actor madrile\u00f1o Francisco Valero, creado durante la pandemia, que pone el foco en el uso de secuenciadores, sintes y cajas de ritmos para contar la odisea de Postpaco, un antiguo guitarra de rock del extrarradio, reconvertido en una persona bi\u00f3nica, para tomar la ciudad con sus m\u00e1quinas &hellip; <\/p>","protected":false},"author":2,"featured_media":26244,"template":"","meta":{"_tec_requires_first_save":false,"_uag_custom_page_level_css":"","loftloader_page_shortcode":"","_EventAllDay":false,"_EventTimezone":"Europe\/Madrid","_EventStartDate":"2023-05-14 21:00:00","_EventEndDate":"2023-05-14 23:45:00","_EventStartDateUTC":"2023-05-14 19:00:00","_EventEndDateUTC":"2023-05-14 21:45:00","_EventShowMap":false,"_EventShowMapLink":false,"_EventURL":"https:\/\/link.dice.fm\/te1bcb766c6d","_EventCost":"9","_EventCostDescription":"","_EventCurrencySymbol":"\u20ac","_EventCurrencyCode":"","_EventCurrencyPosition":"suffix","_EventDateTimeSeparator":"@","_EventTimeRangeSeparator":"-","_EventOrganizerID":[],"_EventVenueID":[0],"_OrganizerEmail":"","_OrganizerPhone":"","_OrganizerWebsite":"","_VenueAddress":"","_VenueCity":"","_VenueCountry":"","_VenueProvince":"","_VenueState":"","_VenueZip":"","_VenuePhone":"","_VenueURL":"","_VenueStateProvince":"","_VenueLat":"","_VenueLng":"","_VenueShowMap":false,"_VenueShowMapLink":false,"_tribe_blocks_recurrence_rules":"","_tribe_blocks_recurrence_description":"","_tribe_blocks_recurrence_exclusions":"","_ecp_custom_2":"","_tribe_events_status":"","_tribe_events_status_reason":"","_tribe_events_is_hybrid":"","_tribe_events_is_virtual":"","_tribe_events_virtual_video_source":"","_tribe_events_virtual_embed_video":"","_tribe_events_virtual_linked_button_text":"","_tribe_events_virtual_linked_button":"","_tribe_events_virtual_show_embed_at":"","_tribe_events_virtual_show_embed_to":[],"_tribe_events_virtual_show_on_event":"","_tribe_events_virtual_show_on_views":"","_tribe_events_virtual_url":"","footnotes":""},"tags":[13578,1363,8869,2865,9146,1357,13577,13573,13574,13579,9725,13572,1355,13575,1146,9393,13576],"tribe_events_cat":[8963],"class_list":["post-26242","tribe_events","type-tribe_events","status-publish","has-post-thumbnail","hentry","tag-angel-blaya","tag-cafe-la-palma","tag-cafe-la-palma-2","tag-conciertos-cafe-la-palma","tag-conciertos-malasana","tag-electronica","tag-ernesto-lopez","tag-ernst","tag-francisco-valero","tag-javi-martinez","tag-neo-soul","tag-perdon-mentira","tag-pop","tag-postpaco","tag-synthpop","tag-synthwave","tag-vj-lafume","tribe_events_cat-concierto","cat_concierto"],"uagb_featured_image_src":{"full":["https:\/\/cafelapalma.com\/wp-content\/uploads\/2023\/04\/POSTPACO-E.jpeg",1600,1066,false],"thumbnail":["https:\/\/cafelapalma.com\/wp-content\/uploads\/2023\/04\/POSTPACO-E-150x150.jpeg",150,150,true],"medium":["https:\/\/cafelapalma.com\/wp-content\/uploads\/2023\/04\/POSTPACO-E-300x200.jpeg",300,200,true],"medium_large":["https:\/\/cafelapalma.com\/wp-content\/uploads\/2023\/04\/POSTPACO-E-768x512.jpeg",768,512,true],"large":["https:\/\/cafelapalma.com\/wp-content\/uploads\/2023\/04\/POSTPACO-E-1040x693.jpeg",1020,680,true],"1536x1536":["https:\/\/cafelapalma.com\/wp-content\/uploads\/2023\/04\/POSTPACO-E-1536x1023.jpeg",1536,1023,true],"2048x2048":["https:\/\/cafelapalma.com\/wp-content\/uploads\/2023\/04\/POSTPACO-E.jpeg",1600,1066,false],"trp-custom-language-flag":["https:\/\/cafelapalma.com\/wp-content\/uploads\/2023\/04\/POSTPACO-E.jpeg",18,12,false],"blossom-feminine-slider":["https:\/\/cafelapalma.com\/wp-content\/uploads\/2023\/04\/POSTPACO-E-1600x649.jpeg",1600,649,true],"blossom-feminine-featured":["https:\/\/cafelapalma.com\/wp-content\/uploads\/2023\/04\/POSTPACO-E-1410x600.jpeg",1410,600,true],"blossom-feminine-with-sidebar":["https:\/\/cafelapalma.com\/wp-content\/uploads\/2023\/04\/POSTPACO-E-1020x600.jpeg",1020,600,true],"blossom-feminine-blog":["https:\/\/cafelapalma.com\/wp-content\/uploads\/2023\/04\/POSTPACO-E-435x435.jpeg",435,435,true],"blossom-feminine-cat":["https:\/\/cafelapalma.com\/wp-content\/uploads\/2023\/04\/POSTPACO-E-450x300.jpeg",450,300,true],"blossom-feminine-related":["https:\/\/cafelapalma.com\/wp-content\/uploads\/2023\/04\/POSTPACO-E-320x200.jpeg",320,200,true],"blossom-feminine-schema":["https:\/\/cafelapalma.com\/wp-content\/uploads\/2023\/04\/POSTPACO-E-90x60.jpeg",90,60,true]},"uagb_author_info":{"display_name":"Victor","author_link":"https:\/\/cafelapalma.com\/en\/author\/comunicacion\/"},"uagb_comment_info":0,"uagb_excerpt":"PERD\u00d3N MENTIRA es un proyecto del m\u00fasico y actor madrile\u00f1o Francisco Valero, creado durante la pandemia, que pone el foco en el uso de secuenciadores, sintes y cajas de ritmos para contar la odisea de Postpaco, un antiguo guitarra de rock del extrarradio, reconvertido en una persona bi\u00f3nica, para tomar la ciudad con sus m\u00e1quinas&hellip;","_links":{"self":[{"href":"https:\/\/cafelapalma.com\/en\/wp-json\/wp\/v2\/tribe_events\/26242","targetHints":{"allow":["GET"]}}],"collection":[{"href":"https:\/\/cafelapalma.com\/en\/wp-json\/wp\/v2\/tribe_events"}],"about":[{"href":"https:\/\/cafelapalma.com\/en\/wp-json\/wp\/v2\/types\/tribe_events"}],"author":[{"embeddable":true,"href":"https:\/\/cafelapalma.com\/en\/wp-json\/wp\/v2\/users\/2"}],"version-history":[{"count":0,"href":"https:\/\/cafelapalma.com\/en\/wp-json\/wp\/v2\/tribe_events\/26242\/revisions"}],"wp:featuredmedia":[{"embeddable":true,"href":"https:\/\/cafelapalma.com\/en\/wp-json\/wp\/v2\/media\/26244"}],"wp:attachment":[{"href":"https:\/\/cafelapalma.com\/en\/wp-json\/wp\/v2\/media?parent=26242"}],"wp:term":[{"taxonomy":"post_tag","embeddable":true,"href":"https:\/\/cafelapalma.com\/en\/wp-json\/wp\/v2\/tags?post=26242"},{"taxonomy":"tribe_events_cat","embeddable":true,"href":"https:\/\/cafelapalma.com\/en\/wp-json\/wp\/v2\/tribe_events_cat?post=26242"}],"curies":[{"name":"wp","href":"https:\/\/api.w.org\/{rel}","templated":true}]}}

PERDÓN MENTIRA + ERNST

<div  class="tribe-events-schedule tribe-clearfix" >
	<p class="tribe-events-schedule__datetime">
		<span class="tribe-events-schedule__date tribe-events-schedule__date--start">
			14  May  2023		</span>

					<span class="tribe-events-schedule__separator tribe-events-schedule__separator--date">
				@			</span>
			<span class="tribe-events-schedule__time tribe-events-schedule__time--start">
				21:00			</span>
		
									<span class="tribe-events-schedule__separator tribe-events-schedule__separator--time">
					&#8211;				</span>
			
							<span class="tribe-events-schedule__time tribe-events-schedule__time--end">
					23:45				</span>
			
						</p>
</div>


<div  class="tribe-block tribe-block__event-price" >
			<span class="tribe-block__event-price__cost"> 9€ </span>
				<span class="tribe-block__event-price__description">+ gg Anticipada | 12€ Taquilla</span>
	</div>



<div style="height:100px" aria-hidden="true" class="wp-block-spacer"></div>



<div class="wp-block-columns is-layout-flex wp-container-core-columns-is-layout-8f761849 wp-block-columns-is-layout-flex">
<div class="wp-block-column is-layout-flow wp-block-column-is-layout-flow" style="flex-basis:33.33%">
<figure class="wp-block-image size-full"><img loading="lazy" decoding="async" width="297" height="420" src="https://cafelapalma.com/wp-content/uploads/2023/05/PERDONMENTIRA-A3-MMG.jpg" alt="" class="wp-image-26457" srcset="https://cafelapalma.com/wp-content/uploads/2023/05/PERDONMENTIRA-A3-MMG.jpg 297w, https://cafelapalma.com/wp-content/uploads/2023/05/PERDONMENTIRA-A3-MMG-212x300.jpg 212w, https://cafelapalma.com/wp-content/uploads/2023/05/PERDONMENTIRA-A3-MMG-42x60.jpg 42w" sizes="auto, (max-width: 297px) 100vw, 297px" /></figure>


<div  class="tribe-block tribe-block__event-website" >
	<a
		href="https://link.dice.fm/te1bcb766c6d"
		target="_self"
			>
		BUY TICKETS	</a>
</div>
</div>



<div class="wp-block-column is-layout-flow wp-block-column-is-layout-flow" style="flex-basis:66.66%">
<div style="height:100px" aria-hidden="true" class="wp-block-spacer"></div>



<p class="has-text-align-left wp-block-paragraph"><strong>PERDÓN MENTIRA</strong> es un proyecto del músico y actor madrileño <strong>Francisco Valero</strong>, creado durante la pandemia, que pone el foco en el uso de secuenciadores, sintes y cajas de ritmos para contar la odisea de <strong>Postpaco</strong>, un antiguo guitarra de rock del extrarradio, reconvertido en una persona biónica, para tomar la ciudad con sus máquinas y sus letras incisivas y poéticas que dan cuenta del momento en el que vivimos. Presenta su EP debut <strong><em>‘Postpaco’</em></strong> (2022), que cabalga entre la experimentación sonora, el revival tecno noventero y el electropop de <strong>Aviador Dro</strong> o <strong>Fad Gadget</strong>. En escena le acompañará el artista visual <strong>VJ Lafumé</strong>.</p>



<p class="has-text-align-left wp-block-paragraph"><strong>ERNST</strong> es el nombre del proyecto emergente creado por <strong>Ernesto López</strong> (voz y guitarra) al que acompañan <strong>Ángel Blaya</strong> (bajo) y <strong>Javi Martínez</strong> (percusión). Sus canciones son grabadas, producidas y mezcladas en casa y exploran las distintas dimensiones del pop y del neo-soul, utilizando desde las guitarras eléctricas del rock hasta los sintetizadores del synthwave.</p>



<p class="has-text-align-left wp-block-paragraph"><em>Este concierto fomra parte del ciclo </em><strong>Madrid me Gusta</strong><em>, organizado por </em><strong>Mahou </strong><em>en colaboración con </em><strong>Madrid En Vivo</strong><em>.</em></p>
</div>
</div>



<div style="height:100px" aria-hidden="true" class="wp-block-spacer"></div>



<hr class="wp-block-separator has-alpha-channel-opacity"/>



<div style="height:100px" aria-hidden="true" class="wp-block-spacer"></div>


<h2 class="tribe-block__related-events__title">Related Events</h2>

<ul  class="tribe-related-events tribe-clearfix" >
			<li>
	
<div class="tribe-related-events-thumbnail">
	<a href="https://cafelapalma.com/en/programacion/funkin-donuts/" class="url" rel="bookmark" tabindex="-1" aria-hidden="true"><img loading="lazy" decoding="async" width="693" height="1040" src="https://cafelapalma.com/wp-content/uploads/2026/07/FD-vert2-bn-693x1040.jpg" class="attachment-large size-large wp-post-image" alt="" /></a>
</div>
	<div class="tribe-related-event-info">
	<h3 class="tribe-related-events-title">
		<a href="https://cafelapalma.com/en/programacion/funkin-donuts/" class="tribe-event-url" rel="bookmark">
			FUNKIN&#8217; DONUTS		</a>
	</h3>
	<span class="tribe-event-date-start">5  September@22:00</span><span class="tribe-event-time">23:45</span></div>
</li>
			<li>
	
<div class="tribe-related-events-thumbnail">
	<a href="https://cafelapalma.com/en/programacion/backstage-le-petit-truffle-mayo/" class="url" rel="bookmark" tabindex="-1" aria-hidden="true"><img loading="lazy" decoding="async" width="780" height="1040" src="https://cafelapalma.com/wp-content/uploads/2026/07/Imagen-TruffleMayo-LePetit-i-1-780x1040.png" class="attachment-large size-large wp-post-image" alt="" /></a>
</div>
	<div class="tribe-related-event-info">
	<h3 class="tribe-related-events-title">
		<a href="https://cafelapalma.com/en/programacion/backstage-le-petit-truffle-mayo/" class="tribe-event-url" rel="bookmark">
			BACKSTAGE: LE PETIT + TRUFFLE MAYO		</a>
	</h3>
	<span class="tribe-event-date-start">5  September@23:55</span></div>
</li>
			<li>
	
<div class="tribe-related-events-thumbnail">
	<a href="https://cafelapalma.com/en/programacion/willie-deville-concierto-benefico-x-venezuela/" class="url" rel="bookmark" tabindex="-1" aria-hidden="true"><img loading="lazy" decoding="async" width="1020" height="531" src="https://cafelapalma.com/wp-content/uploads/2026/08/Willie-deville-1100x572-1-1040x541.jpg" class="attachment-large size-large wp-post-image" alt="" /></a>
</div>
	<div class="tribe-related-event-info">
	<h3 class="tribe-related-events-title">
		<a href="https://cafelapalma.com/en/programacion/willie-deville-concierto-benefico-x-venezuela/" class="tribe-event-url" rel="bookmark">
			WILLIE DEVILLE: CONCIERTO BENÉFICO X VENEZUELA		</a>
	</h3>
	<span class="tribe-event-date-start">6  September@21:00</span><span class="tribe-event-time">23:45</span></div>
</li>
	</ul>

<p>PERDÓN MENTIRA es un proyecto del músico y actor madrileño Francisco Valero, creado durante la pandemia, que pone el foco en el uso de secuenciadores, sintes y cajas de ritmos para contar la odisea de Postpaco, un antiguo guitarra de rock del extrarradio, reconvertido en una persona biónica, para tomar la ciudad con sus máquinas &hellip; </p>

PERDÓN MENTIRA es un proyecto del músico y actor madrileño Francisco Valero, creado durante la pandemia, que pone el foco en el uso de secuenciadores, sintes y cajas de ritmos para contar la odisea de Postpaco, un antiguo guitarra de rock del extrarradio, reconvertido en una persona biónica, para tomar la ciudad con sus máquinas&hellip;
