{"id":26602,"date":"2023-06-07T12:57:46","date_gmt":"2023-06-07T10:57:46","guid":{"rendered":"https:\/\/cafelapalma.com\/programacion\/martiz-bloodymel-copy\/"},"modified":"2023-07-17T11:16:38","modified_gmt":"2023-07-17T09:16:38","slug":"martiz-veranos-en-vivo-2023","status":"publish","type":"tribe_events","link":"https:\/\/cafelapalma.com\/en\/programacion\/martiz-veranos-en-vivo-2023\/","title":{"rendered":"MARTIZ"},"content":{"rendered":"<div  class=\"tribe-events-schedule tribe-clearfix\" >\n\t<p class=\"tribe-events-schedule__datetime\">\n\t\t<span class=\"tribe-events-schedule__date tribe-events-schedule__date--start\">\n\t\t\t14  July  2023\t\t<\/span>\n\n\t\t\t\t\t<span class=\"tribe-events-schedule__separator tribe-events-schedule__separator--date\">\n\t\t\t\t@\t\t\t<\/span>\n\t\t\t<span class=\"tribe-events-schedule__time tribe-events-schedule__time--start\">\n\t\t\t\t22:00\t\t\t<\/span>\n\t\t\n\t\t\t\t\t\t\t\t\t<span class=\"tribe-events-schedule__separator tribe-events-schedule__separator--time\">\n\t\t\t\t\t&#8211;\t\t\t\t<\/span>\n\t\t\t\n\t\t\t\t\t\t\t<span class=\"tribe-events-schedule__time tribe-events-schedule__time--end\">\n\t\t\t\t\t23:45\t\t\t\t<\/span>\n\t\t\t\n\t\t\t\t\t\t<\/p>\n<\/div>\n\n\n<div  class=\"tribe-block tribe-block__event-price\" >\n\t\t\t<span class=\"tribe-block__event-price__cost\"> 6\u20ac <\/span>\n\t\t\t\t<span class=\"tribe-block__event-price__description\">+ gg Anticipada | 8\u20ac Taquilla<\/span>\n\t<\/div>\n\n\n\n<div style=\"height:100px\" aria-hidden=\"true\" class=\"wp-block-spacer\"><\/div>\n\n\n\n<div class=\"wp-block-columns is-layout-flex wp-container-core-columns-is-layout-8f761849 wp-block-columns-is-layout-flex\">\n<div class=\"wp-block-column is-layout-flow wp-block-column-is-layout-flow\" style=\"flex-basis:33.33%\">\n<figure class=\"wp-block-image size-full\"><img loading=\"lazy\" decoding=\"async\" width=\"297\" height=\"420\" src=\"https:\/\/cafelapalma.com\/wp-content\/uploads\/2023\/07\/MARTIZ-VEV-A3.jpg\" alt=\"\" class=\"wp-image-26783\" srcset=\"https:\/\/cafelapalma.com\/wp-content\/uploads\/2023\/07\/MARTIZ-VEV-A3.jpg 297w, https:\/\/cafelapalma.com\/wp-content\/uploads\/2023\/07\/MARTIZ-VEV-A3-212x300.jpg 212w, https:\/\/cafelapalma.com\/wp-content\/uploads\/2023\/07\/MARTIZ-VEV-A3-42x60.jpg 42w\" sizes=\"auto, (max-width: 297px) 100vw, 297px\" \/><\/figure>\n\n\n<div  class=\"tribe-block tribe-block__event-website\" >\n\t<a\n\t\thref=\"https:\/\/link.dice.fm\/Ne03bbc44b9b\"\n\t\ttarget=\"_self\"\n\t\t\t>\n\t\tBUY TICKETS\t<\/a>\n<\/div>\n<\/div>\n\n\n\n<div class=\"wp-block-column is-layout-flow wp-block-column-is-layout-flow\" style=\"flex-basis:66.66%\">\n<div style=\"height:100px\" aria-hidden=\"true\" class=\"wp-block-spacer\"><\/div>\n\n\n\n<p class=\"has-text-align-left wp-block-paragraph\">Formado en 2018, <strong>MARTIZ <\/strong>es uno de los grupos emergentes m\u00e1s esperanzadores de la escena independiente espa\u00f1ola. Caracterizados por letras tristes y guitarras oscuras, cuentan con colaboraciones de primer nivel. La producci\u00f3n corre a cargo de <strong>Jorge Guirao<\/strong> (<strong>Second<\/strong>), as\u00ed como, la participaci\u00f3n en cuanto a bajos y bater\u00edas de <strong>Toni Poza<\/strong> (<strong>Miss Caffeina<\/strong>) y <strong>Fran Guirao<\/strong> (<strong>Second<\/strong>), respectivamente.<\/p>\n\n\n\n<p class=\"has-text-align-left wp-block-paragraph\">Su primera canci\u00f3n <strong><em>\u201cMil Lunas\u201d<\/em><\/strong>, grabada y mezclada por <strong>Antonio Ill\u00e1n<\/strong> (<strong>Viva Suecia<\/strong>), llama la atenci\u00f3n de medios de comunicaci\u00f3n de importancia nacional como <strong>Rne3<\/strong>, siendo su estreno en el programa <strong><em>180 Grados<\/em><\/strong>. <strong><em>\u201cTu Nombre Es Mi Guerra\u201d<\/em><\/strong> es la segunda canci\u00f3n de <strong>MARTIZ<\/strong>. Dolor y cura a partes iguales, tratando temas tan sensibles como el rechazo, la desesperaci\u00f3n y la rabia desde un plano \u00edntimo y personal, llegando a dar por perdido un amor que no llega<\/p>\n\n\n\n<p class=\"has-text-align-left wp-block-paragraph\">La banda se encuentra actualmente en la gira de presentaci\u00f3n de su primer \u00e1lbum, <em><strong>\u00abEl Amor No Existe\u00bb<\/strong><\/em>.<\/p>\n\n\n\n<p class=\"has-text-align-center wp-block-paragraph\"><em>Este concierto forma parte del ciclo <\/em><strong>VERANOS EN VIVO 2023<\/strong><em> organizado por <\/em><strong>MADRID EN VIVO<\/strong><em> con el patrocinio del <\/em><strong>AYUNTAMIENTO DE MADRID<\/strong><em>.<\/em><\/p>\n<\/div>\n<\/div>\n\n\n\n<div style=\"height:100px\" aria-hidden=\"true\" class=\"wp-block-spacer\"><\/div>\n\n\n\n<hr class=\"wp-block-separator has-css-opacity is-style-wide\"\/>\n\n\n\n<div style=\"height:100px\" aria-hidden=\"true\" class=\"wp-block-spacer\"><\/div>\n\n\n<h2 class=\"tribe-block__related-events__title\">Related Events<\/h2>\n\n<ul  class=\"tribe-related-events tribe-clearfix\" >\n\t\t\t<li>\n\t\n<div class=\"tribe-related-events-thumbnail\">\n\t<a href=\"https:\/\/cafelapalma.com\/en\/programacion\/vodu-lady-pina-israel-gil\/\" class=\"url\" rel=\"bookmark\" tabindex=\"-1\" aria-hidden=\"true\"><img loading=\"lazy\" decoding=\"async\" width=\"1020\" height=\"680\" src=\"https:\/\/cafelapalma.com\/wp-content\/uploads\/2026\/07\/Lady2-1040x693.jpg\" class=\"attachment-large size-large wp-post-image\" alt=\"\" \/><\/a>\n<\/div>\n\t<div class=\"tribe-related-event-info\">\n\t<h3 class=\"tribe-related-events-title\">\n\t\t<a href=\"https:\/\/cafelapalma.com\/en\/programacion\/vodu-lady-pina-israel-gil\/\" class=\"tribe-event-url\" rel=\"bookmark\">\n\t\t\tVOD\u00da: LADY PI\u00d1A + ISRAEL GIL\t\t<\/a>\n\t<\/h3>\n\t<span class=\"tribe-event-date-start\">4  September@23:55<\/span><\/div>\n<\/li>\n\t\t\t<li>\n\t\n<div class=\"tribe-related-events-thumbnail\">\n\t<a href=\"https:\/\/cafelapalma.com\/en\/programacion\/funkin-donuts\/\" class=\"url\" rel=\"bookmark\" tabindex=\"-1\" aria-hidden=\"true\"><img loading=\"lazy\" decoding=\"async\" width=\"693\" height=\"1040\" src=\"https:\/\/cafelapalma.com\/wp-content\/uploads\/2026\/07\/FD-vert2-bn-693x1040.jpg\" class=\"attachment-large size-large wp-post-image\" alt=\"\" \/><\/a>\n<\/div>\n\t<div class=\"tribe-related-event-info\">\n\t<h3 class=\"tribe-related-events-title\">\n\t\t<a href=\"https:\/\/cafelapalma.com\/en\/programacion\/funkin-donuts\/\" class=\"tribe-event-url\" rel=\"bookmark\">\n\t\t\tFUNKIN&#8217; DONUTS\t\t<\/a>\n\t<\/h3>\n\t<span class=\"tribe-event-date-start\">5  September@22:00<\/span><span class=\"tribe-event-time\">23:45<\/span><\/div>\n<\/li>\n\t\t\t<li>\n\t\n<div class=\"tribe-related-events-thumbnail\">\n\t<a href=\"https:\/\/cafelapalma.com\/en\/programacion\/backstage-le-petit-truffle-mayo\/\" class=\"url\" rel=\"bookmark\" tabindex=\"-1\" aria-hidden=\"true\"><img loading=\"lazy\" decoding=\"async\" width=\"780\" height=\"1040\" src=\"https:\/\/cafelapalma.com\/wp-content\/uploads\/2026\/07\/Imagen-TruffleMayo-LePetit-i-1-780x1040.png\" class=\"attachment-large size-large wp-post-image\" alt=\"\" \/><\/a>\n<\/div>\n\t<div class=\"tribe-related-event-info\">\n\t<h3 class=\"tribe-related-events-title\">\n\t\t<a href=\"https:\/\/cafelapalma.com\/en\/programacion\/backstage-le-petit-truffle-mayo\/\" class=\"tribe-event-url\" rel=\"bookmark\">\n\t\t\tBACKSTAGE: LE PETIT + TRUFFLE MAYO\t\t<\/a>\n\t<\/h3>\n\t<span class=\"tribe-event-date-start\">5  September@23:55<\/span><\/div>\n<\/li>\n\t<\/ul>","protected":false},"excerpt":{"rendered":"<p>Formado en 2018, MARTIZ es uno de los grupos emergentes m\u00e1s esperanzadores de la escena independiente espa\u00f1ola. Caracterizados por letras tristes y guitarras oscuras, cuentan con colaboraciones de primer nivel. La producci\u00f3n corre a cargo de Jorge Guirao (Second), as\u00ed como, la participaci\u00f3n en cuanto a bajos y bater\u00edas de Toni Poza (Miss Caffeina) y &hellip; <\/p>","protected":false},"author":2,"featured_media":26605,"template":"","meta":{"_tec_requires_first_save":false,"_uag_custom_page_level_css":"","loftloader_page_shortcode":"","_EventAllDay":false,"_EventTimezone":"Europe\/Madrid","_EventStartDate":"2023-07-14 22:00:00","_EventEndDate":"2023-07-14 23:45:00","_EventStartDateUTC":"2023-07-14 20:00:00","_EventEndDateUTC":"2023-07-14 21:45:00","_EventShowMap":false,"_EventShowMapLink":false,"_EventURL":"https:\/\/link.dice.fm\/Ne03bbc44b9b","_EventCost":"6","_EventCostDescription":"","_EventCurrencySymbol":"\u20ac","_EventCurrencyCode":"","_EventCurrencyPosition":"suffix","_EventDateTimeSeparator":"@","_EventTimeRangeSeparator":"-","_EventOrganizerID":[],"_EventVenueID":[0],"_OrganizerEmail":"","_OrganizerPhone":"","_OrganizerWebsite":"","_VenueAddress":"","_VenueCity":"","_VenueCountry":"","_VenueProvince":"","_VenueState":"","_VenueZip":"","_VenuePhone":"","_VenueURL":"","_VenueStateProvince":"","_VenueLat":"","_VenueLng":"","_VenueShowMap":false,"_VenueShowMapLink":false,"_tribe_blocks_recurrence_rules":"","_tribe_blocks_recurrence_description":"","_tribe_blocks_recurrence_exclusions":"","_ecp_custom_2":"","_tribe_events_status":"","_tribe_events_status_reason":"","_tribe_events_is_hybrid":"","_tribe_events_is_virtual":"","_tribe_events_virtual_video_source":"","_tribe_events_virtual_embed_video":"","_tribe_events_virtual_linked_button_text":"","_tribe_events_virtual_linked_button":"","_tribe_events_virtual_show_embed_at":"","_tribe_events_virtual_show_embed_to":[],"_tribe_events_virtual_show_on_event":"","_tribe_events_virtual_show_on_views":"","_tribe_events_virtual_url":"","footnotes":""},"tags":[11593,1363,2865,9147,9146,13866,11591,8970,11587,11586,11592,11590,11596,1355,1354,11588,11589,11595,11594],"tribe_events_cat":[8963],"class_list":["post-26602","tribe_events","type-tribe_events","status-publish","has-post-thumbnail","hentry","tag-antonio-illan","tag-cafe-la-palma","tag-conciertos-cafe-la-palma","tag-conciertos-madrid","tag-conciertos-malasana","tag-el-amor-no-existe","tag-fran-guirao","tag-indie","tag-jorge-guirao","tag-martiz","tag-mil-lunas","tag-miss-caffeina","tag-nina-invisible","tag-pop","tag-rock","tag-second","tag-toni-poza","tag-tu-nombre-es-mi-guerra","tag-viva-suecia","tribe_events_cat-concierto","cat_concierto"],"uagb_featured_image_src":{"full":["https:\/\/cafelapalma.com\/wp-content\/uploads\/2023\/06\/MARTIZ-23-scaled.jpg",2000,3000,false],"thumbnail":["https:\/\/cafelapalma.com\/wp-content\/uploads\/2023\/06\/MARTIZ-23-150x150.jpg",150,150,true],"medium":["https:\/\/cafelapalma.com\/wp-content\/uploads\/2023\/06\/MARTIZ-23-200x300.jpg",200,300,true],"medium_large":["https:\/\/cafelapalma.com\/wp-content\/uploads\/2023\/06\/MARTIZ-23-768x1152.jpg",768,1152,true],"large":["https:\/\/cafelapalma.com\/wp-content\/uploads\/2023\/06\/MARTIZ-23-693x1040.jpg",693,1040,true],"1536x1536":["https:\/\/cafelapalma.com\/wp-content\/uploads\/2023\/06\/MARTIZ-23-1024x1536.jpg",1024,1536,true],"2048x2048":["https:\/\/cafelapalma.com\/wp-content\/uploads\/2023\/06\/MARTIZ-23-1365x2048.jpg",1365,2048,true],"trp-custom-language-flag":["https:\/\/cafelapalma.com\/wp-content\/uploads\/2023\/06\/MARTIZ-23-scaled.jpg",8,12,false],"blossom-feminine-slider":["https:\/\/cafelapalma.com\/wp-content\/uploads\/2023\/06\/MARTIZ-23-1920x649.jpg",1920,649,true],"blossom-feminine-featured":["https:\/\/cafelapalma.com\/wp-content\/uploads\/2023\/06\/MARTIZ-23-1410x600.jpg",1410,600,true],"blossom-feminine-with-sidebar":["https:\/\/cafelapalma.com\/wp-content\/uploads\/2023\/06\/MARTIZ-23-1020x600.jpg",1020,600,true],"blossom-feminine-blog":["https:\/\/cafelapalma.com\/wp-content\/uploads\/2023\/06\/MARTIZ-23-435x435.jpg",435,435,true],"blossom-feminine-cat":["https:\/\/cafelapalma.com\/wp-content\/uploads\/2023\/06\/MARTIZ-23-450x300.jpg",450,300,true],"blossom-feminine-related":["https:\/\/cafelapalma.com\/wp-content\/uploads\/2023\/06\/MARTIZ-23-320x200.jpg",320,200,true],"blossom-feminine-schema":["https:\/\/cafelapalma.com\/wp-content\/uploads\/2023\/06\/MARTIZ-23-40x60.jpg",40,60,true]},"uagb_author_info":{"display_name":"Victor","author_link":"https:\/\/cafelapalma.com\/en\/author\/comunicacion\/"},"uagb_comment_info":0,"uagb_excerpt":"Formado en 2018, MARTIZ es uno de los grupos emergentes m\u00e1s esperanzadores de la escena independiente espa\u00f1ola. Caracterizados por letras tristes y guitarras oscuras, cuentan con colaboraciones de primer nivel. La producci\u00f3n corre a cargo de Jorge Guirao (Second), as\u00ed como, la participaci\u00f3n en cuanto a bajos y bater\u00edas de Toni Poza (Miss Caffeina) y&hellip;","_links":{"self":[{"href":"https:\/\/cafelapalma.com\/en\/wp-json\/wp\/v2\/tribe_events\/26602","targetHints":{"allow":["GET"]}}],"collection":[{"href":"https:\/\/cafelapalma.com\/en\/wp-json\/wp\/v2\/tribe_events"}],"about":[{"href":"https:\/\/cafelapalma.com\/en\/wp-json\/wp\/v2\/types\/tribe_events"}],"author":[{"embeddable":true,"href":"https:\/\/cafelapalma.com\/en\/wp-json\/wp\/v2\/users\/2"}],"version-history":[{"count":0,"href":"https:\/\/cafelapalma.com\/en\/wp-json\/wp\/v2\/tribe_events\/26602\/revisions"}],"wp:featuredmedia":[{"embeddable":true,"href":"https:\/\/cafelapalma.com\/en\/wp-json\/wp\/v2\/media\/26605"}],"wp:attachment":[{"href":"https:\/\/cafelapalma.com\/en\/wp-json\/wp\/v2\/media?parent=26602"}],"wp:term":[{"taxonomy":"post_tag","embeddable":true,"href":"https:\/\/cafelapalma.com\/en\/wp-json\/wp\/v2\/tags?post=26602"},{"taxonomy":"tribe_events_cat","embeddable":true,"href":"https:\/\/cafelapalma.com\/en\/wp-json\/wp\/v2\/tribe_events_cat?post=26602"}],"curies":[{"name":"wp","href":"https:\/\/api.w.org\/{rel}","templated":true}]}}

<div  class="tribe-events-schedule tribe-clearfix" >
	<p class="tribe-events-schedule__datetime">
		<span class="tribe-events-schedule__date tribe-events-schedule__date--start">
			14  July  2023		</span>

					<span class="tribe-events-schedule__separator tribe-events-schedule__separator--date">
				@			</span>
			<span class="tribe-events-schedule__time tribe-events-schedule__time--start">
				22:00			</span>
		
									<span class="tribe-events-schedule__separator tribe-events-schedule__separator--time">
					&#8211;				</span>
			
							<span class="tribe-events-schedule__time tribe-events-schedule__time--end">
					23:45				</span>
			
						</p>
</div>


<div  class="tribe-block tribe-block__event-price" >
			<span class="tribe-block__event-price__cost"> 6€ </span>
				<span class="tribe-block__event-price__description">+ gg Anticipada | 8€ Taquilla</span>
	</div>



<div style="height:100px" aria-hidden="true" class="wp-block-spacer"></div>



<div class="wp-block-columns is-layout-flex wp-container-core-columns-is-layout-8f761849 wp-block-columns-is-layout-flex">
<div class="wp-block-column is-layout-flow wp-block-column-is-layout-flow" style="flex-basis:33.33%">
<figure class="wp-block-image size-full"><img loading="lazy" decoding="async" width="297" height="420" src="https://cafelapalma.com/wp-content/uploads/2023/07/MARTIZ-VEV-A3.jpg" alt="" class="wp-image-26783" srcset="https://cafelapalma.com/wp-content/uploads/2023/07/MARTIZ-VEV-A3.jpg 297w, https://cafelapalma.com/wp-content/uploads/2023/07/MARTIZ-VEV-A3-212x300.jpg 212w, https://cafelapalma.com/wp-content/uploads/2023/07/MARTIZ-VEV-A3-42x60.jpg 42w" sizes="auto, (max-width: 297px) 100vw, 297px" /></figure>


<div  class="tribe-block tribe-block__event-website" >
	<a
		href="https://link.dice.fm/Ne03bbc44b9b"
		target="_self"
			>
		BUY TICKETS	</a>
</div>
</div>



<div class="wp-block-column is-layout-flow wp-block-column-is-layout-flow" style="flex-basis:66.66%">
<div style="height:100px" aria-hidden="true" class="wp-block-spacer"></div>



<p class="has-text-align-left wp-block-paragraph">Formado en 2018, <strong>MARTIZ </strong>es uno de los grupos emergentes más esperanzadores de la escena independiente española. Caracterizados por letras tristes y guitarras oscuras, cuentan con colaboraciones de primer nivel. La producción corre a cargo de <strong>Jorge Guirao</strong> (<strong>Second</strong>), así como, la participación en cuanto a bajos y baterías de <strong>Toni Poza</strong> (<strong>Miss Caffeina</strong>) y <strong>Fran Guirao</strong> (<strong>Second</strong>), respectivamente.</p>



<p class="has-text-align-left wp-block-paragraph">Su primera canción <strong><em>“Mil Lunas”</em></strong>, grabada y mezclada por <strong>Antonio Illán</strong> (<strong>Viva Suecia</strong>), llama la atención de medios de comunicación de importancia nacional como <strong>Rne3</strong>, siendo su estreno en el programa <strong><em>180 Grados</em></strong>. <strong><em>“Tu Nombre Es Mi Guerra”</em></strong> es la segunda canción de <strong>MARTIZ</strong>. Dolor y cura a partes iguales, tratando temas tan sensibles como el rechazo, la desesperación y la rabia desde un plano íntimo y personal, llegando a dar por perdido un amor que no llega</p>



<p class="has-text-align-left wp-block-paragraph">La banda se encuentra actualmente en la gira de presentación de su primer álbum, <em><strong>«El Amor No Existe»</strong></em>.</p>



<p class="has-text-align-center wp-block-paragraph"><em>Este concierto forma parte del ciclo </em><strong>VERANOS EN VIVO 2023</strong><em> organizado por </em><strong>MADRID EN VIVO</strong><em> con el patrocinio del </em><strong>AYUNTAMIENTO DE MADRID</strong><em>.</em></p>
</div>
</div>



<div style="height:100px" aria-hidden="true" class="wp-block-spacer"></div>



<hr class="wp-block-separator has-css-opacity is-style-wide"/>



<div style="height:100px" aria-hidden="true" class="wp-block-spacer"></div>


<h2 class="tribe-block__related-events__title">Related Events</h2>

<ul  class="tribe-related-events tribe-clearfix" >
			<li>
	
<div class="tribe-related-events-thumbnail">
	<a href="https://cafelapalma.com/en/programacion/vodu-lady-pina-israel-gil/" class="url" rel="bookmark" tabindex="-1" aria-hidden="true"><img loading="lazy" decoding="async" width="1020" height="680" src="https://cafelapalma.com/wp-content/uploads/2026/07/Lady2-1040x693.jpg" class="attachment-large size-large wp-post-image" alt="" /></a>
</div>
	<div class="tribe-related-event-info">
	<h3 class="tribe-related-events-title">
		<a href="https://cafelapalma.com/en/programacion/vodu-lady-pina-israel-gil/" class="tribe-event-url" rel="bookmark">
			VODÚ: LADY PIÑA + ISRAEL GIL		</a>
	</h3>
	<span class="tribe-event-date-start">4  September@23:55</span></div>
</li>
			<li>
	
<div class="tribe-related-events-thumbnail">
	<a href="https://cafelapalma.com/en/programacion/funkin-donuts/" class="url" rel="bookmark" tabindex="-1" aria-hidden="true"><img loading="lazy" decoding="async" width="693" height="1040" src="https://cafelapalma.com/wp-content/uploads/2026/07/FD-vert2-bn-693x1040.jpg" class="attachment-large size-large wp-post-image" alt="" /></a>
</div>
	<div class="tribe-related-event-info">
	<h3 class="tribe-related-events-title">
		<a href="https://cafelapalma.com/en/programacion/funkin-donuts/" class="tribe-event-url" rel="bookmark">
			FUNKIN&#8217; DONUTS		</a>
	</h3>
	<span class="tribe-event-date-start">5  September@22:00</span><span class="tribe-event-time">23:45</span></div>
</li>
			<li>
	
<div class="tribe-related-events-thumbnail">
	<a href="https://cafelapalma.com/en/programacion/backstage-le-petit-truffle-mayo/" class="url" rel="bookmark" tabindex="-1" aria-hidden="true"><img loading="lazy" decoding="async" width="780" height="1040" src="https://cafelapalma.com/wp-content/uploads/2026/07/Imagen-TruffleMayo-LePetit-i-1-780x1040.png" class="attachment-large size-large wp-post-image" alt="" /></a>
</div>
	<div class="tribe-related-event-info">
	<h3 class="tribe-related-events-title">
		<a href="https://cafelapalma.com/en/programacion/backstage-le-petit-truffle-mayo/" class="tribe-event-url" rel="bookmark">
			BACKSTAGE: LE PETIT + TRUFFLE MAYO		</a>
	</h3>
	<span class="tribe-event-date-start">5  September@23:55</span></div>
</li>
	</ul>

<p>Formado en 2018, MARTIZ es uno de los grupos emergentes más esperanzadores de la escena independiente española. Caracterizados por letras tristes y guitarras oscuras, cuentan con colaboraciones de primer nivel. La producción corre a cargo de Jorge Guirao (Second), así como, la participación en cuanto a bajos y baterías de Toni Poza (Miss Caffeina) y &hellip; </p>

Formado en 2018, MARTIZ es uno de los grupos emergentes más esperanzadores de la escena independiente española. Caracterizados por letras tristes y guitarras oscuras, cuentan con colaboraciones de primer nivel. La producción corre a cargo de Jorge Guirao (Second), así como, la participación en cuanto a bajos y baterías de Toni Poza (Miss Caffeina) y&hellip;
