{"id":26706,"date":"2023-06-29T10:54:34","date_gmt":"2023-06-29T08:54:34","guid":{"rendered":"https:\/\/cafelapalma.com\/programacion\/family-business-sound-copy\/"},"modified":"2023-06-30T10:42:36","modified_gmt":"2023-06-30T08:42:36","slug":"family-business-sound-3","status":"publish","type":"tribe_events","link":"https:\/\/cafelapalma.com\/en\/programacion\/family-business-sound-3\/","title":{"rendered":"FAMILY BUSINESS: TONY SIDE + TOKI KOMORI + JAMES RUIZZIANI"},"content":{"rendered":"<div  class=\"tribe-events-schedule tribe-clearfix\" >\n\t<p class=\"tribe-events-schedule__datetime\">\n\t\t<span class=\"tribe-events-schedule__date tribe-events-schedule__date--start\">\n\t\t\t08  July  2023\t\t<\/span>\n\n\t\t\t\t\t<span class=\"tribe-events-schedule__separator tribe-events-schedule__separator--date\">\n\t\t\t\t@\t\t\t<\/span>\n\t\t\t<span class=\"tribe-events-schedule__time tribe-events-schedule__time--start\">\n\t\t\t\t23:00\t\t\t<\/span>\n\t\t\n\t\t\t\t\t\t\t\t\t<span class=\"tribe-events-schedule__separator tribe-events-schedule__separator--time\">\n\t\t\t\t\t\t\t\t\t<\/span>\n\t\t\t\n\t\t\t\t\t\t\t<span class=\"tribe-events-schedule__time tribe-events-schedule__time--end\">\n\t\t\t\t\t23:55\t\t\t\t<\/span>\n\t\t\t\n\t\t\t\t\t\t<\/p>\n<\/div>\n\n\n<div  class=\"tribe-block tribe-block__event-price\" >\n\t\t\t<span class=\"tribe-block__event-price__cost\"> ENTRADA LIBRE <\/span>\n\t\t\t\t<span class=\"tribe-block__event-price__description\">| Taquilla 11\u20ac con CONSUMICI\u00d3N de 02:00 a cierre <\/span>\n\t<\/div>\n\n\n\n<div style=\"height:100px\" aria-hidden=\"true\" class=\"wp-block-spacer\"><\/div>\n\n\n\n<div class=\"wp-block-columns is-layout-flex wp-container-core-columns-is-layout-8f761849 wp-block-columns-is-layout-flex\">\n<div class=\"wp-block-column is-layout-flow wp-block-column-is-layout-flow\" style=\"flex-basis:33.33%\">\n<figure class=\"wp-block-image size-large\"><img loading=\"lazy\" decoding=\"async\" width=\"735\" height=\"1040\" src=\"https:\/\/cafelapalma.com\/wp-content\/uploads\/2023\/06\/FAMILY-JULIO-A3-2-COPY-735x1040.jpg\" alt=\"\" class=\"wp-image-26714\" srcset=\"https:\/\/cafelapalma.com\/wp-content\/uploads\/2023\/06\/FAMILY-JULIO-A3-2-COPY-735x1040.jpg 735w, https:\/\/cafelapalma.com\/wp-content\/uploads\/2023\/06\/FAMILY-JULIO-A3-2-COPY-212x300.jpg 212w, https:\/\/cafelapalma.com\/wp-content\/uploads\/2023\/06\/FAMILY-JULIO-A3-2-COPY-768x1086.jpg 768w, https:\/\/cafelapalma.com\/wp-content\/uploads\/2023\/06\/FAMILY-JULIO-A3-2-COPY-1086x1536.jpg 1086w, https:\/\/cafelapalma.com\/wp-content\/uploads\/2023\/06\/FAMILY-JULIO-A3-2-COPY-1448x2048.jpg 1448w, https:\/\/cafelapalma.com\/wp-content\/uploads\/2023\/06\/FAMILY-JULIO-A3-2-COPY-42x60.jpg 42w, https:\/\/cafelapalma.com\/wp-content\/uploads\/2023\/06\/FAMILY-JULIO-A3-2-COPY.jpg 1587w\" sizes=\"auto, (max-width: 735px) 100vw, 735px\" \/><\/figure>\n<\/div>\n\n\n\n<div class=\"wp-block-column is-layout-flow wp-block-column-is-layout-flow\" style=\"flex-basis:66.66%\">\n<p class=\"has-text-align-left wp-block-paragraph\"><strong>Tony Side<\/strong> conforma, junto a <strong>Freddi Man<\/strong>, el duo electr\u00f3nico <strong>K\u00f8n<\/strong>. El combo perfecto entre el sonido deep y el techno.&nbsp;Sus sesiones que pueden variar desde el deep m\u00e1s prestigioso y elegante al techno y tech trance, siempre bajo la influencia y el car\u00e1cter underground. Producciones enfocadas por y para el baile, <em>groove<\/em>, contundencia, elegancia y ritmo.<\/p>\n\n\n\n<p class=\"has-text-align-left wp-block-paragraph\"><strong>Toki Komori<\/strong> tiene una pasi\u00f3n innata para crear sonidos que hac\u00edan vibrar a la gente. Influenciado por el EBM y el sonido industrial, su estilo abarca desde la world music hasta el techno mas underground.<\/p>\n\n\n\n<p class=\"has-text-align-left wp-block-paragraph\">Con m\u00e1s de veinte a\u00f1os de experiencia en cabina, <strong>James Ruizziani<\/strong>, es un verdadero apasionado de la m\u00fasica electr\u00f3nica en su vertiente m\u00e1s underground. Sus sesiones navegan entre el deep y el techno de vanguardia.<\/p>\n\n\n\n<p class=\"has-text-align-left wp-block-paragraph\">El colectivo madrile\u00f1o <strong>FAMILY BUSINESS<\/strong> nos trae su particular visi\u00f3n de la m\u00fasica underground. Su apuesta de m\u00fasica electr\u00f3nica es una opci\u00f3n de puro baile sin concesiones desde primera hora al estilo de la escena del norte de <strong>Europa <\/strong>o <strong>EEUU<\/strong>. Unidos por lazos familiares hemos visto como estos valores deben ponerse en valor ya que no est\u00e1n expuestos a las modas. Un concepto cercano, donde las caras conocidas y el buen ambiente sean los protagonistas. Eventos sin pretensiones de fama ni gloria. Familia, amigos, humildad y pasi\u00f3n.<\/p>\n<\/div>\n<\/div>\n\n\n\n<div style=\"height:100px\" aria-hidden=\"true\" class=\"wp-block-spacer\"><\/div>\n\n\n\n<hr class=\"wp-block-separator has-alpha-channel-opacity is-style-wide\"\/>\n\n\n\n<div style=\"height:100px\" aria-hidden=\"true\" class=\"wp-block-spacer\"><\/div>\n\n\n<h2 class=\"tribe-block__related-events__title\">Related Events<\/h2>\n\n<ul  class=\"tribe-related-events tribe-clearfix\" >\n\t\t\t<li>\n\t\n<div class=\"tribe-related-events-thumbnail\">\n\t<a href=\"https:\/\/cafelapalma.com\/en\/programacion\/funkin-donuts\/\" class=\"url\" rel=\"bookmark\" tabindex=\"-1\" aria-hidden=\"true\"><img loading=\"lazy\" decoding=\"async\" width=\"693\" height=\"1040\" src=\"https:\/\/cafelapalma.com\/wp-content\/uploads\/2026\/07\/FD-vert2-bn-693x1040.jpg\" class=\"attachment-large size-large wp-post-image\" alt=\"\" \/><\/a>\n<\/div>\n\t<div class=\"tribe-related-event-info\">\n\t<h3 class=\"tribe-related-events-title\">\n\t\t<a href=\"https:\/\/cafelapalma.com\/en\/programacion\/funkin-donuts\/\" class=\"tribe-event-url\" rel=\"bookmark\">\n\t\t\tFUNKIN&#8217; DONUTS\t\t<\/a>\n\t<\/h3>\n\t<span class=\"tribe-event-date-start\">5  September@22:00<\/span><span class=\"tribe-event-time\">23:45<\/span><\/div>\n<\/li>\n\t\t\t<li>\n\t\n<div class=\"tribe-related-events-thumbnail\">\n\t<a href=\"https:\/\/cafelapalma.com\/en\/programacion\/backstage-le-petit-truffle-mayo\/\" class=\"url\" rel=\"bookmark\" tabindex=\"-1\" aria-hidden=\"true\"><img loading=\"lazy\" decoding=\"async\" width=\"780\" height=\"1040\" src=\"https:\/\/cafelapalma.com\/wp-content\/uploads\/2026\/07\/Imagen-TruffleMayo-LePetit-i-1-780x1040.png\" class=\"attachment-large size-large wp-post-image\" alt=\"\" \/><\/a>\n<\/div>\n\t<div class=\"tribe-related-event-info\">\n\t<h3 class=\"tribe-related-events-title\">\n\t\t<a href=\"https:\/\/cafelapalma.com\/en\/programacion\/backstage-le-petit-truffle-mayo\/\" class=\"tribe-event-url\" rel=\"bookmark\">\n\t\t\tBACKSTAGE: LE PETIT + TRUFFLE MAYO\t\t<\/a>\n\t<\/h3>\n\t<span class=\"tribe-event-date-start\">5  September@23:55<\/span><\/div>\n<\/li>\n\t\t\t<li>\n\t\n<div class=\"tribe-related-events-thumbnail\">\n\t<a href=\"https:\/\/cafelapalma.com\/en\/programacion\/willie-deville-concierto-benefico-x-venezuela\/\" class=\"url\" rel=\"bookmark\" tabindex=\"-1\" aria-hidden=\"true\"><img loading=\"lazy\" decoding=\"async\" width=\"1020\" height=\"531\" src=\"https:\/\/cafelapalma.com\/wp-content\/uploads\/2026\/08\/Willie-deville-1100x572-1-1040x541.jpg\" class=\"attachment-large size-large wp-post-image\" alt=\"\" \/><\/a>\n<\/div>\n\t<div class=\"tribe-related-event-info\">\n\t<h3 class=\"tribe-related-events-title\">\n\t\t<a href=\"https:\/\/cafelapalma.com\/en\/programacion\/willie-deville-concierto-benefico-x-venezuela\/\" class=\"tribe-event-url\" rel=\"bookmark\">\n\t\t\tWILLIE DEVILLE: CONCIERTO BEN\u00c9FICO X VENEZUELA\t\t<\/a>\n\t<\/h3>\n\t<span class=\"tribe-event-date-start\">6  September@21:00<\/span><span class=\"tribe-event-time\">23:45<\/span><\/div>\n<\/li>\n\t<\/ul>","protected":false},"excerpt":{"rendered":"<p>Tony Side conforma, junto a Freddi Man, el duo electr\u00f3nico K\u00f8n. El combo perfecto entre el sonido deep y el techno.&nbsp;Sus sesiones que pueden variar desde el deep m\u00e1s prestigioso y elegante al techno y tech trance, siempre bajo la influencia y el car\u00e1cter underground. Producciones enfocadas por y para el baile, groove, contundencia, elegancia &hellip; <\/p>","protected":false},"author":2,"featured_media":26709,"template":"","meta":{"_tec_requires_first_save":false,"_uag_custom_page_level_css":"","loftloader_page_shortcode":"","_EventAllDay":false,"_EventTimezone":"Europe\/Madrid","_EventStartDate":"2023-07-08 23:00:00","_EventEndDate":"2023-07-08 23:55:00","_EventStartDateUTC":"2023-07-08 21:00:00","_EventEndDateUTC":"2023-07-08 21:55:00","_EventShowMap":false,"_EventShowMapLink":false,"_EventURL":"","_EventCost":"ENTRADA LIBRE","_EventCostDescription":"","_EventCurrencySymbol":"","_EventCurrencyCode":"","_EventCurrencyPosition":"","_EventDateTimeSeparator":"","_EventTimeRangeSeparator":"","_EventOrganizerID":[],"_EventVenueID":[0],"_OrganizerEmail":"","_OrganizerPhone":"","_OrganizerWebsite":"","_VenueAddress":"","_VenueCity":"","_VenueCountry":"","_VenueProvince":"","_VenueState":"","_VenueZip":"","_VenuePhone":"","_VenueURL":"","_VenueStateProvince":"","_VenueLat":"","_VenueLng":"","_VenueShowMap":false,"_VenueShowMapLink":false,"_tribe_blocks_recurrence_rules":"","_tribe_blocks_recurrence_description":"","_tribe_blocks_recurrence_exclusions":"","_ecp_custom_2":"","_tribe_events_status":"","_tribe_events_status_reason":"","_tribe_events_is_hybrid":"","_tribe_events_is_virtual":"","_tribe_events_virtual_video_source":"","_tribe_events_virtual_embed_video":"","_tribe_events_virtual_linked_button_text":"","_tribe_events_virtual_linked_button":"","_tribe_events_virtual_show_embed_at":"","_tribe_events_virtual_show_embed_to":[],"_tribe_events_virtual_show_on_event":"","_tribe_events_virtual_show_on_views":"","_tribe_events_virtual_url":"","footnotes":""},"tags":[1363,9225,9712,9557,9578,9226,9227,9394,1357,13233,13234,13226,9252,13939,13224,13228,13227,776,13232,13225,13231],"tribe_events_cat":[8964],"class_list":["post-26706","tribe_events","type-tribe_events","status-publish","has-post-thumbnail","hentry","tag-cafe-la-palma","tag-cafe-la-palma-clubbing","tag-deep","tag-deep-house","tag-deep-tech-house","tag-djs-madrid","tag-djs-malasana","tag-ebm","tag-electronica","tag-family-business","tag-family-business-sound","tag-freddi-man","tag-groove","tag-james-ruizziani","tag-kon","tag-ritmo","tag-tech-trance","tag-techno","tag-toki-komori","tag-tony-side","tag-vicious-magazine","tribe_events_cat-clubbing","cat_clubbing"],"uagb_featured_image_src":{"full":["https:\/\/cafelapalma.com\/wp-content\/uploads\/2023\/06\/FAMILY-BUSINESS.jpg",500,500,false],"thumbnail":["https:\/\/cafelapalma.com\/wp-content\/uploads\/2023\/06\/FAMILY-BUSINESS-150x150.jpg",150,150,true],"medium":["https:\/\/cafelapalma.com\/wp-content\/uploads\/2023\/06\/FAMILY-BUSINESS-300x300.jpg",300,300,true],"medium_large":["https:\/\/cafelapalma.com\/wp-content\/uploads\/2023\/06\/FAMILY-BUSINESS.jpg",500,500,false],"large":["https:\/\/cafelapalma.com\/wp-content\/uploads\/2023\/06\/FAMILY-BUSINESS.jpg",500,500,false],"1536x1536":["https:\/\/cafelapalma.com\/wp-content\/uploads\/2023\/06\/FAMILY-BUSINESS.jpg",500,500,false],"2048x2048":["https:\/\/cafelapalma.com\/wp-content\/uploads\/2023\/06\/FAMILY-BUSINESS.jpg",500,500,false],"trp-custom-language-flag":["https:\/\/cafelapalma.com\/wp-content\/uploads\/2023\/06\/FAMILY-BUSINESS.jpg",12,12,false],"blossom-feminine-slider":["https:\/\/cafelapalma.com\/wp-content\/uploads\/2023\/06\/FAMILY-BUSINESS.jpg",500,500,false],"blossom-feminine-featured":["https:\/\/cafelapalma.com\/wp-content\/uploads\/2023\/06\/FAMILY-BUSINESS.jpg",500,500,false],"blossom-feminine-with-sidebar":["https:\/\/cafelapalma.com\/wp-content\/uploads\/2023\/06\/FAMILY-BUSINESS.jpg",500,500,false],"blossom-feminine-blog":["https:\/\/cafelapalma.com\/wp-content\/uploads\/2023\/06\/FAMILY-BUSINESS-435x435.jpg",435,435,true],"blossom-feminine-cat":["https:\/\/cafelapalma.com\/wp-content\/uploads\/2023\/06\/FAMILY-BUSINESS-450x300.jpg",450,300,true],"blossom-feminine-related":["https:\/\/cafelapalma.com\/wp-content\/uploads\/2023\/06\/FAMILY-BUSINESS-320x200.jpg",320,200,true],"blossom-feminine-schema":["https:\/\/cafelapalma.com\/wp-content\/uploads\/2023\/06\/FAMILY-BUSINESS-60x60.jpg",60,60,true]},"uagb_author_info":{"display_name":"Victor","author_link":"https:\/\/cafelapalma.com\/en\/author\/comunicacion\/"},"uagb_comment_info":0,"uagb_excerpt":"Tony Side conforma, junto a Freddi Man, el duo electr\u00f3nico K\u00f8n. El combo perfecto entre el sonido deep y el techno.&nbsp;Sus sesiones que pueden variar desde el deep m\u00e1s prestigioso y elegante al techno y tech trance, siempre bajo la influencia y el car\u00e1cter underground. Producciones enfocadas por y para el baile, groove, contundencia, elegancia&hellip;","_links":{"self":[{"href":"https:\/\/cafelapalma.com\/en\/wp-json\/wp\/v2\/tribe_events\/26706","targetHints":{"allow":["GET"]}}],"collection":[{"href":"https:\/\/cafelapalma.com\/en\/wp-json\/wp\/v2\/tribe_events"}],"about":[{"href":"https:\/\/cafelapalma.com\/en\/wp-json\/wp\/v2\/types\/tribe_events"}],"author":[{"embeddable":true,"href":"https:\/\/cafelapalma.com\/en\/wp-json\/wp\/v2\/users\/2"}],"version-history":[{"count":0,"href":"https:\/\/cafelapalma.com\/en\/wp-json\/wp\/v2\/tribe_events\/26706\/revisions"}],"wp:featuredmedia":[{"embeddable":true,"href":"https:\/\/cafelapalma.com\/en\/wp-json\/wp\/v2\/media\/26709"}],"wp:attachment":[{"href":"https:\/\/cafelapalma.com\/en\/wp-json\/wp\/v2\/media?parent=26706"}],"wp:term":[{"taxonomy":"post_tag","embeddable":true,"href":"https:\/\/cafelapalma.com\/en\/wp-json\/wp\/v2\/tags?post=26706"},{"taxonomy":"tribe_events_cat","embeddable":true,"href":"https:\/\/cafelapalma.com\/en\/wp-json\/wp\/v2\/tribe_events_cat?post=26706"}],"curies":[{"name":"wp","href":"https:\/\/api.w.org\/{rel}","templated":true}]}}

<div  class="tribe-events-schedule tribe-clearfix" >
	<p class="tribe-events-schedule__datetime">
		<span class="tribe-events-schedule__date tribe-events-schedule__date--start">
			08  July  2023		</span>

					<span class="tribe-events-schedule__separator tribe-events-schedule__separator--date">
				@			</span>
			<span class="tribe-events-schedule__time tribe-events-schedule__time--start">
				23:00			</span>
		
									<span class="tribe-events-schedule__separator tribe-events-schedule__separator--time">
									</span>
			
							<span class="tribe-events-schedule__time tribe-events-schedule__time--end">
					23:55				</span>
			
						</p>
</div>


<div  class="tribe-block tribe-block__event-price" >
			<span class="tribe-block__event-price__cost"> ENTRADA LIBRE </span>
				<span class="tribe-block__event-price__description">| Taquilla 11€ con CONSUMICIÓN de 02:00 a cierre </span>
	</div>



<div style="height:100px" aria-hidden="true" class="wp-block-spacer"></div>



<div class="wp-block-columns is-layout-flex wp-container-core-columns-is-layout-8f761849 wp-block-columns-is-layout-flex">
<div class="wp-block-column is-layout-flow wp-block-column-is-layout-flow" style="flex-basis:33.33%">
<figure class="wp-block-image size-large"><img loading="lazy" decoding="async" width="735" height="1040" src="https://cafelapalma.com/wp-content/uploads/2023/06/FAMILY-JULIO-A3-2-COPY-735x1040.jpg" alt="" class="wp-image-26714" srcset="https://cafelapalma.com/wp-content/uploads/2023/06/FAMILY-JULIO-A3-2-COPY-735x1040.jpg 735w, https://cafelapalma.com/wp-content/uploads/2023/06/FAMILY-JULIO-A3-2-COPY-212x300.jpg 212w, https://cafelapalma.com/wp-content/uploads/2023/06/FAMILY-JULIO-A3-2-COPY-768x1086.jpg 768w, https://cafelapalma.com/wp-content/uploads/2023/06/FAMILY-JULIO-A3-2-COPY-1086x1536.jpg 1086w, https://cafelapalma.com/wp-content/uploads/2023/06/FAMILY-JULIO-A3-2-COPY-1448x2048.jpg 1448w, https://cafelapalma.com/wp-content/uploads/2023/06/FAMILY-JULIO-A3-2-COPY-42x60.jpg 42w, https://cafelapalma.com/wp-content/uploads/2023/06/FAMILY-JULIO-A3-2-COPY.jpg 1587w" sizes="auto, (max-width: 735px) 100vw, 735px" /></figure>
</div>



<div class="wp-block-column is-layout-flow wp-block-column-is-layout-flow" style="flex-basis:66.66%">
<p class="has-text-align-left wp-block-paragraph"><strong>Tony Side</strong> conforma, junto a <strong>Freddi Man</strong>, el duo electrónico <strong>Køn</strong>. El combo perfecto entre el sonido deep y el techno.&nbsp;Sus sesiones que pueden variar desde el deep más prestigioso y elegante al techno y tech trance, siempre bajo la influencia y el carácter underground. Producciones enfocadas por y para el baile, <em>groove</em>, contundencia, elegancia y ritmo.</p>



<p class="has-text-align-left wp-block-paragraph"><strong>Toki Komori</strong> tiene una pasión innata para crear sonidos que hacían vibrar a la gente. Influenciado por el EBM y el sonido industrial, su estilo abarca desde la world music hasta el techno mas underground.</p>



<p class="has-text-align-left wp-block-paragraph">Con más de veinte años de experiencia en cabina, <strong>James Ruizziani</strong>, es un verdadero apasionado de la música electrónica en su vertiente más underground. Sus sesiones navegan entre el deep y el techno de vanguardia.</p>



<p class="has-text-align-left wp-block-paragraph">El colectivo madrileño <strong>FAMILY BUSINESS</strong> nos trae su particular visión de la música underground. Su apuesta de música electrónica es una opción de puro baile sin concesiones desde primera hora al estilo de la escena del norte de <strong>Europa </strong>o <strong>EEUU</strong>. Unidos por lazos familiares hemos visto como estos valores deben ponerse en valor ya que no están expuestos a las modas. Un concepto cercano, donde las caras conocidas y el buen ambiente sean los protagonistas. Eventos sin pretensiones de fama ni gloria. Familia, amigos, humildad y pasión.</p>
</div>
</div>



<div style="height:100px" aria-hidden="true" class="wp-block-spacer"></div>



<hr class="wp-block-separator has-alpha-channel-opacity is-style-wide"/>



<div style="height:100px" aria-hidden="true" class="wp-block-spacer"></div>


<h2 class="tribe-block__related-events__title">Related Events</h2>

<ul  class="tribe-related-events tribe-clearfix" >
			<li>
	
<div class="tribe-related-events-thumbnail">
	<a href="https://cafelapalma.com/en/programacion/funkin-donuts/" class="url" rel="bookmark" tabindex="-1" aria-hidden="true"><img loading="lazy" decoding="async" width="693" height="1040" src="https://cafelapalma.com/wp-content/uploads/2026/07/FD-vert2-bn-693x1040.jpg" class="attachment-large size-large wp-post-image" alt="" /></a>
</div>
	<div class="tribe-related-event-info">
	<h3 class="tribe-related-events-title">
		<a href="https://cafelapalma.com/en/programacion/funkin-donuts/" class="tribe-event-url" rel="bookmark">
			FUNKIN&#8217; DONUTS		</a>
	</h3>
	<span class="tribe-event-date-start">5  September@22:00</span><span class="tribe-event-time">23:45</span></div>
</li>
			<li>
	
<div class="tribe-related-events-thumbnail">
	<a href="https://cafelapalma.com/en/programacion/backstage-le-petit-truffle-mayo/" class="url" rel="bookmark" tabindex="-1" aria-hidden="true"><img loading="lazy" decoding="async" width="780" height="1040" src="https://cafelapalma.com/wp-content/uploads/2026/07/Imagen-TruffleMayo-LePetit-i-1-780x1040.png" class="attachment-large size-large wp-post-image" alt="" /></a>
</div>
	<div class="tribe-related-event-info">
	<h3 class="tribe-related-events-title">
		<a href="https://cafelapalma.com/en/programacion/backstage-le-petit-truffle-mayo/" class="tribe-event-url" rel="bookmark">
			BACKSTAGE: LE PETIT + TRUFFLE MAYO		</a>
	</h3>
	<span class="tribe-event-date-start">5  September@23:55</span></div>
</li>
			<li>
	
<div class="tribe-related-events-thumbnail">
	<a href="https://cafelapalma.com/en/programacion/willie-deville-concierto-benefico-x-venezuela/" class="url" rel="bookmark" tabindex="-1" aria-hidden="true"><img loading="lazy" decoding="async" width="1020" height="531" src="https://cafelapalma.com/wp-content/uploads/2026/08/Willie-deville-1100x572-1-1040x541.jpg" class="attachment-large size-large wp-post-image" alt="" /></a>
</div>
	<div class="tribe-related-event-info">
	<h3 class="tribe-related-events-title">
		<a href="https://cafelapalma.com/en/programacion/willie-deville-concierto-benefico-x-venezuela/" class="tribe-event-url" rel="bookmark">
			WILLIE DEVILLE: CONCIERTO BENÉFICO X VENEZUELA		</a>
	</h3>
	<span class="tribe-event-date-start">6  September@21:00</span><span class="tribe-event-time">23:45</span></div>
</li>
	</ul>

<p>Tony Side conforma, junto a Freddi Man, el duo electrónico Køn. El combo perfecto entre el sonido deep y el techno.&nbsp;Sus sesiones que pueden variar desde el deep más prestigioso y elegante al techno y tech trance, siempre bajo la influencia y el carácter underground. Producciones enfocadas por y para el baile, groove, contundencia, elegancia &hellip; </p>

Tony Side conforma, junto a Freddi Man, el duo electrónico Køn. El combo perfecto entre el sonido deep y el techno.&nbsp;Sus sesiones que pueden variar desde el deep más prestigioso y elegante al techno y tech trance, siempre bajo la influencia y el carácter underground. Producciones enfocadas por y para el baile, groove, contundencia, elegancia&hellip;
