{"id":26953,"date":"2023-08-04T10:59:02","date_gmt":"2023-08-04T08:59:02","guid":{"rendered":"https:\/\/cafelapalma.com\/?post_type=tribe_events&#038;p=26953"},"modified":"2023-10-07T17:18:31","modified_gmt":"2023-10-07T15:18:31","slug":"aienruta-sherry-fino","status":"publish","type":"tribe_events","link":"https:\/\/cafelapalma.com\/en\/programacion\/aienruta-sherry-fino\/","title":{"rendered":"SHERRY FINO"},"content":{"rendered":"<div  class=\"tribe-events-schedule tribe-clearfix\" >\n\t<p class=\"tribe-events-schedule__datetime\">\n\t\t<span class=\"tribe-events-schedule__date tribe-events-schedule__date--start\">\n\t\t\t06  October  2023\t\t<\/span>\n\n\t\t\t\t\t<span class=\"tribe-events-schedule__separator tribe-events-schedule__separator--date\">\n\t\t\t\t@\t\t\t<\/span>\n\t\t\t<span class=\"tribe-events-schedule__time tribe-events-schedule__time--start\">\n\t\t\t\t22:00\t\t\t<\/span>\n\t\t\n\t\t\t\t\t\t\t\t\t<span class=\"tribe-events-schedule__separator tribe-events-schedule__separator--time\">\n\t\t\t\t\t&#8211;\t\t\t\t<\/span>\n\t\t\t\n\t\t\t\t\t\t\t<span class=\"tribe-events-schedule__time tribe-events-schedule__time--end\">\n\t\t\t\t\t23:45\t\t\t\t<\/span>\n\t\t\t\n\t\t\t\t\t\t<\/p>\n<\/div>\n\n\n<div  class=\"tribe-block tribe-block__event-price\" >\n\t\t\t<span class=\"tribe-block__event-price__cost\"> 12\u20ac <\/span>\n\t\t\t\t<span class=\"tribe-block__event-price__description\">+ gg Anticipada | 15\u20ac Taquilla<\/span>\n\t<\/div>\n\n\n\n<div class=\"wp-block-columns is-layout-flex wp-container-core-columns-is-layout-8f761849 wp-block-columns-is-layout-flex\">\n<div class=\"wp-block-column is-layout-flow wp-block-column-is-layout-flow\" style=\"flex-basis:33.33%\">\n<figure class=\"wp-block-image size-large\"><img loading=\"lazy\" decoding=\"async\" width=\"832\" height=\"1040\" src=\"https:\/\/cafelapalma.com\/wp-content\/uploads\/2023\/10\/SHERRY-FEED-832x1040.jpg\" alt=\"\" class=\"wp-image-27338\" srcset=\"https:\/\/cafelapalma.com\/wp-content\/uploads\/2023\/10\/SHERRY-FEED-832x1040.jpg 832w, https:\/\/cafelapalma.com\/wp-content\/uploads\/2023\/10\/SHERRY-FEED-240x300.jpg 240w, https:\/\/cafelapalma.com\/wp-content\/uploads\/2023\/10\/SHERRY-FEED-768x960.jpg 768w, https:\/\/cafelapalma.com\/wp-content\/uploads\/2023\/10\/SHERRY-FEED-48x60.jpg 48w, https:\/\/cafelapalma.com\/wp-content\/uploads\/2023\/10\/SHERRY-FEED.jpg 864w\" sizes=\"auto, (max-width: 832px) 100vw, 832px\" \/><\/figure>\n\n\n<div  class=\"tribe-block tribe-block__event-website\" >\n\t<a\n\t\thref=\"https:\/\/www.seetickets.com\/es\/event\/sherry-fino\/cafe-la-palma\/2739432\"\n\t\ttarget=\"_self\"\n\t\t\t>\n\t\tBUY TICKETS\t<\/a>\n<\/div>\n<\/div>\n\n\n\n<div class=\"wp-block-column is-layout-flow wp-block-column-is-layout-flow\" style=\"flex-basis:66.66%\">\n<div style=\"height:100px\" aria-hidden=\"true\" class=\"wp-block-spacer\"><\/div>\n\n\n\n<p class=\"has-text-align-left wp-block-paragraph\"><strong>SHERRY FINO<\/strong> presentar\u00e1 su nuevo disco <strong><em>\u201cOlajay\u201d<\/em><\/strong> en un circuito de actuaciones en colaboraci\u00f3n con <strong>AIE<\/strong>.<\/p>\n\n\n\n<p class=\"has-text-align-left wp-block-paragraph\"><strong><em>\u201cOlajay\u201d<\/em><\/strong> es el primer disco de <strong>SHERRY FINO<\/strong>. Este grupo de <strong>Jerez <\/strong>conformado por <strong>Manu Flores<\/strong>, <strong>Aytami <\/strong>y <strong>Quentin Gas<\/strong> ha logrado combinar la pasi\u00f3n y el esp\u00edritu del flamenco con la vibrante energ\u00eda de la electr\u00f3nica, creando un estilo \u00fanico. Ahora podremos disfrutar del primer \u00e1lbum de los jerezanos en un circuito por los principales locales de m\u00fasica en directo del pa\u00eds.<\/p>\n\n\n\n<p class=\"has-text-align-left wp-block-paragraph\">La gira de presentaci\u00f3n de este \u00e1lbum consta de cuatro fechas y formar\u00e1 parte del programa <strong>AIEnRUTa<\/strong>, una iniciativa de <strong>AIE <\/strong>para potenciar la m\u00fasica en directo y acercar los nuevos talentos al p\u00fablico por distintas salas de la geograf\u00eda espa\u00f1ola. <strong>SHERRY FINO<\/strong> ser\u00e1 parte del segundo ciclo de conciertos de <strong>AIE<\/strong>, comprendido de septiembre a diciembre.<\/p>\n<\/div>\n<\/div>\n\n\n\n<div style=\"height:100px\" aria-hidden=\"true\" class=\"wp-block-spacer\"><\/div>\n\n\n\n<hr class=\"wp-block-separator has-alpha-channel-opacity\"\/>\n\n\n\n<div style=\"height:100px\" aria-hidden=\"true\" class=\"wp-block-spacer\"><\/div>\n\n\n<h2 class=\"tribe-block__related-events__title\">Related Events<\/h2>\n\n<ul  class=\"tribe-related-events tribe-clearfix\" >\n\t\t\t<li>\n\t\n<div class=\"tribe-related-events-thumbnail\">\n\t<a href=\"https:\/\/cafelapalma.com\/en\/programacion\/funkin-donuts\/\" class=\"url\" rel=\"bookmark\" tabindex=\"-1\" aria-hidden=\"true\"><img loading=\"lazy\" decoding=\"async\" width=\"693\" height=\"1040\" src=\"https:\/\/cafelapalma.com\/wp-content\/uploads\/2026\/07\/FD-vert2-bn-693x1040.jpg\" class=\"attachment-large size-large wp-post-image\" alt=\"\" \/><\/a>\n<\/div>\n\t<div class=\"tribe-related-event-info\">\n\t<h3 class=\"tribe-related-events-title\">\n\t\t<a href=\"https:\/\/cafelapalma.com\/en\/programacion\/funkin-donuts\/\" class=\"tribe-event-url\" rel=\"bookmark\">\n\t\t\tFUNKIN&#8217; DONUTS\t\t<\/a>\n\t<\/h3>\n\t<span class=\"tribe-event-date-start\">5  September@22:00<\/span><span class=\"tribe-event-time\">23:45<\/span><\/div>\n<\/li>\n\t\t\t<li>\n\t\n<div class=\"tribe-related-events-thumbnail\">\n\t<a href=\"https:\/\/cafelapalma.com\/en\/programacion\/backstage-le-petit-truffle-mayo\/\" class=\"url\" rel=\"bookmark\" tabindex=\"-1\" aria-hidden=\"true\"><img loading=\"lazy\" decoding=\"async\" width=\"780\" height=\"1040\" src=\"https:\/\/cafelapalma.com\/wp-content\/uploads\/2026\/07\/Imagen-TruffleMayo-LePetit-i-1-780x1040.png\" class=\"attachment-large size-large wp-post-image\" alt=\"\" \/><\/a>\n<\/div>\n\t<div class=\"tribe-related-event-info\">\n\t<h3 class=\"tribe-related-events-title\">\n\t\t<a href=\"https:\/\/cafelapalma.com\/en\/programacion\/backstage-le-petit-truffle-mayo\/\" class=\"tribe-event-url\" rel=\"bookmark\">\n\t\t\tBACKSTAGE: LE PETIT + TRUFFLE MAYO\t\t<\/a>\n\t<\/h3>\n\t<span class=\"tribe-event-date-start\">5  September@23:55<\/span><\/div>\n<\/li>\n\t\t\t<li>\n\t\n<div class=\"tribe-related-events-thumbnail\">\n\t<a href=\"https:\/\/cafelapalma.com\/en\/programacion\/willie-deville-concierto-benefico-x-venezuela\/\" class=\"url\" rel=\"bookmark\" tabindex=\"-1\" aria-hidden=\"true\"><img loading=\"lazy\" decoding=\"async\" width=\"1020\" height=\"531\" src=\"https:\/\/cafelapalma.com\/wp-content\/uploads\/2026\/08\/Willie-deville-1100x572-1-1040x541.jpg\" class=\"attachment-large size-large wp-post-image\" alt=\"\" \/><\/a>\n<\/div>\n\t<div class=\"tribe-related-event-info\">\n\t<h3 class=\"tribe-related-events-title\">\n\t\t<a href=\"https:\/\/cafelapalma.com\/en\/programacion\/willie-deville-concierto-benefico-x-venezuela\/\" class=\"tribe-event-url\" rel=\"bookmark\">\n\t\t\tWILLIE DEVILLE: CONCIERTO BEN\u00c9FICO X VENEZUELA\t\t<\/a>\n\t<\/h3>\n\t<span class=\"tribe-event-date-start\">6  September@21:00<\/span><span class=\"tribe-event-time\">23:45<\/span><\/div>\n<\/li>\n\t<\/ul>","protected":false},"excerpt":{"rendered":"<p>SHERRY FINO presentar\u00e1 su nuevo disco \u201cOlajay\u201d en un circuito de actuaciones en colaboraci\u00f3n con AIE. \u201cOlajay\u201d es el primer disco de SHERRY FINO. Este grupo de Jerez conformado por Manu Flores, Aytami y Quentin Gas ha logrado combinar la pasi\u00f3n y el esp\u00edritu del flamenco con la vibrante energ\u00eda de la electr\u00f3nica, creando un &hellip; <\/p>","protected":false},"author":2,"featured_media":26955,"template":"","meta":{"_tec_requires_first_save":false,"_uag_custom_page_level_css":"","loftloader_page_shortcode":"","_EventAllDay":false,"_EventTimezone":"Europe\/Madrid","_EventStartDate":"2023-10-06 22:00:00","_EventEndDate":"2023-10-06 23:45:00","_EventStartDateUTC":"2023-10-06 20:00:00","_EventEndDateUTC":"2023-10-06 21:45:00","_EventShowMap":false,"_EventShowMapLink":false,"_EventURL":"https:\/\/www.seetickets.com\/es\/event\/sherry-fino\/cafe-la-palma\/2739432","_EventCost":"12","_EventCostDescription":"","_EventCurrencySymbol":"\u20ac","_EventCurrencyCode":"USD","_EventCurrencyPosition":"suffix","_EventDateTimeSeparator":"@","_EventTimeRangeSeparator":"-","_EventOrganizerID":[],"_EventVenueID":[0],"_OrganizerEmail":"","_OrganizerPhone":"","_OrganizerWebsite":"","_VenueAddress":"","_VenueCity":"","_VenueCountry":"","_VenueProvince":"","_VenueState":"","_VenueZip":"","_VenuePhone":"","_VenueURL":"","_VenueStateProvince":"","_VenueLat":"","_VenueLng":"","_VenueShowMap":false,"_VenueShowMapLink":false,"_tribe_blocks_recurrence_rules":"","_tribe_blocks_recurrence_description":"","_tribe_blocks_recurrence_exclusions":"","_ecp_custom_2":"","_tribe_events_status":"","_tribe_events_status_reason":"","_tribe_events_is_hybrid":"","_tribe_events_is_virtual":"","_tribe_events_virtual_video_source":"","_tribe_events_virtual_embed_video":"","_tribe_events_virtual_linked_button_text":"","_tribe_events_virtual_linked_button":"","_tribe_events_virtual_show_embed_at":"","_tribe_events_virtual_show_embed_to":[],"_tribe_events_virtual_show_on_event":"","_tribe_events_virtual_show_on_views":"","_tribe_events_virtual_url":"","footnotes":""},"tags":[12332,9813,1363,8869,2865,9147,9146,9455,12049,14084,14082,14087],"tribe_events_cat":[8963],"class_list":["post-26953","tribe_events","type-tribe_events","status-publish","has-post-thumbnail","hentry","tag-aienruta","tag-artistas-en-ruta","tag-cafe-la-palma","tag-cafe-la-palma-2","tag-conciertos-cafe-la-palma","tag-conciertos-madrid","tag-conciertos-malasana","tag-flamenco","tag-jerez","tag-olajay","tag-sherry-fino","tag-taste-the-floor","tribe_events_cat-concierto","cat_concierto"],"uagb_featured_image_src":{"full":["https:\/\/cafelapalma.com\/wp-content\/uploads\/2023\/08\/sherry-fino-vert.jpeg",1133,1700,false],"thumbnail":["https:\/\/cafelapalma.com\/wp-content\/uploads\/2023\/08\/sherry-fino-vert-150x150.jpeg",150,150,true],"medium":["https:\/\/cafelapalma.com\/wp-content\/uploads\/2023\/08\/sherry-fino-vert-200x300.jpeg",200,300,true],"medium_large":["https:\/\/cafelapalma.com\/wp-content\/uploads\/2023\/08\/sherry-fino-vert-768x1152.jpeg",768,1152,true],"large":["https:\/\/cafelapalma.com\/wp-content\/uploads\/2023\/08\/sherry-fino-vert-693x1040.jpeg",693,1040,true],"1536x1536":["https:\/\/cafelapalma.com\/wp-content\/uploads\/2023\/08\/sherry-fino-vert-1024x1536.jpeg",1024,1536,true],"2048x2048":["https:\/\/cafelapalma.com\/wp-content\/uploads\/2023\/08\/sherry-fino-vert.jpeg",1133,1700,false],"trp-custom-language-flag":["https:\/\/cafelapalma.com\/wp-content\/uploads\/2023\/08\/sherry-fino-vert.jpeg",8,12,false],"blossom-feminine-slider":["https:\/\/cafelapalma.com\/wp-content\/uploads\/2023\/08\/sherry-fino-vert-1133x649.jpeg",1133,649,true],"blossom-feminine-featured":["https:\/\/cafelapalma.com\/wp-content\/uploads\/2023\/08\/sherry-fino-vert-1133x600.jpeg",1133,600,true],"blossom-feminine-with-sidebar":["https:\/\/cafelapalma.com\/wp-content\/uploads\/2023\/08\/sherry-fino-vert-1020x600.jpeg",1020,600,true],"blossom-feminine-blog":["https:\/\/cafelapalma.com\/wp-content\/uploads\/2023\/08\/sherry-fino-vert-435x435.jpeg",435,435,true],"blossom-feminine-cat":["https:\/\/cafelapalma.com\/wp-content\/uploads\/2023\/08\/sherry-fino-vert-450x300.jpeg",450,300,true],"blossom-feminine-related":["https:\/\/cafelapalma.com\/wp-content\/uploads\/2023\/08\/sherry-fino-vert-320x200.jpeg",320,200,true],"blossom-feminine-schema":["https:\/\/cafelapalma.com\/wp-content\/uploads\/2023\/08\/sherry-fino-vert-40x60.jpeg",40,60,true]},"uagb_author_info":{"display_name":"Victor","author_link":"https:\/\/cafelapalma.com\/en\/author\/comunicacion\/"},"uagb_comment_info":0,"uagb_excerpt":"SHERRY FINO presentar\u00e1 su nuevo disco \u201cOlajay\u201d en un circuito de actuaciones en colaboraci\u00f3n con AIE. \u201cOlajay\u201d es el primer disco de SHERRY FINO. Este grupo de Jerez conformado por Manu Flores, Aytami y Quentin Gas ha logrado combinar la pasi\u00f3n y el esp\u00edritu del flamenco con la vibrante energ\u00eda de la electr\u00f3nica, creando un&hellip;","_links":{"self":[{"href":"https:\/\/cafelapalma.com\/en\/wp-json\/wp\/v2\/tribe_events\/26953","targetHints":{"allow":["GET"]}}],"collection":[{"href":"https:\/\/cafelapalma.com\/en\/wp-json\/wp\/v2\/tribe_events"}],"about":[{"href":"https:\/\/cafelapalma.com\/en\/wp-json\/wp\/v2\/types\/tribe_events"}],"author":[{"embeddable":true,"href":"https:\/\/cafelapalma.com\/en\/wp-json\/wp\/v2\/users\/2"}],"version-history":[{"count":0,"href":"https:\/\/cafelapalma.com\/en\/wp-json\/wp\/v2\/tribe_events\/26953\/revisions"}],"wp:featuredmedia":[{"embeddable":true,"href":"https:\/\/cafelapalma.com\/en\/wp-json\/wp\/v2\/media\/26955"}],"wp:attachment":[{"href":"https:\/\/cafelapalma.com\/en\/wp-json\/wp\/v2\/media?parent=26953"}],"wp:term":[{"taxonomy":"post_tag","embeddable":true,"href":"https:\/\/cafelapalma.com\/en\/wp-json\/wp\/v2\/tags?post=26953"},{"taxonomy":"tribe_events_cat","embeddable":true,"href":"https:\/\/cafelapalma.com\/en\/wp-json\/wp\/v2\/tribe_events_cat?post=26953"}],"curies":[{"name":"wp","href":"https:\/\/api.w.org\/{rel}","templated":true}]}}

<div  class="tribe-events-schedule tribe-clearfix" >
	<p class="tribe-events-schedule__datetime">
		<span class="tribe-events-schedule__date tribe-events-schedule__date--start">
			06  October  2023		</span>

					<span class="tribe-events-schedule__separator tribe-events-schedule__separator--date">
				@			</span>
			<span class="tribe-events-schedule__time tribe-events-schedule__time--start">
				22:00			</span>
		
									<span class="tribe-events-schedule__separator tribe-events-schedule__separator--time">
					&#8211;				</span>
			
							<span class="tribe-events-schedule__time tribe-events-schedule__time--end">
					23:45				</span>
			
						</p>
</div>


<div  class="tribe-block tribe-block__event-price" >
			<span class="tribe-block__event-price__cost"> 12€ </span>
				<span class="tribe-block__event-price__description">+ gg Anticipada | 15€ Taquilla</span>
	</div>



<div class="wp-block-columns is-layout-flex wp-container-core-columns-is-layout-8f761849 wp-block-columns-is-layout-flex">
<div class="wp-block-column is-layout-flow wp-block-column-is-layout-flow" style="flex-basis:33.33%">
<figure class="wp-block-image size-large"><img loading="lazy" decoding="async" width="832" height="1040" src="https://cafelapalma.com/wp-content/uploads/2023/10/SHERRY-FEED-832x1040.jpg" alt="" class="wp-image-27338" srcset="https://cafelapalma.com/wp-content/uploads/2023/10/SHERRY-FEED-832x1040.jpg 832w, https://cafelapalma.com/wp-content/uploads/2023/10/SHERRY-FEED-240x300.jpg 240w, https://cafelapalma.com/wp-content/uploads/2023/10/SHERRY-FEED-768x960.jpg 768w, https://cafelapalma.com/wp-content/uploads/2023/10/SHERRY-FEED-48x60.jpg 48w, https://cafelapalma.com/wp-content/uploads/2023/10/SHERRY-FEED.jpg 864w" sizes="auto, (max-width: 832px) 100vw, 832px" /></figure>


<div  class="tribe-block tribe-block__event-website" >
	<a
		href="https://www.seetickets.com/es/event/sherry-fino/cafe-la-palma/2739432"
		target="_self"
			>
		BUY TICKETS	</a>
</div>
</div>



<div class="wp-block-column is-layout-flow wp-block-column-is-layout-flow" style="flex-basis:66.66%">
<div style="height:100px" aria-hidden="true" class="wp-block-spacer"></div>



<p class="has-text-align-left wp-block-paragraph"><strong>SHERRY FINO</strong> presentará su nuevo disco <strong><em>“Olajay”</em></strong> en un circuito de actuaciones en colaboración con <strong>AIE</strong>.</p>



<p class="has-text-align-left wp-block-paragraph"><strong><em>“Olajay”</em></strong> es el primer disco de <strong>SHERRY FINO</strong>. Este grupo de <strong>Jerez </strong>conformado por <strong>Manu Flores</strong>, <strong>Aytami </strong>y <strong>Quentin Gas</strong> ha logrado combinar la pasión y el espíritu del flamenco con la vibrante energía de la electrónica, creando un estilo único. Ahora podremos disfrutar del primer álbum de los jerezanos en un circuito por los principales locales de música en directo del país.</p>



<p class="has-text-align-left wp-block-paragraph">La gira de presentación de este álbum consta de cuatro fechas y formará parte del programa <strong>AIEnRUTa</strong>, una iniciativa de <strong>AIE </strong>para potenciar la música en directo y acercar los nuevos talentos al público por distintas salas de la geografía española. <strong>SHERRY FINO</strong> será parte del segundo ciclo de conciertos de <strong>AIE</strong>, comprendido de septiembre a diciembre.</p>
</div>
</div>



<div style="height:100px" aria-hidden="true" class="wp-block-spacer"></div>



<hr class="wp-block-separator has-alpha-channel-opacity"/>



<div style="height:100px" aria-hidden="true" class="wp-block-spacer"></div>


<h2 class="tribe-block__related-events__title">Related Events</h2>

<ul  class="tribe-related-events tribe-clearfix" >
			<li>
	
<div class="tribe-related-events-thumbnail">
	<a href="https://cafelapalma.com/en/programacion/funkin-donuts/" class="url" rel="bookmark" tabindex="-1" aria-hidden="true"><img loading="lazy" decoding="async" width="693" height="1040" src="https://cafelapalma.com/wp-content/uploads/2026/07/FD-vert2-bn-693x1040.jpg" class="attachment-large size-large wp-post-image" alt="" /></a>
</div>
	<div class="tribe-related-event-info">
	<h3 class="tribe-related-events-title">
		<a href="https://cafelapalma.com/en/programacion/funkin-donuts/" class="tribe-event-url" rel="bookmark">
			FUNKIN&#8217; DONUTS		</a>
	</h3>
	<span class="tribe-event-date-start">5  September@22:00</span><span class="tribe-event-time">23:45</span></div>
</li>
			<li>
	
<div class="tribe-related-events-thumbnail">
	<a href="https://cafelapalma.com/en/programacion/backstage-le-petit-truffle-mayo/" class="url" rel="bookmark" tabindex="-1" aria-hidden="true"><img loading="lazy" decoding="async" width="780" height="1040" src="https://cafelapalma.com/wp-content/uploads/2026/07/Imagen-TruffleMayo-LePetit-i-1-780x1040.png" class="attachment-large size-large wp-post-image" alt="" /></a>
</div>
	<div class="tribe-related-event-info">
	<h3 class="tribe-related-events-title">
		<a href="https://cafelapalma.com/en/programacion/backstage-le-petit-truffle-mayo/" class="tribe-event-url" rel="bookmark">
			BACKSTAGE: LE PETIT + TRUFFLE MAYO		</a>
	</h3>
	<span class="tribe-event-date-start">5  September@23:55</span></div>
</li>
			<li>
	
<div class="tribe-related-events-thumbnail">
	<a href="https://cafelapalma.com/en/programacion/willie-deville-concierto-benefico-x-venezuela/" class="url" rel="bookmark" tabindex="-1" aria-hidden="true"><img loading="lazy" decoding="async" width="1020" height="531" src="https://cafelapalma.com/wp-content/uploads/2026/08/Willie-deville-1100x572-1-1040x541.jpg" class="attachment-large size-large wp-post-image" alt="" /></a>
</div>
	<div class="tribe-related-event-info">
	<h3 class="tribe-related-events-title">
		<a href="https://cafelapalma.com/en/programacion/willie-deville-concierto-benefico-x-venezuela/" class="tribe-event-url" rel="bookmark">
			WILLIE DEVILLE: CONCIERTO BENÉFICO X VENEZUELA		</a>
	</h3>
	<span class="tribe-event-date-start">6  September@21:00</span><span class="tribe-event-time">23:45</span></div>
</li>
	</ul>

<p>SHERRY FINO presentará su nuevo disco “Olajay” en un circuito de actuaciones en colaboración con AIE. “Olajay” es el primer disco de SHERRY FINO. Este grupo de Jerez conformado por Manu Flores, Aytami y Quentin Gas ha logrado combinar la pasión y el espíritu del flamenco con la vibrante energía de la electrónica, creando un &hellip; </p>

SHERRY FINO presentará su nuevo disco “Olajay” en un circuito de actuaciones en colaboración con AIE. “Olajay” es el primer disco de SHERRY FINO. Este grupo de Jerez conformado por Manu Flores, Aytami y Quentin Gas ha logrado combinar la pasión y el espíritu del flamenco con la vibrante energía de la electrónica, creando un&hellip;
