{"id":27044,"date":"2023-08-26T10:43:04","date_gmt":"2023-08-26T08:43:04","guid":{"rendered":"https:\/\/cafelapalma.com\/programacion\/insolito-y-singular-vibra-to-copy\/"},"modified":"2023-08-26T10:51:33","modified_gmt":"2023-08-26T08:51:33","slug":"insolito-y-singular-orquesta-reusonica-trio","status":"publish","type":"tribe_events","link":"https:\/\/cafelapalma.com\/en\/programacion\/insolito-y-singular-orquesta-reusonica-trio\/","title":{"rendered":"Ins\u00f3lito &#038; Singular: ORQUESTA REU-S\u00d3NICA (TR\u00cdO)"},"content":{"rendered":"<div  class=\"tribe-events-schedule tribe-clearfix\" >\n\t<p class=\"tribe-events-schedule__datetime\">\n\t\t<span class=\"tribe-events-schedule__date tribe-events-schedule__date--start\">\n\t\t\t22  October  2023\t\t<\/span>\n\n\t\t\t\t\t<span class=\"tribe-events-schedule__separator tribe-events-schedule__separator--date\">\n\t\t\t\t@\t\t\t<\/span>\n\t\t\t<span class=\"tribe-events-schedule__time tribe-events-schedule__time--start\">\n\t\t\t\t20:30\t\t\t<\/span>\n\t\t\n\t\t\t\t\t\t\t\t\t<span class=\"tribe-events-schedule__separator tribe-events-schedule__separator--time\">\n\t\t\t\t\t\t\t\t\t<\/span>\n\t\t\t\n\t\t\t\t\t\t\t<span class=\"tribe-events-schedule__time tribe-events-schedule__time--end\">\n\t\t\t\t\t22:15\t\t\t\t<\/span>\n\t\t\t\n\t\t\t\t\t\t<\/p>\n<\/div>\n\n\n<div  class=\"tribe-block tribe-block__event-price\" >\n\t\t\t<span class=\"tribe-block__event-price__cost\"> 14\u20ac <\/span>\n\t\t\t\t<span class=\"tribe-block__event-price__description\">+ gg Anticipada | 16\u20ac Taquilla<\/span>\n\t<\/div>\n\n\n\n<div style=\"height:100px\" aria-hidden=\"true\" class=\"wp-block-spacer\"><\/div>\n\n\n\n<div class=\"wp-block-columns is-layout-flex wp-container-core-columns-is-layout-8f761849 wp-block-columns-is-layout-flex\">\n<div class=\"wp-block-column is-layout-flow wp-block-column-is-layout-flow\" style=\"flex-basis:33.33%\">\n<figure class=\"wp-block-image size-large\"><img loading=\"lazy\" decoding=\"async\" width=\"744\" height=\"1040\" src=\"https:\/\/cafelapalma.com\/wp-content\/uploads\/2023\/08\/REUSONICAA3-744x1040.jpg\" alt=\"\" class=\"wp-image-27046\" srcset=\"https:\/\/cafelapalma.com\/wp-content\/uploads\/2023\/08\/REUSONICAA3-744x1040.jpg 744w, https:\/\/cafelapalma.com\/wp-content\/uploads\/2023\/08\/REUSONICAA3-215x300.jpg 215w, https:\/\/cafelapalma.com\/wp-content\/uploads\/2023\/08\/REUSONICAA3-768x1074.jpg 768w, https:\/\/cafelapalma.com\/wp-content\/uploads\/2023\/08\/REUSONICAA3-1099x1536.jpg 1099w, https:\/\/cafelapalma.com\/wp-content\/uploads\/2023\/08\/REUSONICAA3-1465x2048.jpg 1465w, https:\/\/cafelapalma.com\/wp-content\/uploads\/2023\/08\/REUSONICAA3-43x60.jpg 43w, https:\/\/cafelapalma.com\/wp-content\/uploads\/2023\/08\/REUSONICAA3.jpg 1793w\" sizes=\"auto, (max-width: 744px) 100vw, 744px\" \/><\/figure>\n\n\n<div  class=\"tribe-block tribe-block__event-website\" >\n\t<a\n\t\thref=\"https:\/\/www.passline.com\/eventos\/insolito-singular-orquesta-reusonica-trio\"\n\t\ttarget=\"_self\"\n\t\t\t>\n\t\tBUY TICKETS\t<\/a>\n<\/div>\n<\/div>\n\n\n\n<div class=\"wp-block-column is-layout-flow wp-block-column-is-layout-flow\" style=\"flex-basis:66.66%\">\n<p class=\"has-text-align-left wp-block-paragraph\">En 2019, el m\u00fasico y creativo italiano <strong>Rocco Papia<\/strong> lleva a cabo una gira en las playas de Pa\u00eds Vasco en la que recoge y transforma en instrumentos musicales los residuos que el oc\u00e9ano deposita en las orillas y acantilados. As\u00ed se forma por la primera vez la <strong>ORQUESTA REU-S\u00d3NICA<\/strong> (Reuse\/Reutilizaci\u00f3n-Sonic\/Sonora), un ensamble de gran calidad musical y performativa que re\u00fane m\u00fasicos de referencia en el campo de la luther\u00eda ins\u00f3lita y creativa.<\/p>\n\n\n\n<p class=\"has-text-align-left wp-block-paragraph\"><strong>ORT<\/strong> presenta un concierto de m\u00fasicas del mundo y jazz donde composiciones originales se alternan con temas populares de la pen\u00ednsula ib\u00e9rica, el mediterr\u00e1neo y Sudam\u00e9rica, transportando al espectador en un viaje de sonidos e historias que toman vida de los objetos y materiales de sus ins\u00f3litos instrumentos. Tres m\u00fasicos que soplan una silla o una rueda de bicicleta, que tocan una tabla de de surf con cuerdas, que hacen percusi\u00f3n con una maleta o con balas de vidrio&#8230;<\/p>\n\n\n\n<p class=\"has-text-align-left wp-block-paragraph\">M\u00fasica, ecolog\u00eda y creatividad se unen en un concepto \u00fanico y fascinante, sensibilizando al respetable sobre sustentabilidad en un espect\u00e1culo que sorprende a todos los p\u00fablicos.<\/p>\n\n\n\n<p class=\"has-text-align-left wp-block-paragraph\"><strong>INS\u00d3LITO &amp; SINGULAR<\/strong> es un nuevo ciclo de conciertos que nace para cubrir la necesidad org\u00e1nica de lo exclusivo, de lo verdadera y genuinamente novedoso, el imaginario de lo inexistente, aquello que conforma la excepci\u00f3n de la excepci\u00f3n. No solo es muy dif\u00edcil que veas propuestas similares en directo&#8230; es que muchas de ellas son pr\u00e1cticamente \u00fanicas en el mundo.<\/p>\n<\/div>\n<\/div>\n\n\n\n<div style=\"height:100px\" aria-hidden=\"true\" class=\"wp-block-spacer\"><\/div>\n\n\n\n<hr class=\"wp-block-separator has-alpha-channel-opacity\"\/>\n\n\n\n<div style=\"height:100px\" aria-hidden=\"true\" class=\"wp-block-spacer\"><\/div>\n\n\n<h2 class=\"tribe-block__related-events__title\">Related Events<\/h2>\n\n<ul  class=\"tribe-related-events tribe-clearfix\" >\n\t\t\t<li>\n\t\n<div class=\"tribe-related-events-thumbnail\">\n\t<a href=\"https:\/\/cafelapalma.com\/en\/programacion\/funkin-donuts\/\" class=\"url\" rel=\"bookmark\" tabindex=\"-1\" aria-hidden=\"true\"><img loading=\"lazy\" decoding=\"async\" width=\"693\" height=\"1040\" src=\"https:\/\/cafelapalma.com\/wp-content\/uploads\/2026\/07\/FD-vert2-bn-693x1040.jpg\" class=\"attachment-large size-large wp-post-image\" alt=\"\" \/><\/a>\n<\/div>\n\t<div class=\"tribe-related-event-info\">\n\t<h3 class=\"tribe-related-events-title\">\n\t\t<a href=\"https:\/\/cafelapalma.com\/en\/programacion\/funkin-donuts\/\" class=\"tribe-event-url\" rel=\"bookmark\">\n\t\t\tFUNKIN&#8217; DONUTS\t\t<\/a>\n\t<\/h3>\n\t<span class=\"tribe-event-date-start\">5  September@22:00<\/span><span class=\"tribe-event-time\">23:45<\/span><\/div>\n<\/li>\n\t\t\t<li>\n\t\n<div class=\"tribe-related-events-thumbnail\">\n\t<a href=\"https:\/\/cafelapalma.com\/en\/programacion\/backstage-le-petit-truffle-mayo\/\" class=\"url\" rel=\"bookmark\" tabindex=\"-1\" aria-hidden=\"true\"><img loading=\"lazy\" decoding=\"async\" width=\"780\" height=\"1040\" src=\"https:\/\/cafelapalma.com\/wp-content\/uploads\/2026\/07\/Imagen-TruffleMayo-LePetit-i-1-780x1040.png\" class=\"attachment-large size-large wp-post-image\" alt=\"\" \/><\/a>\n<\/div>\n\t<div class=\"tribe-related-event-info\">\n\t<h3 class=\"tribe-related-events-title\">\n\t\t<a href=\"https:\/\/cafelapalma.com\/en\/programacion\/backstage-le-petit-truffle-mayo\/\" class=\"tribe-event-url\" rel=\"bookmark\">\n\t\t\tBACKSTAGE: LE PETIT + TRUFFLE MAYO\t\t<\/a>\n\t<\/h3>\n\t<span class=\"tribe-event-date-start\">5  September@23:55<\/span><\/div>\n<\/li>\n\t\t\t<li>\n\t\n<div class=\"tribe-related-events-thumbnail\">\n\t<a href=\"https:\/\/cafelapalma.com\/en\/programacion\/willie-deville-concierto-benefico-x-venezuela\/\" class=\"url\" rel=\"bookmark\" tabindex=\"-1\" aria-hidden=\"true\"><img loading=\"lazy\" decoding=\"async\" width=\"1020\" height=\"531\" src=\"https:\/\/cafelapalma.com\/wp-content\/uploads\/2026\/08\/Willie-deville-1100x572-1-1040x541.jpg\" class=\"attachment-large size-large wp-post-image\" alt=\"\" \/><\/a>\n<\/div>\n\t<div class=\"tribe-related-event-info\">\n\t<h3 class=\"tribe-related-events-title\">\n\t\t<a href=\"https:\/\/cafelapalma.com\/en\/programacion\/willie-deville-concierto-benefico-x-venezuela\/\" class=\"tribe-event-url\" rel=\"bookmark\">\n\t\t\tWILLIE DEVILLE: CONCIERTO BEN\u00c9FICO X VENEZUELA\t\t<\/a>\n\t<\/h3>\n\t<span class=\"tribe-event-date-start\">6  September@21:00<\/span><span class=\"tribe-event-time\">23:45<\/span><\/div>\n<\/li>\n\t<\/ul>","protected":false},"excerpt":{"rendered":"<p>En 2019, el m\u00fasico y creativo italiano Rocco Papia lleva a cabo una gira en las playas de Pa\u00eds Vasco en la que recoge y transforma en instrumentos musicales los residuos que el oc\u00e9ano deposita en las orillas y acantilados. As\u00ed se forma por la primera vez la ORQUESTA REU-S\u00d3NICA (Reuse\/Reutilizaci\u00f3n-Sonic\/Sonora), un ensamble de gran &hellip; <\/p>","protected":false},"author":2,"featured_media":27047,"template":"","meta":{"_tec_requires_first_save":false,"_uag_custom_page_level_css":"","loftloader_page_shortcode":"","_EventAllDay":false,"_EventTimezone":"Europe\/Madrid","_EventStartDate":"2023-10-22 20:30:00","_EventEndDate":"2023-10-22 22:15:00","_EventStartDateUTC":"2023-10-22 18:30:00","_EventEndDateUTC":"2023-10-22 20:15:00","_EventShowMap":false,"_EventShowMapLink":false,"_EventURL":"https:\/\/www.passline.com\/eventos\/insolito-singular-orquesta-reusonica-trio","_EventCost":"14","_EventCostDescription":"","_EventCurrencySymbol":"","_EventCurrencyCode":"","_EventCurrencyPosition":"","_EventDateTimeSeparator":"","_EventTimeRangeSeparator":"","_EventOrganizerID":[],"_EventVenueID":[],"_OrganizerEmail":"","_OrganizerPhone":"","_OrganizerWebsite":"","_VenueAddress":"","_VenueCity":"","_VenueCountry":"","_VenueProvince":"","_VenueState":"","_VenueZip":"","_VenuePhone":"","_VenueURL":"","_VenueStateProvince":"","_VenueLat":"","_VenueLng":"","_VenueShowMap":false,"_VenueShowMapLink":false,"_tribe_blocks_recurrence_rules":"","_tribe_blocks_recurrence_description":"","_tribe_blocks_recurrence_exclusions":"","_ecp_custom_2":"","_tribe_events_status":"","_tribe_events_status_reason":"","_tribe_events_is_hybrid":"","_tribe_events_is_virtual":"","_tribe_events_virtual_video_source":"","_tribe_events_virtual_embed_video":"","_tribe_events_virtual_linked_button_text":"","_tribe_events_virtual_linked_button":"","_tribe_events_virtual_show_embed_at":"","_tribe_events_virtual_show_embed_to":[],"_tribe_events_virtual_show_on_event":"","_tribe_events_virtual_show_on_views":"","_tribe_events_virtual_url":"","footnotes":""},"tags":[1363,14151,2865,9147,9146,14125,14127,14126,13535,14116,14148,14150,14149],"tribe_events_cat":[8963],"class_list":["post-27044","tribe_events","type-tribe_events","status-publish","has-post-thumbnail","hentry","tag-cafe-la-palma","tag-catalunya","tag-conciertos-cafe-la-palma","tag-conciertos-madrid","tag-conciertos-malasana","tag-diego-galaz","tag-festival-de-instrumentos-insolitos","tag-festival-musica","tag-festivales","tag-insolito-singular","tag-orquesta-reusonica","tag-ort","tag-rocco-papia","tribe_events_cat-concierto","cat_concierto"],"uagb_featured_image_src":{"full":["https:\/\/cafelapalma.com\/wp-content\/uploads\/2023\/08\/REU-VERT.jpg",805,1208,false],"thumbnail":["https:\/\/cafelapalma.com\/wp-content\/uploads\/2023\/08\/REU-VERT-150x150.jpg",150,150,true],"medium":["https:\/\/cafelapalma.com\/wp-content\/uploads\/2023\/08\/REU-VERT-200x300.jpg",200,300,true],"medium_large":["https:\/\/cafelapalma.com\/wp-content\/uploads\/2023\/08\/REU-VERT-768x1152.jpg",768,1152,true],"large":["https:\/\/cafelapalma.com\/wp-content\/uploads\/2023\/08\/REU-VERT-693x1040.jpg",693,1040,true],"1536x1536":["https:\/\/cafelapalma.com\/wp-content\/uploads\/2023\/08\/REU-VERT.jpg",805,1208,false],"2048x2048":["https:\/\/cafelapalma.com\/wp-content\/uploads\/2023\/08\/REU-VERT.jpg",805,1208,false],"trp-custom-language-flag":["https:\/\/cafelapalma.com\/wp-content\/uploads\/2023\/08\/REU-VERT.jpg",8,12,false],"blossom-feminine-slider":["https:\/\/cafelapalma.com\/wp-content\/uploads\/2023\/08\/REU-VERT-805x649.jpg",805,649,true],"blossom-feminine-featured":["https:\/\/cafelapalma.com\/wp-content\/uploads\/2023\/08\/REU-VERT-805x600.jpg",805,600,true],"blossom-feminine-with-sidebar":["https:\/\/cafelapalma.com\/wp-content\/uploads\/2023\/08\/REU-VERT-805x600.jpg",805,600,true],"blossom-feminine-blog":["https:\/\/cafelapalma.com\/wp-content\/uploads\/2023\/08\/REU-VERT-435x435.jpg",435,435,true],"blossom-feminine-cat":["https:\/\/cafelapalma.com\/wp-content\/uploads\/2023\/08\/REU-VERT-450x300.jpg",450,300,true],"blossom-feminine-related":["https:\/\/cafelapalma.com\/wp-content\/uploads\/2023\/08\/REU-VERT-320x200.jpg",320,200,true],"blossom-feminine-schema":["https:\/\/cafelapalma.com\/wp-content\/uploads\/2023\/08\/REU-VERT-40x60.jpg",40,60,true]},"uagb_author_info":{"display_name":"Victor","author_link":"https:\/\/cafelapalma.com\/en\/author\/comunicacion\/"},"uagb_comment_info":0,"uagb_excerpt":"En 2019, el m\u00fasico y creativo italiano Rocco Papia lleva a cabo una gira en las playas de Pa\u00eds Vasco en la que recoge y transforma en instrumentos musicales los residuos que el oc\u00e9ano deposita en las orillas y acantilados. As\u00ed se forma por la primera vez la ORQUESTA REU-S\u00d3NICA (Reuse\/Reutilizaci\u00f3n-Sonic\/Sonora), un ensamble de gran&hellip;","_links":{"self":[{"href":"https:\/\/cafelapalma.com\/en\/wp-json\/wp\/v2\/tribe_events\/27044","targetHints":{"allow":["GET"]}}],"collection":[{"href":"https:\/\/cafelapalma.com\/en\/wp-json\/wp\/v2\/tribe_events"}],"about":[{"href":"https:\/\/cafelapalma.com\/en\/wp-json\/wp\/v2\/types\/tribe_events"}],"author":[{"embeddable":true,"href":"https:\/\/cafelapalma.com\/en\/wp-json\/wp\/v2\/users\/2"}],"version-history":[{"count":0,"href":"https:\/\/cafelapalma.com\/en\/wp-json\/wp\/v2\/tribe_events\/27044\/revisions"}],"wp:featuredmedia":[{"embeddable":true,"href":"https:\/\/cafelapalma.com\/en\/wp-json\/wp\/v2\/media\/27047"}],"wp:attachment":[{"href":"https:\/\/cafelapalma.com\/en\/wp-json\/wp\/v2\/media?parent=27044"}],"wp:term":[{"taxonomy":"post_tag","embeddable":true,"href":"https:\/\/cafelapalma.com\/en\/wp-json\/wp\/v2\/tags?post=27044"},{"taxonomy":"tribe_events_cat","embeddable":true,"href":"https:\/\/cafelapalma.com\/en\/wp-json\/wp\/v2\/tribe_events_cat?post=27044"}],"curies":[{"name":"wp","href":"https:\/\/api.w.org\/{rel}","templated":true}]}}

Insólito &#038; Singular: ORQUESTA REU-SÓNICA (TRÍO)

<div  class="tribe-events-schedule tribe-clearfix" >
	<p class="tribe-events-schedule__datetime">
		<span class="tribe-events-schedule__date tribe-events-schedule__date--start">
			22  October  2023		</span>

					<span class="tribe-events-schedule__separator tribe-events-schedule__separator--date">
				@			</span>
			<span class="tribe-events-schedule__time tribe-events-schedule__time--start">
				20:30			</span>
		
									<span class="tribe-events-schedule__separator tribe-events-schedule__separator--time">
									</span>
			
							<span class="tribe-events-schedule__time tribe-events-schedule__time--end">
					22:15				</span>
			
						</p>
</div>


<div  class="tribe-block tribe-block__event-price" >
			<span class="tribe-block__event-price__cost"> 14€ </span>
				<span class="tribe-block__event-price__description">+ gg Anticipada | 16€ Taquilla</span>
	</div>



<div style="height:100px" aria-hidden="true" class="wp-block-spacer"></div>



<div class="wp-block-columns is-layout-flex wp-container-core-columns-is-layout-8f761849 wp-block-columns-is-layout-flex">
<div class="wp-block-column is-layout-flow wp-block-column-is-layout-flow" style="flex-basis:33.33%">
<figure class="wp-block-image size-large"><img loading="lazy" decoding="async" width="744" height="1040" src="https://cafelapalma.com/wp-content/uploads/2023/08/REUSONICAA3-744x1040.jpg" alt="" class="wp-image-27046" srcset="https://cafelapalma.com/wp-content/uploads/2023/08/REUSONICAA3-744x1040.jpg 744w, https://cafelapalma.com/wp-content/uploads/2023/08/REUSONICAA3-215x300.jpg 215w, https://cafelapalma.com/wp-content/uploads/2023/08/REUSONICAA3-768x1074.jpg 768w, https://cafelapalma.com/wp-content/uploads/2023/08/REUSONICAA3-1099x1536.jpg 1099w, https://cafelapalma.com/wp-content/uploads/2023/08/REUSONICAA3-1465x2048.jpg 1465w, https://cafelapalma.com/wp-content/uploads/2023/08/REUSONICAA3-43x60.jpg 43w, https://cafelapalma.com/wp-content/uploads/2023/08/REUSONICAA3.jpg 1793w" sizes="auto, (max-width: 744px) 100vw, 744px" /></figure>


<div  class="tribe-block tribe-block__event-website" >
	<a
		href="https://www.passline.com/eventos/insolito-singular-orquesta-reusonica-trio"
		target="_self"
			>
		BUY TICKETS	</a>
</div>
</div>



<div class="wp-block-column is-layout-flow wp-block-column-is-layout-flow" style="flex-basis:66.66%">
<p class="has-text-align-left wp-block-paragraph">En 2019, el músico y creativo italiano <strong>Rocco Papia</strong> lleva a cabo una gira en las playas de País Vasco en la que recoge y transforma en instrumentos musicales los residuos que el océano deposita en las orillas y acantilados. Así se forma por la primera vez la <strong>ORQUESTA REU-SÓNICA</strong> (Reuse/Reutilización-Sonic/Sonora), un ensamble de gran calidad musical y performativa que reúne músicos de referencia en el campo de la luthería insólita y creativa.</p>



<p class="has-text-align-left wp-block-paragraph"><strong>ORT</strong> presenta un concierto de músicas del mundo y jazz donde composiciones originales se alternan con temas populares de la península ibérica, el mediterráneo y Sudamérica, transportando al espectador en un viaje de sonidos e historias que toman vida de los objetos y materiales de sus insólitos instrumentos. Tres músicos que soplan una silla o una rueda de bicicleta, que tocan una tabla de de surf con cuerdas, que hacen percusión con una maleta o con balas de vidrio&#8230;</p>



<p class="has-text-align-left wp-block-paragraph">Música, ecología y creatividad se unen en un concepto único y fascinante, sensibilizando al respetable sobre sustentabilidad en un espectáculo que sorprende a todos los públicos.</p>



<p class="has-text-align-left wp-block-paragraph"><strong>INSÓLITO &amp; SINGULAR</strong> es un nuevo ciclo de conciertos que nace para cubrir la necesidad orgánica de lo exclusivo, de lo verdadera y genuinamente novedoso, el imaginario de lo inexistente, aquello que conforma la excepción de la excepción. No solo es muy difícil que veas propuestas similares en directo&#8230; es que muchas de ellas son prácticamente únicas en el mundo.</p>
</div>
</div>



<div style="height:100px" aria-hidden="true" class="wp-block-spacer"></div>



<hr class="wp-block-separator has-alpha-channel-opacity"/>



<div style="height:100px" aria-hidden="true" class="wp-block-spacer"></div>


<h2 class="tribe-block__related-events__title">Related Events</h2>

<ul  class="tribe-related-events tribe-clearfix" >
			<li>
	
<div class="tribe-related-events-thumbnail">
	<a href="https://cafelapalma.com/en/programacion/funkin-donuts/" class="url" rel="bookmark" tabindex="-1" aria-hidden="true"><img loading="lazy" decoding="async" width="693" height="1040" src="https://cafelapalma.com/wp-content/uploads/2026/07/FD-vert2-bn-693x1040.jpg" class="attachment-large size-large wp-post-image" alt="" /></a>
</div>
	<div class="tribe-related-event-info">
	<h3 class="tribe-related-events-title">
		<a href="https://cafelapalma.com/en/programacion/funkin-donuts/" class="tribe-event-url" rel="bookmark">
			FUNKIN&#8217; DONUTS		</a>
	</h3>
	<span class="tribe-event-date-start">5  September@22:00</span><span class="tribe-event-time">23:45</span></div>
</li>
			<li>
	
<div class="tribe-related-events-thumbnail">
	<a href="https://cafelapalma.com/en/programacion/backstage-le-petit-truffle-mayo/" class="url" rel="bookmark" tabindex="-1" aria-hidden="true"><img loading="lazy" decoding="async" width="780" height="1040" src="https://cafelapalma.com/wp-content/uploads/2026/07/Imagen-TruffleMayo-LePetit-i-1-780x1040.png" class="attachment-large size-large wp-post-image" alt="" /></a>
</div>
	<div class="tribe-related-event-info">
	<h3 class="tribe-related-events-title">
		<a href="https://cafelapalma.com/en/programacion/backstage-le-petit-truffle-mayo/" class="tribe-event-url" rel="bookmark">
			BACKSTAGE: LE PETIT + TRUFFLE MAYO		</a>
	</h3>
	<span class="tribe-event-date-start">5  September@23:55</span></div>
</li>
			<li>
	
<div class="tribe-related-events-thumbnail">
	<a href="https://cafelapalma.com/en/programacion/willie-deville-concierto-benefico-x-venezuela/" class="url" rel="bookmark" tabindex="-1" aria-hidden="true"><img loading="lazy" decoding="async" width="1020" height="531" src="https://cafelapalma.com/wp-content/uploads/2026/08/Willie-deville-1100x572-1-1040x541.jpg" class="attachment-large size-large wp-post-image" alt="" /></a>
</div>
	<div class="tribe-related-event-info">
	<h3 class="tribe-related-events-title">
		<a href="https://cafelapalma.com/en/programacion/willie-deville-concierto-benefico-x-venezuela/" class="tribe-event-url" rel="bookmark">
			WILLIE DEVILLE: CONCIERTO BENÉFICO X VENEZUELA		</a>
	</h3>
	<span class="tribe-event-date-start">6  September@21:00</span><span class="tribe-event-time">23:45</span></div>
</li>
	</ul>

<p>En 2019, el músico y creativo italiano Rocco Papia lleva a cabo una gira en las playas de País Vasco en la que recoge y transforma en instrumentos musicales los residuos que el océano deposita en las orillas y acantilados. Así se forma por la primera vez la ORQUESTA REU-SÓNICA (Reuse/Reutilización-Sonic/Sonora), un ensamble de gran &hellip; </p>

En 2019, el músico y creativo italiano Rocco Papia lleva a cabo una gira en las playas de País Vasco en la que recoge y transforma en instrumentos musicales los residuos que el océano deposita en las orillas y acantilados. Así se forma por la primera vez la ORQUESTA REU-SÓNICA (Reuse/Reutilización-Sonic/Sonora), un ensamble de gran&hellip;
