{"id":27082,"date":"2023-09-07T15:06:33","date_gmt":"2023-09-07T13:06:33","guid":{"rendered":"https:\/\/cafelapalma.com\/?post_type=tribe_events&#038;p=27082"},"modified":"2023-09-07T15:07:34","modified_gmt":"2023-09-07T13:07:34","slug":"moments-festival-yovoy-thatcrooner","status":"publish","type":"tribe_events","link":"https:\/\/cafelapalma.com\/en\/programacion\/moments-festival-yovoy-thatcrooner\/","title":{"rendered":"MOMENTS FESTIVAL: YOVOY + THATCROONER"},"content":{"rendered":"<div  class=\"tribe-events-schedule tribe-clearfix\" >\n\t<p class=\"tribe-events-schedule__datetime\">\n\t\t<span class=\"tribe-events-schedule__date tribe-events-schedule__date--start\">\n\t\t\t22  November  2023\t\t<\/span>\n\n\t\t\t\t\t<span class=\"tribe-events-schedule__separator tribe-events-schedule__separator--date\">\n\t\t\t\t@\t\t\t<\/span>\n\t\t\t<span class=\"tribe-events-schedule__time tribe-events-schedule__time--start\">\n\t\t\t\t21:00\t\t\t<\/span>\n\t\t\n\t\t\t\t\t\t\t\t\t<span class=\"tribe-events-schedule__separator tribe-events-schedule__separator--time\">\n\t\t\t\t\t&#8211;\t\t\t\t<\/span>\n\t\t\t\n\t\t\t\t\t\t\t<span class=\"tribe-events-schedule__time tribe-events-schedule__time--end\">\n\t\t\t\t\t23:45\t\t\t\t<\/span>\n\t\t\t\n\t\t\t\t\t\t<\/p>\n<\/div>\n\n\n<div  class=\"tribe-block tribe-block__event-price\" >\n\t\t\t<span class=\"tribe-block__event-price__cost\"> 10\u20ac <\/span>\n\t\t\t\t<span class=\"tribe-block__event-price__description\">Anticipada | 14\u20ac Taquilla<\/span>\n\t<\/div>\n\n\n\n<div style=\"height:100px\" aria-hidden=\"true\" class=\"wp-block-spacer\"><\/div>\n\n\n\n<div class=\"wp-block-columns is-layout-flex wp-container-core-columns-is-layout-8f761849 wp-block-columns-is-layout-flex\">\n<div class=\"wp-block-column is-layout-flow wp-block-column-is-layout-flow\" style=\"flex-basis:33.33%\">\n<figure class=\"wp-block-image size-full\"><img loading=\"lazy\" decoding=\"async\" width=\"2122\" height=\"3000\" src=\"https:\/\/cafelapalma.com\/wp-content\/uploads\/2023\/09\/MOMENTS-A3-scaled.jpg\" alt=\"\" class=\"wp-image-27083\" srcset=\"https:\/\/cafelapalma.com\/wp-content\/uploads\/2023\/09\/MOMENTS-A3-scaled.jpg 2122w, https:\/\/cafelapalma.com\/wp-content\/uploads\/2023\/09\/MOMENTS-A3-212x300.jpg 212w\" sizes=\"auto, (max-width: 2122px) 100vw, 2122px\" \/><\/figure>\n\n\n<div  class=\"tribe-block tribe-block__event-website\" >\n\t<a\n\t\thref=\"https:\/\/dice.fm\/event\/64e9d27422d2a100018f0dee\"\n\t\ttarget=\"_self\"\n\t\t\t>\n\t\tBUY TICKETS\t<\/a>\n<\/div>\n<\/div>\n\n\n\n<div class=\"wp-block-column is-layout-flow wp-block-column-is-layout-flow\" style=\"flex-basis:66.66%\">\n<p class=\"has-text-align-left wp-block-paragraph\"><strong>YoVoy <\/strong>nace all\u00e1 por 2017, cuando unos viejos amigos y conocidos comenzaron a juntarse en casa para poner en com\u00fan acorde y riffs que ten\u00edan por ah\u00ed en un ba\u00fal. Todos ven\u00edan de a\u00f1os en la escena underground local, ll\u00e1mese punk, hardcore o lo que sea. A pesar de los rumores, es falso que estuvieran esperando a que llegara una pandemia para mostrarse al mundo, simplemente ocurri\u00f3 as\u00ed. Tras el apocalipsis zombie, siguieron componiendo nuevas tonadas hasta completar el repertorio actual de diez temas sin ninguna versi\u00f3n. En ellas hablan de lo divino y lo humano, el paso del tiempo, los miedos, la ciudad y sus devenires, y el amor\/desamor. Todo ello bajo el paraguas musical del post-rock urbano, del que son orgulloso estandarte.<\/p>\n\n\n\n<p class=\"has-text-align-left wp-block-paragraph\"><strong>THAT CROONER<\/strong> es el engendro musical de <strong>Al Da Tosta<\/strong>, tambi\u00e9n conocido como <em>el Panda Latino<\/em>. Este proyecto nacido de la idea de poder crear m\u00fasica improvisada utilizando \u00fanicamente la voz y apoy\u00e1ndose en tecnolog\u00eda, es lo que ha dado en llamar <em>vocaltronica<\/em>. Un sonido inspirado en el <em>beatboxing<\/em>, la m\u00fasica vocal y la m\u00fasica electr\u00f3nica. En su directo, todo lo que escuchas es creado de forma improvisada justo en el momento, y ejecutado sin secuencias pregrabadas de ning\u00fan tipo. <strong>That Crooner<\/strong>, se inspira en otros artistas como <strong>Beardyman<\/strong>, <strong>Tim Exile<\/strong> o <strong>Mike Patton<\/strong> entre otros.<\/p>\n\n\n\n<p class=\"has-text-align-left wp-block-paragraph\"><strong>MOMENTS <\/strong>es Un festival que surge de la vocaci\u00f3n DIY de un grupo de amigos y que tiene como objetivo inspirar, reivindicar y difundir&nbsp;unas propuestas que habitualmente huyen de la establecido y que tienen poca cabida en los centros culturales, educativos y otros espacios art\u00edsticos de nuestro territorio, y que son 100% aut\u00e9nticas y fascinantes. Un espacio donde gente inquieta y amante de las culturas populares y contempor\u00e1neas crean proyectos culturales y art\u00edsticos, producciones creativas, experiencias culturales y metodolog\u00edas de investigaci\u00f3n-acci\u00f3n.<\/p>\n<\/div>\n<\/div>\n\n\n\n<div style=\"height:100px\" aria-hidden=\"true\" class=\"wp-block-spacer\"><\/div>\n\n\n\n<hr class=\"wp-block-separator has-alpha-channel-opacity\"\/>\n\n\n\n<div style=\"height:100px\" aria-hidden=\"true\" class=\"wp-block-spacer\"><\/div>\n\n\n<h2 class=\"tribe-block__related-events__title\">Related Events<\/h2>\n\n<ul  class=\"tribe-related-events tribe-clearfix\" >\n\t\t\t<li>\n\t\n<div class=\"tribe-related-events-thumbnail\">\n\t<a href=\"https:\/\/cafelapalma.com\/en\/programacion\/funkin-donuts\/\" class=\"url\" rel=\"bookmark\" tabindex=\"-1\" aria-hidden=\"true\"><img loading=\"lazy\" decoding=\"async\" width=\"693\" height=\"1040\" src=\"https:\/\/cafelapalma.com\/wp-content\/uploads\/2026\/07\/FD-vert2-bn-693x1040.jpg\" class=\"attachment-large size-large wp-post-image\" alt=\"\" \/><\/a>\n<\/div>\n\t<div class=\"tribe-related-event-info\">\n\t<h3 class=\"tribe-related-events-title\">\n\t\t<a href=\"https:\/\/cafelapalma.com\/en\/programacion\/funkin-donuts\/\" class=\"tribe-event-url\" rel=\"bookmark\">\n\t\t\tFUNKIN&#8217; DONUTS\t\t<\/a>\n\t<\/h3>\n\t<span class=\"tribe-event-date-start\">5  September@22:00<\/span><span class=\"tribe-event-time\">23:45<\/span><\/div>\n<\/li>\n\t\t\t<li>\n\t\n<div class=\"tribe-related-events-thumbnail\">\n\t<a href=\"https:\/\/cafelapalma.com\/en\/programacion\/willie-deville-concierto-benefico-x-venezuela\/\" class=\"url\" rel=\"bookmark\" tabindex=\"-1\" aria-hidden=\"true\"><img loading=\"lazy\" decoding=\"async\" width=\"1020\" height=\"531\" src=\"https:\/\/cafelapalma.com\/wp-content\/uploads\/2026\/08\/Willie-deville-1100x572-1-1040x541.jpg\" class=\"attachment-large size-large wp-post-image\" alt=\"\" \/><\/a>\n<\/div>\n\t<div class=\"tribe-related-event-info\">\n\t<h3 class=\"tribe-related-events-title\">\n\t\t<a href=\"https:\/\/cafelapalma.com\/en\/programacion\/willie-deville-concierto-benefico-x-venezuela\/\" class=\"tribe-event-url\" rel=\"bookmark\">\n\t\t\tWILLIE DEVILLE: CONCIERTO BEN\u00c9FICO X VENEZUELA\t\t<\/a>\n\t<\/h3>\n\t<span class=\"tribe-event-date-start\">6  September@21:00<\/span><span class=\"tribe-event-time\">23:45<\/span><\/div>\n<\/li>\n\t\t\t<li>\n\t\n<div class=\"tribe-related-events-thumbnail\">\n\t<a href=\"https:\/\/cafelapalma.com\/en\/programacion\/new-boix\/\" class=\"url\" rel=\"bookmark\" tabindex=\"-1\" aria-hidden=\"true\"><img loading=\"lazy\" decoding=\"async\" width=\"694\" height=\"1040\" src=\"https:\/\/cafelapalma.com\/wp-content\/uploads\/2026\/05\/WhatsApp-Image-2026-04-29-at-12.00.28-694x1040.jpeg\" class=\"attachment-large size-large wp-post-image\" alt=\"\" \/><\/a>\n<\/div>\n\t<div class=\"tribe-related-event-info\">\n\t<h3 class=\"tribe-related-events-title\">\n\t\t<a href=\"https:\/\/cafelapalma.com\/en\/programacion\/new-boix\/\" class=\"tribe-event-url\" rel=\"bookmark\">\n\t\t\tNEW BOIX\t\t<\/a>\n\t<\/h3>\n\t<span class=\"tribe-event-date-start\">10  September@22:00<\/span><span class=\"tribe-event-time\">23:45<\/span><\/div>\n<\/li>\n\t<\/ul>","protected":false},"excerpt":{"rendered":"<p>YoVoy nace all\u00e1 por 2017, cuando unos viejos amigos y conocidos comenzaron a juntarse en casa para poner en com\u00fan acorde y riffs que ten\u00edan por ah\u00ed en un ba\u00fal. Todos ven\u00edan de a\u00f1os en la escena underground local, ll\u00e1mese punk, hardcore o lo que sea. A pesar de los rumores, es falso que estuvieran &hellip; <\/p>","protected":false},"author":2,"featured_media":27084,"template":"","meta":{"_tec_requires_first_save":false,"_uag_custom_page_level_css":"","loftloader_page_shortcode":"","_EventAllDay":false,"_EventTimezone":"Europe\/Madrid","_EventStartDate":"2023-11-22 21:00:00","_EventEndDate":"2023-11-22 23:45:00","_EventStartDateUTC":"2023-11-22 20:00:00","_EventEndDateUTC":"2023-11-22 22:45:00","_EventShowMap":false,"_EventShowMapLink":false,"_EventURL":"https:\/\/dice.fm\/event\/64e9d27422d2a100018f0dee","_EventCost":"10","_EventCostDescription":"","_EventCurrencySymbol":"\u20ac","_EventCurrencyCode":"USD","_EventCurrencyPosition":"suffix","_EventDateTimeSeparator":"@","_EventTimeRangeSeparator":"-","_EventOrganizerID":[],"_EventVenueID":[],"_OrganizerEmail":"","_OrganizerPhone":"","_OrganizerWebsite":"","_VenueAddress":"","_VenueCity":"","_VenueCountry":"","_VenueProvince":"","_VenueState":"","_VenueZip":"","_VenuePhone":"","_VenueURL":"","_VenueStateProvince":"","_VenueLat":"","_VenueLng":"","_VenueShowMap":false,"_VenueShowMapLink":false,"_tribe_blocks_recurrence_rules":"","_tribe_blocks_recurrence_description":"","_tribe_blocks_recurrence_exclusions":"","_ecp_custom_2":"","_tribe_events_status":"","_tribe_events_status_reason":"","_tribe_events_is_hybrid":"","_tribe_events_is_virtual":"","_tribe_events_virtual_video_source":"","_tribe_events_virtual_embed_video":"","_tribe_events_virtual_linked_button_text":"","_tribe_events_virtual_linked_button":"","_tribe_events_virtual_show_embed_at":"","_tribe_events_virtual_show_embed_to":[],"_tribe_events_virtual_show_on_event":"","_tribe_events_virtual_show_on_views":"","_tribe_events_virtual_url":"","footnotes":""},"tags":[14177,12651,8869,9147,9146,14173,1354,14175,1147,14176,14174],"tribe_events_cat":[8963],"class_list":["post-27082","tribe_events","type-tribe_events","status-publish","has-post-thumbnail","hentry","tag-al-da-tosta","tag-beatboxing","tag-cafe-la-palma-2","tag-conciertos-madrid","tag-conciertos-malasana","tag-moments-festival","tag-rock","tag-that-crooner","tag-underground","tag-vocaltronica","tag-yovoy","tribe_events_cat-concierto","cat_concierto"],"uagb_featured_image_src":{"full":["https:\/\/cafelapalma.com\/wp-content\/uploads\/2023\/09\/MOMENTSFRONTdef-scaled.jpg",2122,3000,false],"thumbnail":["https:\/\/cafelapalma.com\/wp-content\/uploads\/2023\/09\/MOMENTSFRONTdef-scaled.jpg",106,150,false],"medium":["https:\/\/cafelapalma.com\/wp-content\/uploads\/2023\/09\/MOMENTSFRONTdef-212x300.jpg",212,300,true],"medium_large":["https:\/\/cafelapalma.com\/wp-content\/uploads\/2023\/09\/MOMENTSFRONTdef-scaled.jpg",768,1086,false],"large":["https:\/\/cafelapalma.com\/wp-content\/uploads\/2023\/09\/MOMENTSFRONTdef-scaled.jpg",736,1040,false],"1536x1536":["https:\/\/cafelapalma.com\/wp-content\/uploads\/2023\/09\/MOMENTSFRONTdef-scaled.jpg",1086,1536,false],"2048x2048":["https:\/\/cafelapalma.com\/wp-content\/uploads\/2023\/09\/MOMENTSFRONTdef-scaled.jpg",1449,2048,false],"trp-custom-language-flag":["https:\/\/cafelapalma.com\/wp-content\/uploads\/2023\/09\/MOMENTSFRONTdef-scaled.jpg",8,12,false],"blossom-feminine-slider":["https:\/\/cafelapalma.com\/wp-content\/uploads\/2023\/09\/MOMENTSFRONTdef-scaled.jpg",459,649,false],"blossom-feminine-featured":["https:\/\/cafelapalma.com\/wp-content\/uploads\/2023\/09\/MOMENTSFRONTdef-scaled.jpg",424,600,false],"blossom-feminine-with-sidebar":["https:\/\/cafelapalma.com\/wp-content\/uploads\/2023\/09\/MOMENTSFRONTdef-scaled.jpg",424,600,false],"blossom-feminine-blog":["https:\/\/cafelapalma.com\/wp-content\/uploads\/2023\/09\/MOMENTSFRONTdef-scaled.jpg",308,435,false],"blossom-feminine-cat":["https:\/\/cafelapalma.com\/wp-content\/uploads\/2023\/09\/MOMENTSFRONTdef-scaled.jpg",212,300,false],"blossom-feminine-related":["https:\/\/cafelapalma.com\/wp-content\/uploads\/2023\/09\/MOMENTSFRONTdef-scaled.jpg",141,200,false],"blossom-feminine-schema":["https:\/\/cafelapalma.com\/wp-content\/uploads\/2023\/09\/MOMENTSFRONTdef-scaled.jpg",42,60,false]},"uagb_author_info":{"display_name":"Victor","author_link":"https:\/\/cafelapalma.com\/en\/author\/comunicacion\/"},"uagb_comment_info":0,"uagb_excerpt":"YoVoy nace all\u00e1 por 2017, cuando unos viejos amigos y conocidos comenzaron a juntarse en casa para poner en com\u00fan acorde y riffs que ten\u00edan por ah\u00ed en un ba\u00fal. Todos ven\u00edan de a\u00f1os en la escena underground local, ll\u00e1mese punk, hardcore o lo que sea. A pesar de los rumores, es falso que estuvieran&hellip;","_links":{"self":[{"href":"https:\/\/cafelapalma.com\/en\/wp-json\/wp\/v2\/tribe_events\/27082","targetHints":{"allow":["GET"]}}],"collection":[{"href":"https:\/\/cafelapalma.com\/en\/wp-json\/wp\/v2\/tribe_events"}],"about":[{"href":"https:\/\/cafelapalma.com\/en\/wp-json\/wp\/v2\/types\/tribe_events"}],"author":[{"embeddable":true,"href":"https:\/\/cafelapalma.com\/en\/wp-json\/wp\/v2\/users\/2"}],"version-history":[{"count":0,"href":"https:\/\/cafelapalma.com\/en\/wp-json\/wp\/v2\/tribe_events\/27082\/revisions"}],"wp:featuredmedia":[{"embeddable":true,"href":"https:\/\/cafelapalma.com\/en\/wp-json\/wp\/v2\/media\/27084"}],"wp:attachment":[{"href":"https:\/\/cafelapalma.com\/en\/wp-json\/wp\/v2\/media?parent=27082"}],"wp:term":[{"taxonomy":"post_tag","embeddable":true,"href":"https:\/\/cafelapalma.com\/en\/wp-json\/wp\/v2\/tags?post=27082"},{"taxonomy":"tribe_events_cat","embeddable":true,"href":"https:\/\/cafelapalma.com\/en\/wp-json\/wp\/v2\/tribe_events_cat?post=27082"}],"curies":[{"name":"wp","href":"https:\/\/api.w.org\/{rel}","templated":true}]}}

<div  class="tribe-events-schedule tribe-clearfix" >
	<p class="tribe-events-schedule__datetime">
		<span class="tribe-events-schedule__date tribe-events-schedule__date--start">
			22  November  2023		</span>

					<span class="tribe-events-schedule__separator tribe-events-schedule__separator--date">
				@			</span>
			<span class="tribe-events-schedule__time tribe-events-schedule__time--start">
				21:00			</span>
		
									<span class="tribe-events-schedule__separator tribe-events-schedule__separator--time">
					&#8211;				</span>
			
							<span class="tribe-events-schedule__time tribe-events-schedule__time--end">
					23:45				</span>
			
						</p>
</div>


<div  class="tribe-block tribe-block__event-price" >
			<span class="tribe-block__event-price__cost"> 10€ </span>
				<span class="tribe-block__event-price__description">Anticipada | 14€ Taquilla</span>
	</div>



<div style="height:100px" aria-hidden="true" class="wp-block-spacer"></div>



<div class="wp-block-columns is-layout-flex wp-container-core-columns-is-layout-8f761849 wp-block-columns-is-layout-flex">
<div class="wp-block-column is-layout-flow wp-block-column-is-layout-flow" style="flex-basis:33.33%">
<figure class="wp-block-image size-full"><img loading="lazy" decoding="async" width="2122" height="3000" src="https://cafelapalma.com/wp-content/uploads/2023/09/MOMENTS-A3-scaled.jpg" alt="" class="wp-image-27083" srcset="https://cafelapalma.com/wp-content/uploads/2023/09/MOMENTS-A3-scaled.jpg 2122w, https://cafelapalma.com/wp-content/uploads/2023/09/MOMENTS-A3-212x300.jpg 212w" sizes="auto, (max-width: 2122px) 100vw, 2122px" /></figure>


<div  class="tribe-block tribe-block__event-website" >
	<a
		href="https://dice.fm/event/64e9d27422d2a100018f0dee"
		target="_self"
			>
		BUY TICKETS	</a>
</div>
</div>



<div class="wp-block-column is-layout-flow wp-block-column-is-layout-flow" style="flex-basis:66.66%">
<p class="has-text-align-left wp-block-paragraph"><strong>YoVoy </strong>nace allá por 2017, cuando unos viejos amigos y conocidos comenzaron a juntarse en casa para poner en común acorde y riffs que tenían por ahí en un baúl. Todos venían de años en la escena underground local, llámese punk, hardcore o lo que sea. A pesar de los rumores, es falso que estuvieran esperando a que llegara una pandemia para mostrarse al mundo, simplemente ocurrió así. Tras el apocalipsis zombie, siguieron componiendo nuevas tonadas hasta completar el repertorio actual de diez temas sin ninguna versión. En ellas hablan de lo divino y lo humano, el paso del tiempo, los miedos, la ciudad y sus devenires, y el amor/desamor. Todo ello bajo el paraguas musical del post-rock urbano, del que son orgulloso estandarte.</p>



<p class="has-text-align-left wp-block-paragraph"><strong>THAT CROONER</strong> es el engendro musical de <strong>Al Da Tosta</strong>, también conocido como <em>el Panda Latino</em>. Este proyecto nacido de la idea de poder crear música improvisada utilizando únicamente la voz y apoyándose en tecnología, es lo que ha dado en llamar <em>vocaltronica</em>. Un sonido inspirado en el <em>beatboxing</em>, la música vocal y la música electrónica. En su directo, todo lo que escuchas es creado de forma improvisada justo en el momento, y ejecutado sin secuencias pregrabadas de ningún tipo. <strong>That Crooner</strong>, se inspira en otros artistas como <strong>Beardyman</strong>, <strong>Tim Exile</strong> o <strong>Mike Patton</strong> entre otros.</p>



<p class="has-text-align-left wp-block-paragraph"><strong>MOMENTS </strong>es Un festival que surge de la vocación DIY de un grupo de amigos y que tiene como objetivo inspirar, reivindicar y difundir&nbsp;unas propuestas que habitualmente huyen de la establecido y que tienen poca cabida en los centros culturales, educativos y otros espacios artísticos de nuestro territorio, y que son 100% auténticas y fascinantes. Un espacio donde gente inquieta y amante de las culturas populares y contemporáneas crean proyectos culturales y artísticos, producciones creativas, experiencias culturales y metodologías de investigación-acción.</p>
</div>
</div>



<div style="height:100px" aria-hidden="true" class="wp-block-spacer"></div>



<hr class="wp-block-separator has-alpha-channel-opacity"/>



<div style="height:100px" aria-hidden="true" class="wp-block-spacer"></div>


<h2 class="tribe-block__related-events__title">Related Events</h2>

<ul  class="tribe-related-events tribe-clearfix" >
			<li>
	
<div class="tribe-related-events-thumbnail">
	<a href="https://cafelapalma.com/en/programacion/funkin-donuts/" class="url" rel="bookmark" tabindex="-1" aria-hidden="true"><img loading="lazy" decoding="async" width="693" height="1040" src="https://cafelapalma.com/wp-content/uploads/2026/07/FD-vert2-bn-693x1040.jpg" class="attachment-large size-large wp-post-image" alt="" /></a>
</div>
	<div class="tribe-related-event-info">
	<h3 class="tribe-related-events-title">
		<a href="https://cafelapalma.com/en/programacion/funkin-donuts/" class="tribe-event-url" rel="bookmark">
			FUNKIN&#8217; DONUTS		</a>
	</h3>
	<span class="tribe-event-date-start">5  September@22:00</span><span class="tribe-event-time">23:45</span></div>
</li>
			<li>
	
<div class="tribe-related-events-thumbnail">
	<a href="https://cafelapalma.com/en/programacion/willie-deville-concierto-benefico-x-venezuela/" class="url" rel="bookmark" tabindex="-1" aria-hidden="true"><img loading="lazy" decoding="async" width="1020" height="531" src="https://cafelapalma.com/wp-content/uploads/2026/08/Willie-deville-1100x572-1-1040x541.jpg" class="attachment-large size-large wp-post-image" alt="" /></a>
</div>
	<div class="tribe-related-event-info">
	<h3 class="tribe-related-events-title">
		<a href="https://cafelapalma.com/en/programacion/willie-deville-concierto-benefico-x-venezuela/" class="tribe-event-url" rel="bookmark">
			WILLIE DEVILLE: CONCIERTO BENÉFICO X VENEZUELA		</a>
	</h3>
	<span class="tribe-event-date-start">6  September@21:00</span><span class="tribe-event-time">23:45</span></div>
</li>
			<li>
	
<div class="tribe-related-events-thumbnail">
	<a href="https://cafelapalma.com/en/programacion/new-boix/" class="url" rel="bookmark" tabindex="-1" aria-hidden="true"><img loading="lazy" decoding="async" width="694" height="1040" src="https://cafelapalma.com/wp-content/uploads/2026/05/WhatsApp-Image-2026-04-29-at-12.00.28-694x1040.jpeg" class="attachment-large size-large wp-post-image" alt="" /></a>
</div>
	<div class="tribe-related-event-info">
	<h3 class="tribe-related-events-title">
		<a href="https://cafelapalma.com/en/programacion/new-boix/" class="tribe-event-url" rel="bookmark">
			NEW BOIX		</a>
	</h3>
	<span class="tribe-event-date-start">10  September@22:00</span><span class="tribe-event-time">23:45</span></div>
</li>
	</ul>

<p>YoVoy nace allá por 2017, cuando unos viejos amigos y conocidos comenzaron a juntarse en casa para poner en común acorde y riffs que tenían por ahí en un baúl. Todos venían de años en la escena underground local, llámese punk, hardcore o lo que sea. A pesar de los rumores, es falso que estuvieran &hellip; </p>

YoVoy nace allá por 2017, cuando unos viejos amigos y conocidos comenzaron a juntarse en casa para poner en común acorde y riffs que tenían por ahí en un baúl. Todos venían de años en la escena underground local, llámese punk, hardcore o lo que sea. A pesar de los rumores, es falso que estuvieran&hellip;
