{"id":27093,"date":"2023-09-07T18:02:29","date_gmt":"2023-09-07T16:02:29","guid":{"rendered":"https:\/\/cafelapalma.com\/?post_type=tribe_events&#038;p=27093"},"modified":"2023-09-12T11:14:13","modified_gmt":"2023-09-12T09:14:13","slug":"liara","status":"publish","type":"tribe_events","link":"https:\/\/cafelapalma.com\/en\/programacion\/liara\/","title":{"rendered":"LIARA"},"content":{"rendered":"<div  class=\"tribe-events-schedule tribe-clearfix\" >\n\t<p class=\"tribe-events-schedule__datetime\">\n\t\t<span class=\"tribe-events-schedule__date tribe-events-schedule__date--start\">\n\t\t\t21  September  2023\t\t<\/span>\n\n\t\t\t\t\t<span class=\"tribe-events-schedule__separator tribe-events-schedule__separator--date\">\n\t\t\t\t@\t\t\t<\/span>\n\t\t\t<span class=\"tribe-events-schedule__time tribe-events-schedule__time--start\">\n\t\t\t\t23:50\t\t\t<\/span>\n\t\t\n\t\t\t\t\t\t\t\t\t<span class=\"tribe-events-schedule__separator tribe-events-schedule__separator--time\">\n\t\t\t\t\t&#8211;\t\t\t\t<\/span>\n\t\t\t\n\t\t\t\t\t\t\t<span class=\"tribe-events-schedule__time tribe-events-schedule__time--end\">\n\t\t\t\t\t23:55\t\t\t\t<\/span>\n\t\t\t\n\t\t\t\t\t\t<\/p>\n<\/div>\n\n\n<div  class=\"tribe-block tribe-block__event-price\" >\n\t\t\t<span class=\"tribe-block__event-price__cost\"> ENTRADA LIBRE <\/span>\n\t\t<\/div>\n\n\n\n<div style=\"height:100px\" aria-hidden=\"true\" class=\"wp-block-spacer\"><\/div>\n\n\n\n<div class=\"wp-block-columns is-layout-flex wp-container-core-columns-is-layout-8f761849 wp-block-columns-is-layout-flex\">\n<div class=\"wp-block-column is-layout-flow wp-block-column-is-layout-flow\" style=\"flex-basis:33.33%\">\n<figure class=\"wp-block-image size-full\"><img loading=\"lazy\" decoding=\"async\" width=\"297\" height=\"420\" src=\"https:\/\/cafelapalma.com\/wp-content\/uploads\/2023\/09\/LIARALOW.jpg\" alt=\"\" class=\"wp-image-27123\" srcset=\"https:\/\/cafelapalma.com\/wp-content\/uploads\/2023\/09\/LIARALOW.jpg 297w, https:\/\/cafelapalma.com\/wp-content\/uploads\/2023\/09\/LIARALOW-212x300.jpg 212w, https:\/\/cafelapalma.com\/wp-content\/uploads\/2023\/09\/LIARALOW-42x60.jpg 42w\" sizes=\"auto, (max-width: 297px) 100vw, 297px\" \/><\/figure>\n<\/div>\n\n\n\n<div class=\"wp-block-column is-layout-flow wp-block-column-is-layout-flow\" style=\"flex-basis:66.66%\">\n<div style=\"height:100px\" aria-hidden=\"true\" class=\"wp-block-spacer\"><\/div>\n\n\n\n<p class=\"has-text-align-left wp-block-paragraph\"><strong>LIARA<\/strong> es una DJ y productora brasile\u00f1a, nacida en el estado de Goi\u00e1s que comenz\u00f3 su carrera en 2015 actuando en fiestas de m\u00fasica electr\u00f3nica. En su trayectoria, fund\u00f3 el colectivo <strong>Locomotiva.go<\/strong>, que tiene como prop\u00f3sito impulsar intervenciones art\u00edsticas en <strong>Brasil<\/strong>.<\/p>\n\n\n\n<p class=\"has-text-align-left wp-block-paragraph\">Actualmente, forma parte del colectivo <strong>Selvatica.gyn<\/strong>, un grupo conformado por Djs mujeres. Tambi\u00e9n se presenta bajo el nombre art\u00edstico <strong>Alamoa.music<\/strong>.<\/p>\n\n\n\n<p class=\"has-text-align-left wp-block-paragraph\">Su propuesta sonora es una mezcla envolvente que abarca m\u00fasica electr\u00f3nica, downtempo, disco, m\u00fasica brasile\u00f1a, funk, electro, techno, house, org\u00e1nica, minimal y multiculturas. De esta manera, ofreciendo una mezcla ecl\u00e9ctica y \u00fanica.<\/p>\n<\/div>\n<\/div>\n\n\n\n<div style=\"height:100px\" aria-hidden=\"true\" class=\"wp-block-spacer\"><\/div>\n\n\n<h2 class=\"tribe-block__related-events__title\">Related Events<\/h2>\n\n<ul  class=\"tribe-related-events tribe-clearfix\" >\n\t\t\t<li>\n\t\n<div class=\"tribe-related-events-thumbnail\">\n\t<a href=\"https:\/\/cafelapalma.com\/en\/programacion\/funkin-donuts\/\" class=\"url\" rel=\"bookmark\" tabindex=\"-1\" aria-hidden=\"true\"><img loading=\"lazy\" decoding=\"async\" width=\"693\" height=\"1040\" src=\"https:\/\/cafelapalma.com\/wp-content\/uploads\/2026\/07\/FD-vert2-bn-693x1040.jpg\" class=\"attachment-large size-large wp-post-image\" alt=\"\" \/><\/a>\n<\/div>\n\t<div class=\"tribe-related-event-info\">\n\t<h3 class=\"tribe-related-events-title\">\n\t\t<a href=\"https:\/\/cafelapalma.com\/en\/programacion\/funkin-donuts\/\" class=\"tribe-event-url\" rel=\"bookmark\">\n\t\t\tFUNKIN&#8217; DONUTS\t\t<\/a>\n\t<\/h3>\n\t<span class=\"tribe-event-date-start\">5  September@22:00<\/span><span class=\"tribe-event-time\">23:45<\/span><\/div>\n<\/li>\n\t\t\t<li>\n\t\n<div class=\"tribe-related-events-thumbnail\">\n\t<a href=\"https:\/\/cafelapalma.com\/en\/programacion\/backstage-le-petit-truffle-mayo\/\" class=\"url\" rel=\"bookmark\" tabindex=\"-1\" aria-hidden=\"true\"><img loading=\"lazy\" decoding=\"async\" width=\"780\" height=\"1040\" src=\"https:\/\/cafelapalma.com\/wp-content\/uploads\/2026\/07\/Imagen-TruffleMayo-LePetit-i-1-780x1040.png\" class=\"attachment-large size-large wp-post-image\" alt=\"\" \/><\/a>\n<\/div>\n\t<div class=\"tribe-related-event-info\">\n\t<h3 class=\"tribe-related-events-title\">\n\t\t<a href=\"https:\/\/cafelapalma.com\/en\/programacion\/backstage-le-petit-truffle-mayo\/\" class=\"tribe-event-url\" rel=\"bookmark\">\n\t\t\tBACKSTAGE: LE PETIT + TRUFFLE MAYO\t\t<\/a>\n\t<\/h3>\n\t<span class=\"tribe-event-date-start\">5  September@23:55<\/span><\/div>\n<\/li>\n\t\t\t<li>\n\t\n<div class=\"tribe-related-events-thumbnail\">\n\t<a href=\"https:\/\/cafelapalma.com\/en\/programacion\/willie-deville-concierto-benefico-x-venezuela\/\" class=\"url\" rel=\"bookmark\" tabindex=\"-1\" aria-hidden=\"true\"><img loading=\"lazy\" decoding=\"async\" width=\"1020\" height=\"531\" src=\"https:\/\/cafelapalma.com\/wp-content\/uploads\/2026\/08\/Willie-deville-1100x572-1-1040x541.jpg\" class=\"attachment-large size-large wp-post-image\" alt=\"\" \/><\/a>\n<\/div>\n\t<div class=\"tribe-related-event-info\">\n\t<h3 class=\"tribe-related-events-title\">\n\t\t<a href=\"https:\/\/cafelapalma.com\/en\/programacion\/willie-deville-concierto-benefico-x-venezuela\/\" class=\"tribe-event-url\" rel=\"bookmark\">\n\t\t\tWILLIE DEVILLE: CONCIERTO BEN\u00c9FICO X VENEZUELA\t\t<\/a>\n\t<\/h3>\n\t<span class=\"tribe-event-date-start\">6  September@21:00<\/span><span class=\"tribe-event-time\">23:45<\/span><\/div>\n<\/li>\n\t<\/ul>","protected":false},"excerpt":{"rendered":"<p>LIARA es una DJ y productora brasile\u00f1a, nacida en el estado de Goi\u00e1s que comenz\u00f3 su carrera en 2015 actuando en fiestas de m\u00fasica electr\u00f3nica. En su trayectoria, fund\u00f3 el colectivo Locomotiva.go, que tiene como prop\u00f3sito impulsar intervenciones art\u00edsticas en Brasil. Actualmente, forma parte del colectivo Selvatica.gyn, un grupo conformado por Djs mujeres. Tambi\u00e9n se &hellip; <\/p>","protected":false},"author":2,"featured_media":27094,"template":"","meta":{"_tec_requires_first_save":false,"_uag_custom_page_level_css":"","loftloader_page_shortcode":"","_EventAllDay":false,"_EventTimezone":"Europe\/Madrid","_EventStartDate":"2023-09-21 23:50:00","_EventEndDate":"2023-09-21 23:55:00","_EventStartDateUTC":"2023-09-21 21:50:00","_EventEndDateUTC":"2023-09-21 21:55:00","_EventShowMap":false,"_EventShowMapLink":false,"_EventURL":"","_EventCost":"ENTRADA LIBRE","_EventCostDescription":"","_EventCurrencySymbol":"\u20ac","_EventCurrencyCode":"USD","_EventCurrencyPosition":"suffix","_EventDateTimeSeparator":"@","_EventTimeRangeSeparator":"-","_EventOrganizerID":[],"_EventVenueID":[],"_OrganizerEmail":"","_OrganizerPhone":"","_OrganizerWebsite":"","_VenueAddress":"","_VenueCity":"","_VenueCountry":"","_VenueProvince":"","_VenueState":"","_VenueZip":"","_VenuePhone":"","_VenueURL":"","_VenueStateProvince":"","_VenueLat":"","_VenueLng":"","_VenueShowMap":false,"_VenueShowMapLink":false,"_tribe_blocks_recurrence_rules":"","_tribe_blocks_recurrence_description":"","_tribe_blocks_recurrence_exclusions":"","_ecp_custom_2":"","_tribe_events_status":"","_tribe_events_status_reason":"","_tribe_events_is_hybrid":"","_tribe_events_is_virtual":"","_tribe_events_virtual_video_source":"","_tribe_events_virtual_embed_video":"","_tribe_events_virtual_linked_button_text":"","_tribe_events_virtual_linked_button":"","_tribe_events_virtual_show_embed_at":"","_tribe_events_virtual_show_embed_to":[],"_tribe_events_virtual_show_on_event":"","_tribe_events_virtual_show_on_views":"","_tribe_events_virtual_url":"","footnotes":""},"tags":[14182,14183,1363,8869,9225,9847,9226,9227,9675,9317,1357,779,9309,14188,14181,14184,9559,14187,14186,14185,776],"tribe_events_cat":[8964],"class_list":["post-27093","tribe_events","type-tribe_events","status-publish","has-post-thumbnail","hentry","tag-alamoa","tag-alamoa-music","tag-cafe-la-palma","tag-cafe-la-palma-2","tag-cafe-la-palma-clubbing","tag-disco","tag-djs-madrid","tag-djs-malasana","tag-downtempo","tag-electro","tag-electronica","tag-funk","tag-house","tag-latinidades","tag-liara","tag-locomotiva-go","tag-minimal","tag-musica-brasilena","tag-organica","tag-selvatica-gyn","tag-techno","tribe_events_cat-clubbing","cat_clubbing"],"uagb_featured_image_src":{"full":["https:\/\/cafelapalma.com\/wp-content\/uploads\/2023\/09\/ALAMOA-LOW-scaled.jpg",2250,3000,false],"thumbnail":["https:\/\/cafelapalma.com\/wp-content\/uploads\/2023\/09\/ALAMOA-LOW-150x150.jpg",150,150,true],"medium":["https:\/\/cafelapalma.com\/wp-content\/uploads\/2023\/09\/ALAMOA-LOW-225x300.jpg",225,300,true],"medium_large":["https:\/\/cafelapalma.com\/wp-content\/uploads\/2023\/09\/ALAMOA-LOW-768x1024.jpg",768,1024,true],"large":["https:\/\/cafelapalma.com\/wp-content\/uploads\/2023\/09\/ALAMOA-LOW-780x1040.jpg",780,1040,true],"1536x1536":["https:\/\/cafelapalma.com\/wp-content\/uploads\/2023\/09\/ALAMOA-LOW-1152x1536.jpg",1152,1536,true],"2048x2048":["https:\/\/cafelapalma.com\/wp-content\/uploads\/2023\/09\/ALAMOA-LOW-1536x2048.jpg",1536,2048,true],"trp-custom-language-flag":["https:\/\/cafelapalma.com\/wp-content\/uploads\/2023\/09\/ALAMOA-LOW-scaled.jpg",9,12,false],"blossom-feminine-slider":["https:\/\/cafelapalma.com\/wp-content\/uploads\/2023\/09\/ALAMOA-LOW-scaled.jpg",487,649,false],"blossom-feminine-featured":["https:\/\/cafelapalma.com\/wp-content\/uploads\/2023\/09\/ALAMOA-LOW-scaled.jpg",450,600,false],"blossom-feminine-with-sidebar":["https:\/\/cafelapalma.com\/wp-content\/uploads\/2023\/09\/ALAMOA-LOW-scaled.jpg",450,600,false],"blossom-feminine-blog":["https:\/\/cafelapalma.com\/wp-content\/uploads\/2023\/09\/ALAMOA-LOW-scaled.jpg",326,435,false],"blossom-feminine-cat":["https:\/\/cafelapalma.com\/wp-content\/uploads\/2023\/09\/ALAMOA-LOW-scaled.jpg",225,300,false],"blossom-feminine-related":["https:\/\/cafelapalma.com\/wp-content\/uploads\/2023\/09\/ALAMOA-LOW-scaled.jpg",150,200,false],"blossom-feminine-schema":["https:\/\/cafelapalma.com\/wp-content\/uploads\/2023\/09\/ALAMOA-LOW-scaled.jpg",45,60,false]},"uagb_author_info":{"display_name":"Victor","author_link":"https:\/\/cafelapalma.com\/en\/author\/comunicacion\/"},"uagb_comment_info":0,"uagb_excerpt":"LIARA es una DJ y productora brasile\u00f1a, nacida en el estado de Goi\u00e1s que comenz\u00f3 su carrera en 2015 actuando en fiestas de m\u00fasica electr\u00f3nica. En su trayectoria, fund\u00f3 el colectivo Locomotiva.go, que tiene como prop\u00f3sito impulsar intervenciones art\u00edsticas en Brasil. Actualmente, forma parte del colectivo Selvatica.gyn, un grupo conformado por Djs mujeres. Tambi\u00e9n se&hellip;","_links":{"self":[{"href":"https:\/\/cafelapalma.com\/en\/wp-json\/wp\/v2\/tribe_events\/27093","targetHints":{"allow":["GET"]}}],"collection":[{"href":"https:\/\/cafelapalma.com\/en\/wp-json\/wp\/v2\/tribe_events"}],"about":[{"href":"https:\/\/cafelapalma.com\/en\/wp-json\/wp\/v2\/types\/tribe_events"}],"author":[{"embeddable":true,"href":"https:\/\/cafelapalma.com\/en\/wp-json\/wp\/v2\/users\/2"}],"version-history":[{"count":0,"href":"https:\/\/cafelapalma.com\/en\/wp-json\/wp\/v2\/tribe_events\/27093\/revisions"}],"wp:featuredmedia":[{"embeddable":true,"href":"https:\/\/cafelapalma.com\/en\/wp-json\/wp\/v2\/media\/27094"}],"wp:attachment":[{"href":"https:\/\/cafelapalma.com\/en\/wp-json\/wp\/v2\/media?parent=27093"}],"wp:term":[{"taxonomy":"post_tag","embeddable":true,"href":"https:\/\/cafelapalma.com\/en\/wp-json\/wp\/v2\/tags?post=27093"},{"taxonomy":"tribe_events_cat","embeddable":true,"href":"https:\/\/cafelapalma.com\/en\/wp-json\/wp\/v2\/tribe_events_cat?post=27093"}],"curies":[{"name":"wp","href":"https:\/\/api.w.org\/{rel}","templated":true}]}}

<div  class="tribe-events-schedule tribe-clearfix" >
	<p class="tribe-events-schedule__datetime">
		<span class="tribe-events-schedule__date tribe-events-schedule__date--start">
			21  September  2023		</span>

					<span class="tribe-events-schedule__separator tribe-events-schedule__separator--date">
				@			</span>
			<span class="tribe-events-schedule__time tribe-events-schedule__time--start">
				23:50			</span>
		
									<span class="tribe-events-schedule__separator tribe-events-schedule__separator--time">
					&#8211;				</span>
			
							<span class="tribe-events-schedule__time tribe-events-schedule__time--end">
					23:55				</span>
			
						</p>
</div>


<div  class="tribe-block tribe-block__event-price" >
			<span class="tribe-block__event-price__cost"> ENTRADA LIBRE </span>
		</div>



<div style="height:100px" aria-hidden="true" class="wp-block-spacer"></div>



<div class="wp-block-columns is-layout-flex wp-container-core-columns-is-layout-8f761849 wp-block-columns-is-layout-flex">
<div class="wp-block-column is-layout-flow wp-block-column-is-layout-flow" style="flex-basis:33.33%">
<figure class="wp-block-image size-full"><img loading="lazy" decoding="async" width="297" height="420" src="https://cafelapalma.com/wp-content/uploads/2023/09/LIARALOW.jpg" alt="" class="wp-image-27123" srcset="https://cafelapalma.com/wp-content/uploads/2023/09/LIARALOW.jpg 297w, https://cafelapalma.com/wp-content/uploads/2023/09/LIARALOW-212x300.jpg 212w, https://cafelapalma.com/wp-content/uploads/2023/09/LIARALOW-42x60.jpg 42w" sizes="auto, (max-width: 297px) 100vw, 297px" /></figure>
</div>



<div class="wp-block-column is-layout-flow wp-block-column-is-layout-flow" style="flex-basis:66.66%">
<div style="height:100px" aria-hidden="true" class="wp-block-spacer"></div>



<p class="has-text-align-left wp-block-paragraph"><strong>LIARA</strong> es una DJ y productora brasileña, nacida en el estado de Goiás que comenzó su carrera en 2015 actuando en fiestas de música electrónica. En su trayectoria, fundó el colectivo <strong>Locomotiva.go</strong>, que tiene como propósito impulsar intervenciones artísticas en <strong>Brasil</strong>.</p>



<p class="has-text-align-left wp-block-paragraph">Actualmente, forma parte del colectivo <strong>Selvatica.gyn</strong>, un grupo conformado por Djs mujeres. También se presenta bajo el nombre artístico <strong>Alamoa.music</strong>.</p>



<p class="has-text-align-left wp-block-paragraph">Su propuesta sonora es una mezcla envolvente que abarca música electrónica, downtempo, disco, música brasileña, funk, electro, techno, house, orgánica, minimal y multiculturas. De esta manera, ofreciendo una mezcla ecléctica y única.</p>
</div>
</div>



<div style="height:100px" aria-hidden="true" class="wp-block-spacer"></div>


<h2 class="tribe-block__related-events__title">Related Events</h2>

<ul  class="tribe-related-events tribe-clearfix" >
			<li>
	
<div class="tribe-related-events-thumbnail">
	<a href="https://cafelapalma.com/en/programacion/funkin-donuts/" class="url" rel="bookmark" tabindex="-1" aria-hidden="true"><img loading="lazy" decoding="async" width="693" height="1040" src="https://cafelapalma.com/wp-content/uploads/2026/07/FD-vert2-bn-693x1040.jpg" class="attachment-large size-large wp-post-image" alt="" /></a>
</div>
	<div class="tribe-related-event-info">
	<h3 class="tribe-related-events-title">
		<a href="https://cafelapalma.com/en/programacion/funkin-donuts/" class="tribe-event-url" rel="bookmark">
			FUNKIN&#8217; DONUTS		</a>
	</h3>
	<span class="tribe-event-date-start">5  September@22:00</span><span class="tribe-event-time">23:45</span></div>
</li>
			<li>
	
<div class="tribe-related-events-thumbnail">
	<a href="https://cafelapalma.com/en/programacion/backstage-le-petit-truffle-mayo/" class="url" rel="bookmark" tabindex="-1" aria-hidden="true"><img loading="lazy" decoding="async" width="780" height="1040" src="https://cafelapalma.com/wp-content/uploads/2026/07/Imagen-TruffleMayo-LePetit-i-1-780x1040.png" class="attachment-large size-large wp-post-image" alt="" /></a>
</div>
	<div class="tribe-related-event-info">
	<h3 class="tribe-related-events-title">
		<a href="https://cafelapalma.com/en/programacion/backstage-le-petit-truffle-mayo/" class="tribe-event-url" rel="bookmark">
			BACKSTAGE: LE PETIT + TRUFFLE MAYO		</a>
	</h3>
	<span class="tribe-event-date-start">5  September@23:55</span></div>
</li>
			<li>
	
<div class="tribe-related-events-thumbnail">
	<a href="https://cafelapalma.com/en/programacion/willie-deville-concierto-benefico-x-venezuela/" class="url" rel="bookmark" tabindex="-1" aria-hidden="true"><img loading="lazy" decoding="async" width="1020" height="531" src="https://cafelapalma.com/wp-content/uploads/2026/08/Willie-deville-1100x572-1-1040x541.jpg" class="attachment-large size-large wp-post-image" alt="" /></a>
</div>
	<div class="tribe-related-event-info">
	<h3 class="tribe-related-events-title">
		<a href="https://cafelapalma.com/en/programacion/willie-deville-concierto-benefico-x-venezuela/" class="tribe-event-url" rel="bookmark">
			WILLIE DEVILLE: CONCIERTO BENÉFICO X VENEZUELA		</a>
	</h3>
	<span class="tribe-event-date-start">6  September@21:00</span><span class="tribe-event-time">23:45</span></div>
</li>
	</ul>

<p>LIARA es una DJ y productora brasileña, nacida en el estado de Goiás que comenzó su carrera en 2015 actuando en fiestas de música electrónica. En su trayectoria, fundó el colectivo Locomotiva.go, que tiene como propósito impulsar intervenciones artísticas en Brasil. Actualmente, forma parte del colectivo Selvatica.gyn, un grupo conformado por Djs mujeres. También se &hellip; </p>

LIARA es una DJ y productora brasileña, nacida en el estado de Goiás que comenzó su carrera en 2015 actuando en fiestas de música electrónica. En su trayectoria, fundó el colectivo Locomotiva.go, que tiene como propósito impulsar intervenciones artísticas en Brasil. Actualmente, forma parte del colectivo Selvatica.gyn, un grupo conformado por Djs mujeres. También se&hellip;
