{"id":27222,"date":"2023-09-21T14:15:54","date_gmt":"2023-09-21T12:15:54","guid":{"rendered":"https:\/\/cafelapalma.com\/programacion\/muestra-t-chico-salvaje-copy\/"},"modified":"2023-10-25T16:43:50","modified_gmt":"2023-10-25T14:43:50","slug":"de-metales-eva-gallego-dunasune","status":"publish","type":"tribe_events","link":"https:\/\/cafelapalma.com\/en\/programacion\/de-metales-eva-gallego-dunasune\/","title":{"rendered":"\u00abDE METALES\u00bb. EVA GALLEGO"},"content":{"rendered":"<div  class=\"tribe-events-schedule tribe-clearfix\" >\n\t<p class=\"tribe-events-schedule__datetime\">\n\t\t<span class=\"tribe-events-schedule__date tribe-events-schedule__date--start\">\n\t\t\t30  October  2023\t\t<\/span>\n\n\t\t\t\t\t<span class=\"tribe-events-schedule__separator tribe-events-schedule__separator--date\">\n\t\t\t\t@\t\t\t<\/span>\n\t\t\t<span class=\"tribe-events-schedule__time tribe-events-schedule__time--start\">\n\t\t\t\t02:30\t\t\t<\/span>\n\t\t\n\t\t\t\t\t\t\t\t\t<span class=\"tribe-events-schedule__separator tribe-events-schedule__separator--time\">\n\t\t\t\t\t&#8211;\t\t\t\t<\/span>\n\t\t\t\n\t\t\t\t\t\t\t<span class=\"tribe-events-schedule__time tribe-events-schedule__time--end\">\n\t\t\t\t\t03:00\t\t\t\t<\/span>\n\t\t\t\n\t\t\t\t\t\t<\/p>\n<\/div>\n\n\n<div  class=\"tribe-block tribe-block__event-price\" >\n\t\t\t<span class=\"tribe-block__event-price__cost\"> ENTRADA LIBRE <\/span>\n\t\t<\/div>\n\n\n\n<div style=\"height:100px\" aria-hidden=\"true\" class=\"wp-block-spacer\"><\/div>\n\n\n\n<div class=\"wp-block-columns is-layout-flex wp-container-core-columns-is-layout-8f761849 wp-block-columns-is-layout-flex\">\n<div class=\"wp-block-column is-layout-flow wp-block-column-is-layout-flow\" style=\"flex-basis:33.33%\">\n<figure class=\"wp-block-image size-full\"><img loading=\"lazy\" decoding=\"async\" width=\"422\" height=\"596\" src=\"https:\/\/cafelapalma.com\/wp-content\/uploads\/2023\/09\/EVA-CARTEL-DEF.jpg\" alt=\"\" class=\"wp-image-27239\" srcset=\"https:\/\/cafelapalma.com\/wp-content\/uploads\/2023\/09\/EVA-CARTEL-DEF.jpg 422w, https:\/\/cafelapalma.com\/wp-content\/uploads\/2023\/09\/EVA-CARTEL-DEF-212x300.jpg 212w, https:\/\/cafelapalma.com\/wp-content\/uploads\/2023\/09\/EVA-CARTEL-DEF-42x60.jpg 42w\" sizes=\"auto, (max-width: 422px) 100vw, 422px\" \/><\/figure>\n<\/div>\n\n\n\n<div class=\"wp-block-column is-layout-flow wp-block-column-is-layout-flow\" style=\"flex-basis:66.66%\">\n<p class=\"has-text-align-left wp-block-paragraph\"><strong>Eva Gallego<\/strong> es licenciada en Comunicaci\u00f3n Audiovisual, dise\u00f1adora gr\u00e1fica-digital, fot\u00f3grafa y alma poeta. Desde este a\u00f1o colabora tambi\u00e9n en la organizaci\u00f3n de <strong>MuestraT<\/strong>, el festival cultural de <strong>MADO<\/strong>.<\/p>\n\n\n\n<p class=\"has-text-align-left wp-block-paragraph\">Por necesidad abandon\u00f3 la fotograf\u00eda de forma profesional, hasta que hace menos de dos a\u00f1os que retom\u00f3 esa pasi\u00f3n con fuerza al adentrarse en el autorretrato y el desnudo. Varias son las exposiciones que lleva en su trayectoria, individuales y colectivas, pero en el \u00faltimo a\u00f1o, ya con el autorretrato, se concentran varias de ellas (para <strong>MADO 2022 <\/strong>y <strong>2023 <em>\u201cMuestraT con ellas\u201d<\/em><\/strong>, el <strong>D\u00eda Internacional de la Mujer <\/strong>para <strong>MuestraT 2023<\/strong>, <strong>D\u00eda internacional de la Mujer<\/strong> para el <strong>Ayuntamiento de Torrej\u00f3n de Ardoz<\/strong> <strong>2023<\/strong>, as\u00ed como menciones especiales de algunas de sus fotos que forman parte de galer\u00edas on line.<\/p>\n\n\n\n<p class=\"has-text-align-left wp-block-paragraph\">Desde que era una ni\u00f1a ha escrito poes\u00eda y actualmente acompa\u00f1a cada uno de sus trabajos de poemas en su af\u00e1n de expresar y comunicar no solo con su cuerpo, en forma de fotograf\u00eda, sino de su voz, en forma de verso.<\/p>\n\n\n\n<p class=\"has-text-align-left wp-block-paragraph\">Incansable y mente inquieta busca siempre transmitir emocionalidad en sus trabajos, centrados actualmente en ensalzar y dar valor a la figura de la mujer. Dos son los proyectos que actualmente est\u00e1 exponiendo en diversos lugares: <strong><em>DE METALES<\/em><\/strong> (mujer, empoderamiento) y <strong><em>TRAS DE T\u00cd&nbsp;<\/em><\/strong> (violencia de g\u00e9nero desde el punto de vista de las emociones) aunque posee m\u00e1s proyectos fotogr\u00e1ficos dispuestos a salir a la luz, un foto libro y un par de poemarios.<\/p>\n<\/div>\n<\/div>\n\n\n\n<div style=\"height:100px\" aria-hidden=\"true\" class=\"wp-block-spacer\"><\/div>\n\n\n\n<hr class=\"wp-block-separator has-alpha-channel-opacity is-style-wide\"\/>\n\n\n\n<div style=\"height:100px\" aria-hidden=\"true\" class=\"wp-block-spacer\"><\/div>","protected":false},"excerpt":{"rendered":"<p>Eva Gallego es licenciada en Comunicaci\u00f3n Audiovisual, dise\u00f1adora gr\u00e1fica-digital, fot\u00f3grafa y alma poeta. Desde este a\u00f1o colabora tambi\u00e9n en la organizaci\u00f3n de MuestraT, el festival cultural de MADO. Por necesidad abandon\u00f3 la fotograf\u00eda de forma profesional, hasta que hace menos de dos a\u00f1os que retom\u00f3 esa pasi\u00f3n con fuerza al adentrarse en el autorretrato y &hellip; <\/p>","protected":false},"author":2,"featured_media":27225,"template":"","meta":{"_tec_requires_first_save":false,"_uag_custom_page_level_css":"","loftloader_page_shortcode":"","_EventAllDay":false,"_EventTimezone":"Europe\/Madrid","_EventStartDate":"2023-10-30 02:30:00","_EventEndDate":"2023-10-30 03:00:00","_EventStartDateUTC":"2023-10-30 01:30:00","_EventEndDateUTC":"2023-10-30 02:00:00","_EventShowMap":false,"_EventShowMapLink":false,"_EventURL":"","_EventCost":"ENTRADA LIBRE","_EventCostDescription":"","_EventCurrencySymbol":"\u20ac","_EventCurrencyCode":"","_EventCurrencyPosition":"suffix","_EventDateTimeSeparator":"@","_EventTimeRangeSeparator":"-","_EventOrganizerID":[],"_EventVenueID":[0],"_OrganizerEmail":"","_OrganizerPhone":"","_OrganizerWebsite":"","_VenueAddress":"","_VenueCity":"","_VenueCountry":"","_VenueProvince":"","_VenueState":"","_VenueZip":"","_VenuePhone":"","_VenueURL":"","_VenueStateProvince":"","_VenueLat":"","_VenueLng":"","_VenueShowMap":false,"_VenueShowMapLink":false,"_tribe_blocks_recurrence_rules":"","_tribe_blocks_recurrence_description":"","_tribe_blocks_recurrence_exclusions":"","_ecp_custom_2":"","_tribe_events_status":"","_tribe_events_status_reason":"","_tribe_events_is_hybrid":"","_tribe_events_is_virtual":"","_tribe_events_virtual_video_source":"","_tribe_events_virtual_embed_video":"","_tribe_events_virtual_linked_button_text":"","_tribe_events_virtual_linked_button":"","_tribe_events_virtual_show_embed_at":"","_tribe_events_virtual_show_embed_to":[],"_tribe_events_virtual_show_on_event":"","_tribe_events_virtual_show_on_views":"","_tribe_events_virtual_url":"","footnotes":""},"tags":[13826,9834,13827,9398,11900,11899,11901,13828,13532,13944,13820,13825],"tribe_events_cat":[8965],"class_list":["post-27222","tribe_events","type-tribe_events","status-publish","has-post-thumbnail","hentry","tag-aegal","tag-ayuntamiento-de-madrid","tag-cogam","tag-comunidad-de-madrid","tag-expos","tag-exposiciones-cafe-la-palma","tag-fast-expos","tag-felgtb","tag-galerias-de-arte-malasana","tag-mado","tag-muestra-t","tag-tinta","tribe_events_cat-exposicion","cat_exposicion"],"uagb_featured_image_src":{"full":["https:\/\/cafelapalma.com\/wp-content\/uploads\/2023\/09\/Dunasune-FRONT.jpg",225,400,false],"thumbnail":["https:\/\/cafelapalma.com\/wp-content\/uploads\/2023\/09\/Dunasune-FRONT-150x150.jpg",150,150,true],"medium":["https:\/\/cafelapalma.com\/wp-content\/uploads\/2023\/09\/Dunasune-FRONT-169x300.jpg",169,300,true],"medium_large":["https:\/\/cafelapalma.com\/wp-content\/uploads\/2023\/09\/Dunasune-FRONT.jpg",225,400,false],"large":["https:\/\/cafelapalma.com\/wp-content\/uploads\/2023\/09\/Dunasune-FRONT.jpg",225,400,false],"1536x1536":["https:\/\/cafelapalma.com\/wp-content\/uploads\/2023\/09\/Dunasune-FRONT.jpg",225,400,false],"2048x2048":["https:\/\/cafelapalma.com\/wp-content\/uploads\/2023\/09\/Dunasune-FRONT.jpg",225,400,false],"trp-custom-language-flag":["https:\/\/cafelapalma.com\/wp-content\/uploads\/2023\/09\/Dunasune-FRONT.jpg",7,12,false],"blossom-feminine-slider":["https:\/\/cafelapalma.com\/wp-content\/uploads\/2023\/09\/Dunasune-FRONT.jpg",225,400,false],"blossom-feminine-featured":["https:\/\/cafelapalma.com\/wp-content\/uploads\/2023\/09\/Dunasune-FRONT.jpg",225,400,false],"blossom-feminine-with-sidebar":["https:\/\/cafelapalma.com\/wp-content\/uploads\/2023\/09\/Dunasune-FRONT.jpg",225,400,false],"blossom-feminine-blog":["https:\/\/cafelapalma.com\/wp-content\/uploads\/2023\/09\/Dunasune-FRONT.jpg",225,400,false],"blossom-feminine-cat":["https:\/\/cafelapalma.com\/wp-content\/uploads\/2023\/09\/Dunasune-FRONT-225x300.jpg",225,300,true],"blossom-feminine-related":["https:\/\/cafelapalma.com\/wp-content\/uploads\/2023\/09\/Dunasune-FRONT-225x200.jpg",225,200,true],"blossom-feminine-schema":["https:\/\/cafelapalma.com\/wp-content\/uploads\/2023\/09\/Dunasune-FRONT-34x60.jpg",34,60,true]},"uagb_author_info":{"display_name":"Victor","author_link":"https:\/\/cafelapalma.com\/en\/author\/comunicacion\/"},"uagb_comment_info":0,"uagb_excerpt":"Eva Gallego es licenciada en Comunicaci\u00f3n Audiovisual, dise\u00f1adora gr\u00e1fica-digital, fot\u00f3grafa y alma poeta. Desde este a\u00f1o colabora tambi\u00e9n en la organizaci\u00f3n de MuestraT, el festival cultural de MADO. Por necesidad abandon\u00f3 la fotograf\u00eda de forma profesional, hasta que hace menos de dos a\u00f1os que retom\u00f3 esa pasi\u00f3n con fuerza al adentrarse en el autorretrato y&hellip;","_links":{"self":[{"href":"https:\/\/cafelapalma.com\/en\/wp-json\/wp\/v2\/tribe_events\/27222","targetHints":{"allow":["GET"]}}],"collection":[{"href":"https:\/\/cafelapalma.com\/en\/wp-json\/wp\/v2\/tribe_events"}],"about":[{"href":"https:\/\/cafelapalma.com\/en\/wp-json\/wp\/v2\/types\/tribe_events"}],"author":[{"embeddable":true,"href":"https:\/\/cafelapalma.com\/en\/wp-json\/wp\/v2\/users\/2"}],"version-history":[{"count":0,"href":"https:\/\/cafelapalma.com\/en\/wp-json\/wp\/v2\/tribe_events\/27222\/revisions"}],"wp:featuredmedia":[{"embeddable":true,"href":"https:\/\/cafelapalma.com\/en\/wp-json\/wp\/v2\/media\/27225"}],"wp:attachment":[{"href":"https:\/\/cafelapalma.com\/en\/wp-json\/wp\/v2\/media?parent=27222"}],"wp:term":[{"taxonomy":"post_tag","embeddable":true,"href":"https:\/\/cafelapalma.com\/en\/wp-json\/wp\/v2\/tags?post=27222"},{"taxonomy":"tribe_events_cat","embeddable":true,"href":"https:\/\/cafelapalma.com\/en\/wp-json\/wp\/v2\/tribe_events_cat?post=27222"}],"curies":[{"name":"wp","href":"https:\/\/api.w.org\/{rel}","templated":true}]}}

<div  class="tribe-events-schedule tribe-clearfix" >
	<p class="tribe-events-schedule__datetime">
		<span class="tribe-events-schedule__date tribe-events-schedule__date--start">
			30  October  2023		</span>

					<span class="tribe-events-schedule__separator tribe-events-schedule__separator--date">
				@			</span>
			<span class="tribe-events-schedule__time tribe-events-schedule__time--start">
				02:30			</span>
		
									<span class="tribe-events-schedule__separator tribe-events-schedule__separator--time">
					&#8211;				</span>
			
							<span class="tribe-events-schedule__time tribe-events-schedule__time--end">
					03:00				</span>
			
						</p>
</div>


<div  class="tribe-block tribe-block__event-price" >
			<span class="tribe-block__event-price__cost"> ENTRADA LIBRE </span>
		</div>



<div style="height:100px" aria-hidden="true" class="wp-block-spacer"></div>



<div class="wp-block-columns is-layout-flex wp-container-core-columns-is-layout-8f761849 wp-block-columns-is-layout-flex">
<div class="wp-block-column is-layout-flow wp-block-column-is-layout-flow" style="flex-basis:33.33%">
<figure class="wp-block-image size-full"><img loading="lazy" decoding="async" width="422" height="596" src="https://cafelapalma.com/wp-content/uploads/2023/09/EVA-CARTEL-DEF.jpg" alt="" class="wp-image-27239" srcset="https://cafelapalma.com/wp-content/uploads/2023/09/EVA-CARTEL-DEF.jpg 422w, https://cafelapalma.com/wp-content/uploads/2023/09/EVA-CARTEL-DEF-212x300.jpg 212w, https://cafelapalma.com/wp-content/uploads/2023/09/EVA-CARTEL-DEF-42x60.jpg 42w" sizes="auto, (max-width: 422px) 100vw, 422px" /></figure>
</div>



<div class="wp-block-column is-layout-flow wp-block-column-is-layout-flow" style="flex-basis:66.66%">
<p class="has-text-align-left wp-block-paragraph"><strong>Eva Gallego</strong> es licenciada en Comunicación Audiovisual, diseñadora gráfica-digital, fotógrafa y alma poeta. Desde este año colabora también en la organización de <strong>MuestraT</strong>, el festival cultural de <strong>MADO</strong>.</p>



<p class="has-text-align-left wp-block-paragraph">Por necesidad abandonó la fotografía de forma profesional, hasta que hace menos de dos años que retomó esa pasión con fuerza al adentrarse en el autorretrato y el desnudo. Varias son las exposiciones que lleva en su trayectoria, individuales y colectivas, pero en el último año, ya con el autorretrato, se concentran varias de ellas (para <strong>MADO 2022 </strong>y <strong>2023 <em>“MuestraT con ellas”</em></strong>, el <strong>Día Internacional de la Mujer </strong>para <strong>MuestraT 2023</strong>, <strong>Día internacional de la Mujer</strong> para el <strong>Ayuntamiento de Torrejón de Ardoz</strong> <strong>2023</strong>, así como menciones especiales de algunas de sus fotos que forman parte de galerías on line.</p>



<p class="has-text-align-left wp-block-paragraph">Desde que era una niña ha escrito poesía y actualmente acompaña cada uno de sus trabajos de poemas en su afán de expresar y comunicar no solo con su cuerpo, en forma de fotografía, sino de su voz, en forma de verso.</p>



<p class="has-text-align-left wp-block-paragraph">Incansable y mente inquieta busca siempre transmitir emocionalidad en sus trabajos, centrados actualmente en ensalzar y dar valor a la figura de la mujer. Dos son los proyectos que actualmente está exponiendo en diversos lugares: <strong><em>DE METALES</em></strong> (mujer, empoderamiento) y <strong><em>TRAS DE TÍ&nbsp;</em></strong> (violencia de género desde el punto de vista de las emociones) aunque posee más proyectos fotográficos dispuestos a salir a la luz, un foto libro y un par de poemarios.</p>
</div>
</div>



<div style="height:100px" aria-hidden="true" class="wp-block-spacer"></div>



<hr class="wp-block-separator has-alpha-channel-opacity is-style-wide"/>



<div style="height:100px" aria-hidden="true" class="wp-block-spacer"></div>

<p>Eva Gallego es licenciada en Comunicación Audiovisual, diseñadora gráfica-digital, fotógrafa y alma poeta. Desde este año colabora también en la organización de MuestraT, el festival cultural de MADO. Por necesidad abandonó la fotografía de forma profesional, hasta que hace menos de dos años que retomó esa pasión con fuerza al adentrarse en el autorretrato y &hellip; </p>

Eva Gallego es licenciada en Comunicación Audiovisual, diseñadora gráfica-digital, fotógrafa y alma poeta. Desde este año colabora también en la organización de MuestraT, el festival cultural de MADO. Por necesidad abandonó la fotografía de forma profesional, hasta que hace menos de dos años que retomó esa pasión con fuerza al adentrarse en el autorretrato y&hellip;
