{"id":27264,"date":"2023-09-25T18:22:11","date_gmt":"2023-09-25T16:22:11","guid":{"rendered":"https:\/\/cafelapalma.com\/?post_type=tribe_events&#038;p=27264"},"modified":"2023-09-25T19:01:49","modified_gmt":"2023-09-25T17:01:49","slug":"triple","status":"publish","type":"tribe_events","link":"https:\/\/cafelapalma.com\/en\/programacion\/triple\/","title":{"rendered":"TRIPLE"},"content":{"rendered":"<div  class=\"tribe-events-schedule tribe-clearfix\" >\n\t<p class=\"tribe-events-schedule__datetime\">\n\t\t<span class=\"tribe-events-schedule__date tribe-events-schedule__date--start\">\n\t\t\t11  October  2023\t\t<\/span>\n\n\t\t\t\t\t<span class=\"tribe-events-schedule__separator tribe-events-schedule__separator--date\">\n\t\t\t\t@\t\t\t<\/span>\n\t\t\t<span class=\"tribe-events-schedule__time tribe-events-schedule__time--start\">\n\t\t\t\t23:50\t\t\t<\/span>\n\t\t\n\t\t\t\t\t\t\t\t\t<span class=\"tribe-events-schedule__separator tribe-events-schedule__separator--time\">\n\t\t\t\t\t&#8211;\t\t\t\t<\/span>\n\t\t\t\n\t\t\t\t\t\t\t<span class=\"tribe-events-schedule__time tribe-events-schedule__time--end\">\n\t\t\t\t\t23:55\t\t\t\t<\/span>\n\t\t\t\n\t\t\t\t\t\t<\/p>\n<\/div>\n\n\n<div  class=\"tribe-block tribe-block__event-price\" >\n\t\t\t<span class=\"tribe-block__event-price__cost\"> 11\u20ac <\/span>\n\t\t\t\t<span class=\"tribe-block__event-price__description\">Taquilla de 00:00 a 02:00 con UNA COPA o DOS CERVEZAS | De 02:00 a 06:00 con UNA COPA<\/span>\n\t<\/div>\n\n\n\n<div style=\"height:100px\" aria-hidden=\"true\" class=\"wp-block-spacer\"><\/div>\n\n\n\n<div class=\"wp-block-columns is-layout-flex wp-container-core-columns-is-layout-8f761849 wp-block-columns-is-layout-flex\">\n<div class=\"wp-block-column is-layout-flow wp-block-column-is-layout-flow\" style=\"flex-basis:33.33%\">\n<figure class=\"wp-block-image size-large\"><img loading=\"lazy\" decoding=\"async\" width=\"740\" height=\"1040\" src=\"https:\/\/cafelapalma.com\/wp-content\/uploads\/2023\/09\/TRIPLE-A3-LOW-740x1040.jpg\" alt=\"\" class=\"wp-image-27265\" srcset=\"https:\/\/cafelapalma.com\/wp-content\/uploads\/2023\/09\/TRIPLE-A3-LOW-740x1040.jpg 740w, https:\/\/cafelapalma.com\/wp-content\/uploads\/2023\/09\/TRIPLE-A3-LOW-213x300.jpg 213w, https:\/\/cafelapalma.com\/wp-content\/uploads\/2023\/09\/TRIPLE-A3-LOW-768x1080.jpg 768w, https:\/\/cafelapalma.com\/wp-content\/uploads\/2023\/09\/TRIPLE-A3-LOW-1093x1536.jpg 1093w, https:\/\/cafelapalma.com\/wp-content\/uploads\/2023\/09\/TRIPLE-A3-LOW-1457x2048.jpg 1457w, https:\/\/cafelapalma.com\/wp-content\/uploads\/2023\/09\/TRIPLE-A3-LOW-43x60.jpg 43w\" sizes=\"auto, (max-width: 740px) 100vw, 740px\" \/><\/figure>\n<\/div>\n\n\n\n<div class=\"wp-block-column is-layout-flow wp-block-column-is-layout-flow\" style=\"flex-basis:66.66%\">\n<div style=\"height:100px\" aria-hidden=\"true\" class=\"wp-block-spacer\"><\/div>\n\n\n\n<p class=\"has-text-align-left wp-block-paragraph\">El 11 de octubre llega el tsunami <strong>TRIPLE <\/strong>a <strong>CAFE LA PALMA<\/strong>. Toda la energ\u00eda de este colectivo, que navega con irreverencia en la ausencia de estilos que lo encorseten, se concentrar\u00e1 para poner patas arriba la pista. Rara vez todos los miembros del colectivo coinciden para compartir mesa y fusionarse en un mismo sonido que solo tiene un fin: poner a todo el mundo a bailar.<\/p>\n\n\n\n<p class=\"has-text-align-left wp-block-paragraph\"><strong>ADRI\u00c1N LEFREAK<\/strong>, <strong>DANILESS<\/strong>, <strong>DJAKE<\/strong>, <strong>PEJE <\/strong>y <strong>ZAZA<\/strong>, residentes de sesiones tan relevantes en el panorama nacional como <strong>Ochoymedio<\/strong>, <strong>Pompa <\/strong>o <strong>Zebra<\/strong>, son habituales tambi\u00e9n de salas de toda la geograf\u00eda espa\u00f1ola y de los escenarios de festivales como el <strong>BBK Live<\/strong>, <strong>Mad Cool<\/strong>, <strong>Sonorama<\/strong>, <strong>Low<\/strong>, <strong>Granada Sound<\/strong>, <strong>FIB<\/strong>, <strong>Interestellar<\/strong>\u2026 <\/p>\n\n\n\n<p class=\"has-text-align-left wp-block-paragraph\">Fiesta de s\u00e1bado para un mi\u00e9rcoles, v\u00edspera de festivo, que promete ser \u00e9pico.<\/p>\n<\/div>\n<\/div>\n\n\n\n<div style=\"height:100px\" aria-hidden=\"true\" class=\"wp-block-spacer\"><\/div>\n\n\n\n<hr class=\"wp-block-separator has-alpha-channel-opacity\"\/>\n\n\n\n<div style=\"height:100px\" aria-hidden=\"true\" class=\"wp-block-spacer\"><\/div>\n\n\n<h2 class=\"tribe-block__related-events__title\">Related Events<\/h2>\n\n<ul  class=\"tribe-related-events tribe-clearfix\" >\n\t\t\t<li>\n\t\n<div class=\"tribe-related-events-thumbnail\">\n\t<a href=\"https:\/\/cafelapalma.com\/en\/programacion\/funkin-donuts\/\" class=\"url\" rel=\"bookmark\" tabindex=\"-1\" aria-hidden=\"true\"><img loading=\"lazy\" decoding=\"async\" width=\"693\" height=\"1040\" src=\"https:\/\/cafelapalma.com\/wp-content\/uploads\/2026\/07\/FD-vert2-bn-693x1040.jpg\" class=\"attachment-large size-large wp-post-image\" alt=\"\" \/><\/a>\n<\/div>\n\t<div class=\"tribe-related-event-info\">\n\t<h3 class=\"tribe-related-events-title\">\n\t\t<a href=\"https:\/\/cafelapalma.com\/en\/programacion\/funkin-donuts\/\" class=\"tribe-event-url\" rel=\"bookmark\">\n\t\t\tFUNKIN&#8217; DONUTS\t\t<\/a>\n\t<\/h3>\n\t<span class=\"tribe-event-date-start\">5  September@22:00<\/span><span class=\"tribe-event-time\">23:45<\/span><\/div>\n<\/li>\n\t\t\t<li>\n\t\n<div class=\"tribe-related-events-thumbnail\">\n\t<a href=\"https:\/\/cafelapalma.com\/en\/programacion\/backstage-le-petit-truffle-mayo\/\" class=\"url\" rel=\"bookmark\" tabindex=\"-1\" aria-hidden=\"true\"><img loading=\"lazy\" decoding=\"async\" width=\"780\" height=\"1040\" src=\"https:\/\/cafelapalma.com\/wp-content\/uploads\/2026\/07\/Imagen-TruffleMayo-LePetit-i-1-780x1040.png\" class=\"attachment-large size-large wp-post-image\" alt=\"\" \/><\/a>\n<\/div>\n\t<div class=\"tribe-related-event-info\">\n\t<h3 class=\"tribe-related-events-title\">\n\t\t<a href=\"https:\/\/cafelapalma.com\/en\/programacion\/backstage-le-petit-truffle-mayo\/\" class=\"tribe-event-url\" rel=\"bookmark\">\n\t\t\tBACKSTAGE: LE PETIT + TRUFFLE MAYO\t\t<\/a>\n\t<\/h3>\n\t<span class=\"tribe-event-date-start\">5  September@23:55<\/span><\/div>\n<\/li>\n\t\t\t<li>\n\t\n<div class=\"tribe-related-events-thumbnail\">\n\t<a href=\"https:\/\/cafelapalma.com\/en\/programacion\/willie-deville-concierto-benefico-x-venezuela\/\" class=\"url\" rel=\"bookmark\" tabindex=\"-1\" aria-hidden=\"true\"><img loading=\"lazy\" decoding=\"async\" width=\"1020\" height=\"531\" src=\"https:\/\/cafelapalma.com\/wp-content\/uploads\/2026\/08\/Willie-deville-1100x572-1-1040x541.jpg\" class=\"attachment-large size-large wp-post-image\" alt=\"\" \/><\/a>\n<\/div>\n\t<div class=\"tribe-related-event-info\">\n\t<h3 class=\"tribe-related-events-title\">\n\t\t<a href=\"https:\/\/cafelapalma.com\/en\/programacion\/willie-deville-concierto-benefico-x-venezuela\/\" class=\"tribe-event-url\" rel=\"bookmark\">\n\t\t\tWILLIE DEVILLE: CONCIERTO BEN\u00c9FICO X VENEZUELA\t\t<\/a>\n\t<\/h3>\n\t<span class=\"tribe-event-date-start\">6  September@21:00<\/span><span class=\"tribe-event-time\">23:45<\/span><\/div>\n<\/li>\n\t<\/ul>","protected":false},"excerpt":{"rendered":"<p>El 11 de octubre llega el tsunami TRIPLE a CAFE LA PALMA. Toda la energ\u00eda de este colectivo, que navega con irreverencia en la ausencia de estilos que lo encorseten, se concentrar\u00e1 para poner patas arriba la pista. Rara vez todos los miembros del colectivo coinciden para compartir mesa y fusionarse en un mismo sonido &hellip; <\/p>","protected":false},"author":2,"featured_media":27266,"template":"","meta":{"_tec_requires_first_save":false,"_uag_custom_page_level_css":"","loftloader_page_shortcode":"","_EventAllDay":false,"_EventTimezone":"Europe\/Madrid","_EventStartDate":"2023-10-11 23:50:00","_EventEndDate":"2023-10-11 23:55:00","_EventStartDateUTC":"2023-10-11 21:50:00","_EventEndDateUTC":"2023-10-11 21:55:00","_EventShowMap":false,"_EventShowMapLink":false,"_EventURL":"","_EventCost":"11","_EventCostDescription":"","_EventCurrencySymbol":"\u20ac","_EventCurrencyCode":"USD","_EventCurrencyPosition":"suffix","_EventDateTimeSeparator":"@","_EventTimeRangeSeparator":"-","_EventOrganizerID":[],"_EventVenueID":[],"_OrganizerEmail":"","_OrganizerPhone":"","_OrganizerWebsite":"","_VenueAddress":"","_VenueCity":"","_VenueCountry":"","_VenueProvince":"","_VenueState":"","_VenueZip":"","_VenuePhone":"","_VenueURL":"","_VenueStateProvince":"","_VenueLat":"","_VenueLng":"","_VenueShowMap":false,"_VenueShowMapLink":false,"_tribe_blocks_recurrence_rules":"","_tribe_blocks_recurrence_description":"","_tribe_blocks_recurrence_exclusions":"","_ecp_custom_2":"","_tribe_events_status":"","_tribe_events_status_reason":"","_tribe_events_is_hybrid":"","_tribe_events_is_virtual":"","_tribe_events_virtual_video_source":"","_tribe_events_virtual_embed_video":"","_tribe_events_virtual_linked_button_text":"","_tribe_events_virtual_linked_button":"","_tribe_events_virtual_show_embed_at":"","_tribe_events_virtual_show_embed_to":[],"_tribe_events_virtual_show_on_event":"","_tribe_events_virtual_show_on_views":"","_tribe_events_virtual_url":"","footnotes":""},"tags":[14355,14367,8869,1363,9225,14356,14354,9226,9227,1357,14365,14362,14364,14363,10768,13913,14357,11307,1355,10766,14359,14360,14361],"tribe_events_cat":[8964],"class_list":["post-27264","tribe_events","type-tribe_events","status-publish","has-post-thumbnail","hentry","tag-adrian-lefreak","tag-bbk-live-2","tag-cafe-la-palma-2","tag-cafe-la-palma","tag-cafe-la-palma-clubbing","tag-daniless","tag-djake","tag-djs-madrid","tag-djs-malasana","tag-electronica","tag-fib","tag-granada-sound","tag-interestellar","tag-low","tag-mad-cool","tag-ochoymedio","tag-peje","tag-pompa","tag-pop","tag-sonorama","tag-triple","tag-triple-party","tag-zebra","tribe_events_cat-clubbing","cat_clubbing"],"uagb_featured_image_src":{"full":["https:\/\/cafelapalma.com\/wp-content\/uploads\/2023\/09\/triplefront.jpg",1080,1920,false],"thumbnail":["https:\/\/cafelapalma.com\/wp-content\/uploads\/2023\/09\/triplefront-150x150.jpg",150,150,true],"medium":["https:\/\/cafelapalma.com\/wp-content\/uploads\/2023\/09\/triplefront-169x300.jpg",169,300,true],"medium_large":["https:\/\/cafelapalma.com\/wp-content\/uploads\/2023\/09\/triplefront-768x1365.jpg",768,1365,true],"large":["https:\/\/cafelapalma.com\/wp-content\/uploads\/2023\/09\/triplefront-585x1040.jpg",585,1040,true],"1536x1536":["https:\/\/cafelapalma.com\/wp-content\/uploads\/2023\/09\/triplefront-864x1536.jpg",864,1536,true],"2048x2048":["https:\/\/cafelapalma.com\/wp-content\/uploads\/2023\/09\/triplefront.jpg",1080,1920,false],"trp-custom-language-flag":["https:\/\/cafelapalma.com\/wp-content\/uploads\/2023\/09\/triplefront.jpg",7,12,false],"blossom-feminine-slider":["https:\/\/cafelapalma.com\/wp-content\/uploads\/2023\/09\/triplefront-1080x649.jpg",1080,649,true],"blossom-feminine-featured":["https:\/\/cafelapalma.com\/wp-content\/uploads\/2023\/09\/triplefront-1080x600.jpg",1080,600,true],"blossom-feminine-with-sidebar":["https:\/\/cafelapalma.com\/wp-content\/uploads\/2023\/09\/triplefront-1020x600.jpg",1020,600,true],"blossom-feminine-blog":["https:\/\/cafelapalma.com\/wp-content\/uploads\/2023\/09\/triplefront-435x435.jpg",435,435,true],"blossom-feminine-cat":["https:\/\/cafelapalma.com\/wp-content\/uploads\/2023\/09\/triplefront-450x300.jpg",450,300,true],"blossom-feminine-related":["https:\/\/cafelapalma.com\/wp-content\/uploads\/2023\/09\/triplefront-320x200.jpg",320,200,true],"blossom-feminine-schema":["https:\/\/cafelapalma.com\/wp-content\/uploads\/2023\/09\/triplefront-34x60.jpg",34,60,true]},"uagb_author_info":{"display_name":"Victor","author_link":"https:\/\/cafelapalma.com\/en\/author\/comunicacion\/"},"uagb_comment_info":0,"uagb_excerpt":"El 11 de octubre llega el tsunami TRIPLE a CAFE LA PALMA. Toda la energ\u00eda de este colectivo, que navega con irreverencia en la ausencia de estilos que lo encorseten, se concentrar\u00e1 para poner patas arriba la pista. Rara vez todos los miembros del colectivo coinciden para compartir mesa y fusionarse en un mismo sonido&hellip;","_links":{"self":[{"href":"https:\/\/cafelapalma.com\/en\/wp-json\/wp\/v2\/tribe_events\/27264","targetHints":{"allow":["GET"]}}],"collection":[{"href":"https:\/\/cafelapalma.com\/en\/wp-json\/wp\/v2\/tribe_events"}],"about":[{"href":"https:\/\/cafelapalma.com\/en\/wp-json\/wp\/v2\/types\/tribe_events"}],"author":[{"embeddable":true,"href":"https:\/\/cafelapalma.com\/en\/wp-json\/wp\/v2\/users\/2"}],"version-history":[{"count":0,"href":"https:\/\/cafelapalma.com\/en\/wp-json\/wp\/v2\/tribe_events\/27264\/revisions"}],"wp:featuredmedia":[{"embeddable":true,"href":"https:\/\/cafelapalma.com\/en\/wp-json\/wp\/v2\/media\/27266"}],"wp:attachment":[{"href":"https:\/\/cafelapalma.com\/en\/wp-json\/wp\/v2\/media?parent=27264"}],"wp:term":[{"taxonomy":"post_tag","embeddable":true,"href":"https:\/\/cafelapalma.com\/en\/wp-json\/wp\/v2\/tags?post=27264"},{"taxonomy":"tribe_events_cat","embeddable":true,"href":"https:\/\/cafelapalma.com\/en\/wp-json\/wp\/v2\/tribe_events_cat?post=27264"}],"curies":[{"name":"wp","href":"https:\/\/api.w.org\/{rel}","templated":true}]}}

<div  class="tribe-events-schedule tribe-clearfix" >
	<p class="tribe-events-schedule__datetime">
		<span class="tribe-events-schedule__date tribe-events-schedule__date--start">
			11  October  2023		</span>

					<span class="tribe-events-schedule__separator tribe-events-schedule__separator--date">
				@			</span>
			<span class="tribe-events-schedule__time tribe-events-schedule__time--start">
				23:50			</span>
		
									<span class="tribe-events-schedule__separator tribe-events-schedule__separator--time">
					&#8211;				</span>
			
							<span class="tribe-events-schedule__time tribe-events-schedule__time--end">
					23:55				</span>
			
						</p>
</div>


<div  class="tribe-block tribe-block__event-price" >
			<span class="tribe-block__event-price__cost"> 11€ </span>
				<span class="tribe-block__event-price__description">Taquilla de 00:00 a 02:00 con UNA COPA o DOS CERVEZAS | De 02:00 a 06:00 con UNA COPA</span>
	</div>



<div style="height:100px" aria-hidden="true" class="wp-block-spacer"></div>



<div class="wp-block-columns is-layout-flex wp-container-core-columns-is-layout-8f761849 wp-block-columns-is-layout-flex">
<div class="wp-block-column is-layout-flow wp-block-column-is-layout-flow" style="flex-basis:33.33%">
<figure class="wp-block-image size-large"><img loading="lazy" decoding="async" width="740" height="1040" src="https://cafelapalma.com/wp-content/uploads/2023/09/TRIPLE-A3-LOW-740x1040.jpg" alt="" class="wp-image-27265" srcset="https://cafelapalma.com/wp-content/uploads/2023/09/TRIPLE-A3-LOW-740x1040.jpg 740w, https://cafelapalma.com/wp-content/uploads/2023/09/TRIPLE-A3-LOW-213x300.jpg 213w, https://cafelapalma.com/wp-content/uploads/2023/09/TRIPLE-A3-LOW-768x1080.jpg 768w, https://cafelapalma.com/wp-content/uploads/2023/09/TRIPLE-A3-LOW-1093x1536.jpg 1093w, https://cafelapalma.com/wp-content/uploads/2023/09/TRIPLE-A3-LOW-1457x2048.jpg 1457w, https://cafelapalma.com/wp-content/uploads/2023/09/TRIPLE-A3-LOW-43x60.jpg 43w" sizes="auto, (max-width: 740px) 100vw, 740px" /></figure>
</div>



<div class="wp-block-column is-layout-flow wp-block-column-is-layout-flow" style="flex-basis:66.66%">
<div style="height:100px" aria-hidden="true" class="wp-block-spacer"></div>



<p class="has-text-align-left wp-block-paragraph">El 11 de octubre llega el tsunami <strong>TRIPLE </strong>a <strong>CAFE LA PALMA</strong>. Toda la energía de este colectivo, que navega con irreverencia en la ausencia de estilos que lo encorseten, se concentrará para poner patas arriba la pista. Rara vez todos los miembros del colectivo coinciden para compartir mesa y fusionarse en un mismo sonido que solo tiene un fin: poner a todo el mundo a bailar.</p>



<p class="has-text-align-left wp-block-paragraph"><strong>ADRIÁN LEFREAK</strong>, <strong>DANILESS</strong>, <strong>DJAKE</strong>, <strong>PEJE </strong>y <strong>ZAZA</strong>, residentes de sesiones tan relevantes en el panorama nacional como <strong>Ochoymedio</strong>, <strong>Pompa </strong>o <strong>Zebra</strong>, son habituales también de salas de toda la geografía española y de los escenarios de festivales como el <strong>BBK Live</strong>, <strong>Mad Cool</strong>, <strong>Sonorama</strong>, <strong>Low</strong>, <strong>Granada Sound</strong>, <strong>FIB</strong>, <strong>Interestellar</strong>… </p>



<p class="has-text-align-left wp-block-paragraph">Fiesta de sábado para un miércoles, víspera de festivo, que promete ser épico.</p>
</div>
</div>



<div style="height:100px" aria-hidden="true" class="wp-block-spacer"></div>



<hr class="wp-block-separator has-alpha-channel-opacity"/>



<div style="height:100px" aria-hidden="true" class="wp-block-spacer"></div>


<h2 class="tribe-block__related-events__title">Related Events</h2>

<ul  class="tribe-related-events tribe-clearfix" >
			<li>
	
<div class="tribe-related-events-thumbnail">
	<a href="https://cafelapalma.com/en/programacion/funkin-donuts/" class="url" rel="bookmark" tabindex="-1" aria-hidden="true"><img loading="lazy" decoding="async" width="693" height="1040" src="https://cafelapalma.com/wp-content/uploads/2026/07/FD-vert2-bn-693x1040.jpg" class="attachment-large size-large wp-post-image" alt="" /></a>
</div>
	<div class="tribe-related-event-info">
	<h3 class="tribe-related-events-title">
		<a href="https://cafelapalma.com/en/programacion/funkin-donuts/" class="tribe-event-url" rel="bookmark">
			FUNKIN&#8217; DONUTS		</a>
	</h3>
	<span class="tribe-event-date-start">5  September@22:00</span><span class="tribe-event-time">23:45</span></div>
</li>
			<li>
	
<div class="tribe-related-events-thumbnail">
	<a href="https://cafelapalma.com/en/programacion/backstage-le-petit-truffle-mayo/" class="url" rel="bookmark" tabindex="-1" aria-hidden="true"><img loading="lazy" decoding="async" width="780" height="1040" src="https://cafelapalma.com/wp-content/uploads/2026/07/Imagen-TruffleMayo-LePetit-i-1-780x1040.png" class="attachment-large size-large wp-post-image" alt="" /></a>
</div>
	<div class="tribe-related-event-info">
	<h3 class="tribe-related-events-title">
		<a href="https://cafelapalma.com/en/programacion/backstage-le-petit-truffle-mayo/" class="tribe-event-url" rel="bookmark">
			BACKSTAGE: LE PETIT + TRUFFLE MAYO		</a>
	</h3>
	<span class="tribe-event-date-start">5  September@23:55</span></div>
</li>
			<li>
	
<div class="tribe-related-events-thumbnail">
	<a href="https://cafelapalma.com/en/programacion/willie-deville-concierto-benefico-x-venezuela/" class="url" rel="bookmark" tabindex="-1" aria-hidden="true"><img loading="lazy" decoding="async" width="1020" height="531" src="https://cafelapalma.com/wp-content/uploads/2026/08/Willie-deville-1100x572-1-1040x541.jpg" class="attachment-large size-large wp-post-image" alt="" /></a>
</div>
	<div class="tribe-related-event-info">
	<h3 class="tribe-related-events-title">
		<a href="https://cafelapalma.com/en/programacion/willie-deville-concierto-benefico-x-venezuela/" class="tribe-event-url" rel="bookmark">
			WILLIE DEVILLE: CONCIERTO BENÉFICO X VENEZUELA		</a>
	</h3>
	<span class="tribe-event-date-start">6  September@21:00</span><span class="tribe-event-time">23:45</span></div>
</li>
	</ul>

<p>El 11 de octubre llega el tsunami TRIPLE a CAFE LA PALMA. Toda la energía de este colectivo, que navega con irreverencia en la ausencia de estilos que lo encorseten, se concentrará para poner patas arriba la pista. Rara vez todos los miembros del colectivo coinciden para compartir mesa y fusionarse en un mismo sonido &hellip; </p>

El 11 de octubre llega el tsunami TRIPLE a CAFE LA PALMA. Toda la energía de este colectivo, que navega con irreverencia en la ausencia de estilos que lo encorseten, se concentrará para poner patas arriba la pista. Rara vez todos los miembros del colectivo coinciden para compartir mesa y fusionarse en un mismo sonido&hellip;
