{"id":27374,"date":"2023-10-11T12:44:39","date_gmt":"2023-10-11T10:44:39","guid":{"rendered":"https:\/\/cafelapalma.com\/programacion\/david-rodri-arquitecto-de-la-noche-2-copy\/"},"modified":"2023-10-11T12:46:22","modified_gmt":"2023-10-11T10:46:22","slug":"david-rodri-arquitecto-de-la-noche-3","status":"publish","type":"tribe_events","link":"https:\/\/cafelapalma.com\/en\/programacion\/david-rodri-arquitecto-de-la-noche-3\/","title":{"rendered":"DAVID RODRI es ARQUITECTO DE LA NOCHE"},"content":{"rendered":"<div  class=\"tribe-events-schedule tribe-clearfix\" >\n\t<p class=\"tribe-events-schedule__datetime\">\n\t\t<span class=\"tribe-events-schedule__date tribe-events-schedule__date--start\">\n\t\t\t27  December  2023\t\t<\/span>\n\n\t\t\t\t\t<span class=\"tribe-events-schedule__separator tribe-events-schedule__separator--date\">\n\t\t\t\t@\t\t\t<\/span>\n\t\t\t<span class=\"tribe-events-schedule__time tribe-events-schedule__time--start\">\n\t\t\t\t21:00\t\t\t<\/span>\n\t\t\n\t\t\t\t\t\t\t\t\t<span class=\"tribe-events-schedule__separator tribe-events-schedule__separator--time\">\n\t\t\t\t\t&#8211;\t\t\t\t<\/span>\n\t\t\t\n\t\t\t\t\t\t\t<span class=\"tribe-events-schedule__time tribe-events-schedule__time--end\">\n\t\t\t\t\t22:30\t\t\t\t<\/span>\n\t\t\t\n\t\t\t\t\t\t<\/p>\n<\/div>\n\n\n<div  class=\"tribe-block tribe-block__event-price\" >\n\t\t\t<span class=\"tribe-block__event-price__cost\"> 10\u20ac <\/span>\n\t\t\t\t<span class=\"tribe-block__event-price__description\">+ gg Anticipada | 14\u20ac Taquilla<\/span>\n\t<\/div>\n\n\n\n<div style=\"height:100px\" aria-hidden=\"true\" class=\"wp-block-spacer\"><\/div>\n\n\n\n<div class=\"wp-block-columns is-layout-flex wp-container-core-columns-is-layout-8f761849 wp-block-columns-is-layout-flex\">\n<div class=\"wp-block-column is-layout-flow wp-block-column-is-layout-flow\" style=\"flex-basis:33.33%\">\n<figure class=\"wp-block-image size-large\"><img loading=\"lazy\" decoding=\"async\" width=\"735\" height=\"1040\" src=\"https:\/\/cafelapalma.com\/wp-content\/uploads\/2023\/10\/ARQUITECTO-NOCHE-DIC-A3-LOW-735x1040.jpg\" alt=\"\" class=\"wp-image-27375\" srcset=\"https:\/\/cafelapalma.com\/wp-content\/uploads\/2023\/10\/ARQUITECTO-NOCHE-DIC-A3-LOW-735x1040.jpg 735w, https:\/\/cafelapalma.com\/wp-content\/uploads\/2023\/10\/ARQUITECTO-NOCHE-DIC-A3-LOW-212x300.jpg 212w, https:\/\/cafelapalma.com\/wp-content\/uploads\/2023\/10\/ARQUITECTO-NOCHE-DIC-A3-LOW-768x1086.jpg 768w, https:\/\/cafelapalma.com\/wp-content\/uploads\/2023\/10\/ARQUITECTO-NOCHE-DIC-A3-LOW-1086x1536.jpg 1086w, https:\/\/cafelapalma.com\/wp-content\/uploads\/2023\/10\/ARQUITECTO-NOCHE-DIC-A3-LOW-42x60.jpg 42w, https:\/\/cafelapalma.com\/wp-content\/uploads\/2023\/10\/ARQUITECTO-NOCHE-DIC-A3-LOW.jpg 1414w\" sizes=\"auto, (max-width: 735px) 100vw, 735px\" \/><\/figure>\n\n\n<div  class=\"tribe-block tribe-block__event-website\" >\n\t<a\n\t\thref=\"https:\/\/www.passline.com\/eventos\/arquitecto-de-la-noche-david-rodri-212103\"\n\t\ttarget=\"_self\"\n\t\t\t>\n\t\tBUY TICKETS\t<\/a>\n<\/div>\n<\/div>\n\n\n\n<div class=\"wp-block-column is-layout-flow wp-block-column-is-layout-flow\" style=\"flex-basis:66.66%\">\n<div style=\"height:100px\" aria-hidden=\"true\" class=\"wp-block-spacer\"><\/div>\n\n\n\n<p class=\"has-text-align-left wp-block-paragraph\"><strong>DAVID RODRI<\/strong> es <strong>ARQUITECTO DE LA NOCHE<\/strong>. Y de esta guisa se presenta en el show donde fliparse est\u00e1 permitido&#8217;.<\/p>\n\n\n\n<p class=\"has-text-align-left wp-block-paragraph\">Todos alguna vez en nuestra vida hemos salido de fiesta. Este show refleja todo lo vivido en el mundo de la noche desde el punto de vista m\u00e1s absurdo.<\/p>\n\n\n\n<p class=\"has-text-align-left wp-block-paragraph\">Si la fiesta es una religi\u00f3n, el <strong>Arquitecto de la Noche <\/strong>es su pastor. Pero no estar\u00e1 s\u00f3lo ante sus feligreses, cada noche de show le acompa\u00f1ar\u00e1 un invitado dispuesto a confesar sus experiencias en el mundo de la noche.<\/p>\n<\/div>\n<\/div>\n\n\n\n<div style=\"height:100px\" aria-hidden=\"true\" class=\"wp-block-spacer\"><\/div>\n\n\n\n<hr class=\"wp-block-separator has-alpha-channel-opacity\"\/>\n\n\n\n<div style=\"height:100px\" aria-hidden=\"true\" class=\"wp-block-spacer\"><\/div>\n\n\n<h2 class=\"tribe-block__related-events__title\">Related Events<\/h2>\n\n<ul  class=\"tribe-related-events tribe-clearfix\" >\n\t\t\t<li>\n\t\n<div class=\"tribe-related-events-thumbnail\">\n\t<a href=\"https:\/\/cafelapalma.com\/en\/programacion\/funkin-donuts\/\" class=\"url\" rel=\"bookmark\" tabindex=\"-1\" aria-hidden=\"true\"><img loading=\"lazy\" decoding=\"async\" width=\"693\" height=\"1040\" src=\"https:\/\/cafelapalma.com\/wp-content\/uploads\/2026\/07\/FD-vert2-bn-693x1040.jpg\" class=\"attachment-large size-large wp-post-image\" alt=\"\" \/><\/a>\n<\/div>\n\t<div class=\"tribe-related-event-info\">\n\t<h3 class=\"tribe-related-events-title\">\n\t\t<a href=\"https:\/\/cafelapalma.com\/en\/programacion\/funkin-donuts\/\" class=\"tribe-event-url\" rel=\"bookmark\">\n\t\t\tFUNKIN&#8217; DONUTS\t\t<\/a>\n\t<\/h3>\n\t<span class=\"tribe-event-date-start\">5  September@22:00<\/span><span class=\"tribe-event-time\">23:45<\/span><\/div>\n<\/li>\n\t\t\t<li>\n\t\n<div class=\"tribe-related-events-thumbnail\">\n\t<a href=\"https:\/\/cafelapalma.com\/en\/programacion\/backstage-le-petit-truffle-mayo\/\" class=\"url\" rel=\"bookmark\" tabindex=\"-1\" aria-hidden=\"true\"><img loading=\"lazy\" decoding=\"async\" width=\"780\" height=\"1040\" src=\"https:\/\/cafelapalma.com\/wp-content\/uploads\/2026\/07\/Imagen-TruffleMayo-LePetit-i-1-780x1040.png\" class=\"attachment-large size-large wp-post-image\" alt=\"\" \/><\/a>\n<\/div>\n\t<div class=\"tribe-related-event-info\">\n\t<h3 class=\"tribe-related-events-title\">\n\t\t<a href=\"https:\/\/cafelapalma.com\/en\/programacion\/backstage-le-petit-truffle-mayo\/\" class=\"tribe-event-url\" rel=\"bookmark\">\n\t\t\tBACKSTAGE: LE PETIT + TRUFFLE MAYO\t\t<\/a>\n\t<\/h3>\n\t<span class=\"tribe-event-date-start\">5  September@23:55<\/span><\/div>\n<\/li>\n\t\t\t<li>\n\t\n<div class=\"tribe-related-events-thumbnail\">\n\t<a href=\"https:\/\/cafelapalma.com\/en\/programacion\/willie-deville-concierto-benefico-x-venezuela\/\" class=\"url\" rel=\"bookmark\" tabindex=\"-1\" aria-hidden=\"true\"><img loading=\"lazy\" decoding=\"async\" width=\"1020\" height=\"531\" src=\"https:\/\/cafelapalma.com\/wp-content\/uploads\/2026\/08\/Willie-deville-1100x572-1-1040x541.jpg\" class=\"attachment-large size-large wp-post-image\" alt=\"\" \/><\/a>\n<\/div>\n\t<div class=\"tribe-related-event-info\">\n\t<h3 class=\"tribe-related-events-title\">\n\t\t<a href=\"https:\/\/cafelapalma.com\/en\/programacion\/willie-deville-concierto-benefico-x-venezuela\/\" class=\"tribe-event-url\" rel=\"bookmark\">\n\t\t\tWILLIE DEVILLE: CONCIERTO BEN\u00c9FICO X VENEZUELA\t\t<\/a>\n\t<\/h3>\n\t<span class=\"tribe-event-date-start\">6  September@21:00<\/span><span class=\"tribe-event-time\">23:45<\/span><\/div>\n<\/li>\n\t<\/ul>","protected":false},"excerpt":{"rendered":"<p>DAVID RODRI es ARQUITECTO DE LA NOCHE. Y de esta guisa se presenta en el show donde fliparse est\u00e1 permitido&#8217;. Todos alguna vez en nuestra vida hemos salido de fiesta. Este show refleja todo lo vivido en el mundo de la noche desde el punto de vista m\u00e1s absurdo. Si la fiesta es una religi\u00f3n, &hellip; <\/p>","protected":false},"author":2,"featured_media":27090,"template":"","meta":{"_tec_requires_first_save":false,"_uag_custom_page_level_css":"","loftloader_page_shortcode":"","_EventAllDay":false,"_EventTimezone":"Europe\/Madrid","_EventStartDate":"2023-12-27 21:00:00","_EventEndDate":"2023-12-27 22:30:00","_EventStartDateUTC":"2023-12-27 20:00:00","_EventEndDateUTC":"2023-12-27 21:30:00","_EventShowMap":false,"_EventShowMapLink":false,"_EventURL":"https:\/\/www.passline.com\/eventos\/arquitecto-de-la-noche-david-rodri-212103","_EventCost":"10","_EventCostDescription":"","_EventCurrencySymbol":"\u20ac","_EventCurrencyCode":"USD","_EventCurrencyPosition":"suffix","_EventDateTimeSeparator":"@","_EventTimeRangeSeparator":"-","_EventOrganizerID":[],"_EventVenueID":[],"_OrganizerEmail":"","_OrganizerPhone":"","_OrganizerWebsite":"","_VenueAddress":"","_VenueCity":"","_VenueCountry":"","_VenueProvince":"","_VenueState":"","_VenueZip":"","_VenuePhone":"","_VenueURL":"","_VenueStateProvince":"","_VenueLat":"","_VenueLng":"","_VenueShowMap":false,"_VenueShowMapLink":false,"_tribe_blocks_recurrence_rules":"","_tribe_blocks_recurrence_description":"","_tribe_blocks_recurrence_exclusions":"","_ecp_custom_2":"","_tribe_events_status":"","_tribe_events_status_reason":"","_tribe_events_is_hybrid":"","_tribe_events_is_virtual":"","_tribe_events_virtual_video_source":"","_tribe_events_virtual_embed_video":"","_tribe_events_virtual_linked_button_text":"","_tribe_events_virtual_linked_button":"","_tribe_events_virtual_show_embed_at":"","_tribe_events_virtual_show_embed_to":[],"_tribe_events_virtual_show_on_event":"","_tribe_events_virtual_show_on_views":"","_tribe_events_virtual_url":"","footnotes":""},"tags":[14180,1363,12200,13860,13859,10872,14178,12505,14244,10874],"tribe_events_cat":[9510],"class_list":["post-27374","tribe_events","type-tribe_events","status-publish","has-post-thumbnail","hentry","tag-arquitecto-de-la-noche","tag-cafe-la-palma","tag-comedia","tag-david-rodri","tag-david-suarez","tag-humor","tag-monologos-madrid","tag-passline","tag-risas","tag-stand-up-comedy","tribe_events_cat-actividades","cat_actividades"],"uagb_featured_image_src":{"full":["https:\/\/cafelapalma.com\/wp-content\/uploads\/2023\/09\/DAVIDRODRI-PIC-DEF-scaled.jpg",2000,3000,false],"thumbnail":["https:\/\/cafelapalma.com\/wp-content\/uploads\/2023\/09\/DAVIDRODRI-PIC-DEF-scaled.jpg",100,150,false],"medium":["https:\/\/cafelapalma.com\/wp-content\/uploads\/2023\/09\/DAVIDRODRI-PIC-DEF-scaled.jpg",200,300,false],"medium_large":["https:\/\/cafelapalma.com\/wp-content\/uploads\/2023\/09\/DAVIDRODRI-PIC-DEF-scaled.jpg",768,1152,false],"large":["https:\/\/cafelapalma.com\/wp-content\/uploads\/2023\/09\/DAVIDRODRI-PIC-DEF-scaled.jpg",693,1040,false],"1536x1536":["https:\/\/cafelapalma.com\/wp-content\/uploads\/2023\/09\/DAVIDRODRI-PIC-DEF-scaled.jpg",1024,1536,false],"2048x2048":["https:\/\/cafelapalma.com\/wp-content\/uploads\/2023\/09\/DAVIDRODRI-PIC-DEF-scaled.jpg",1365,2048,false],"trp-custom-language-flag":["https:\/\/cafelapalma.com\/wp-content\/uploads\/2023\/09\/DAVIDRODRI-PIC-DEF-scaled.jpg",8,12,false],"blossom-feminine-slider":["https:\/\/cafelapalma.com\/wp-content\/uploads\/2023\/09\/DAVIDRODRI-PIC-DEF-scaled.jpg",433,649,false],"blossom-feminine-featured":["https:\/\/cafelapalma.com\/wp-content\/uploads\/2023\/09\/DAVIDRODRI-PIC-DEF-scaled.jpg",400,600,false],"blossom-feminine-with-sidebar":["https:\/\/cafelapalma.com\/wp-content\/uploads\/2023\/09\/DAVIDRODRI-PIC-DEF-scaled.jpg",400,600,false],"blossom-feminine-blog":["https:\/\/cafelapalma.com\/wp-content\/uploads\/2023\/09\/DAVIDRODRI-PIC-DEF-scaled.jpg",290,435,false],"blossom-feminine-cat":["https:\/\/cafelapalma.com\/wp-content\/uploads\/2023\/09\/DAVIDRODRI-PIC-DEF-scaled.jpg",200,300,false],"blossom-feminine-related":["https:\/\/cafelapalma.com\/wp-content\/uploads\/2023\/09\/DAVIDRODRI-PIC-DEF-scaled.jpg",133,200,false],"blossom-feminine-schema":["https:\/\/cafelapalma.com\/wp-content\/uploads\/2023\/09\/DAVIDRODRI-PIC-DEF-scaled.jpg",40,60,false]},"uagb_author_info":{"display_name":"Victor","author_link":"https:\/\/cafelapalma.com\/en\/author\/comunicacion\/"},"uagb_comment_info":0,"uagb_excerpt":"DAVID RODRI es ARQUITECTO DE LA NOCHE. Y de esta guisa se presenta en el show donde fliparse est\u00e1 permitido&#8217;. Todos alguna vez en nuestra vida hemos salido de fiesta. Este show refleja todo lo vivido en el mundo de la noche desde el punto de vista m\u00e1s absurdo. Si la fiesta es una religi\u00f3n,&hellip;","_links":{"self":[{"href":"https:\/\/cafelapalma.com\/en\/wp-json\/wp\/v2\/tribe_events\/27374","targetHints":{"allow":["GET"]}}],"collection":[{"href":"https:\/\/cafelapalma.com\/en\/wp-json\/wp\/v2\/tribe_events"}],"about":[{"href":"https:\/\/cafelapalma.com\/en\/wp-json\/wp\/v2\/types\/tribe_events"}],"author":[{"embeddable":true,"href":"https:\/\/cafelapalma.com\/en\/wp-json\/wp\/v2\/users\/2"}],"version-history":[{"count":0,"href":"https:\/\/cafelapalma.com\/en\/wp-json\/wp\/v2\/tribe_events\/27374\/revisions"}],"wp:featuredmedia":[{"embeddable":true,"href":"https:\/\/cafelapalma.com\/en\/wp-json\/wp\/v2\/media\/27090"}],"wp:attachment":[{"href":"https:\/\/cafelapalma.com\/en\/wp-json\/wp\/v2\/media?parent=27374"}],"wp:term":[{"taxonomy":"post_tag","embeddable":true,"href":"https:\/\/cafelapalma.com\/en\/wp-json\/wp\/v2\/tags?post=27374"},{"taxonomy":"tribe_events_cat","embeddable":true,"href":"https:\/\/cafelapalma.com\/en\/wp-json\/wp\/v2\/tribe_events_cat?post=27374"}],"curies":[{"name":"wp","href":"https:\/\/api.w.org\/{rel}","templated":true}]}}

<div  class="tribe-events-schedule tribe-clearfix" >
	<p class="tribe-events-schedule__datetime">
		<span class="tribe-events-schedule__date tribe-events-schedule__date--start">
			27  December  2023		</span>

					<span class="tribe-events-schedule__separator tribe-events-schedule__separator--date">
				@			</span>
			<span class="tribe-events-schedule__time tribe-events-schedule__time--start">
				21:00			</span>
		
									<span class="tribe-events-schedule__separator tribe-events-schedule__separator--time">
					&#8211;				</span>
			
							<span class="tribe-events-schedule__time tribe-events-schedule__time--end">
					22:30				</span>
			
						</p>
</div>


<div  class="tribe-block tribe-block__event-price" >
			<span class="tribe-block__event-price__cost"> 10€ </span>
				<span class="tribe-block__event-price__description">+ gg Anticipada | 14€ Taquilla</span>
	</div>



<div style="height:100px" aria-hidden="true" class="wp-block-spacer"></div>



<div class="wp-block-columns is-layout-flex wp-container-core-columns-is-layout-8f761849 wp-block-columns-is-layout-flex">
<div class="wp-block-column is-layout-flow wp-block-column-is-layout-flow" style="flex-basis:33.33%">
<figure class="wp-block-image size-large"><img loading="lazy" decoding="async" width="735" height="1040" src="https://cafelapalma.com/wp-content/uploads/2023/10/ARQUITECTO-NOCHE-DIC-A3-LOW-735x1040.jpg" alt="" class="wp-image-27375" srcset="https://cafelapalma.com/wp-content/uploads/2023/10/ARQUITECTO-NOCHE-DIC-A3-LOW-735x1040.jpg 735w, https://cafelapalma.com/wp-content/uploads/2023/10/ARQUITECTO-NOCHE-DIC-A3-LOW-212x300.jpg 212w, https://cafelapalma.com/wp-content/uploads/2023/10/ARQUITECTO-NOCHE-DIC-A3-LOW-768x1086.jpg 768w, https://cafelapalma.com/wp-content/uploads/2023/10/ARQUITECTO-NOCHE-DIC-A3-LOW-1086x1536.jpg 1086w, https://cafelapalma.com/wp-content/uploads/2023/10/ARQUITECTO-NOCHE-DIC-A3-LOW-42x60.jpg 42w, https://cafelapalma.com/wp-content/uploads/2023/10/ARQUITECTO-NOCHE-DIC-A3-LOW.jpg 1414w" sizes="auto, (max-width: 735px) 100vw, 735px" /></figure>


<div  class="tribe-block tribe-block__event-website" >
	<a
		href="https://www.passline.com/eventos/arquitecto-de-la-noche-david-rodri-212103"
		target="_self"
			>
		BUY TICKETS	</a>
</div>
</div>



<div class="wp-block-column is-layout-flow wp-block-column-is-layout-flow" style="flex-basis:66.66%">
<div style="height:100px" aria-hidden="true" class="wp-block-spacer"></div>



<p class="has-text-align-left wp-block-paragraph"><strong>DAVID RODRI</strong> es <strong>ARQUITECTO DE LA NOCHE</strong>. Y de esta guisa se presenta en el show donde fliparse está permitido&#8217;.</p>



<p class="has-text-align-left wp-block-paragraph">Todos alguna vez en nuestra vida hemos salido de fiesta. Este show refleja todo lo vivido en el mundo de la noche desde el punto de vista más absurdo.</p>



<p class="has-text-align-left wp-block-paragraph">Si la fiesta es una religión, el <strong>Arquitecto de la Noche </strong>es su pastor. Pero no estará sólo ante sus feligreses, cada noche de show le acompañará un invitado dispuesto a confesar sus experiencias en el mundo de la noche.</p>
</div>
</div>



<div style="height:100px" aria-hidden="true" class="wp-block-spacer"></div>



<hr class="wp-block-separator has-alpha-channel-opacity"/>



<div style="height:100px" aria-hidden="true" class="wp-block-spacer"></div>


<h2 class="tribe-block__related-events__title">Related Events</h2>

<ul  class="tribe-related-events tribe-clearfix" >
			<li>
	
<div class="tribe-related-events-thumbnail">
	<a href="https://cafelapalma.com/en/programacion/funkin-donuts/" class="url" rel="bookmark" tabindex="-1" aria-hidden="true"><img loading="lazy" decoding="async" width="693" height="1040" src="https://cafelapalma.com/wp-content/uploads/2026/07/FD-vert2-bn-693x1040.jpg" class="attachment-large size-large wp-post-image" alt="" /></a>
</div>
	<div class="tribe-related-event-info">
	<h3 class="tribe-related-events-title">
		<a href="https://cafelapalma.com/en/programacion/funkin-donuts/" class="tribe-event-url" rel="bookmark">
			FUNKIN&#8217; DONUTS		</a>
	</h3>
	<span class="tribe-event-date-start">5  September@22:00</span><span class="tribe-event-time">23:45</span></div>
</li>
			<li>
	
<div class="tribe-related-events-thumbnail">
	<a href="https://cafelapalma.com/en/programacion/backstage-le-petit-truffle-mayo/" class="url" rel="bookmark" tabindex="-1" aria-hidden="true"><img loading="lazy" decoding="async" width="780" height="1040" src="https://cafelapalma.com/wp-content/uploads/2026/07/Imagen-TruffleMayo-LePetit-i-1-780x1040.png" class="attachment-large size-large wp-post-image" alt="" /></a>
</div>
	<div class="tribe-related-event-info">
	<h3 class="tribe-related-events-title">
		<a href="https://cafelapalma.com/en/programacion/backstage-le-petit-truffle-mayo/" class="tribe-event-url" rel="bookmark">
			BACKSTAGE: LE PETIT + TRUFFLE MAYO		</a>
	</h3>
	<span class="tribe-event-date-start">5  September@23:55</span></div>
</li>
			<li>
	
<div class="tribe-related-events-thumbnail">
	<a href="https://cafelapalma.com/en/programacion/willie-deville-concierto-benefico-x-venezuela/" class="url" rel="bookmark" tabindex="-1" aria-hidden="true"><img loading="lazy" decoding="async" width="1020" height="531" src="https://cafelapalma.com/wp-content/uploads/2026/08/Willie-deville-1100x572-1-1040x541.jpg" class="attachment-large size-large wp-post-image" alt="" /></a>
</div>
	<div class="tribe-related-event-info">
	<h3 class="tribe-related-events-title">
		<a href="https://cafelapalma.com/en/programacion/willie-deville-concierto-benefico-x-venezuela/" class="tribe-event-url" rel="bookmark">
			WILLIE DEVILLE: CONCIERTO BENÉFICO X VENEZUELA		</a>
	</h3>
	<span class="tribe-event-date-start">6  September@21:00</span><span class="tribe-event-time">23:45</span></div>
</li>
	</ul>

<p>DAVID RODRI es ARQUITECTO DE LA NOCHE. Y de esta guisa se presenta en el show donde fliparse está permitido&#8217;. Todos alguna vez en nuestra vida hemos salido de fiesta. Este show refleja todo lo vivido en el mundo de la noche desde el punto de vista más absurdo. Si la fiesta es una religión, &hellip; </p>

DAVID RODRI es ARQUITECTO DE LA NOCHE. Y de esta guisa se presenta en el show donde fliparse está permitido&#8217;. Todos alguna vez en nuestra vida hemos salido de fiesta. Este show refleja todo lo vivido en el mundo de la noche desde el punto de vista más absurdo. Si la fiesta es una religión,&hellip;
