{"id":27385,"date":"2023-10-11T19:23:54","date_gmt":"2023-10-11T17:23:54","guid":{"rendered":"https:\/\/cafelapalma.com\/programacion\/los-lagos-de-hinault-macarena-fvo-copy\/"},"modified":"2023-10-11T19:26:54","modified_gmt":"2023-10-11T17:26:54","slug":"los-lagos-de-hinault-rachid","status":"publish","type":"tribe_events","link":"https:\/\/cafelapalma.com\/en\/programacion\/los-lagos-de-hinault-rachid\/","title":{"rendered":"LOS LAGOS DE HINAULT + RACHID"},"content":{"rendered":"<div  class=\"tribe-events-schedule tribe-clearfix\" >\n\t<p class=\"tribe-events-schedule__datetime\">\n\t\t<span class=\"tribe-events-schedule__date tribe-events-schedule__date--start\">\n\t\t\t02  December  2023\t\t<\/span>\n\n\t\t\t\t\t<span class=\"tribe-events-schedule__separator tribe-events-schedule__separator--date\">\n\t\t\t\t@\t\t\t<\/span>\n\t\t\t<span class=\"tribe-events-schedule__time tribe-events-schedule__time--start\">\n\t\t\t\t21:00\t\t\t<\/span>\n\t\t\n\t\t\t\t\t\t\t\t\t<span class=\"tribe-events-schedule__separator tribe-events-schedule__separator--time\">\n\t\t\t\t\t&#8211;\t\t\t\t<\/span>\n\t\t\t\n\t\t\t\t\t\t\t<span class=\"tribe-events-schedule__time tribe-events-schedule__time--end\">\n\t\t\t\t\t23:45\t\t\t\t<\/span>\n\t\t\t\n\t\t\t\t\t\t<\/p>\n<\/div>\n\n\n<div  class=\"tribe-block tribe-block__event-price\" >\n\t\t\t<span class=\"tribe-block__event-price__cost\"> 12\u20ac <\/span>\n\t\t\t\t<span class=\"tribe-block__event-price__description\">+ gg Anticipada | 15\u20ac Taquilla<\/span>\n\t<\/div>\n\n\n\n<div style=\"height:100px\" aria-hidden=\"true\" class=\"wp-block-spacer\"><\/div>\n\n\n\n<div class=\"wp-block-columns is-layout-flex wp-container-core-columns-is-layout-8f761849 wp-block-columns-is-layout-flex\">\n<div class=\"wp-block-column is-layout-flow wp-block-column-is-layout-flow\" style=\"flex-basis:33.33%\">\n<figure class=\"wp-block-image size-large\"><img loading=\"lazy\" decoding=\"async\" width=\"735\" height=\"1040\" src=\"https:\/\/cafelapalma.com\/wp-content\/uploads\/2023\/10\/LLDH-A3-LOW-735x1040.jpg\" alt=\"\" class=\"wp-image-27381\" srcset=\"https:\/\/cafelapalma.com\/wp-content\/uploads\/2023\/10\/LLDH-A3-LOW-735x1040.jpg 735w, https:\/\/cafelapalma.com\/wp-content\/uploads\/2023\/10\/LLDH-A3-LOW-212x300.jpg 212w, https:\/\/cafelapalma.com\/wp-content\/uploads\/2023\/10\/LLDH-A3-LOW-768x1086.jpg 768w, https:\/\/cafelapalma.com\/wp-content\/uploads\/2023\/10\/LLDH-A3-LOW-1086x1536.jpg 1086w, https:\/\/cafelapalma.com\/wp-content\/uploads\/2023\/10\/LLDH-A3-LOW-42x60.jpg 42w, https:\/\/cafelapalma.com\/wp-content\/uploads\/2023\/10\/LLDH-A3-LOW.jpg 1131w\" sizes=\"auto, (max-width: 735px) 100vw, 735px\" \/><\/figure>\n\n\n<div  class=\"tribe-block tribe-block__event-website\" >\n\t<a\n\t\thref=\"https:\/\/www.passline.com\/eventos\/los-lagos-de-hinault-rachid\"\n\t\ttarget=\"_self\"\n\t\t\t>\n\t\tBUY TICKETS\t<\/a>\n<\/div>\n<\/div>\n\n\n\n<div class=\"wp-block-column is-layout-flow wp-block-column-is-layout-flow\" style=\"flex-basis:66.66%\">\n<div style=\"height:100px\" aria-hidden=\"true\" class=\"wp-block-spacer\"><\/div>\n\n\n\n<p class=\"has-text-align-left wp-block-paragraph\">Tras no haber podido presentar <strong><em>\u201cSoledades\u201d<\/em><\/strong>, su disco anterior, por causas de fuerza mayor, <strong>LOS LAGOS DE HINAULT<\/strong> vuelven a los escenarios de Madrid este 2023 con otro disco bajo el brazo, <strong><em>\u00abFlores de Oriente\u00bb<\/em><\/strong>.<\/p>\n\n\n\n<p class=\"has-text-align-left wp-block-paragraph\"><strong>Carlos Yndur\u00e1in<\/strong> y la banda formada para la ocasi\u00f3n estar\u00e1n dos noches seguidas en <strong>CAFE LA PALMA<\/strong> mostr\u00e1ndonos en directo ese peculiar <em>indiepop<\/em> que algunos consideran ya de culto.<\/p>\n\n\n\n<p class=\"has-text-align-left wp-block-paragraph\">Abrir\u00e1 el la velada <strong>Rachid<\/strong>.<\/p>\n<\/div>\n<\/div>\n\n\n\n<div style=\"height:100px\" aria-hidden=\"true\" class=\"wp-block-spacer\"><\/div>\n\n\n\n<hr class=\"wp-block-separator has-alpha-channel-opacity\"\/>\n\n\n\n<div style=\"height:100px\" aria-hidden=\"true\" class=\"wp-block-spacer\"><\/div>\n\n\n<h2 class=\"tribe-block__related-events__title\">Related Events<\/h2>\n\n<ul  class=\"tribe-related-events tribe-clearfix\" >\n\t\t\t<li>\n\t\n<div class=\"tribe-related-events-thumbnail\">\n\t<a href=\"https:\/\/cafelapalma.com\/en\/programacion\/funkin-donuts\/\" class=\"url\" rel=\"bookmark\" tabindex=\"-1\" aria-hidden=\"true\"><img loading=\"lazy\" decoding=\"async\" width=\"693\" height=\"1040\" src=\"https:\/\/cafelapalma.com\/wp-content\/uploads\/2026\/07\/FD-vert2-bn-693x1040.jpg\" class=\"attachment-large size-large wp-post-image\" alt=\"\" \/><\/a>\n<\/div>\n\t<div class=\"tribe-related-event-info\">\n\t<h3 class=\"tribe-related-events-title\">\n\t\t<a href=\"https:\/\/cafelapalma.com\/en\/programacion\/funkin-donuts\/\" class=\"tribe-event-url\" rel=\"bookmark\">\n\t\t\tFUNKIN&#8217; DONUTS\t\t<\/a>\n\t<\/h3>\n\t<span class=\"tribe-event-date-start\">5  September@22:00<\/span><span class=\"tribe-event-time\">23:45<\/span><\/div>\n<\/li>\n\t\t\t<li>\n\t\n<div class=\"tribe-related-events-thumbnail\">\n\t<a href=\"https:\/\/cafelapalma.com\/en\/programacion\/backstage-le-petit-truffle-mayo\/\" class=\"url\" rel=\"bookmark\" tabindex=\"-1\" aria-hidden=\"true\"><img loading=\"lazy\" decoding=\"async\" width=\"780\" height=\"1040\" src=\"https:\/\/cafelapalma.com\/wp-content\/uploads\/2026\/07\/Imagen-TruffleMayo-LePetit-i-1-780x1040.png\" class=\"attachment-large size-large wp-post-image\" alt=\"\" \/><\/a>\n<\/div>\n\t<div class=\"tribe-related-event-info\">\n\t<h3 class=\"tribe-related-events-title\">\n\t\t<a href=\"https:\/\/cafelapalma.com\/en\/programacion\/backstage-le-petit-truffle-mayo\/\" class=\"tribe-event-url\" rel=\"bookmark\">\n\t\t\tBACKSTAGE: LE PETIT + TRUFFLE MAYO\t\t<\/a>\n\t<\/h3>\n\t<span class=\"tribe-event-date-start\">5  September@23:55<\/span><\/div>\n<\/li>\n\t\t\t<li>\n\t\n<div class=\"tribe-related-events-thumbnail\">\n\t<a href=\"https:\/\/cafelapalma.com\/en\/programacion\/willie-deville-concierto-benefico-x-venezuela\/\" class=\"url\" rel=\"bookmark\" tabindex=\"-1\" aria-hidden=\"true\"><img loading=\"lazy\" decoding=\"async\" width=\"1020\" height=\"531\" src=\"https:\/\/cafelapalma.com\/wp-content\/uploads\/2026\/08\/Willie-deville-1100x572-1-1040x541.jpg\" class=\"attachment-large size-large wp-post-image\" alt=\"\" \/><\/a>\n<\/div>\n\t<div class=\"tribe-related-event-info\">\n\t<h3 class=\"tribe-related-events-title\">\n\t\t<a href=\"https:\/\/cafelapalma.com\/en\/programacion\/willie-deville-concierto-benefico-x-venezuela\/\" class=\"tribe-event-url\" rel=\"bookmark\">\n\t\t\tWILLIE DEVILLE: CONCIERTO BEN\u00c9FICO X VENEZUELA\t\t<\/a>\n\t<\/h3>\n\t<span class=\"tribe-event-date-start\">6  September@21:00<\/span><span class=\"tribe-event-time\">23:45<\/span><\/div>\n<\/li>\n\t<\/ul>","protected":false},"excerpt":{"rendered":"<p>Tras no haber podido presentar \u201cSoledades\u201d, su disco anterior, por causas de fuerza mayor, LOS LAGOS DE HINAULT vuelven a los escenarios de Madrid este 2023 con otro disco bajo el brazo, \u00abFlores de Oriente\u00bb. Carlos Yndur\u00e1in y la banda formada para la ocasi\u00f3n estar\u00e1n dos noches seguidas en CAFE LA PALMA mostr\u00e1ndonos en directo &hellip; <\/p>","protected":false},"author":2,"featured_media":27387,"template":"","meta":{"_tec_requires_first_save":false,"_uag_custom_page_level_css":"","loftloader_page_shortcode":"","_EventAllDay":false,"_EventTimezone":"Europe\/Madrid","_EventStartDate":"2023-12-02 21:00:00","_EventEndDate":"2023-12-02 23:45:00","_EventStartDateUTC":"2023-12-02 20:00:00","_EventEndDateUTC":"2023-12-02 22:45:00","_EventShowMap":false,"_EventShowMapLink":false,"_EventURL":"https:\/\/www.passline.com\/eventos\/los-lagos-de-hinault-rachid","_EventCost":"12","_EventCostDescription":"","_EventCurrencySymbol":"\u20ac","_EventCurrencyCode":"USD","_EventCurrencyPosition":"suffix","_EventDateTimeSeparator":"@","_EventTimeRangeSeparator":"-","_EventOrganizerID":[],"_EventVenueID":[],"_OrganizerEmail":"","_OrganizerPhone":"","_OrganizerWebsite":"","_VenueAddress":"","_VenueCity":"","_VenueCountry":"","_VenueProvince":"","_VenueState":"","_VenueZip":"","_VenuePhone":"","_VenueURL":"","_VenueStateProvince":"","_VenueLat":"","_VenueLng":"","_VenueShowMap":false,"_VenueShowMapLink":false,"_tribe_blocks_recurrence_rules":"","_tribe_blocks_recurrence_description":"","_tribe_blocks_recurrence_exclusions":"","_ecp_custom_2":"","_tribe_events_status":"","_tribe_events_status_reason":"","_tribe_events_is_hybrid":"","_tribe_events_is_virtual":"","_tribe_events_virtual_video_source":"","_tribe_events_virtual_embed_video":"","_tribe_events_virtual_linked_button_text":"","_tribe_events_virtual_linked_button":"","_tribe_events_virtual_show_embed_at":"","_tribe_events_virtual_show_embed_to":[],"_tribe_events_virtual_show_on_event":"","_tribe_events_virtual_show_on_views":"","_tribe_events_virtual_url":"","footnotes":""},"tags":[1363,14508,2865,9147,9146,14516,14512,14513,11721,14511,14510,8970,14507,1355,14521,14515,14517,14509,14514],"tribe_events_cat":[8963],"class_list":["post-27385","tribe_events","type-tribe_events","status-publish","has-post-thumbnail","hentry","tag-cafe-la-palma","tag-carlos-yndurain","tag-conciertos-cafe-la-palma","tag-conciertos-madrid","tag-conciertos-malasana","tag-david-talbaila","tag-el-correo-del-zar","tag-escenas-de-caza","tag-fikasound","tag-flores-de-europa","tag-flores-de-oriente","tag-indie","tag-los-lagos-de-hinault","tag-pop","tag-rachid","tag-roberto-berlanga","tag-serena-oliveri","tag-soledades","tag-vidas-ejemplares","tribe_events_cat-concierto","cat_concierto"],"uagb_featured_image_src":{"full":["https:\/\/cafelapalma.com\/wp-content\/uploads\/2023\/10\/LAGOSFRONT-2.jpeg",236,419,false],"thumbnail":["https:\/\/cafelapalma.com\/wp-content\/uploads\/2023\/10\/LAGOSFRONT-2-150x150.jpeg",150,150,true],"medium":["https:\/\/cafelapalma.com\/wp-content\/uploads\/2023\/10\/LAGOSFRONT-2-169x300.jpeg",169,300,true],"medium_large":["https:\/\/cafelapalma.com\/wp-content\/uploads\/2023\/10\/LAGOSFRONT-2.jpeg",236,419,false],"large":["https:\/\/cafelapalma.com\/wp-content\/uploads\/2023\/10\/LAGOSFRONT-2.jpeg",236,419,false],"1536x1536":["https:\/\/cafelapalma.com\/wp-content\/uploads\/2023\/10\/LAGOSFRONT-2.jpeg",236,419,false],"2048x2048":["https:\/\/cafelapalma.com\/wp-content\/uploads\/2023\/10\/LAGOSFRONT-2.jpeg",236,419,false],"trp-custom-language-flag":["https:\/\/cafelapalma.com\/wp-content\/uploads\/2023\/10\/LAGOSFRONT-2.jpeg",7,12,false],"blossom-feminine-slider":["https:\/\/cafelapalma.com\/wp-content\/uploads\/2023\/10\/LAGOSFRONT-2.jpeg",236,419,false],"blossom-feminine-featured":["https:\/\/cafelapalma.com\/wp-content\/uploads\/2023\/10\/LAGOSFRONT-2.jpeg",236,419,false],"blossom-feminine-with-sidebar":["https:\/\/cafelapalma.com\/wp-content\/uploads\/2023\/10\/LAGOSFRONT-2.jpeg",236,419,false],"blossom-feminine-blog":["https:\/\/cafelapalma.com\/wp-content\/uploads\/2023\/10\/LAGOSFRONT-2.jpeg",236,419,false],"blossom-feminine-cat":["https:\/\/cafelapalma.com\/wp-content\/uploads\/2023\/10\/LAGOSFRONT-2-236x300.jpeg",236,300,true],"blossom-feminine-related":["https:\/\/cafelapalma.com\/wp-content\/uploads\/2023\/10\/LAGOSFRONT-2-236x200.jpeg",236,200,true],"blossom-feminine-schema":["https:\/\/cafelapalma.com\/wp-content\/uploads\/2023\/10\/LAGOSFRONT-2-34x60.jpeg",34,60,true]},"uagb_author_info":{"display_name":"Victor","author_link":"https:\/\/cafelapalma.com\/en\/author\/comunicacion\/"},"uagb_comment_info":0,"uagb_excerpt":"Tras no haber podido presentar \u201cSoledades\u201d, su disco anterior, por causas de fuerza mayor, LOS LAGOS DE HINAULT vuelven a los escenarios de Madrid este 2023 con otro disco bajo el brazo, \u00abFlores de Oriente\u00bb. Carlos Yndur\u00e1in y la banda formada para la ocasi\u00f3n estar\u00e1n dos noches seguidas en CAFE LA PALMA mostr\u00e1ndonos en directo&hellip;","_links":{"self":[{"href":"https:\/\/cafelapalma.com\/en\/wp-json\/wp\/v2\/tribe_events\/27385","targetHints":{"allow":["GET"]}}],"collection":[{"href":"https:\/\/cafelapalma.com\/en\/wp-json\/wp\/v2\/tribe_events"}],"about":[{"href":"https:\/\/cafelapalma.com\/en\/wp-json\/wp\/v2\/types\/tribe_events"}],"author":[{"embeddable":true,"href":"https:\/\/cafelapalma.com\/en\/wp-json\/wp\/v2\/users\/2"}],"version-history":[{"count":0,"href":"https:\/\/cafelapalma.com\/en\/wp-json\/wp\/v2\/tribe_events\/27385\/revisions"}],"wp:featuredmedia":[{"embeddable":true,"href":"https:\/\/cafelapalma.com\/en\/wp-json\/wp\/v2\/media\/27387"}],"wp:attachment":[{"href":"https:\/\/cafelapalma.com\/en\/wp-json\/wp\/v2\/media?parent=27385"}],"wp:term":[{"taxonomy":"post_tag","embeddable":true,"href":"https:\/\/cafelapalma.com\/en\/wp-json\/wp\/v2\/tags?post=27385"},{"taxonomy":"tribe_events_cat","embeddable":true,"href":"https:\/\/cafelapalma.com\/en\/wp-json\/wp\/v2\/tribe_events_cat?post=27385"}],"curies":[{"name":"wp","href":"https:\/\/api.w.org\/{rel}","templated":true}]}}

<div  class="tribe-events-schedule tribe-clearfix" >
	<p class="tribe-events-schedule__datetime">
		<span class="tribe-events-schedule__date tribe-events-schedule__date--start">
			02  December  2023		</span>

					<span class="tribe-events-schedule__separator tribe-events-schedule__separator--date">
				@			</span>
			<span class="tribe-events-schedule__time tribe-events-schedule__time--start">
				21:00			</span>
		
									<span class="tribe-events-schedule__separator tribe-events-schedule__separator--time">
					&#8211;				</span>
			
							<span class="tribe-events-schedule__time tribe-events-schedule__time--end">
					23:45				</span>
			
						</p>
</div>


<div  class="tribe-block tribe-block__event-price" >
			<span class="tribe-block__event-price__cost"> 12€ </span>
				<span class="tribe-block__event-price__description">+ gg Anticipada | 15€ Taquilla</span>
	</div>



<div style="height:100px" aria-hidden="true" class="wp-block-spacer"></div>



<div class="wp-block-columns is-layout-flex wp-container-core-columns-is-layout-8f761849 wp-block-columns-is-layout-flex">
<div class="wp-block-column is-layout-flow wp-block-column-is-layout-flow" style="flex-basis:33.33%">
<figure class="wp-block-image size-large"><img loading="lazy" decoding="async" width="735" height="1040" src="https://cafelapalma.com/wp-content/uploads/2023/10/LLDH-A3-LOW-735x1040.jpg" alt="" class="wp-image-27381" srcset="https://cafelapalma.com/wp-content/uploads/2023/10/LLDH-A3-LOW-735x1040.jpg 735w, https://cafelapalma.com/wp-content/uploads/2023/10/LLDH-A3-LOW-212x300.jpg 212w, https://cafelapalma.com/wp-content/uploads/2023/10/LLDH-A3-LOW-768x1086.jpg 768w, https://cafelapalma.com/wp-content/uploads/2023/10/LLDH-A3-LOW-1086x1536.jpg 1086w, https://cafelapalma.com/wp-content/uploads/2023/10/LLDH-A3-LOW-42x60.jpg 42w, https://cafelapalma.com/wp-content/uploads/2023/10/LLDH-A3-LOW.jpg 1131w" sizes="auto, (max-width: 735px) 100vw, 735px" /></figure>


<div  class="tribe-block tribe-block__event-website" >
	<a
		href="https://www.passline.com/eventos/los-lagos-de-hinault-rachid"
		target="_self"
			>
		BUY TICKETS	</a>
</div>
</div>



<div class="wp-block-column is-layout-flow wp-block-column-is-layout-flow" style="flex-basis:66.66%">
<div style="height:100px" aria-hidden="true" class="wp-block-spacer"></div>



<p class="has-text-align-left wp-block-paragraph">Tras no haber podido presentar <strong><em>“Soledades”</em></strong>, su disco anterior, por causas de fuerza mayor, <strong>LOS LAGOS DE HINAULT</strong> vuelven a los escenarios de Madrid este 2023 con otro disco bajo el brazo, <strong><em>«Flores de Oriente»</em></strong>.</p>



<p class="has-text-align-left wp-block-paragraph"><strong>Carlos Ynduráin</strong> y la banda formada para la ocasión estarán dos noches seguidas en <strong>CAFE LA PALMA</strong> mostrándonos en directo ese peculiar <em>indiepop</em> que algunos consideran ya de culto.</p>



<p class="has-text-align-left wp-block-paragraph">Abrirá el la velada <strong>Rachid</strong>.</p>
</div>
</div>



<div style="height:100px" aria-hidden="true" class="wp-block-spacer"></div>



<hr class="wp-block-separator has-alpha-channel-opacity"/>



<div style="height:100px" aria-hidden="true" class="wp-block-spacer"></div>


<h2 class="tribe-block__related-events__title">Related Events</h2>

<ul  class="tribe-related-events tribe-clearfix" >
			<li>
	
<div class="tribe-related-events-thumbnail">
	<a href="https://cafelapalma.com/en/programacion/funkin-donuts/" class="url" rel="bookmark" tabindex="-1" aria-hidden="true"><img loading="lazy" decoding="async" width="693" height="1040" src="https://cafelapalma.com/wp-content/uploads/2026/07/FD-vert2-bn-693x1040.jpg" class="attachment-large size-large wp-post-image" alt="" /></a>
</div>
	<div class="tribe-related-event-info">
	<h3 class="tribe-related-events-title">
		<a href="https://cafelapalma.com/en/programacion/funkin-donuts/" class="tribe-event-url" rel="bookmark">
			FUNKIN&#8217; DONUTS		</a>
	</h3>
	<span class="tribe-event-date-start">5  September@22:00</span><span class="tribe-event-time">23:45</span></div>
</li>
			<li>
	
<div class="tribe-related-events-thumbnail">
	<a href="https://cafelapalma.com/en/programacion/backstage-le-petit-truffle-mayo/" class="url" rel="bookmark" tabindex="-1" aria-hidden="true"><img loading="lazy" decoding="async" width="780" height="1040" src="https://cafelapalma.com/wp-content/uploads/2026/07/Imagen-TruffleMayo-LePetit-i-1-780x1040.png" class="attachment-large size-large wp-post-image" alt="" /></a>
</div>
	<div class="tribe-related-event-info">
	<h3 class="tribe-related-events-title">
		<a href="https://cafelapalma.com/en/programacion/backstage-le-petit-truffle-mayo/" class="tribe-event-url" rel="bookmark">
			BACKSTAGE: LE PETIT + TRUFFLE MAYO		</a>
	</h3>
	<span class="tribe-event-date-start">5  September@23:55</span></div>
</li>
			<li>
	
<div class="tribe-related-events-thumbnail">
	<a href="https://cafelapalma.com/en/programacion/willie-deville-concierto-benefico-x-venezuela/" class="url" rel="bookmark" tabindex="-1" aria-hidden="true"><img loading="lazy" decoding="async" width="1020" height="531" src="https://cafelapalma.com/wp-content/uploads/2026/08/Willie-deville-1100x572-1-1040x541.jpg" class="attachment-large size-large wp-post-image" alt="" /></a>
</div>
	<div class="tribe-related-event-info">
	<h3 class="tribe-related-events-title">
		<a href="https://cafelapalma.com/en/programacion/willie-deville-concierto-benefico-x-venezuela/" class="tribe-event-url" rel="bookmark">
			WILLIE DEVILLE: CONCIERTO BENÉFICO X VENEZUELA		</a>
	</h3>
	<span class="tribe-event-date-start">6  September@21:00</span><span class="tribe-event-time">23:45</span></div>
</li>
	</ul>

<p>Tras no haber podido presentar “Soledades”, su disco anterior, por causas de fuerza mayor, LOS LAGOS DE HINAULT vuelven a los escenarios de Madrid este 2023 con otro disco bajo el brazo, «Flores de Oriente». Carlos Ynduráin y la banda formada para la ocasión estarán dos noches seguidas en CAFE LA PALMA mostrándonos en directo &hellip; </p>

Tras no haber podido presentar “Soledades”, su disco anterior, por causas de fuerza mayor, LOS LAGOS DE HINAULT vuelven a los escenarios de Madrid este 2023 con otro disco bajo el brazo, «Flores de Oriente». Carlos Ynduráin y la banda formada para la ocasión estarán dos noches seguidas en CAFE LA PALMA mostrándonos en directo&hellip;
