{"id":27654,"date":"2023-11-27T11:03:50","date_gmt":"2023-11-27T10:03:50","guid":{"rendered":"https:\/\/cafelapalma.com\/programacion\/entrega-de-premios-concurso-de-microrrelatos-amnistia-internacional-madrid-copy\/"},"modified":"2023-11-27T11:09:37","modified_gmt":"2023-11-27T10:09:37","slug":"entrega-de-premios-concurso-de-microrrelatos-amnistia-internacional-madrid-2023","status":"publish","type":"tribe_events","link":"https:\/\/cafelapalma.com\/en\/programacion\/entrega-de-premios-concurso-de-microrrelatos-amnistia-internacional-madrid-2023\/","title":{"rendered":"ENTREGA DE PREMIOS CONCURSO DE MICRORRELATOS AMNIST\u00cdA INTERNACIONAL MADRID"},"content":{"rendered":"<div  class=\"tribe-events-schedule tribe-clearfix\" >\n\t<p class=\"tribe-events-schedule__datetime\">\n\t\t<span class=\"tribe-events-schedule__date tribe-events-schedule__date--start\">\n\t\t\t19  December  2023\t\t<\/span>\n\n\t\t\t\t\t<span class=\"tribe-events-schedule__separator tribe-events-schedule__separator--date\">\n\t\t\t\t@\t\t\t<\/span>\n\t\t\t<span class=\"tribe-events-schedule__time tribe-events-schedule__time--start\">\n\t\t\t\t20:00\t\t\t<\/span>\n\t\t\n\t\t\t\t\t\t\t\t\t<span class=\"tribe-events-schedule__separator tribe-events-schedule__separator--time\">\n\t\t\t\t\t&#8211;\t\t\t\t<\/span>\n\t\t\t\n\t\t\t\t\t\t\t<span class=\"tribe-events-schedule__time tribe-events-schedule__time--end\">\n\t\t\t\t\t21:30\t\t\t\t<\/span>\n\t\t\t\n\t\t\t\t\t\t<\/p>\n<\/div>\n\n\n<div  class=\"tribe-block tribe-block__event-price\" >\n\t\t\t<span class=\"tribe-block__event-price__cost\"> ENTRADA LIBRE <\/span>\n\t\t<\/div>\n\n\n\n<div style=\"height:100px\" aria-hidden=\"true\" class=\"wp-block-spacer\"><\/div>\n\n\n\n<div class=\"wp-block-columns is-layout-flex wp-container-core-columns-is-layout-8f761849 wp-block-columns-is-layout-flex\">\n<div class=\"wp-block-column is-layout-flow wp-block-column-is-layout-flow\" style=\"flex-basis:33.33%\">\n<figure class=\"wp-block-image size-full\"><img loading=\"lazy\" decoding=\"async\" width=\"1414\" height=\"2000\" src=\"https:\/\/cafelapalma.com\/wp-content\/uploads\/2023\/11\/CARTEL-ACTO-MICRORRELATOS-2023.jpg\" alt=\"\" class=\"wp-image-27655\" srcset=\"https:\/\/cafelapalma.com\/wp-content\/uploads\/2023\/11\/CARTEL-ACTO-MICRORRELATOS-2023.jpg 1414w, https:\/\/cafelapalma.com\/wp-content\/uploads\/2023\/11\/CARTEL-ACTO-MICRORRELATOS-2023-212x300.jpg 212w, https:\/\/cafelapalma.com\/wp-content\/uploads\/2023\/11\/CARTEL-ACTO-MICRORRELATOS-2023-735x1040.jpg 735w, https:\/\/cafelapalma.com\/wp-content\/uploads\/2023\/11\/CARTEL-ACTO-MICRORRELATOS-2023-768x1086.jpg 768w, https:\/\/cafelapalma.com\/wp-content\/uploads\/2023\/11\/CARTEL-ACTO-MICRORRELATOS-2023-1086x1536.jpg 1086w, https:\/\/cafelapalma.com\/wp-content\/uploads\/2023\/11\/CARTEL-ACTO-MICRORRELATOS-2023-42x60.jpg 42w\" sizes=\"auto, (max-width: 1414px) 100vw, 1414px\" \/><\/figure>\n<\/div>\n\n\n\n<div class=\"wp-block-column is-layout-flow wp-block-column-is-layout-flow\" style=\"flex-basis:66.66%\">\n<div style=\"height:100px\" aria-hidden=\"true\" class=\"wp-block-spacer\"><\/div>\n\n\n\n<p class=\"has-text-align-left wp-block-paragraph\"><strong>CAFE LA PALMA <\/strong>alberga la ceremonia de entrega de premios del <strong>Concurso de Microrrelatos de Amnist\u00eda Internacional Madrid<\/strong> en su X edici\u00f3n, que este a\u00f1o coincide con el 75\u00ba Aniversario de la Declaraci\u00f3n de los Derechos Humanos.<\/p>\n\n\n\n<p class=\"has-text-align-left wp-block-paragraph\">En el acto, se leer\u00e1n los diez relatos finalistas y\u00a0tras proceder al fallo del jurado contaremos con la actuaci\u00f3n de <strong>MOJARRIETA<\/strong>. \u00a0<\/p>\n<\/div>\n<\/div>\n\n\n\n<div style=\"height:100px\" aria-hidden=\"true\" class=\"wp-block-spacer\"><\/div>\n\n\n\n<hr class=\"wp-block-separator has-alpha-channel-opacity is-style-wide\"\/>\n\n\n\n<div style=\"height:100px\" aria-hidden=\"true\" class=\"wp-block-spacer\"><\/div>\n\n\n<h2 class=\"tribe-block__related-events__title\">Related Events<\/h2>\n\n<ul  class=\"tribe-related-events tribe-clearfix\" >\n\t\t\t<li>\n\t\n<div class=\"tribe-related-events-thumbnail\">\n\t<a href=\"https:\/\/cafelapalma.com\/en\/programacion\/funkin-donuts\/\" class=\"url\" rel=\"bookmark\" tabindex=\"-1\" aria-hidden=\"true\"><img loading=\"lazy\" decoding=\"async\" width=\"693\" height=\"1040\" src=\"https:\/\/cafelapalma.com\/wp-content\/uploads\/2026\/07\/FD-vert2-bn-693x1040.jpg\" class=\"attachment-large size-large wp-post-image\" alt=\"\" \/><\/a>\n<\/div>\n\t<div class=\"tribe-related-event-info\">\n\t<h3 class=\"tribe-related-events-title\">\n\t\t<a href=\"https:\/\/cafelapalma.com\/en\/programacion\/funkin-donuts\/\" class=\"tribe-event-url\" rel=\"bookmark\">\n\t\t\tFUNKIN&#8217; DONUTS\t\t<\/a>\n\t<\/h3>\n\t<span class=\"tribe-event-date-start\">5  September@22:00<\/span><span class=\"tribe-event-time\">23:45<\/span><\/div>\n<\/li>\n\t\t\t<li>\n\t\n<div class=\"tribe-related-events-thumbnail\">\n\t<a href=\"https:\/\/cafelapalma.com\/en\/programacion\/backstage-le-petit-truffle-mayo\/\" class=\"url\" rel=\"bookmark\" tabindex=\"-1\" aria-hidden=\"true\"><img loading=\"lazy\" decoding=\"async\" width=\"780\" height=\"1040\" src=\"https:\/\/cafelapalma.com\/wp-content\/uploads\/2026\/07\/Imagen-TruffleMayo-LePetit-i-1-780x1040.png\" class=\"attachment-large size-large wp-post-image\" alt=\"\" \/><\/a>\n<\/div>\n\t<div class=\"tribe-related-event-info\">\n\t<h3 class=\"tribe-related-events-title\">\n\t\t<a href=\"https:\/\/cafelapalma.com\/en\/programacion\/backstage-le-petit-truffle-mayo\/\" class=\"tribe-event-url\" rel=\"bookmark\">\n\t\t\tBACKSTAGE: LE PETIT + TRUFFLE MAYO\t\t<\/a>\n\t<\/h3>\n\t<span class=\"tribe-event-date-start\">5  September@23:55<\/span><\/div>\n<\/li>\n\t\t\t<li>\n\t\n<div class=\"tribe-related-events-thumbnail\">\n\t<a href=\"https:\/\/cafelapalma.com\/en\/programacion\/willie-deville-concierto-benefico-x-venezuela\/\" class=\"url\" rel=\"bookmark\" tabindex=\"-1\" aria-hidden=\"true\"><img loading=\"lazy\" decoding=\"async\" width=\"1020\" height=\"531\" src=\"https:\/\/cafelapalma.com\/wp-content\/uploads\/2026\/08\/Willie-deville-1100x572-1-1040x541.jpg\" class=\"attachment-large size-large wp-post-image\" alt=\"\" \/><\/a>\n<\/div>\n\t<div class=\"tribe-related-event-info\">\n\t<h3 class=\"tribe-related-events-title\">\n\t\t<a href=\"https:\/\/cafelapalma.com\/en\/programacion\/willie-deville-concierto-benefico-x-venezuela\/\" class=\"tribe-event-url\" rel=\"bookmark\">\n\t\t\tWILLIE DEVILLE: CONCIERTO BEN\u00c9FICO X VENEZUELA\t\t<\/a>\n\t<\/h3>\n\t<span class=\"tribe-event-date-start\">6  September@21:00<\/span><span class=\"tribe-event-time\">23:45<\/span><\/div>\n<\/li>\n\t<\/ul>","protected":false},"excerpt":{"rendered":"<p>CAFE LA PALMA alberga la ceremonia de entrega de premios del Concurso de Microrrelatos de Amnist\u00eda Internacional Madrid en su X edici\u00f3n, que este a\u00f1o coincide con el 75\u00ba Aniversario de la Declaraci\u00f3n de los Derechos Humanos. En el acto, se leer\u00e1n los diez relatos finalistas y\u00a0tras proceder al fallo del jurado contaremos con la &hellip; <\/p>","protected":false},"author":2,"featured_media":25331,"template":"","meta":{"_tec_requires_first_save":false,"_uag_custom_page_level_css":"","loftloader_page_shortcode":"","_EventAllDay":false,"_EventTimezone":"Europe\/Madrid","_EventStartDate":"2023-12-19 20:00:00","_EventEndDate":"2023-12-19 21:30:00","_EventStartDateUTC":"2023-12-19 19:00:00","_EventEndDateUTC":"2023-12-19 20:30:00","_EventShowMap":false,"_EventShowMapLink":false,"_EventURL":"","_EventCost":"ENTRADA LIBRE","_EventCostDescription":"","_EventCurrencySymbol":"\u20ac","_EventCurrencyCode":"","_EventCurrencyPosition":"suffix","_EventDateTimeSeparator":"@","_EventTimeRangeSeparator":"-","_EventOrganizerID":[],"_EventVenueID":[0],"_OrganizerEmail":"","_OrganizerPhone":"","_OrganizerWebsite":"","_VenueAddress":"","_VenueCity":"","_VenueCountry":"","_VenueProvince":"","_VenueState":"","_VenueZip":"","_VenuePhone":"","_VenueURL":"","_VenueStateProvince":"","_VenueLat":"","_VenueLng":"","_VenueShowMap":false,"_VenueShowMapLink":false,"_tribe_blocks_recurrence_rules":"","_tribe_blocks_recurrence_description":"","_tribe_blocks_recurrence_exclusions":"","_ecp_custom_2":"","_tribe_events_status":"","_tribe_events_status_reason":"","_tribe_events_is_hybrid":"","_tribe_events_is_virtual":"","_tribe_events_virtual_video_source":"","_tribe_events_virtual_embed_video":"","_tribe_events_virtual_linked_button_text":"","_tribe_events_virtual_linked_button":"","_tribe_events_virtual_show_embed_at":"","_tribe_events_virtual_show_embed_to":[],"_tribe_events_virtual_show_on_event":"","_tribe_events_virtual_show_on_views":"","_tribe_events_virtual_url":"","footnotes":""},"tags":[9638,12803,12804,1363,12806,12802,14740],"tribe_events_cat":[9510],"class_list":["post-27654","tribe_events","type-tribe_events","status-publish","has-post-thumbnail","hentry","tag-actividades-cafe-la-palma","tag-amnistia-internacional","tag-amnistia-internacional-madrid","tag-cafe-la-palma","tag-concurso-de-microrrelatos","tag-evento-solidario","tag-mojarrieta","tribe_events_cat-actividades","cat_actividades"],"uagb_featured_image_src":{"full":["https:\/\/cafelapalma.com\/wp-content\/uploads\/2022\/12\/amnesty-international-logomark.webp",730,730,false],"thumbnail":["https:\/\/cafelapalma.com\/wp-content\/uploads\/2022\/12\/amnesty-international-logomark-150x150.webp",150,150,true],"medium":["https:\/\/cafelapalma.com\/wp-content\/uploads\/2022\/12\/amnesty-international-logomark-300x300.webp",300,300,true],"medium_large":["https:\/\/cafelapalma.com\/wp-content\/uploads\/2022\/12\/amnesty-international-logomark.webp",730,730,false],"large":["https:\/\/cafelapalma.com\/wp-content\/uploads\/2022\/12\/amnesty-international-logomark.webp",730,730,false],"1536x1536":["https:\/\/cafelapalma.com\/wp-content\/uploads\/2022\/12\/amnesty-international-logomark.webp",730,730,false],"2048x2048":["https:\/\/cafelapalma.com\/wp-content\/uploads\/2022\/12\/amnesty-international-logomark.webp",730,730,false],"trp-custom-language-flag":["https:\/\/cafelapalma.com\/wp-content\/uploads\/2022\/12\/amnesty-international-logomark.webp",12,12,false],"blossom-feminine-slider":["https:\/\/cafelapalma.com\/wp-content\/uploads\/2022\/12\/amnesty-international-logomark-730x649.webp",730,649,true],"blossom-feminine-featured":["https:\/\/cafelapalma.com\/wp-content\/uploads\/2022\/12\/amnesty-international-logomark-730x600.webp",730,600,true],"blossom-feminine-with-sidebar":["https:\/\/cafelapalma.com\/wp-content\/uploads\/2022\/12\/amnesty-international-logomark-730x600.webp",730,600,true],"blossom-feminine-blog":["https:\/\/cafelapalma.com\/wp-content\/uploads\/2022\/12\/amnesty-international-logomark-435x435.webp",435,435,true],"blossom-feminine-cat":["https:\/\/cafelapalma.com\/wp-content\/uploads\/2022\/12\/amnesty-international-logomark-450x300.webp",450,300,true],"blossom-feminine-related":["https:\/\/cafelapalma.com\/wp-content\/uploads\/2022\/12\/amnesty-international-logomark-320x200.webp",320,200,true],"blossom-feminine-schema":["https:\/\/cafelapalma.com\/wp-content\/uploads\/2022\/12\/amnesty-international-logomark-60x60.webp",60,60,true]},"uagb_author_info":{"display_name":"Victor","author_link":"https:\/\/cafelapalma.com\/en\/author\/comunicacion\/"},"uagb_comment_info":0,"uagb_excerpt":"CAFE LA PALMA alberga la ceremonia de entrega de premios del Concurso de Microrrelatos de Amnist\u00eda Internacional Madrid en su X edici\u00f3n, que este a\u00f1o coincide con el 75\u00ba Aniversario de la Declaraci\u00f3n de los Derechos Humanos. En el acto, se leer\u00e1n los diez relatos finalistas y\u00a0tras proceder al fallo del jurado contaremos con la&hellip;","_links":{"self":[{"href":"https:\/\/cafelapalma.com\/en\/wp-json\/wp\/v2\/tribe_events\/27654","targetHints":{"allow":["GET"]}}],"collection":[{"href":"https:\/\/cafelapalma.com\/en\/wp-json\/wp\/v2\/tribe_events"}],"about":[{"href":"https:\/\/cafelapalma.com\/en\/wp-json\/wp\/v2\/types\/tribe_events"}],"author":[{"embeddable":true,"href":"https:\/\/cafelapalma.com\/en\/wp-json\/wp\/v2\/users\/2"}],"version-history":[{"count":0,"href":"https:\/\/cafelapalma.com\/en\/wp-json\/wp\/v2\/tribe_events\/27654\/revisions"}],"wp:featuredmedia":[{"embeddable":true,"href":"https:\/\/cafelapalma.com\/en\/wp-json\/wp\/v2\/media\/25331"}],"wp:attachment":[{"href":"https:\/\/cafelapalma.com\/en\/wp-json\/wp\/v2\/media?parent=27654"}],"wp:term":[{"taxonomy":"post_tag","embeddable":true,"href":"https:\/\/cafelapalma.com\/en\/wp-json\/wp\/v2\/tags?post=27654"},{"taxonomy":"tribe_events_cat","embeddable":true,"href":"https:\/\/cafelapalma.com\/en\/wp-json\/wp\/v2\/tribe_events_cat?post=27654"}],"curies":[{"name":"wp","href":"https:\/\/api.w.org\/{rel}","templated":true}]}}

ENTREGA DE PREMIOS CONCURSO DE MICRORRELATOS AMNISTÍA INTERNACIONAL MADRID

<div  class="tribe-events-schedule tribe-clearfix" >
	<p class="tribe-events-schedule__datetime">
		<span class="tribe-events-schedule__date tribe-events-schedule__date--start">
			19  December  2023		</span>

					<span class="tribe-events-schedule__separator tribe-events-schedule__separator--date">
				@			</span>
			<span class="tribe-events-schedule__time tribe-events-schedule__time--start">
				20:00			</span>
		
									<span class="tribe-events-schedule__separator tribe-events-schedule__separator--time">
					&#8211;				</span>
			
							<span class="tribe-events-schedule__time tribe-events-schedule__time--end">
					21:30				</span>
			
						</p>
</div>


<div  class="tribe-block tribe-block__event-price" >
			<span class="tribe-block__event-price__cost"> ENTRADA LIBRE </span>
		</div>



<div style="height:100px" aria-hidden="true" class="wp-block-spacer"></div>



<div class="wp-block-columns is-layout-flex wp-container-core-columns-is-layout-8f761849 wp-block-columns-is-layout-flex">
<div class="wp-block-column is-layout-flow wp-block-column-is-layout-flow" style="flex-basis:33.33%">
<figure class="wp-block-image size-full"><img loading="lazy" decoding="async" width="1414" height="2000" src="https://cafelapalma.com/wp-content/uploads/2023/11/CARTEL-ACTO-MICRORRELATOS-2023.jpg" alt="" class="wp-image-27655" srcset="https://cafelapalma.com/wp-content/uploads/2023/11/CARTEL-ACTO-MICRORRELATOS-2023.jpg 1414w, https://cafelapalma.com/wp-content/uploads/2023/11/CARTEL-ACTO-MICRORRELATOS-2023-212x300.jpg 212w, https://cafelapalma.com/wp-content/uploads/2023/11/CARTEL-ACTO-MICRORRELATOS-2023-735x1040.jpg 735w, https://cafelapalma.com/wp-content/uploads/2023/11/CARTEL-ACTO-MICRORRELATOS-2023-768x1086.jpg 768w, https://cafelapalma.com/wp-content/uploads/2023/11/CARTEL-ACTO-MICRORRELATOS-2023-1086x1536.jpg 1086w, https://cafelapalma.com/wp-content/uploads/2023/11/CARTEL-ACTO-MICRORRELATOS-2023-42x60.jpg 42w" sizes="auto, (max-width: 1414px) 100vw, 1414px" /></figure>
</div>



<div class="wp-block-column is-layout-flow wp-block-column-is-layout-flow" style="flex-basis:66.66%">
<div style="height:100px" aria-hidden="true" class="wp-block-spacer"></div>



<p class="has-text-align-left wp-block-paragraph"><strong>CAFE LA PALMA </strong>alberga la ceremonia de entrega de premios del <strong>Concurso de Microrrelatos de Amnistía Internacional Madrid</strong> en su X edición, que este año coincide con el 75º Aniversario de la Declaración de los Derechos Humanos.</p>



<p class="has-text-align-left wp-block-paragraph">En el acto, se leerán los diez relatos finalistas y tras proceder al fallo del jurado contaremos con la actuación de <strong>MOJARRIETA</strong>.  </p>
</div>
</div>



<div style="height:100px" aria-hidden="true" class="wp-block-spacer"></div>



<hr class="wp-block-separator has-alpha-channel-opacity is-style-wide"/>



<div style="height:100px" aria-hidden="true" class="wp-block-spacer"></div>


<h2 class="tribe-block__related-events__title">Related Events</h2>

<ul  class="tribe-related-events tribe-clearfix" >
			<li>
	
<div class="tribe-related-events-thumbnail">
	<a href="https://cafelapalma.com/en/programacion/funkin-donuts/" class="url" rel="bookmark" tabindex="-1" aria-hidden="true"><img loading="lazy" decoding="async" width="693" height="1040" src="https://cafelapalma.com/wp-content/uploads/2026/07/FD-vert2-bn-693x1040.jpg" class="attachment-large size-large wp-post-image" alt="" /></a>
</div>
	<div class="tribe-related-event-info">
	<h3 class="tribe-related-events-title">
		<a href="https://cafelapalma.com/en/programacion/funkin-donuts/" class="tribe-event-url" rel="bookmark">
			FUNKIN&#8217; DONUTS		</a>
	</h3>
	<span class="tribe-event-date-start">5  September@22:00</span><span class="tribe-event-time">23:45</span></div>
</li>
			<li>
	
<div class="tribe-related-events-thumbnail">
	<a href="https://cafelapalma.com/en/programacion/backstage-le-petit-truffle-mayo/" class="url" rel="bookmark" tabindex="-1" aria-hidden="true"><img loading="lazy" decoding="async" width="780" height="1040" src="https://cafelapalma.com/wp-content/uploads/2026/07/Imagen-TruffleMayo-LePetit-i-1-780x1040.png" class="attachment-large size-large wp-post-image" alt="" /></a>
</div>
	<div class="tribe-related-event-info">
	<h3 class="tribe-related-events-title">
		<a href="https://cafelapalma.com/en/programacion/backstage-le-petit-truffle-mayo/" class="tribe-event-url" rel="bookmark">
			BACKSTAGE: LE PETIT + TRUFFLE MAYO		</a>
	</h3>
	<span class="tribe-event-date-start">5  September@23:55</span></div>
</li>
			<li>
	
<div class="tribe-related-events-thumbnail">
	<a href="https://cafelapalma.com/en/programacion/willie-deville-concierto-benefico-x-venezuela/" class="url" rel="bookmark" tabindex="-1" aria-hidden="true"><img loading="lazy" decoding="async" width="1020" height="531" src="https://cafelapalma.com/wp-content/uploads/2026/08/Willie-deville-1100x572-1-1040x541.jpg" class="attachment-large size-large wp-post-image" alt="" /></a>
</div>
	<div class="tribe-related-event-info">
	<h3 class="tribe-related-events-title">
		<a href="https://cafelapalma.com/en/programacion/willie-deville-concierto-benefico-x-venezuela/" class="tribe-event-url" rel="bookmark">
			WILLIE DEVILLE: CONCIERTO BENÉFICO X VENEZUELA		</a>
	</h3>
	<span class="tribe-event-date-start">6  September@21:00</span><span class="tribe-event-time">23:45</span></div>
</li>
	</ul>

<p>CAFE LA PALMA alberga la ceremonia de entrega de premios del Concurso de Microrrelatos de Amnistía Internacional Madrid en su X edición, que este año coincide con el 75º Aniversario de la Declaración de los Derechos Humanos. En el acto, se leerán los diez relatos finalistas y tras proceder al fallo del jurado contaremos con la &hellip; </p>

CAFE LA PALMA alberga la ceremonia de entrega de premios del Concurso de Microrrelatos de Amnistía Internacional Madrid en su X edición, que este año coincide con el 75º Aniversario de la Declaración de los Derechos Humanos. En el acto, se leerán los diez relatos finalistas y tras proceder al fallo del jurado contaremos con la&hellip;
