{"id":27815,"date":"2023-12-27T13:01:27","date_gmt":"2023-12-27T12:01:27","guid":{"rendered":"https:\/\/cafelapalma.com\/?post_type=tribe_events&#038;p=27815"},"modified":"2024-02-05T09:55:20","modified_gmt":"2024-02-05T08:55:20","slug":"vuelo-privado-zetazen","status":"publish","type":"tribe_events","link":"https:\/\/cafelapalma.com\/en\/programacion\/vuelo-privado-zetazen\/","title":{"rendered":"ZETAZEN presenta \u00abVUELO PRIVADO\u00bb"},"content":{"rendered":"<div  class=\"tribe-events-schedule tribe-clearfix\" >\n\t<p class=\"tribe-events-schedule__datetime\">\n\t\t<span class=\"tribe-events-schedule__date tribe-events-schedule__date--start\">\n\t\t\t07  February  2024\t\t<\/span>\n\n\t\t\t\t\t<span class=\"tribe-events-schedule__separator tribe-events-schedule__separator--date\">\n\t\t\t\t@\t\t\t<\/span>\n\t\t\t<span class=\"tribe-events-schedule__time tribe-events-schedule__time--start\">\n\t\t\t\t20:00\t\t\t<\/span>\n\t\t\n\t\t\t\t\t\t\t\t\t<span class=\"tribe-events-schedule__separator tribe-events-schedule__separator--time\">\n\t\t\t\t\t&#8211;\t\t\t\t<\/span>\n\t\t\t\n\t\t\t\t\t\t\t<span class=\"tribe-events-schedule__time tribe-events-schedule__time--end\">\n\t\t\t\t\t23:00\t\t\t\t<\/span>\n\t\t\t\n\t\t\t\t\t\t<\/p>\n<\/div>\n\n\n<div  class=\"tribe-block tribe-block__event-price\" >\n\t\t\t<span class=\"tribe-block__event-price__cost\"> 90\u20ac <\/span>\n\t\t\t\t<span class=\"tribe-block__event-price__description\">BOARDING PASS<\/span>\n\t<\/div>\n\n\n\n<div style=\"height:100px\" aria-hidden=\"true\" class=\"wp-block-spacer\"><\/div>\n\n\n\n<div class=\"wp-block-columns is-layout-flex wp-container-core-columns-is-layout-8f761849 wp-block-columns-is-layout-flex\">\n<div class=\"wp-block-column is-layout-flow wp-block-column-is-layout-flow\" style=\"flex-basis:33.33%\">\n<figure class=\"wp-block-image size-large\"><img loading=\"lazy\" decoding=\"async\" width=\"734\" height=\"1040\" src=\"https:\/\/cafelapalma.com\/wp-content\/uploads\/2023\/12\/VUELOPRIVADOZETAZEN-734x1040.jpg\" alt=\"\" class=\"wp-image-27816\" srcset=\"https:\/\/cafelapalma.com\/wp-content\/uploads\/2023\/12\/VUELOPRIVADOZETAZEN-734x1040.jpg 734w, https:\/\/cafelapalma.com\/wp-content\/uploads\/2023\/12\/VUELOPRIVADOZETAZEN-212x300.jpg 212w, https:\/\/cafelapalma.com\/wp-content\/uploads\/2023\/12\/VUELOPRIVADOZETAZEN-768x1088.jpg 768w, https:\/\/cafelapalma.com\/wp-content\/uploads\/2023\/12\/VUELOPRIVADOZETAZEN-1085x1536.jpg 1085w, https:\/\/cafelapalma.com\/wp-content\/uploads\/2023\/12\/VUELOPRIVADOZETAZEN-42x60.jpg 42w, https:\/\/cafelapalma.com\/wp-content\/uploads\/2023\/12\/VUELOPRIVADOZETAZEN.jpg 1206w\" sizes=\"auto, (max-width: 734px) 100vw, 734px\" \/><\/figure>\n\n\n<div  class=\"tribe-block tribe-block__event-website\" >\n\t<a\n\t\thref=\"https:\/\/www.wegow.com\/es\/compra\/vuelo-privado-zetazen\"\n\t\ttarget=\"_self\"\n\t\t\t>\n\t\tBUY TICKETS\t<\/a>\n<\/div>\n<\/div>\n\n\n\n<div class=\"wp-block-column is-layout-flow wp-block-column-is-layout-flow\" style=\"flex-basis:66.66%\">\n<p class=\"has-text-align-left wp-block-paragraph\"><em>Tengo algo para ti. Ver\u00e1s.<br><br>Lo primero que tengo que decirte es que estoy terminando un disco. Iba a ser un EP (un disco corto) pero creo que se me est\u00e1 yendo de las manos la cosa y va a terminar siendo un disco. Y s\u00ed. Tiene que ver con un avi\u00f3n.<br><br>La cosa es que despu\u00e9s de llenar una Riviera para 2500 personas, de alguna manera, necesito volver a casa.<br><br>Necesito volver a sentirme peque\u00f1o y sentarme con aquellos que me vieron crecer, de t\u00fa a t\u00fa.<br><br>Y qu\u00e9 mejor que volver a <strong>CAFE LA PALMA<\/strong>, literalmente, mi casa, donde empez\u00f3 todo, no solo para presentar el nuevo disco, sino en esencia para contarte c\u00f3mo est\u00e1 siendo este proceso.<br><br>Ese avi\u00f3n est\u00e1 siendo el catalizador de todas las cosas buenas y malas que me han ocurrido este a\u00f1o y el anterior. De todo lo que me est\u00e1 haciendo aprender y evolucionar.<br><br>Seguidamente, vamos con un show privado de adelanto del disco.<br>Si alg\u00fan tema est\u00e1 a medio acabar, os lo ense\u00f1o a medio acabar.<br><br>Y una vez haya terminado el show, pedimos un segundo micro para el p\u00fablico. Para que podamos hablar y lanzarnos preguntas en relaci\u00f3n a todo lo mostrado.<br><br>Estoy seguro de que podemos llegar a conclusiones y lugares interesantes. Mientras tanto, en todo esto, nos tomamos algo (invita la casa).<br><br>Y antes de aterrizar y salir por la puerta, dar\u00e9 uno a uno un detalle que para m\u00ed es muy importante. Y que tiene que ver con este avi\u00f3n.<br><br>Lo dicho: el disco es m\u00edo, pero es para vosotros, y qu\u00e9 mejor que haceros part\u00edcipes del proceso, que ultimemos los detalles juntos.<br>Por eso quiero ense\u00f1arte lo que hay justo antes. Lo que hay detr\u00e1s.<br>Es el contexto en el que surgen cada una de las canciones del disco.<br>Es el aprendizaje que tuvo que atravesar uno antes de lanzar un disco al mundo.<br><br>En definitiva, nuestro vuelo privado. Porque solo vamos a llenar la mitad del aforo, para estar a gusto y que pueda interactuar cualquiera.<br><br>Nos vemos.<\/em><\/p>\n\n\n\n<p class=\"has-text-align-right wp-block-paragraph\"><strong><em>Rub\u00e9n<\/em><\/strong><\/p>\n<\/div>\n<\/div>\n\n\n\n<div style=\"height:100px\" aria-hidden=\"true\" class=\"wp-block-spacer\"><\/div>\n\n\n\n<hr class=\"wp-block-separator has-alpha-channel-opacity\"\/>\n\n\n\n<div style=\"height:100px\" aria-hidden=\"true\" class=\"wp-block-spacer\"><\/div>\n\n\n<h2 class=\"tribe-block__related-events__title\">Related Events<\/h2>\n\n<ul  class=\"tribe-related-events tribe-clearfix\" >\n\t\t\t<li>\n\t\n<div class=\"tribe-related-events-thumbnail\">\n\t<a href=\"https:\/\/cafelapalma.com\/en\/programacion\/funkin-donuts\/\" class=\"url\" rel=\"bookmark\" tabindex=\"-1\" aria-hidden=\"true\"><img loading=\"lazy\" decoding=\"async\" width=\"693\" height=\"1040\" src=\"https:\/\/cafelapalma.com\/wp-content\/uploads\/2026\/07\/FD-vert2-bn-693x1040.jpg\" class=\"attachment-large size-large wp-post-image\" alt=\"\" \/><\/a>\n<\/div>\n\t<div class=\"tribe-related-event-info\">\n\t<h3 class=\"tribe-related-events-title\">\n\t\t<a href=\"https:\/\/cafelapalma.com\/en\/programacion\/funkin-donuts\/\" class=\"tribe-event-url\" rel=\"bookmark\">\n\t\t\tFUNKIN&#8217; DONUTS\t\t<\/a>\n\t<\/h3>\n\t<span class=\"tribe-event-date-start\">5  September@22:00<\/span><span class=\"tribe-event-time\">23:45<\/span><\/div>\n<\/li>\n\t\t\t<li>\n\t\n<div class=\"tribe-related-events-thumbnail\">\n\t<a href=\"https:\/\/cafelapalma.com\/en\/programacion\/backstage-le-petit-truffle-mayo\/\" class=\"url\" rel=\"bookmark\" tabindex=\"-1\" aria-hidden=\"true\"><img loading=\"lazy\" decoding=\"async\" width=\"780\" height=\"1040\" src=\"https:\/\/cafelapalma.com\/wp-content\/uploads\/2026\/07\/Imagen-TruffleMayo-LePetit-i-1-780x1040.png\" class=\"attachment-large size-large wp-post-image\" alt=\"\" \/><\/a>\n<\/div>\n\t<div class=\"tribe-related-event-info\">\n\t<h3 class=\"tribe-related-events-title\">\n\t\t<a href=\"https:\/\/cafelapalma.com\/en\/programacion\/backstage-le-petit-truffle-mayo\/\" class=\"tribe-event-url\" rel=\"bookmark\">\n\t\t\tBACKSTAGE: LE PETIT + TRUFFLE MAYO\t\t<\/a>\n\t<\/h3>\n\t<span class=\"tribe-event-date-start\">5  September@23:55<\/span><\/div>\n<\/li>\n\t\t\t<li>\n\t\n<div class=\"tribe-related-events-thumbnail\">\n\t<a href=\"https:\/\/cafelapalma.com\/en\/programacion\/willie-deville-concierto-benefico-x-venezuela\/\" class=\"url\" rel=\"bookmark\" tabindex=\"-1\" aria-hidden=\"true\"><img loading=\"lazy\" decoding=\"async\" width=\"1020\" height=\"531\" src=\"https:\/\/cafelapalma.com\/wp-content\/uploads\/2026\/08\/Willie-deville-1100x572-1-1040x541.jpg\" class=\"attachment-large size-large wp-post-image\" alt=\"\" \/><\/a>\n<\/div>\n\t<div class=\"tribe-related-event-info\">\n\t<h3 class=\"tribe-related-events-title\">\n\t\t<a href=\"https:\/\/cafelapalma.com\/en\/programacion\/willie-deville-concierto-benefico-x-venezuela\/\" class=\"tribe-event-url\" rel=\"bookmark\">\n\t\t\tWILLIE DEVILLE: CONCIERTO BEN\u00c9FICO X VENEZUELA\t\t<\/a>\n\t<\/h3>\n\t<span class=\"tribe-event-date-start\">6  September@21:00<\/span><span class=\"tribe-event-time\">23:45<\/span><\/div>\n<\/li>\n\t<\/ul>","protected":false},"excerpt":{"rendered":"<p>Tengo algo para ti. Ver\u00e1s. Lo primero que tengo que decirte es que estoy terminando un disco. Iba a ser un EP (un disco corto) pero creo que se me est\u00e1 yendo de las manos la cosa y va a terminar siendo un disco. Y s\u00ed. Tiene que ver con un avi\u00f3n. La cosa es &hellip; <\/p>","protected":false},"author":2,"featured_media":27818,"template":"","meta":{"_tec_requires_first_save":false,"_uag_custom_page_level_css":"","loftloader_page_shortcode":"","_EventAllDay":false,"_EventTimezone":"Europe\/Madrid","_EventStartDate":"2024-02-07 20:00:00","_EventEndDate":"2024-02-07 23:00:00","_EventStartDateUTC":"2024-02-07 19:00:00","_EventEndDateUTC":"2024-02-07 22:00:00","_EventShowMap":false,"_EventShowMapLink":false,"_EventURL":"https:\/\/www.wegow.com\/es\/compra\/vuelo-privado-zetazen","_EventCost":"90","_EventCostDescription":"","_EventCurrencySymbol":"\u20ac","_EventCurrencyCode":"USD","_EventCurrencyPosition":"suffix","_EventDateTimeSeparator":"@","_EventTimeRangeSeparator":"-","_EventOrganizerID":[],"_EventVenueID":[],"_OrganizerEmail":"","_OrganizerPhone":"","_OrganizerWebsite":"","_VenueAddress":"","_VenueCity":"","_VenueCountry":"","_VenueProvince":"","_VenueState":"","_VenueZip":"","_VenuePhone":"","_VenueURL":"","_VenueStateProvince":"","_VenueLat":"","_VenueLng":"","_VenueShowMap":false,"_VenueShowMapLink":false,"_tribe_blocks_recurrence_rules":"","_tribe_blocks_recurrence_description":"","_tribe_blocks_recurrence_exclusions":"","_ecp_custom_2":"","_tribe_events_status":"","_tribe_events_status_reason":"","_tribe_events_is_hybrid":"","_tribe_events_is_virtual":"","_tribe_events_virtual_video_source":"","_tribe_events_virtual_embed_video":"","_tribe_events_virtual_linked_button_text":"","_tribe_events_virtual_linked_button":"","_tribe_events_virtual_show_embed_at":"","_tribe_events_virtual_show_embed_to":[],"_tribe_events_virtual_show_on_event":"","_tribe_events_virtual_show_on_views":"","_tribe_events_virtual_url":"","footnotes":""},"tags":[1363,8869,2865,9147,9146,12500,14891,14892,14890],"tribe_events_cat":[8963],"class_list":["post-27815","tribe_events","type-tribe_events","status-publish","has-post-thumbnail","hentry","tag-cafe-la-palma","tag-cafe-la-palma-2","tag-conciertos-cafe-la-palma","tag-conciertos-madrid","tag-conciertos-malasana","tag-showcase","tag-urbania-events","tag-vuelo-privado","tag-zetazen","tribe_events_cat-concierto","cat_concierto"],"uagb_featured_image_src":{"full":["https:\/\/cafelapalma.com\/wp-content\/uploads\/2023\/12\/zetazenlogo.jpg",1024,725,false],"thumbnail":["https:\/\/cafelapalma.com\/wp-content\/uploads\/2023\/12\/zetazenlogo-150x150.jpg",150,150,true],"medium":["https:\/\/cafelapalma.com\/wp-content\/uploads\/2023\/12\/zetazenlogo-300x212.jpg",300,212,true],"medium_large":["https:\/\/cafelapalma.com\/wp-content\/uploads\/2023\/12\/zetazenlogo-768x544.jpg",768,544,true],"large":["https:\/\/cafelapalma.com\/wp-content\/uploads\/2023\/12\/zetazenlogo.jpg",1020,722,false],"1536x1536":["https:\/\/cafelapalma.com\/wp-content\/uploads\/2023\/12\/zetazenlogo.jpg",1024,725,false],"2048x2048":["https:\/\/cafelapalma.com\/wp-content\/uploads\/2023\/12\/zetazenlogo.jpg",1024,725,false],"trp-custom-language-flag":["https:\/\/cafelapalma.com\/wp-content\/uploads\/2023\/12\/zetazenlogo.jpg",18,12,false],"blossom-feminine-slider":["https:\/\/cafelapalma.com\/wp-content\/uploads\/2023\/12\/zetazenlogo-1024x649.jpg",1024,649,true],"blossom-feminine-featured":["https:\/\/cafelapalma.com\/wp-content\/uploads\/2023\/12\/zetazenlogo-1024x600.jpg",1024,600,true],"blossom-feminine-with-sidebar":["https:\/\/cafelapalma.com\/wp-content\/uploads\/2023\/12\/zetazenlogo-1020x600.jpg",1020,600,true],"blossom-feminine-blog":["https:\/\/cafelapalma.com\/wp-content\/uploads\/2023\/12\/zetazenlogo-435x435.jpg",435,435,true],"blossom-feminine-cat":["https:\/\/cafelapalma.com\/wp-content\/uploads\/2023\/12\/zetazenlogo-450x300.jpg",450,300,true],"blossom-feminine-related":["https:\/\/cafelapalma.com\/wp-content\/uploads\/2023\/12\/zetazenlogo-320x200.jpg",320,200,true],"blossom-feminine-schema":["https:\/\/cafelapalma.com\/wp-content\/uploads\/2023\/12\/zetazenlogo-85x60.jpg",85,60,true]},"uagb_author_info":{"display_name":"Victor","author_link":"https:\/\/cafelapalma.com\/en\/author\/comunicacion\/"},"uagb_comment_info":0,"uagb_excerpt":"Tengo algo para ti. Ver\u00e1s. Lo primero que tengo que decirte es que estoy terminando un disco. Iba a ser un EP (un disco corto) pero creo que se me est\u00e1 yendo de las manos la cosa y va a terminar siendo un disco. Y s\u00ed. Tiene que ver con un avi\u00f3n. La cosa es&hellip;","_links":{"self":[{"href":"https:\/\/cafelapalma.com\/en\/wp-json\/wp\/v2\/tribe_events\/27815","targetHints":{"allow":["GET"]}}],"collection":[{"href":"https:\/\/cafelapalma.com\/en\/wp-json\/wp\/v2\/tribe_events"}],"about":[{"href":"https:\/\/cafelapalma.com\/en\/wp-json\/wp\/v2\/types\/tribe_events"}],"author":[{"embeddable":true,"href":"https:\/\/cafelapalma.com\/en\/wp-json\/wp\/v2\/users\/2"}],"version-history":[{"count":0,"href":"https:\/\/cafelapalma.com\/en\/wp-json\/wp\/v2\/tribe_events\/27815\/revisions"}],"wp:featuredmedia":[{"embeddable":true,"href":"https:\/\/cafelapalma.com\/en\/wp-json\/wp\/v2\/media\/27818"}],"wp:attachment":[{"href":"https:\/\/cafelapalma.com\/en\/wp-json\/wp\/v2\/media?parent=27815"}],"wp:term":[{"taxonomy":"post_tag","embeddable":true,"href":"https:\/\/cafelapalma.com\/en\/wp-json\/wp\/v2\/tags?post=27815"},{"taxonomy":"tribe_events_cat","embeddable":true,"href":"https:\/\/cafelapalma.com\/en\/wp-json\/wp\/v2\/tribe_events_cat?post=27815"}],"curies":[{"name":"wp","href":"https:\/\/api.w.org\/{rel}","templated":true}]}}

<div  class="tribe-events-schedule tribe-clearfix" >
	<p class="tribe-events-schedule__datetime">
		<span class="tribe-events-schedule__date tribe-events-schedule__date--start">
			07  February  2024		</span>

					<span class="tribe-events-schedule__separator tribe-events-schedule__separator--date">
				@			</span>
			<span class="tribe-events-schedule__time tribe-events-schedule__time--start">
				20:00			</span>
		
									<span class="tribe-events-schedule__separator tribe-events-schedule__separator--time">
					&#8211;				</span>
			
							<span class="tribe-events-schedule__time tribe-events-schedule__time--end">
					23:00				</span>
			
						</p>
</div>


<div  class="tribe-block tribe-block__event-price" >
			<span class="tribe-block__event-price__cost"> 90€ </span>
				<span class="tribe-block__event-price__description">BOARDING PASS</span>
	</div>



<div style="height:100px" aria-hidden="true" class="wp-block-spacer"></div>



<div class="wp-block-columns is-layout-flex wp-container-core-columns-is-layout-8f761849 wp-block-columns-is-layout-flex">
<div class="wp-block-column is-layout-flow wp-block-column-is-layout-flow" style="flex-basis:33.33%">
<figure class="wp-block-image size-large"><img loading="lazy" decoding="async" width="734" height="1040" src="https://cafelapalma.com/wp-content/uploads/2023/12/VUELOPRIVADOZETAZEN-734x1040.jpg" alt="" class="wp-image-27816" srcset="https://cafelapalma.com/wp-content/uploads/2023/12/VUELOPRIVADOZETAZEN-734x1040.jpg 734w, https://cafelapalma.com/wp-content/uploads/2023/12/VUELOPRIVADOZETAZEN-212x300.jpg 212w, https://cafelapalma.com/wp-content/uploads/2023/12/VUELOPRIVADOZETAZEN-768x1088.jpg 768w, https://cafelapalma.com/wp-content/uploads/2023/12/VUELOPRIVADOZETAZEN-1085x1536.jpg 1085w, https://cafelapalma.com/wp-content/uploads/2023/12/VUELOPRIVADOZETAZEN-42x60.jpg 42w, https://cafelapalma.com/wp-content/uploads/2023/12/VUELOPRIVADOZETAZEN.jpg 1206w" sizes="auto, (max-width: 734px) 100vw, 734px" /></figure>


<div  class="tribe-block tribe-block__event-website" >
	<a
		href="https://www.wegow.com/es/compra/vuelo-privado-zetazen"
		target="_self"
			>
		BUY TICKETS	</a>
</div>
</div>



<div class="wp-block-column is-layout-flow wp-block-column-is-layout-flow" style="flex-basis:66.66%">
<p class="has-text-align-left wp-block-paragraph"><em>Tengo algo para ti. Verás.<br><br>Lo primero que tengo que decirte es que estoy terminando un disco. Iba a ser un EP (un disco corto) pero creo que se me está yendo de las manos la cosa y va a terminar siendo un disco. Y sí. Tiene que ver con un avión.<br><br>La cosa es que después de llenar una Riviera para 2500 personas, de alguna manera, necesito volver a casa.<br><br>Necesito volver a sentirme pequeño y sentarme con aquellos que me vieron crecer, de tú a tú.<br><br>Y qué mejor que volver a <strong>CAFE LA PALMA</strong>, literalmente, mi casa, donde empezó todo, no solo para presentar el nuevo disco, sino en esencia para contarte cómo está siendo este proceso.<br><br>Ese avión está siendo el catalizador de todas las cosas buenas y malas que me han ocurrido este año y el anterior. De todo lo que me está haciendo aprender y evolucionar.<br><br>Seguidamente, vamos con un show privado de adelanto del disco.<br>Si algún tema está a medio acabar, os lo enseño a medio acabar.<br><br>Y una vez haya terminado el show, pedimos un segundo micro para el público. Para que podamos hablar y lanzarnos preguntas en relación a todo lo mostrado.<br><br>Estoy seguro de que podemos llegar a conclusiones y lugares interesantes. Mientras tanto, en todo esto, nos tomamos algo (invita la casa).<br><br>Y antes de aterrizar y salir por la puerta, daré uno a uno un detalle que para mí es muy importante. Y que tiene que ver con este avión.<br><br>Lo dicho: el disco es mío, pero es para vosotros, y qué mejor que haceros partícipes del proceso, que ultimemos los detalles juntos.<br>Por eso quiero enseñarte lo que hay justo antes. Lo que hay detrás.<br>Es el contexto en el que surgen cada una de las canciones del disco.<br>Es el aprendizaje que tuvo que atravesar uno antes de lanzar un disco al mundo.<br><br>En definitiva, nuestro vuelo privado. Porque solo vamos a llenar la mitad del aforo, para estar a gusto y que pueda interactuar cualquiera.<br><br>Nos vemos.</em></p>



<p class="has-text-align-right wp-block-paragraph"><strong><em>Rubén</em></strong></p>
</div>
</div>



<div style="height:100px" aria-hidden="true" class="wp-block-spacer"></div>



<hr class="wp-block-separator has-alpha-channel-opacity"/>



<div style="height:100px" aria-hidden="true" class="wp-block-spacer"></div>


<h2 class="tribe-block__related-events__title">Related Events</h2>

<ul  class="tribe-related-events tribe-clearfix" >
			<li>
	
<div class="tribe-related-events-thumbnail">
	<a href="https://cafelapalma.com/en/programacion/funkin-donuts/" class="url" rel="bookmark" tabindex="-1" aria-hidden="true"><img loading="lazy" decoding="async" width="693" height="1040" src="https://cafelapalma.com/wp-content/uploads/2026/07/FD-vert2-bn-693x1040.jpg" class="attachment-large size-large wp-post-image" alt="" /></a>
</div>
	<div class="tribe-related-event-info">
	<h3 class="tribe-related-events-title">
		<a href="https://cafelapalma.com/en/programacion/funkin-donuts/" class="tribe-event-url" rel="bookmark">
			FUNKIN&#8217; DONUTS		</a>
	</h3>
	<span class="tribe-event-date-start">5  September@22:00</span><span class="tribe-event-time">23:45</span></div>
</li>
			<li>
	
<div class="tribe-related-events-thumbnail">
	<a href="https://cafelapalma.com/en/programacion/backstage-le-petit-truffle-mayo/" class="url" rel="bookmark" tabindex="-1" aria-hidden="true"><img loading="lazy" decoding="async" width="780" height="1040" src="https://cafelapalma.com/wp-content/uploads/2026/07/Imagen-TruffleMayo-LePetit-i-1-780x1040.png" class="attachment-large size-large wp-post-image" alt="" /></a>
</div>
	<div class="tribe-related-event-info">
	<h3 class="tribe-related-events-title">
		<a href="https://cafelapalma.com/en/programacion/backstage-le-petit-truffle-mayo/" class="tribe-event-url" rel="bookmark">
			BACKSTAGE: LE PETIT + TRUFFLE MAYO		</a>
	</h3>
	<span class="tribe-event-date-start">5  September@23:55</span></div>
</li>
			<li>
	
<div class="tribe-related-events-thumbnail">
	<a href="https://cafelapalma.com/en/programacion/willie-deville-concierto-benefico-x-venezuela/" class="url" rel="bookmark" tabindex="-1" aria-hidden="true"><img loading="lazy" decoding="async" width="1020" height="531" src="https://cafelapalma.com/wp-content/uploads/2026/08/Willie-deville-1100x572-1-1040x541.jpg" class="attachment-large size-large wp-post-image" alt="" /></a>
</div>
	<div class="tribe-related-event-info">
	<h3 class="tribe-related-events-title">
		<a href="https://cafelapalma.com/en/programacion/willie-deville-concierto-benefico-x-venezuela/" class="tribe-event-url" rel="bookmark">
			WILLIE DEVILLE: CONCIERTO BENÉFICO X VENEZUELA		</a>
	</h3>
	<span class="tribe-event-date-start">6  September@21:00</span><span class="tribe-event-time">23:45</span></div>
</li>
	</ul>

<p>Tengo algo para ti. Verás. Lo primero que tengo que decirte es que estoy terminando un disco. Iba a ser un EP (un disco corto) pero creo que se me está yendo de las manos la cosa y va a terminar siendo un disco. Y sí. Tiene que ver con un avión. La cosa es &hellip; </p>

Tengo algo para ti. Verás. Lo primero que tengo que decirte es que estoy terminando un disco. Iba a ser un EP (un disco corto) pero creo que se me está yendo de las manos la cosa y va a terminar siendo un disco. Y sí. Tiene que ver con un avión. La cosa es&hellip;
