{"id":28052,"date":"2024-01-17T17:40:43","date_gmt":"2024-01-17T16:40:43","guid":{"rendered":"https:\/\/cafelapalma.com\/?post_type=tribe_events&#038;p=28052"},"modified":"2024-02-19T17:30:03","modified_gmt":"2024-02-19T16:30:03","slug":"la-secta-2-quieto-todo-el-mundo","status":"publish","type":"tribe_events","link":"https:\/\/cafelapalma.com\/en\/programacion\/la-secta-2-quieto-todo-el-mundo\/","title":{"rendered":"LA SECTA II: QUIETO TODO EL MUNDO"},"content":{"rendered":"<div  class=\"tribe-events-schedule tribe-clearfix\" >\n\t<p class=\"tribe-events-schedule__datetime\">\n\t\t<span class=\"tribe-events-schedule__date tribe-events-schedule__date--start\">\n\t\t\t23  February  2024\t\t<\/span>\n\n\t\t\t\t\t<span class=\"tribe-events-schedule__separator tribe-events-schedule__separator--date\">\n\t\t\t\t@\t\t\t<\/span>\n\t\t\t<span class=\"tribe-events-schedule__time tribe-events-schedule__time--start\">\n\t\t\t\t23:50\t\t\t<\/span>\n\t\t\n\t\t\t\t\t\t\t\t\t<span class=\"tribe-events-schedule__separator tribe-events-schedule__separator--time\">\n\t\t\t\t\t&#8211;\t\t\t\t<\/span>\n\t\t\t\n\t\t\t\t\t\t\t<span class=\"tribe-events-schedule__time tribe-events-schedule__time--end\">\n\t\t\t\t\t23:55\t\t\t\t<\/span>\n\t\t\t\n\t\t\t\t\t\t<\/p>\n<\/div>\n\n\n<div  class=\"tribe-block tribe-block__event-price\" >\n\t\t\t<span class=\"tribe-block__event-price__cost\"> 15\u20ac <\/span>\n\t\t\t\t<span class=\"tribe-block__event-price__description\">Taquilla + CONSUMICI\u00d3N<\/span>\n\t<\/div>\n\n\n\n<div style=\"height:100px\" aria-hidden=\"true\" class=\"wp-block-spacer\"><\/div>\n\n\n\n<div class=\"wp-block-columns is-layout-flex wp-container-core-columns-is-layout-8f761849 wp-block-columns-is-layout-flex\">\n<div class=\"wp-block-column is-layout-flow wp-block-column-is-layout-flow\" style=\"flex-basis:33.33%\">\n<figure class=\"wp-block-image size-large\"><img loading=\"lazy\" decoding=\"async\" width=\"736\" height=\"1040\" src=\"https:\/\/cafelapalma.com\/wp-content\/uploads\/2024\/01\/LA-SECTA-A3-LOW-736x1040.jpg\" alt=\"\" class=\"wp-image-28053\" srcset=\"https:\/\/cafelapalma.com\/wp-content\/uploads\/2024\/01\/LA-SECTA-A3-LOW-736x1040.jpg 736w, https:\/\/cafelapalma.com\/wp-content\/uploads\/2024\/01\/LA-SECTA-A3-LOW-212x300.jpg 212w, https:\/\/cafelapalma.com\/wp-content\/uploads\/2024\/01\/LA-SECTA-A3-LOW-768x1086.jpg 768w, https:\/\/cafelapalma.com\/wp-content\/uploads\/2024\/01\/LA-SECTA-A3-LOW-1086x1536.jpg 1086w, https:\/\/cafelapalma.com\/wp-content\/uploads\/2024\/01\/LA-SECTA-A3-LOW-1448x2048.jpg 1448w, https:\/\/cafelapalma.com\/wp-content\/uploads\/2024\/01\/LA-SECTA-A3-LOW-42x60.jpg 42w\" sizes=\"auto, (max-width: 736px) 100vw, 736px\" \/><\/figure>\n<\/div>\n\n\n\n<div class=\"wp-block-column is-layout-flow wp-block-column-is-layout-flow\" style=\"flex-basis:66.66%\">\n<p class=\"wp-block-paragraph\"><\/p>\n\n\n\n<p class=\"has-text-align-left wp-block-paragraph\"><strong>The Atomic Garden<\/strong> es la escuela de publicidad que con el tiempo se ha convertido en algo m\u00e1s, una congregaci\u00f3n de fieles que dedican su vida a la creatividad, la publicidad y a los gifs de <strong>S\u00e1lvame<\/strong>. En esta ocasi\u00f3n, celebran la segunda edici\u00f3n de su fiesta label <strong>TAG<\/strong>: <strong>La Secta II. <em>\u00a1Quieto todo el mundo!<\/em><\/strong><\/p>\n\n\n\n<p class=\"has-text-align-left wp-block-paragraph\">En cabina:<\/p>\n\n\n\n<p class=\"has-text-align-left wp-block-paragraph\"><strong>RDCTV <\/strong>es un d\u00fao de uni\u00f3n judeo-mas\u00f3nica con miembros escondidos en los rec\u00f3nditos lugares de Murcia y Madrid. No le temen a ning\u00fan tipo de pista ni ritual, y as\u00ed lo han demostrado en algunos festis, salas o su templo de residencia donde se reza cada noche a golpe de beat, s\u00ed, la <strong>Sala REM<\/strong> en la periferia nacional.<\/p>\n\n\n\n<p class=\"has-text-align-left wp-block-paragraph\"><strong>CALLATEKID <\/strong>es un peregrino de la musica que nos llevara a un viacrucis de estilos musicales. Previamente a esta pinchada esta dando la palabra de <strong>LA SECTA<\/strong> por los m\u00e1s angostas aldeas del continente africano para contagiarnos el mamarrachismo de la madre tierra y la sabidur\u00eda de los platos.<\/p>\n\n\n\n<p class=\"has-text-align-left wp-block-paragraph\"><strong>SITO &amp; NARA<\/strong>, de <strong>Castellon <\/strong>pa\u2019 <strong>Santo Domingo<\/strong>, son el combo m\u00e1s hot de la capital. Vienen con una \u00fanica promesa que llevar\u00e1n hasta el final, poner la pista patas arriba con una selecci\u00f3n musical que har\u00eda sudar hasta a un esquimal.<\/p>\n<\/div>\n<\/div>\n\n\n\n<div style=\"height:100px\" aria-hidden=\"true\" class=\"wp-block-spacer\"><\/div>\n\n\n\n<hr class=\"wp-block-separator has-alpha-channel-opacity\"\/>\n\n\n\n<div style=\"height:100px\" aria-hidden=\"true\" class=\"wp-block-spacer\"><\/div>\n\n\n<h2 class=\"tribe-block__related-events__title\">Related Events<\/h2>\n\n<ul  class=\"tribe-related-events tribe-clearfix\" >\n\t\t\t<li>\n\t\n<div class=\"tribe-related-events-thumbnail\">\n\t<a href=\"https:\/\/cafelapalma.com\/en\/programacion\/funkin-donuts\/\" class=\"url\" rel=\"bookmark\" tabindex=\"-1\" aria-hidden=\"true\"><img loading=\"lazy\" decoding=\"async\" width=\"693\" height=\"1040\" src=\"https:\/\/cafelapalma.com\/wp-content\/uploads\/2026\/07\/FD-vert2-bn-693x1040.jpg\" class=\"attachment-large size-large wp-post-image\" alt=\"\" \/><\/a>\n<\/div>\n\t<div class=\"tribe-related-event-info\">\n\t<h3 class=\"tribe-related-events-title\">\n\t\t<a href=\"https:\/\/cafelapalma.com\/en\/programacion\/funkin-donuts\/\" class=\"tribe-event-url\" rel=\"bookmark\">\n\t\t\tFUNKIN&#8217; DONUTS\t\t<\/a>\n\t<\/h3>\n\t<span class=\"tribe-event-date-start\">5  September@22:00<\/span><span class=\"tribe-event-time\">23:45<\/span><\/div>\n<\/li>\n\t\t\t<li>\n\t\n<div class=\"tribe-related-events-thumbnail\">\n\t<a href=\"https:\/\/cafelapalma.com\/en\/programacion\/backstage-le-petit-truffle-mayo\/\" class=\"url\" rel=\"bookmark\" tabindex=\"-1\" aria-hidden=\"true\"><img loading=\"lazy\" decoding=\"async\" width=\"780\" height=\"1040\" src=\"https:\/\/cafelapalma.com\/wp-content\/uploads\/2026\/07\/Imagen-TruffleMayo-LePetit-i-1-780x1040.png\" class=\"attachment-large size-large wp-post-image\" alt=\"\" \/><\/a>\n<\/div>\n\t<div class=\"tribe-related-event-info\">\n\t<h3 class=\"tribe-related-events-title\">\n\t\t<a href=\"https:\/\/cafelapalma.com\/en\/programacion\/backstage-le-petit-truffle-mayo\/\" class=\"tribe-event-url\" rel=\"bookmark\">\n\t\t\tBACKSTAGE: LE PETIT + TRUFFLE MAYO\t\t<\/a>\n\t<\/h3>\n\t<span class=\"tribe-event-date-start\">5  September@23:55<\/span><\/div>\n<\/li>\n\t\t\t<li>\n\t\n<div class=\"tribe-related-events-thumbnail\">\n\t<a href=\"https:\/\/cafelapalma.com\/en\/programacion\/willie-deville-concierto-benefico-x-venezuela\/\" class=\"url\" rel=\"bookmark\" tabindex=\"-1\" aria-hidden=\"true\"><img loading=\"lazy\" decoding=\"async\" width=\"1020\" height=\"531\" src=\"https:\/\/cafelapalma.com\/wp-content\/uploads\/2026\/08\/Willie-deville-1100x572-1-1040x541.jpg\" class=\"attachment-large size-large wp-post-image\" alt=\"\" \/><\/a>\n<\/div>\n\t<div class=\"tribe-related-event-info\">\n\t<h3 class=\"tribe-related-events-title\">\n\t\t<a href=\"https:\/\/cafelapalma.com\/en\/programacion\/willie-deville-concierto-benefico-x-venezuela\/\" class=\"tribe-event-url\" rel=\"bookmark\">\n\t\t\tWILLIE DEVILLE: CONCIERTO BEN\u00c9FICO X VENEZUELA\t\t<\/a>\n\t<\/h3>\n\t<span class=\"tribe-event-date-start\">6  September@21:00<\/span><span class=\"tribe-event-time\">23:45<\/span><\/div>\n<\/li>\n\t<\/ul>","protected":false},"excerpt":{"rendered":"<p>The Atomic Garden es la escuela de publicidad que con el tiempo se ha convertido en algo m\u00e1s, una congregaci\u00f3n de fieles que dedican su vida a la creatividad, la publicidad y a los gifs de S\u00e1lvame. En esta ocasi\u00f3n, celebran la segunda edici\u00f3n de su fiesta label TAG: La Secta II. \u00a1Quieto todo el &hellip; <\/p>","protected":false},"author":2,"featured_media":27412,"template":"","meta":{"_tec_requires_first_save":false,"_uag_custom_page_level_css":"","loftloader_page_shortcode":"","_EventAllDay":false,"_EventTimezone":"Europe\/Madrid","_EventStartDate":"2024-02-23 23:50:00","_EventEndDate":"2024-02-23 23:55:00","_EventStartDateUTC":"2024-02-23 22:50:00","_EventEndDateUTC":"2024-02-23 22:55:00","_EventShowMap":false,"_EventShowMapLink":false,"_EventURL":"https:\/\/www.passline.com\/eventos\/la-secta-ii-quieto-todo-el-mundo","_EventCost":"15","_EventCostDescription":"","_EventCurrencySymbol":"\u20ac","_EventCurrencyCode":"USD","_EventCurrencyPosition":"suffix","_EventDateTimeSeparator":"@","_EventTimeRangeSeparator":"-","_EventOrganizerID":[],"_EventVenueID":[],"_OrganizerEmail":"","_OrganizerPhone":"","_OrganizerWebsite":"","_VenueAddress":"","_VenueCity":"","_VenueCountry":"","_VenueProvince":"","_VenueState":"","_VenueZip":"","_VenuePhone":"","_VenueURL":"","_VenueStateProvince":"","_VenueLat":"","_VenueLng":"","_VenueShowMap":false,"_VenueShowMapLink":false,"_tribe_blocks_recurrence_rules":"","_tribe_blocks_recurrence_description":"","_tribe_blocks_recurrence_exclusions":"","_ecp_custom_2":"","_tribe_events_status":"","_tribe_events_status_reason":"","_tribe_events_is_hybrid":"","_tribe_events_is_virtual":"","_tribe_events_virtual_video_source":"","_tribe_events_virtual_embed_video":"","_tribe_events_virtual_linked_button_text":"","_tribe_events_virtual_linked_button":"","_tribe_events_virtual_show_embed_at":"","_tribe_events_virtual_show_embed_to":[],"_tribe_events_virtual_show_on_event":"","_tribe_events_virtual_show_on_views":"","_tribe_events_virtual_url":"","footnotes":""},"tags":[1363,8869,9225,15131,9226,9227,1357,15127,15128,15129,15130,15132,14539],"tribe_events_cat":[8964],"class_list":["post-28052","tribe_events","type-tribe_events","status-publish","has-post-thumbnail","hentry","tag-cafe-la-palma","tag-cafe-la-palma-2","tag-cafe-la-palma-clubbing","tag-callatekid","tag-djs-madrid","tag-djs-malasana","tag-electronica","tag-la-secta","tag-quieto-todo-el-mundo","tag-rdctv","tag-sala-rem","tag-sito-nara","tag-the-atomic-garden","tribe_events_cat-clubbing","cat_clubbing"],"uagb_featured_image_src":{"full":["https:\/\/cafelapalma.com\/wp-content\/uploads\/2023\/10\/LA-SECTA-FRONT.jpg",1080,1611,false],"thumbnail":["https:\/\/cafelapalma.com\/wp-content\/uploads\/2023\/10\/LA-SECTA-FRONT-150x150.jpg",150,150,true],"medium":["https:\/\/cafelapalma.com\/wp-content\/uploads\/2023\/10\/LA-SECTA-FRONT-201x300.jpg",201,300,true],"medium_large":["https:\/\/cafelapalma.com\/wp-content\/uploads\/2023\/10\/LA-SECTA-FRONT-768x1146.jpg",768,1146,true],"large":["https:\/\/cafelapalma.com\/wp-content\/uploads\/2023\/10\/LA-SECTA-FRONT-697x1040.jpg",697,1040,true],"1536x1536":["https:\/\/cafelapalma.com\/wp-content\/uploads\/2023\/10\/LA-SECTA-FRONT-1030x1536.jpg",1030,1536,true],"2048x2048":["https:\/\/cafelapalma.com\/wp-content\/uploads\/2023\/10\/LA-SECTA-FRONT.jpg",1080,1611,false],"trp-custom-language-flag":["https:\/\/cafelapalma.com\/wp-content\/uploads\/2023\/10\/LA-SECTA-FRONT.jpg",8,12,false],"blossom-feminine-slider":["https:\/\/cafelapalma.com\/wp-content\/uploads\/2023\/10\/LA-SECTA-FRONT-1080x649.jpg",1080,649,true],"blossom-feminine-featured":["https:\/\/cafelapalma.com\/wp-content\/uploads\/2023\/10\/LA-SECTA-FRONT-1080x600.jpg",1080,600,true],"blossom-feminine-with-sidebar":["https:\/\/cafelapalma.com\/wp-content\/uploads\/2023\/10\/LA-SECTA-FRONT-1020x600.jpg",1020,600,true],"blossom-feminine-blog":["https:\/\/cafelapalma.com\/wp-content\/uploads\/2023\/10\/LA-SECTA-FRONT-435x435.jpg",435,435,true],"blossom-feminine-cat":["https:\/\/cafelapalma.com\/wp-content\/uploads\/2023\/10\/LA-SECTA-FRONT-450x300.jpg",450,300,true],"blossom-feminine-related":["https:\/\/cafelapalma.com\/wp-content\/uploads\/2023\/10\/LA-SECTA-FRONT-320x200.jpg",320,200,true],"blossom-feminine-schema":["https:\/\/cafelapalma.com\/wp-content\/uploads\/2023\/10\/LA-SECTA-FRONT-40x60.jpg",40,60,true]},"uagb_author_info":{"display_name":"Victor","author_link":"https:\/\/cafelapalma.com\/en\/author\/comunicacion\/"},"uagb_comment_info":0,"uagb_excerpt":"The Atomic Garden es la escuela de publicidad que con el tiempo se ha convertido en algo m\u00e1s, una congregaci\u00f3n de fieles que dedican su vida a la creatividad, la publicidad y a los gifs de S\u00e1lvame. En esta ocasi\u00f3n, celebran la segunda edici\u00f3n de su fiesta label TAG: La Secta II. \u00a1Quieto todo el&hellip;","_links":{"self":[{"href":"https:\/\/cafelapalma.com\/en\/wp-json\/wp\/v2\/tribe_events\/28052","targetHints":{"allow":["GET"]}}],"collection":[{"href":"https:\/\/cafelapalma.com\/en\/wp-json\/wp\/v2\/tribe_events"}],"about":[{"href":"https:\/\/cafelapalma.com\/en\/wp-json\/wp\/v2\/types\/tribe_events"}],"author":[{"embeddable":true,"href":"https:\/\/cafelapalma.com\/en\/wp-json\/wp\/v2\/users\/2"}],"version-history":[{"count":0,"href":"https:\/\/cafelapalma.com\/en\/wp-json\/wp\/v2\/tribe_events\/28052\/revisions"}],"wp:featuredmedia":[{"embeddable":true,"href":"https:\/\/cafelapalma.com\/en\/wp-json\/wp\/v2\/media\/27412"}],"wp:attachment":[{"href":"https:\/\/cafelapalma.com\/en\/wp-json\/wp\/v2\/media?parent=28052"}],"wp:term":[{"taxonomy":"post_tag","embeddable":true,"href":"https:\/\/cafelapalma.com\/en\/wp-json\/wp\/v2\/tags?post=28052"},{"taxonomy":"tribe_events_cat","embeddable":true,"href":"https:\/\/cafelapalma.com\/en\/wp-json\/wp\/v2\/tribe_events_cat?post=28052"}],"curies":[{"name":"wp","href":"https:\/\/api.w.org\/{rel}","templated":true}]}}

<div  class="tribe-events-schedule tribe-clearfix" >
	<p class="tribe-events-schedule__datetime">
		<span class="tribe-events-schedule__date tribe-events-schedule__date--start">
			23  February  2024		</span>

					<span class="tribe-events-schedule__separator tribe-events-schedule__separator--date">
				@			</span>
			<span class="tribe-events-schedule__time tribe-events-schedule__time--start">
				23:50			</span>
		
									<span class="tribe-events-schedule__separator tribe-events-schedule__separator--time">
					&#8211;				</span>
			
							<span class="tribe-events-schedule__time tribe-events-schedule__time--end">
					23:55				</span>
			
						</p>
</div>


<div  class="tribe-block tribe-block__event-price" >
			<span class="tribe-block__event-price__cost"> 15€ </span>
				<span class="tribe-block__event-price__description">Taquilla + CONSUMICIÓN</span>
	</div>



<div style="height:100px" aria-hidden="true" class="wp-block-spacer"></div>



<div class="wp-block-columns is-layout-flex wp-container-core-columns-is-layout-8f761849 wp-block-columns-is-layout-flex">
<div class="wp-block-column is-layout-flow wp-block-column-is-layout-flow" style="flex-basis:33.33%">
<figure class="wp-block-image size-large"><img loading="lazy" decoding="async" width="736" height="1040" src="https://cafelapalma.com/wp-content/uploads/2024/01/LA-SECTA-A3-LOW-736x1040.jpg" alt="" class="wp-image-28053" srcset="https://cafelapalma.com/wp-content/uploads/2024/01/LA-SECTA-A3-LOW-736x1040.jpg 736w, https://cafelapalma.com/wp-content/uploads/2024/01/LA-SECTA-A3-LOW-212x300.jpg 212w, https://cafelapalma.com/wp-content/uploads/2024/01/LA-SECTA-A3-LOW-768x1086.jpg 768w, https://cafelapalma.com/wp-content/uploads/2024/01/LA-SECTA-A3-LOW-1086x1536.jpg 1086w, https://cafelapalma.com/wp-content/uploads/2024/01/LA-SECTA-A3-LOW-1448x2048.jpg 1448w, https://cafelapalma.com/wp-content/uploads/2024/01/LA-SECTA-A3-LOW-42x60.jpg 42w" sizes="auto, (max-width: 736px) 100vw, 736px" /></figure>
</div>



<div class="wp-block-column is-layout-flow wp-block-column-is-layout-flow" style="flex-basis:66.66%">
<p class="wp-block-paragraph"></p>



<p class="has-text-align-left wp-block-paragraph"><strong>The Atomic Garden</strong> es la escuela de publicidad que con el tiempo se ha convertido en algo más, una congregación de fieles que dedican su vida a la creatividad, la publicidad y a los gifs de <strong>Sálvame</strong>. En esta ocasión, celebran la segunda edición de su fiesta label <strong>TAG</strong>: <strong>La Secta II. <em>¡Quieto todo el mundo!</em></strong></p>



<p class="has-text-align-left wp-block-paragraph">En cabina:</p>



<p class="has-text-align-left wp-block-paragraph"><strong>RDCTV </strong>es un dúo de unión judeo-masónica con miembros escondidos en los recónditos lugares de Murcia y Madrid. No le temen a ningún tipo de pista ni ritual, y así lo han demostrado en algunos festis, salas o su templo de residencia donde se reza cada noche a golpe de beat, sí, la <strong>Sala REM</strong> en la periferia nacional.</p>



<p class="has-text-align-left wp-block-paragraph"><strong>CALLATEKID </strong>es un peregrino de la musica que nos llevara a un viacrucis de estilos musicales. Previamente a esta pinchada esta dando la palabra de <strong>LA SECTA</strong> por los más angostas aldeas del continente africano para contagiarnos el mamarrachismo de la madre tierra y la sabiduría de los platos.</p>



<p class="has-text-align-left wp-block-paragraph"><strong>SITO &amp; NARA</strong>, de <strong>Castellon </strong>pa’ <strong>Santo Domingo</strong>, son el combo más hot de la capital. Vienen con una única promesa que llevarán hasta el final, poner la pista patas arriba con una selección musical que haría sudar hasta a un esquimal.</p>
</div>
</div>



<div style="height:100px" aria-hidden="true" class="wp-block-spacer"></div>



<hr class="wp-block-separator has-alpha-channel-opacity"/>



<div style="height:100px" aria-hidden="true" class="wp-block-spacer"></div>


<h2 class="tribe-block__related-events__title">Related Events</h2>

<ul  class="tribe-related-events tribe-clearfix" >
			<li>
	
<div class="tribe-related-events-thumbnail">
	<a href="https://cafelapalma.com/en/programacion/funkin-donuts/" class="url" rel="bookmark" tabindex="-1" aria-hidden="true"><img loading="lazy" decoding="async" width="693" height="1040" src="https://cafelapalma.com/wp-content/uploads/2026/07/FD-vert2-bn-693x1040.jpg" class="attachment-large size-large wp-post-image" alt="" /></a>
</div>
	<div class="tribe-related-event-info">
	<h3 class="tribe-related-events-title">
		<a href="https://cafelapalma.com/en/programacion/funkin-donuts/" class="tribe-event-url" rel="bookmark">
			FUNKIN&#8217; DONUTS		</a>
	</h3>
	<span class="tribe-event-date-start">5  September@22:00</span><span class="tribe-event-time">23:45</span></div>
</li>
			<li>
	
<div class="tribe-related-events-thumbnail">
	<a href="https://cafelapalma.com/en/programacion/backstage-le-petit-truffle-mayo/" class="url" rel="bookmark" tabindex="-1" aria-hidden="true"><img loading="lazy" decoding="async" width="780" height="1040" src="https://cafelapalma.com/wp-content/uploads/2026/07/Imagen-TruffleMayo-LePetit-i-1-780x1040.png" class="attachment-large size-large wp-post-image" alt="" /></a>
</div>
	<div class="tribe-related-event-info">
	<h3 class="tribe-related-events-title">
		<a href="https://cafelapalma.com/en/programacion/backstage-le-petit-truffle-mayo/" class="tribe-event-url" rel="bookmark">
			BACKSTAGE: LE PETIT + TRUFFLE MAYO		</a>
	</h3>
	<span class="tribe-event-date-start">5  September@23:55</span></div>
</li>
			<li>
	
<div class="tribe-related-events-thumbnail">
	<a href="https://cafelapalma.com/en/programacion/willie-deville-concierto-benefico-x-venezuela/" class="url" rel="bookmark" tabindex="-1" aria-hidden="true"><img loading="lazy" decoding="async" width="1020" height="531" src="https://cafelapalma.com/wp-content/uploads/2026/08/Willie-deville-1100x572-1-1040x541.jpg" class="attachment-large size-large wp-post-image" alt="" /></a>
</div>
	<div class="tribe-related-event-info">
	<h3 class="tribe-related-events-title">
		<a href="https://cafelapalma.com/en/programacion/willie-deville-concierto-benefico-x-venezuela/" class="tribe-event-url" rel="bookmark">
			WILLIE DEVILLE: CONCIERTO BENÉFICO X VENEZUELA		</a>
	</h3>
	<span class="tribe-event-date-start">6  September@21:00</span><span class="tribe-event-time">23:45</span></div>
</li>
	</ul>

<p>The Atomic Garden es la escuela de publicidad que con el tiempo se ha convertido en algo más, una congregación de fieles que dedican su vida a la creatividad, la publicidad y a los gifs de Sálvame. En esta ocasión, celebran la segunda edición de su fiesta label TAG: La Secta II. ¡Quieto todo el &hellip; </p>

The Atomic Garden es la escuela de publicidad que con el tiempo se ha convertido en algo más, una congregación de fieles que dedican su vida a la creatividad, la publicidad y a los gifs de Sálvame. En esta ocasión, celebran la segunda edición de su fiesta label TAG: La Secta II. ¡Quieto todo el&hellip;
