{"id":28088,"date":"2024-01-22T18:28:03","date_gmt":"2024-01-22T17:28:03","guid":{"rendered":"https:\/\/cafelapalma.com\/programacion\/expo-chico-salvaje-diciembre-2023-copy\/"},"modified":"2024-02-27T11:07:02","modified_gmt":"2024-02-27T10:07:02","slug":"expo-no-time-for-bullshit-sara-hervas","status":"publish","type":"tribe_events","link":"https:\/\/cafelapalma.com\/en\/programacion\/expo-no-time-for-bullshit-sara-hervas\/","title":{"rendered":"\u00abNO TIME FOR BULLSHIT\u00bb. SARA HERV\u00c1S"},"content":{"rendered":"<div  class=\"tribe-events-schedule tribe-clearfix\" >\n\t<p class=\"tribe-events-schedule__datetime\">\n\t\t<span class=\"tribe-events-schedule__date tribe-events-schedule__date--start\">\n\t\t\t04  March  2024\t\t<\/span>\n\n\t\t\t\t\t<span class=\"tribe-events-schedule__separator tribe-events-schedule__separator--date\">\n\t\t\t\t@\t\t\t<\/span>\n\t\t\t<span class=\"tribe-events-schedule__time tribe-events-schedule__time--start\">\n\t\t\t\t02:30\t\t\t<\/span>\n\t\t\n\t\t\t\t\t\t\t\t\t<span class=\"tribe-events-schedule__separator tribe-events-schedule__separator--time\">\n\t\t\t\t\t&#8211;\t\t\t\t<\/span>\n\t\t\t\n\t\t\t\t\t\t\t<span class=\"tribe-events-schedule__time tribe-events-schedule__time--end\">\n\t\t\t\t\t03:00\t\t\t\t<\/span>\n\t\t\t\n\t\t\t\t\t\t<\/p>\n<\/div>\n\n\n\n<p class=\"wp-block-paragraph\">Hasta al <strong>domingo 3 de marzo<\/strong><\/p>\n\n\n<div  class=\"tribe-block tribe-block__event-price\" >\n\t\t\t<span class=\"tribe-block__event-price__cost\"> ENTRADA LIBRE <\/span>\n\t\t<\/div>\n\n\n\n<div style=\"height:100px\" aria-hidden=\"true\" class=\"wp-block-spacer\"><\/div>\n\n\n\n<div class=\"wp-block-columns is-layout-flex wp-container-core-columns-is-layout-8f761849 wp-block-columns-is-layout-flex\">\n<div class=\"wp-block-column is-layout-flow wp-block-column-is-layout-flow\" style=\"flex-basis:33.33%\">\n<figure class=\"wp-block-image size-large\"><img loading=\"lazy\" decoding=\"async\" width=\"753\" height=\"1040\" src=\"https:\/\/cafelapalma.com\/wp-content\/uploads\/2024\/01\/SARA-CARTEL-LOW-753x1040.jpg\" alt=\"\" class=\"wp-image-28090\" srcset=\"https:\/\/cafelapalma.com\/wp-content\/uploads\/2024\/01\/SARA-CARTEL-LOW-753x1040.jpg 753w, https:\/\/cafelapalma.com\/wp-content\/uploads\/2024\/01\/SARA-CARTEL-LOW-217x300.jpg 217w, https:\/\/cafelapalma.com\/wp-content\/uploads\/2024\/01\/SARA-CARTEL-LOW-768x1060.jpg 768w, https:\/\/cafelapalma.com\/wp-content\/uploads\/2024\/01\/SARA-CARTEL-LOW-1113x1536.jpg 1113w, https:\/\/cafelapalma.com\/wp-content\/uploads\/2024\/01\/SARA-CARTEL-LOW-1484x2048.jpg 1484w, https:\/\/cafelapalma.com\/wp-content\/uploads\/2024\/01\/SARA-CARTEL-LOW-43x60.jpg 43w\" sizes=\"auto, (max-width: 753px) 100vw, 753px\" \/><\/figure>\n<\/div>\n\n\n\n<div class=\"wp-block-column is-layout-flow wp-block-column-is-layout-flow\" style=\"flex-basis:66.66%\">\n<div style=\"height:100px\" aria-hidden=\"true\" class=\"wp-block-spacer\"><\/div>\n\n\n\n<p class=\"has-text-align-left wp-block-paragraph\"><strong><em>\u00abNo Time for Bullshit\u00bb<\/em><\/strong> habla sobre la idea de estar siempre en b\u00fasqueda de un lugar que te representa. Los personajes de las ilustraciones est\u00e1n siempre donde quieren estar, haciendo lo que quieren hacer. &nbsp;<\/p>\n\n\n\n<p class=\"has-text-align-left wp-block-paragraph\"><strong>SARA HERV\u00c1S<\/strong> <em>aka <\/em><strong>bludefleu<\/strong>, es una autora de c\u00f3mic, dise\u00f1adora e ilustradora residente en <strong>Madrid<\/strong> que usa su obra como medio para contar historias atravesadas por el antiespecismo, el animalismo y la ecolog\u00eda.<\/p>\n\n\n\n<p class=\"has-text-align-left wp-block-paragraph\">Estudi\u00f3 una <strong>Diplomatura de Dise\u00f1o<\/strong> en el <strong>I.E.D. de Madrid<\/strong> y comenz\u00f3 sus andanzas laborales como gr\u00e1fico textil en el mundo de la moda trabajando para marcas como <strong>AND1<\/strong> o <strong>Springfield Man<\/strong>. En 2017 le diagnostican esclerosis m\u00faltiple, lo que le permite dar un volantazo a su vida y centrarse en lo que realmente es su pasi\u00f3n que es la creaci\u00f3n de c\u00f3mic y la ilustraci\u00f3n.<\/p>\n<\/div>\n<\/div>\n\n\n\n<div style=\"height:100px\" aria-hidden=\"true\" class=\"wp-block-spacer\"><\/div>\n\n\n\n<hr class=\"wp-block-separator has-alpha-channel-opacity is-style-wide\"\/>\n\n\n\n<div style=\"height:100px\" aria-hidden=\"true\" class=\"wp-block-spacer\"><\/div>\n\n\n<h2 class=\"tribe-block__related-events__title\">Related Events<\/h2>\n\n<ul  class=\"tribe-related-events tribe-clearfix\" >\n\t\t\t<li>\n\t\n<div class=\"tribe-related-events-thumbnail\">\n\t<a href=\"https:\/\/cafelapalma.com\/en\/programacion\/funkin-donuts\/\" class=\"url\" rel=\"bookmark\" tabindex=\"-1\" aria-hidden=\"true\"><img loading=\"lazy\" decoding=\"async\" width=\"693\" height=\"1040\" src=\"https:\/\/cafelapalma.com\/wp-content\/uploads\/2026\/07\/FD-vert2-bn-693x1040.jpg\" class=\"attachment-large size-large wp-post-image\" alt=\"\" \/><\/a>\n<\/div>\n\t<div class=\"tribe-related-event-info\">\n\t<h3 class=\"tribe-related-events-title\">\n\t\t<a href=\"https:\/\/cafelapalma.com\/en\/programacion\/funkin-donuts\/\" class=\"tribe-event-url\" rel=\"bookmark\">\n\t\t\tFUNKIN&#8217; DONUTS\t\t<\/a>\n\t<\/h3>\n\t<span class=\"tribe-event-date-start\">5  September@22:00<\/span><span class=\"tribe-event-time\">23:45<\/span><\/div>\n<\/li>\n\t\t\t<li>\n\t\n<div class=\"tribe-related-events-thumbnail\">\n\t<a href=\"https:\/\/cafelapalma.com\/en\/programacion\/backstage-le-petit-truffle-mayo\/\" class=\"url\" rel=\"bookmark\" tabindex=\"-1\" aria-hidden=\"true\"><img loading=\"lazy\" decoding=\"async\" width=\"780\" height=\"1040\" src=\"https:\/\/cafelapalma.com\/wp-content\/uploads\/2026\/07\/Imagen-TruffleMayo-LePetit-i-1-780x1040.png\" class=\"attachment-large size-large wp-post-image\" alt=\"\" \/><\/a>\n<\/div>\n\t<div class=\"tribe-related-event-info\">\n\t<h3 class=\"tribe-related-events-title\">\n\t\t<a href=\"https:\/\/cafelapalma.com\/en\/programacion\/backstage-le-petit-truffle-mayo\/\" class=\"tribe-event-url\" rel=\"bookmark\">\n\t\t\tBACKSTAGE: LE PETIT + TRUFFLE MAYO\t\t<\/a>\n\t<\/h3>\n\t<span class=\"tribe-event-date-start\">5  September@23:55<\/span><\/div>\n<\/li>\n\t\t\t<li>\n\t\n<div class=\"tribe-related-events-thumbnail\">\n\t<a href=\"https:\/\/cafelapalma.com\/en\/programacion\/willie-deville-concierto-benefico-x-venezuela\/\" class=\"url\" rel=\"bookmark\" tabindex=\"-1\" aria-hidden=\"true\"><img loading=\"lazy\" decoding=\"async\" width=\"1020\" height=\"531\" src=\"https:\/\/cafelapalma.com\/wp-content\/uploads\/2026\/08\/Willie-deville-1100x572-1-1040x541.jpg\" class=\"attachment-large size-large wp-post-image\" alt=\"\" \/><\/a>\n<\/div>\n\t<div class=\"tribe-related-event-info\">\n\t<h3 class=\"tribe-related-events-title\">\n\t\t<a href=\"https:\/\/cafelapalma.com\/en\/programacion\/willie-deville-concierto-benefico-x-venezuela\/\" class=\"tribe-event-url\" rel=\"bookmark\">\n\t\t\tWILLIE DEVILLE: CONCIERTO BEN\u00c9FICO X VENEZUELA\t\t<\/a>\n\t<\/h3>\n\t<span class=\"tribe-event-date-start\">6  September@21:00<\/span><span class=\"tribe-event-time\">23:45<\/span><\/div>\n<\/li>\n\t<\/ul>","protected":false},"excerpt":{"rendered":"<p>Hasta al domingo 3 de marzo \u00abNo Time for Bullshit\u00bb habla sobre la idea de estar siempre en b\u00fasqueda de un lugar que te representa. Los personajes de las ilustraciones est\u00e1n siempre donde quieren estar, haciendo lo que quieren hacer. &nbsp; SARA HERV\u00c1S aka bludefleu, es una autora de c\u00f3mic, dise\u00f1adora e ilustradora residente en &hellip; <\/p>","protected":false},"author":2,"featured_media":28091,"template":"","meta":{"_tec_requires_first_save":false,"_uag_custom_page_level_css":"","loftloader_page_shortcode":"","_EventAllDay":false,"_EventTimezone":"Europe\/Madrid","_EventStartDate":"2024-03-04 02:30:00","_EventEndDate":"2024-03-04 03:00:00","_EventStartDateUTC":"2024-03-04 01:30:00","_EventEndDateUTC":"2024-03-04 02:00:00","_EventShowMap":false,"_EventShowMapLink":false,"_EventURL":"","_EventCost":"ENTRADA LIBRE","_EventCostDescription":"","_EventCurrencySymbol":"\u20ac","_EventCurrencyCode":"","_EventCurrencyPosition":"suffix","_EventDateTimeSeparator":"@","_EventTimeRangeSeparator":"-","_EventOrganizerID":[],"_EventVenueID":[0],"_OrganizerEmail":"","_OrganizerPhone":"","_OrganizerWebsite":"","_VenueAddress":"","_VenueCity":"","_VenueCountry":"","_VenueProvince":"","_VenueState":"","_VenueZip":"","_VenuePhone":"","_VenueURL":"","_VenueStateProvince":"","_VenueLat":"","_VenueLng":"","_VenueShowMap":false,"_VenueShowMapLink":false,"_tribe_blocks_recurrence_rules":"","_tribe_blocks_recurrence_description":"","_tribe_blocks_recurrence_exclusions":"","_ecp_custom_2":"","_tribe_events_status":"","_tribe_events_status_reason":"","_tribe_events_is_hybrid":"","_tribe_events_is_virtual":"","_tribe_events_virtual_video_source":"","_tribe_events_virtual_embed_video":"","_tribe_events_virtual_linked_button_text":"","_tribe_events_virtual_linked_button":"","_tribe_events_virtual_show_embed_at":"","_tribe_events_virtual_show_embed_to":[],"_tribe_events_virtual_show_on_event":"","_tribe_events_virtual_show_on_views":"","_tribe_events_virtual_url":"","footnotes":""},"tags":[13822,15166,1363,15168,11900,11899,11901,13532,15167,15165],"tribe_events_cat":[8965],"class_list":["post-28088","tribe_events","type-tribe_events","status-publish","has-post-thumbnail","hentry","tag-acuarela","tag-bludefleu","tag-cafe-la-palma","tag-comic","tag-expos","tag-exposiciones-cafe-la-palma","tag-fast-expos","tag-galerias-de-arte-malasana","tag-ilustracion","tag-sara-hervas","tribe_events_cat-exposicion","cat_exposicion"],"uagb_featured_image_src":{"full":["https:\/\/cafelapalma.com\/wp-content\/uploads\/2024\/01\/SARA-IMAGE.jpg",627,887,false],"thumbnail":["https:\/\/cafelapalma.com\/wp-content\/uploads\/2024\/01\/SARA-IMAGE-150x150.jpg",150,150,true],"medium":["https:\/\/cafelapalma.com\/wp-content\/uploads\/2024\/01\/SARA-IMAGE-212x300.jpg",212,300,true],"medium_large":["https:\/\/cafelapalma.com\/wp-content\/uploads\/2024\/01\/SARA-IMAGE.jpg",627,887,false],"large":["https:\/\/cafelapalma.com\/wp-content\/uploads\/2024\/01\/SARA-IMAGE.jpg",627,887,false],"1536x1536":["https:\/\/cafelapalma.com\/wp-content\/uploads\/2024\/01\/SARA-IMAGE.jpg",627,887,false],"2048x2048":["https:\/\/cafelapalma.com\/wp-content\/uploads\/2024\/01\/SARA-IMAGE.jpg",627,887,false],"trp-custom-language-flag":["https:\/\/cafelapalma.com\/wp-content\/uploads\/2024\/01\/SARA-IMAGE.jpg",8,12,false],"blossom-feminine-slider":["https:\/\/cafelapalma.com\/wp-content\/uploads\/2024\/01\/SARA-IMAGE-627x649.jpg",627,649,true],"blossom-feminine-featured":["https:\/\/cafelapalma.com\/wp-content\/uploads\/2024\/01\/SARA-IMAGE-627x600.jpg",627,600,true],"blossom-feminine-with-sidebar":["https:\/\/cafelapalma.com\/wp-content\/uploads\/2024\/01\/SARA-IMAGE-627x600.jpg",627,600,true],"blossom-feminine-blog":["https:\/\/cafelapalma.com\/wp-content\/uploads\/2024\/01\/SARA-IMAGE-435x435.jpg",435,435,true],"blossom-feminine-cat":["https:\/\/cafelapalma.com\/wp-content\/uploads\/2024\/01\/SARA-IMAGE-450x300.jpg",450,300,true],"blossom-feminine-related":["https:\/\/cafelapalma.com\/wp-content\/uploads\/2024\/01\/SARA-IMAGE-320x200.jpg",320,200,true],"blossom-feminine-schema":["https:\/\/cafelapalma.com\/wp-content\/uploads\/2024\/01\/SARA-IMAGE-42x60.jpg",42,60,true]},"uagb_author_info":{"display_name":"Victor","author_link":"https:\/\/cafelapalma.com\/en\/author\/comunicacion\/"},"uagb_comment_info":0,"uagb_excerpt":"Hasta al domingo 3 de marzo \u00abNo Time for Bullshit\u00bb habla sobre la idea de estar siempre en b\u00fasqueda de un lugar que te representa. Los personajes de las ilustraciones est\u00e1n siempre donde quieren estar, haciendo lo que quieren hacer. &nbsp; SARA HERV\u00c1S aka bludefleu, es una autora de c\u00f3mic, dise\u00f1adora e ilustradora residente en&hellip;","_links":{"self":[{"href":"https:\/\/cafelapalma.com\/en\/wp-json\/wp\/v2\/tribe_events\/28088","targetHints":{"allow":["GET"]}}],"collection":[{"href":"https:\/\/cafelapalma.com\/en\/wp-json\/wp\/v2\/tribe_events"}],"about":[{"href":"https:\/\/cafelapalma.com\/en\/wp-json\/wp\/v2\/types\/tribe_events"}],"author":[{"embeddable":true,"href":"https:\/\/cafelapalma.com\/en\/wp-json\/wp\/v2\/users\/2"}],"version-history":[{"count":0,"href":"https:\/\/cafelapalma.com\/en\/wp-json\/wp\/v2\/tribe_events\/28088\/revisions"}],"wp:featuredmedia":[{"embeddable":true,"href":"https:\/\/cafelapalma.com\/en\/wp-json\/wp\/v2\/media\/28091"}],"wp:attachment":[{"href":"https:\/\/cafelapalma.com\/en\/wp-json\/wp\/v2\/media?parent=28088"}],"wp:term":[{"taxonomy":"post_tag","embeddable":true,"href":"https:\/\/cafelapalma.com\/en\/wp-json\/wp\/v2\/tags?post=28088"},{"taxonomy":"tribe_events_cat","embeddable":true,"href":"https:\/\/cafelapalma.com\/en\/wp-json\/wp\/v2\/tribe_events_cat?post=28088"}],"curies":[{"name":"wp","href":"https:\/\/api.w.org\/{rel}","templated":true}]}}

«NO TIME FOR BULLSHIT». SARA HERVÁS

<div  class="tribe-events-schedule tribe-clearfix" >
	<p class="tribe-events-schedule__datetime">
		<span class="tribe-events-schedule__date tribe-events-schedule__date--start">
			04  March  2024		</span>

					<span class="tribe-events-schedule__separator tribe-events-schedule__separator--date">
				@			</span>
			<span class="tribe-events-schedule__time tribe-events-schedule__time--start">
				02:30			</span>
		
									<span class="tribe-events-schedule__separator tribe-events-schedule__separator--time">
					&#8211;				</span>
			
							<span class="tribe-events-schedule__time tribe-events-schedule__time--end">
					03:00				</span>
			
						</p>
</div>



<p class="wp-block-paragraph">Hasta al <strong>domingo 3 de marzo</strong></p>


<div  class="tribe-block tribe-block__event-price" >
			<span class="tribe-block__event-price__cost"> ENTRADA LIBRE </span>
		</div>



<div style="height:100px" aria-hidden="true" class="wp-block-spacer"></div>



<div class="wp-block-columns is-layout-flex wp-container-core-columns-is-layout-8f761849 wp-block-columns-is-layout-flex">
<div class="wp-block-column is-layout-flow wp-block-column-is-layout-flow" style="flex-basis:33.33%">
<figure class="wp-block-image size-large"><img loading="lazy" decoding="async" width="753" height="1040" src="https://cafelapalma.com/wp-content/uploads/2024/01/SARA-CARTEL-LOW-753x1040.jpg" alt="" class="wp-image-28090" srcset="https://cafelapalma.com/wp-content/uploads/2024/01/SARA-CARTEL-LOW-753x1040.jpg 753w, https://cafelapalma.com/wp-content/uploads/2024/01/SARA-CARTEL-LOW-217x300.jpg 217w, https://cafelapalma.com/wp-content/uploads/2024/01/SARA-CARTEL-LOW-768x1060.jpg 768w, https://cafelapalma.com/wp-content/uploads/2024/01/SARA-CARTEL-LOW-1113x1536.jpg 1113w, https://cafelapalma.com/wp-content/uploads/2024/01/SARA-CARTEL-LOW-1484x2048.jpg 1484w, https://cafelapalma.com/wp-content/uploads/2024/01/SARA-CARTEL-LOW-43x60.jpg 43w" sizes="auto, (max-width: 753px) 100vw, 753px" /></figure>
</div>



<div class="wp-block-column is-layout-flow wp-block-column-is-layout-flow" style="flex-basis:66.66%">
<div style="height:100px" aria-hidden="true" class="wp-block-spacer"></div>



<p class="has-text-align-left wp-block-paragraph"><strong><em>«No Time for Bullshit»</em></strong> habla sobre la idea de estar siempre en búsqueda de un lugar que te representa. Los personajes de las ilustraciones están siempre donde quieren estar, haciendo lo que quieren hacer. &nbsp;</p>



<p class="has-text-align-left wp-block-paragraph"><strong>SARA HERVÁS</strong> <em>aka </em><strong>bludefleu</strong>, es una autora de cómic, diseñadora e ilustradora residente en <strong>Madrid</strong> que usa su obra como medio para contar historias atravesadas por el antiespecismo, el animalismo y la ecología.</p>



<p class="has-text-align-left wp-block-paragraph">Estudió una <strong>Diplomatura de Diseño</strong> en el <strong>I.E.D. de Madrid</strong> y comenzó sus andanzas laborales como gráfico textil en el mundo de la moda trabajando para marcas como <strong>AND1</strong> o <strong>Springfield Man</strong>. En 2017 le diagnostican esclerosis múltiple, lo que le permite dar un volantazo a su vida y centrarse en lo que realmente es su pasión que es la creación de cómic y la ilustración.</p>
</div>
</div>



<div style="height:100px" aria-hidden="true" class="wp-block-spacer"></div>



<hr class="wp-block-separator has-alpha-channel-opacity is-style-wide"/>



<div style="height:100px" aria-hidden="true" class="wp-block-spacer"></div>


<h2 class="tribe-block__related-events__title">Related Events</h2>

<ul  class="tribe-related-events tribe-clearfix" >
			<li>
	
<div class="tribe-related-events-thumbnail">
	<a href="https://cafelapalma.com/en/programacion/funkin-donuts/" class="url" rel="bookmark" tabindex="-1" aria-hidden="true"><img loading="lazy" decoding="async" width="693" height="1040" src="https://cafelapalma.com/wp-content/uploads/2026/07/FD-vert2-bn-693x1040.jpg" class="attachment-large size-large wp-post-image" alt="" /></a>
</div>
	<div class="tribe-related-event-info">
	<h3 class="tribe-related-events-title">
		<a href="https://cafelapalma.com/en/programacion/funkin-donuts/" class="tribe-event-url" rel="bookmark">
			FUNKIN&#8217; DONUTS		</a>
	</h3>
	<span class="tribe-event-date-start">5  September@22:00</span><span class="tribe-event-time">23:45</span></div>
</li>
			<li>
	
<div class="tribe-related-events-thumbnail">
	<a href="https://cafelapalma.com/en/programacion/backstage-le-petit-truffle-mayo/" class="url" rel="bookmark" tabindex="-1" aria-hidden="true"><img loading="lazy" decoding="async" width="780" height="1040" src="https://cafelapalma.com/wp-content/uploads/2026/07/Imagen-TruffleMayo-LePetit-i-1-780x1040.png" class="attachment-large size-large wp-post-image" alt="" /></a>
</div>
	<div class="tribe-related-event-info">
	<h3 class="tribe-related-events-title">
		<a href="https://cafelapalma.com/en/programacion/backstage-le-petit-truffle-mayo/" class="tribe-event-url" rel="bookmark">
			BACKSTAGE: LE PETIT + TRUFFLE MAYO		</a>
	</h3>
	<span class="tribe-event-date-start">5  September@23:55</span></div>
</li>
			<li>
	
<div class="tribe-related-events-thumbnail">
	<a href="https://cafelapalma.com/en/programacion/willie-deville-concierto-benefico-x-venezuela/" class="url" rel="bookmark" tabindex="-1" aria-hidden="true"><img loading="lazy" decoding="async" width="1020" height="531" src="https://cafelapalma.com/wp-content/uploads/2026/08/Willie-deville-1100x572-1-1040x541.jpg" class="attachment-large size-large wp-post-image" alt="" /></a>
</div>
	<div class="tribe-related-event-info">
	<h3 class="tribe-related-events-title">
		<a href="https://cafelapalma.com/en/programacion/willie-deville-concierto-benefico-x-venezuela/" class="tribe-event-url" rel="bookmark">
			WILLIE DEVILLE: CONCIERTO BENÉFICO X VENEZUELA		</a>
	</h3>
	<span class="tribe-event-date-start">6  September@21:00</span><span class="tribe-event-time">23:45</span></div>
</li>
	</ul>

<p>Hasta al domingo 3 de marzo «No Time for Bullshit» habla sobre la idea de estar siempre en búsqueda de un lugar que te representa. Los personajes de las ilustraciones están siempre donde quieren estar, haciendo lo que quieren hacer. &nbsp; SARA HERVÁS aka bludefleu, es una autora de cómic, diseñadora e ilustradora residente en &hellip; </p>

Hasta al domingo 3 de marzo «No Time for Bullshit» habla sobre la idea de estar siempre en búsqueda de un lugar que te representa. Los personajes de las ilustraciones están siempre donde quieren estar, haciendo lo que quieren hacer. &nbsp; SARA HERVÁS aka bludefleu, es una autora de cómic, diseñadora e ilustradora residente en&hellip;
