{"id":28220,"date":"2024-02-08T11:33:26","date_gmt":"2024-02-08T10:33:26","guid":{"rendered":"https:\/\/cafelapalma.com\/?post_type=tribe_events&#038;p=28220"},"modified":"2024-02-14T14:10:29","modified_gmt":"2024-02-14T13:10:29","slug":"escenarios-vibra-mahou-l-kan","status":"publish","type":"tribe_events","link":"https:\/\/cafelapalma.com\/en\/programacion\/escenarios-vibra-mahou-l-kan\/","title":{"rendered":"L KAN"},"content":{"rendered":"<div  class=\"tribe-events-schedule tribe-clearfix\" >\n\t<p class=\"tribe-events-schedule__datetime\">\n\t\t<span class=\"tribe-events-schedule__date tribe-events-schedule__date--start\">\n\t\t\t02  March  2024\t\t<\/span>\n\n\t\t\t\t\t<span class=\"tribe-events-schedule__separator tribe-events-schedule__separator--date\">\n\t\t\t\t@\t\t\t<\/span>\n\t\t\t<span class=\"tribe-events-schedule__time tribe-events-schedule__time--start\">\n\t\t\t\t22:00\t\t\t<\/span>\n\t\t\n\t\t\t\t\t\t\t\t\t<span class=\"tribe-events-schedule__separator tribe-events-schedule__separator--time\">\n\t\t\t\t\t&#8211;\t\t\t\t<\/span>\n\t\t\t\n\t\t\t\t\t\t\t<span class=\"tribe-events-schedule__time tribe-events-schedule__time--end\">\n\t\t\t\t\t23:45\t\t\t\t<\/span>\n\t\t\t\n\t\t\t\t\t\t<\/p>\n<\/div>\n\n\n<div  class=\"tribe-block tribe-block__event-price\" >\n\t\t\t<span class=\"tribe-block__event-price__cost\"> ENTRADAS AGOTADAS <\/span>\n\t\t\t\t<span class=\"tribe-block__event-price__description\">#soldout<\/span>\n\t<\/div>\n\n\n\n<div style=\"height:100px\" aria-hidden=\"true\" class=\"wp-block-spacer\"><\/div>\n\n\n\n<div class=\"wp-block-columns is-layout-flex wp-container-core-columns-is-layout-8f761849 wp-block-columns-is-layout-flex\">\n<div class=\"wp-block-column is-layout-flow wp-block-column-is-layout-flow\" style=\"flex-basis:33.33%\">\n<figure class=\"wp-block-image size-large\"><img loading=\"lazy\" decoding=\"async\" width=\"745\" height=\"1040\" src=\"https:\/\/cafelapalma.com\/wp-content\/uploads\/2024\/02\/LKAN-A3-DEF-SOLOW-745x1040.jpg\" alt=\"\" class=\"wp-image-28258\" srcset=\"https:\/\/cafelapalma.com\/wp-content\/uploads\/2024\/02\/LKAN-A3-DEF-SOLOW-745x1040.jpg 745w, https:\/\/cafelapalma.com\/wp-content\/uploads\/2024\/02\/LKAN-A3-DEF-SOLOW-215x300.jpg 215w, https:\/\/cafelapalma.com\/wp-content\/uploads\/2024\/02\/LKAN-A3-DEF-SOLOW-768x1072.jpg 768w, https:\/\/cafelapalma.com\/wp-content\/uploads\/2024\/02\/LKAN-A3-DEF-SOLOW-1100x1536.jpg 1100w, https:\/\/cafelapalma.com\/wp-content\/uploads\/2024\/02\/LKAN-A3-DEF-SOLOW-1467x2048.jpg 1467w, https:\/\/cafelapalma.com\/wp-content\/uploads\/2024\/02\/LKAN-A3-DEF-SOLOW-43x60.jpg 43w\" sizes=\"auto, (max-width: 745px) 100vw, 745px\" \/><\/figure>\n<\/div>\n\n\n\n<div class=\"wp-block-column is-layout-flow wp-block-column-is-layout-flow\" style=\"flex-basis:66.66%\">\n<p class=\"wp-block-paragraph\"><\/p>\n\n\n\n<p class=\"has-text-align-left wp-block-paragraph\">Si hay un grupo con una trayectoria y estilo dif\u00edciles de clasificar en la escena pop alternativa espa\u00f1ola, ese es <strong>L KAN<\/strong>: una propuesta musical electropop con grandes dosis de teatralidad, humor y espect\u00e1culo cargada de cr\u00edtica social y reflexiones filos\u00f3ficas sobre la modernidad y la postmodernidad.<\/p>\n\n\n\n<p class=\"has-text-align-left wp-block-paragraph\">No es un grupo f\u00e1cil de definir debido a la particularidad de sus conciertos, que son fiestas colectivas, donde la m\u00fasica es muy importante, pero la comunicaci\u00f3n e interacci\u00f3n con el p\u00fablico es fundamental. Los conciertos de <strong>L KAN<\/strong> jam\u00e1s son iguales porque adaptan sus performances a los lugares que visitan y a la actualidad social del d\u00eda y momento en el que tocan.<\/p>\n\n\n\n<p class=\"has-text-align-left wp-block-paragraph\">Tras visitar <strong>CAFE LA PALMA<\/strong> por primera vez en 2018, la banda regresa, m\u00e1s de un lustro despu\u00e9s, con energ\u00edas renovadas y las mismas ganas de fiesta que siempre.<\/p>\n\n\n\n<p class=\"has-text-align-left wp-block-paragraph\"><em>Con el apoyo de <\/em><strong>Escenarios VIBRA MAHOU<\/strong>.<\/p>\n\n\n\n<p class=\"has-text-align-right wp-block-paragraph\"><a href=\"https:\/\/open.spotify.com\/intl-es\/artist\/6eayoEH8C2XPwQNTfXQgW3?si=j_xQIP3BTIiDgrCZiga3Vw\">Escucha a L KAN<\/a><\/p>\n<\/div>\n<\/div>\n\n\n\n<div style=\"height:100px\" aria-hidden=\"true\" class=\"wp-block-spacer\"><\/div>\n\n\n\n<hr class=\"wp-block-separator has-alpha-channel-opacity\"\/>\n\n\n\n<div style=\"height:100px\" aria-hidden=\"true\" class=\"wp-block-spacer\"><\/div>\n\n\n<h2 class=\"tribe-block__related-events__title\">Related Events<\/h2>\n\n<ul  class=\"tribe-related-events tribe-clearfix\" >\n\t\t\t<li>\n\t\n<div class=\"tribe-related-events-thumbnail\">\n\t<a href=\"https:\/\/cafelapalma.com\/en\/programacion\/funkin-donuts\/\" class=\"url\" rel=\"bookmark\" tabindex=\"-1\" aria-hidden=\"true\"><img loading=\"lazy\" decoding=\"async\" width=\"693\" height=\"1040\" src=\"https:\/\/cafelapalma.com\/wp-content\/uploads\/2026\/07\/FD-vert2-bn-693x1040.jpg\" class=\"attachment-large size-large wp-post-image\" alt=\"\" \/><\/a>\n<\/div>\n\t<div class=\"tribe-related-event-info\">\n\t<h3 class=\"tribe-related-events-title\">\n\t\t<a href=\"https:\/\/cafelapalma.com\/en\/programacion\/funkin-donuts\/\" class=\"tribe-event-url\" rel=\"bookmark\">\n\t\t\tFUNKIN&#8217; DONUTS\t\t<\/a>\n\t<\/h3>\n\t<span class=\"tribe-event-date-start\">5  September@22:00<\/span><span class=\"tribe-event-time\">23:45<\/span><\/div>\n<\/li>\n\t\t\t<li>\n\t\n<div class=\"tribe-related-events-thumbnail\">\n\t<a href=\"https:\/\/cafelapalma.com\/en\/programacion\/backstage-le-petit-truffle-mayo\/\" class=\"url\" rel=\"bookmark\" tabindex=\"-1\" aria-hidden=\"true\"><img loading=\"lazy\" decoding=\"async\" width=\"780\" height=\"1040\" src=\"https:\/\/cafelapalma.com\/wp-content\/uploads\/2026\/07\/Imagen-TruffleMayo-LePetit-i-1-780x1040.png\" class=\"attachment-large size-large wp-post-image\" alt=\"\" \/><\/a>\n<\/div>\n\t<div class=\"tribe-related-event-info\">\n\t<h3 class=\"tribe-related-events-title\">\n\t\t<a href=\"https:\/\/cafelapalma.com\/en\/programacion\/backstage-le-petit-truffle-mayo\/\" class=\"tribe-event-url\" rel=\"bookmark\">\n\t\t\tBACKSTAGE: LE PETIT + TRUFFLE MAYO\t\t<\/a>\n\t<\/h3>\n\t<span class=\"tribe-event-date-start\">5  September@23:55<\/span><\/div>\n<\/li>\n\t\t\t<li>\n\t\n<div class=\"tribe-related-events-thumbnail\">\n\t<a href=\"https:\/\/cafelapalma.com\/en\/programacion\/willie-deville-concierto-benefico-x-venezuela\/\" class=\"url\" rel=\"bookmark\" tabindex=\"-1\" aria-hidden=\"true\"><img loading=\"lazy\" decoding=\"async\" width=\"1020\" height=\"531\" src=\"https:\/\/cafelapalma.com\/wp-content\/uploads\/2026\/08\/Willie-deville-1100x572-1-1040x541.jpg\" class=\"attachment-large size-large wp-post-image\" alt=\"\" \/><\/a>\n<\/div>\n\t<div class=\"tribe-related-event-info\">\n\t<h3 class=\"tribe-related-events-title\">\n\t\t<a href=\"https:\/\/cafelapalma.com\/en\/programacion\/willie-deville-concierto-benefico-x-venezuela\/\" class=\"tribe-event-url\" rel=\"bookmark\">\n\t\t\tWILLIE DEVILLE: CONCIERTO BEN\u00c9FICO X VENEZUELA\t\t<\/a>\n\t<\/h3>\n\t<span class=\"tribe-event-date-start\">6  September@21:00<\/span><span class=\"tribe-event-time\">23:45<\/span><\/div>\n<\/li>\n\t<\/ul>","protected":false},"excerpt":{"rendered":"<p>Si hay un grupo con una trayectoria y estilo dif\u00edciles de clasificar en la escena pop alternativa espa\u00f1ola, ese es L KAN: una propuesta musical electropop con grandes dosis de teatralidad, humor y espect\u00e1culo cargada de cr\u00edtica social y reflexiones filos\u00f3ficas sobre la modernidad y la postmodernidad. No es un grupo f\u00e1cil de definir debido &hellip; <\/p>","protected":false},"author":2,"featured_media":28223,"template":"","meta":{"_tec_requires_first_save":false,"_uag_custom_page_level_css":"","loftloader_page_shortcode":"","_EventAllDay":false,"_EventTimezone":"Europe\/Madrid","_EventStartDate":"2024-03-02 22:00:00","_EventEndDate":"2024-03-02 23:45:00","_EventStartDateUTC":"2024-03-02 21:00:00","_EventEndDateUTC":"2024-03-02 22:45:00","_EventShowMap":false,"_EventShowMapLink":false,"_EventURL":"https:\/\/www.passline.com\/eventos\/l-kan","_EventCost":"ENTRADAS AGOTADAS","_EventCostDescription":"","_EventCurrencySymbol":"\u20ac","_EventCurrencyCode":"USD","_EventCurrencyPosition":"suffix","_EventDateTimeSeparator":"@","_EventTimeRangeSeparator":"-","_EventOrganizerID":[],"_EventVenueID":[],"_OrganizerEmail":"","_OrganizerPhone":"","_OrganizerWebsite":"","_VenueAddress":"","_VenueCity":"","_VenueCountry":"","_VenueProvince":"","_VenueState":"","_VenueZip":"","_VenuePhone":"","_VenueURL":"","_VenueStateProvince":"","_VenueLat":"","_VenueLng":"","_VenueShowMap":false,"_VenueShowMapLink":false,"_tribe_blocks_recurrence_rules":"","_tribe_blocks_recurrence_description":"","_tribe_blocks_recurrence_exclusions":"","_ecp_custom_2":"","_tribe_events_status":"","_tribe_events_status_reason":"","_tribe_events_is_hybrid":"","_tribe_events_is_virtual":"","_tribe_events_virtual_video_source":"","_tribe_events_virtual_embed_video":"","_tribe_events_virtual_linked_button_text":"","_tribe_events_virtual_linked_button":"","_tribe_events_virtual_show_embed_at":"","_tribe_events_virtual_show_embed_to":[],"_tribe_events_virtual_show_on_event":"","_tribe_events_virtual_show_on_views":"","_tribe_events_virtual_url":"","footnotes":""},"tags":[14813,1363,8869,2865,9147,9146,13775,15257,14814,13913,15258,1355,15259,10195],"tribe_events_cat":[8963],"class_list":["post-28220","tribe_events","type-tribe_events","status-publish","has-post-thumbnail","hentry","tag-belen-chanes","tag-cafe-la-palma","tag-cafe-la-palma-2","tag-conciertos-cafe-la-palma","tag-conciertos-madrid","tag-conciertos-malasana","tag-electropop","tag-l-kan","tag-marie-kondo","tag-ochoymedio","tag-para-con-el-pan","tag-pop","tag-senoras-que-saltan","tag-subterfuge","tribe_events_cat-concierto","cat_concierto"],"uagb_featured_image_src":{"full":["https:\/\/cafelapalma.com\/wp-content\/uploads\/2024\/02\/LKAN_vivalafarsa_1.jpg",1145,832,false],"thumbnail":["https:\/\/cafelapalma.com\/wp-content\/uploads\/2024\/02\/LKAN_vivalafarsa_1-150x150.jpg",150,150,true],"medium":["https:\/\/cafelapalma.com\/wp-content\/uploads\/2024\/02\/LKAN_vivalafarsa_1-300x218.jpg",300,218,true],"medium_large":["https:\/\/cafelapalma.com\/wp-content\/uploads\/2024\/02\/LKAN_vivalafarsa_1-768x558.jpg",768,558,true],"large":["https:\/\/cafelapalma.com\/wp-content\/uploads\/2024\/02\/LKAN_vivalafarsa_1-1040x756.jpg",1020,741,true],"1536x1536":["https:\/\/cafelapalma.com\/wp-content\/uploads\/2024\/02\/LKAN_vivalafarsa_1.jpg",1145,832,false],"2048x2048":["https:\/\/cafelapalma.com\/wp-content\/uploads\/2024\/02\/LKAN_vivalafarsa_1.jpg",1145,832,false],"trp-custom-language-flag":["https:\/\/cafelapalma.com\/wp-content\/uploads\/2024\/02\/LKAN_vivalafarsa_1.jpg",18,12,false],"blossom-feminine-slider":["https:\/\/cafelapalma.com\/wp-content\/uploads\/2024\/02\/LKAN_vivalafarsa_1-1145x649.jpg",1145,649,true],"blossom-feminine-featured":["https:\/\/cafelapalma.com\/wp-content\/uploads\/2024\/02\/LKAN_vivalafarsa_1-1145x600.jpg",1145,600,true],"blossom-feminine-with-sidebar":["https:\/\/cafelapalma.com\/wp-content\/uploads\/2024\/02\/LKAN_vivalafarsa_1-1020x600.jpg",1020,600,true],"blossom-feminine-blog":["https:\/\/cafelapalma.com\/wp-content\/uploads\/2024\/02\/LKAN_vivalafarsa_1-435x435.jpg",435,435,true],"blossom-feminine-cat":["https:\/\/cafelapalma.com\/wp-content\/uploads\/2024\/02\/LKAN_vivalafarsa_1-450x300.jpg",450,300,true],"blossom-feminine-related":["https:\/\/cafelapalma.com\/wp-content\/uploads\/2024\/02\/LKAN_vivalafarsa_1-320x200.jpg",320,200,true],"blossom-feminine-schema":["https:\/\/cafelapalma.com\/wp-content\/uploads\/2024\/02\/LKAN_vivalafarsa_1-83x60.jpg",83,60,true]},"uagb_author_info":{"display_name":"Victor","author_link":"https:\/\/cafelapalma.com\/en\/author\/comunicacion\/"},"uagb_comment_info":0,"uagb_excerpt":"Si hay un grupo con una trayectoria y estilo dif\u00edciles de clasificar en la escena pop alternativa espa\u00f1ola, ese es L KAN: una propuesta musical electropop con grandes dosis de teatralidad, humor y espect\u00e1culo cargada de cr\u00edtica social y reflexiones filos\u00f3ficas sobre la modernidad y la postmodernidad. No es un grupo f\u00e1cil de definir debido&hellip;","_links":{"self":[{"href":"https:\/\/cafelapalma.com\/en\/wp-json\/wp\/v2\/tribe_events\/28220","targetHints":{"allow":["GET"]}}],"collection":[{"href":"https:\/\/cafelapalma.com\/en\/wp-json\/wp\/v2\/tribe_events"}],"about":[{"href":"https:\/\/cafelapalma.com\/en\/wp-json\/wp\/v2\/types\/tribe_events"}],"author":[{"embeddable":true,"href":"https:\/\/cafelapalma.com\/en\/wp-json\/wp\/v2\/users\/2"}],"version-history":[{"count":0,"href":"https:\/\/cafelapalma.com\/en\/wp-json\/wp\/v2\/tribe_events\/28220\/revisions"}],"wp:featuredmedia":[{"embeddable":true,"href":"https:\/\/cafelapalma.com\/en\/wp-json\/wp\/v2\/media\/28223"}],"wp:attachment":[{"href":"https:\/\/cafelapalma.com\/en\/wp-json\/wp\/v2\/media?parent=28220"}],"wp:term":[{"taxonomy":"post_tag","embeddable":true,"href":"https:\/\/cafelapalma.com\/en\/wp-json\/wp\/v2\/tags?post=28220"},{"taxonomy":"tribe_events_cat","embeddable":true,"href":"https:\/\/cafelapalma.com\/en\/wp-json\/wp\/v2\/tribe_events_cat?post=28220"}],"curies":[{"name":"wp","href":"https:\/\/api.w.org\/{rel}","templated":true}]}}

<div  class="tribe-events-schedule tribe-clearfix" >
	<p class="tribe-events-schedule__datetime">
		<span class="tribe-events-schedule__date tribe-events-schedule__date--start">
			02  March  2024		</span>

					<span class="tribe-events-schedule__separator tribe-events-schedule__separator--date">
				@			</span>
			<span class="tribe-events-schedule__time tribe-events-schedule__time--start">
				22:00			</span>
		
									<span class="tribe-events-schedule__separator tribe-events-schedule__separator--time">
					&#8211;				</span>
			
							<span class="tribe-events-schedule__time tribe-events-schedule__time--end">
					23:45				</span>
			
						</p>
</div>


<div  class="tribe-block tribe-block__event-price" >
			<span class="tribe-block__event-price__cost"> ENTRADAS AGOTADAS </span>
				<span class="tribe-block__event-price__description">#soldout</span>
	</div>



<div style="height:100px" aria-hidden="true" class="wp-block-spacer"></div>



<div class="wp-block-columns is-layout-flex wp-container-core-columns-is-layout-8f761849 wp-block-columns-is-layout-flex">
<div class="wp-block-column is-layout-flow wp-block-column-is-layout-flow" style="flex-basis:33.33%">
<figure class="wp-block-image size-large"><img loading="lazy" decoding="async" width="745" height="1040" src="https://cafelapalma.com/wp-content/uploads/2024/02/LKAN-A3-DEF-SOLOW-745x1040.jpg" alt="" class="wp-image-28258" srcset="https://cafelapalma.com/wp-content/uploads/2024/02/LKAN-A3-DEF-SOLOW-745x1040.jpg 745w, https://cafelapalma.com/wp-content/uploads/2024/02/LKAN-A3-DEF-SOLOW-215x300.jpg 215w, https://cafelapalma.com/wp-content/uploads/2024/02/LKAN-A3-DEF-SOLOW-768x1072.jpg 768w, https://cafelapalma.com/wp-content/uploads/2024/02/LKAN-A3-DEF-SOLOW-1100x1536.jpg 1100w, https://cafelapalma.com/wp-content/uploads/2024/02/LKAN-A3-DEF-SOLOW-1467x2048.jpg 1467w, https://cafelapalma.com/wp-content/uploads/2024/02/LKAN-A3-DEF-SOLOW-43x60.jpg 43w" sizes="auto, (max-width: 745px) 100vw, 745px" /></figure>
</div>



<div class="wp-block-column is-layout-flow wp-block-column-is-layout-flow" style="flex-basis:66.66%">
<p class="wp-block-paragraph"></p>



<p class="has-text-align-left wp-block-paragraph">Si hay un grupo con una trayectoria y estilo difíciles de clasificar en la escena pop alternativa española, ese es <strong>L KAN</strong>: una propuesta musical electropop con grandes dosis de teatralidad, humor y espectáculo cargada de crítica social y reflexiones filosóficas sobre la modernidad y la postmodernidad.</p>



<p class="has-text-align-left wp-block-paragraph">No es un grupo fácil de definir debido a la particularidad de sus conciertos, que son fiestas colectivas, donde la música es muy importante, pero la comunicación e interacción con el público es fundamental. Los conciertos de <strong>L KAN</strong> jamás son iguales porque adaptan sus performances a los lugares que visitan y a la actualidad social del día y momento en el que tocan.</p>



<p class="has-text-align-left wp-block-paragraph">Tras visitar <strong>CAFE LA PALMA</strong> por primera vez en 2018, la banda regresa, más de un lustro después, con energías renovadas y las mismas ganas de fiesta que siempre.</p>



<p class="has-text-align-left wp-block-paragraph"><em>Con el apoyo de </em><strong>Escenarios VIBRA MAHOU</strong>.</p>



<p class="has-text-align-right wp-block-paragraph"><a href="https://open.spotify.com/intl-es/artist/6eayoEH8C2XPwQNTfXQgW3?si=j_xQIP3BTIiDgrCZiga3Vw">Escucha a L KAN</a></p>
</div>
</div>



<div style="height:100px" aria-hidden="true" class="wp-block-spacer"></div>



<hr class="wp-block-separator has-alpha-channel-opacity"/>



<div style="height:100px" aria-hidden="true" class="wp-block-spacer"></div>


<h2 class="tribe-block__related-events__title">Related Events</h2>

<ul  class="tribe-related-events tribe-clearfix" >
			<li>
	
<div class="tribe-related-events-thumbnail">
	<a href="https://cafelapalma.com/en/programacion/funkin-donuts/" class="url" rel="bookmark" tabindex="-1" aria-hidden="true"><img loading="lazy" decoding="async" width="693" height="1040" src="https://cafelapalma.com/wp-content/uploads/2026/07/FD-vert2-bn-693x1040.jpg" class="attachment-large size-large wp-post-image" alt="" /></a>
</div>
	<div class="tribe-related-event-info">
	<h3 class="tribe-related-events-title">
		<a href="https://cafelapalma.com/en/programacion/funkin-donuts/" class="tribe-event-url" rel="bookmark">
			FUNKIN&#8217; DONUTS		</a>
	</h3>
	<span class="tribe-event-date-start">5  September@22:00</span><span class="tribe-event-time">23:45</span></div>
</li>
			<li>
	
<div class="tribe-related-events-thumbnail">
	<a href="https://cafelapalma.com/en/programacion/backstage-le-petit-truffle-mayo/" class="url" rel="bookmark" tabindex="-1" aria-hidden="true"><img loading="lazy" decoding="async" width="780" height="1040" src="https://cafelapalma.com/wp-content/uploads/2026/07/Imagen-TruffleMayo-LePetit-i-1-780x1040.png" class="attachment-large size-large wp-post-image" alt="" /></a>
</div>
	<div class="tribe-related-event-info">
	<h3 class="tribe-related-events-title">
		<a href="https://cafelapalma.com/en/programacion/backstage-le-petit-truffle-mayo/" class="tribe-event-url" rel="bookmark">
			BACKSTAGE: LE PETIT + TRUFFLE MAYO		</a>
	</h3>
	<span class="tribe-event-date-start">5  September@23:55</span></div>
</li>
			<li>
	
<div class="tribe-related-events-thumbnail">
	<a href="https://cafelapalma.com/en/programacion/willie-deville-concierto-benefico-x-venezuela/" class="url" rel="bookmark" tabindex="-1" aria-hidden="true"><img loading="lazy" decoding="async" width="1020" height="531" src="https://cafelapalma.com/wp-content/uploads/2026/08/Willie-deville-1100x572-1-1040x541.jpg" class="attachment-large size-large wp-post-image" alt="" /></a>
</div>
	<div class="tribe-related-event-info">
	<h3 class="tribe-related-events-title">
		<a href="https://cafelapalma.com/en/programacion/willie-deville-concierto-benefico-x-venezuela/" class="tribe-event-url" rel="bookmark">
			WILLIE DEVILLE: CONCIERTO BENÉFICO X VENEZUELA		</a>
	</h3>
	<span class="tribe-event-date-start">6  September@21:00</span><span class="tribe-event-time">23:45</span></div>
</li>
	</ul>

<p>Si hay un grupo con una trayectoria y estilo difíciles de clasificar en la escena pop alternativa española, ese es L KAN: una propuesta musical electropop con grandes dosis de teatralidad, humor y espectáculo cargada de crítica social y reflexiones filosóficas sobre la modernidad y la postmodernidad. No es un grupo fácil de definir debido &hellip; </p>

Si hay un grupo con una trayectoria y estilo difíciles de clasificar en la escena pop alternativa española, ese es L KAN: una propuesta musical electropop con grandes dosis de teatralidad, humor y espectáculo cargada de crítica social y reflexiones filosóficas sobre la modernidad y la postmodernidad. No es un grupo fácil de definir debido&hellip;
