{"id":28606,"date":"2024-04-02T11:33:28","date_gmt":"2024-04-02T09:33:28","guid":{"rendered":"https:\/\/cafelapalma.com\/?post_type=tribe_events&#038;p=28606"},"modified":"2024-04-02T11:33:31","modified_gmt":"2024-04-02T09:33:31","slug":"las-edades-dificiles","status":"publish","type":"tribe_events","link":"https:\/\/cafelapalma.com\/en\/programacion\/las-edades-dificiles\/","title":{"rendered":"LAS EDADES DIF\u00cdCILES"},"content":{"rendered":"<div  class=\"tribe-events-schedule tribe-clearfix\" >\n\t<p class=\"tribe-events-schedule__datetime\">\n\t\t<span class=\"tribe-events-schedule__date tribe-events-schedule__date--start\">\n\t\t\t14  May  2024\t\t<\/span>\n\n\t\t\t\t\t<span class=\"tribe-events-schedule__separator tribe-events-schedule__separator--date\">\n\t\t\t\t@\t\t\t<\/span>\n\t\t\t<span class=\"tribe-events-schedule__time tribe-events-schedule__time--start\">\n\t\t\t\t22:00\t\t\t<\/span>\n\t\t\n\t\t\t\t\t\t\t\t\t<span class=\"tribe-events-schedule__separator tribe-events-schedule__separator--time\">\n\t\t\t\t\t&#8211;\t\t\t\t<\/span>\n\t\t\t\n\t\t\t\t\t\t\t<span class=\"tribe-events-schedule__time tribe-events-schedule__time--end\">\n\t\t\t\t\t23:45\t\t\t\t<\/span>\n\t\t\t\n\t\t\t\t\t\t<\/p>\n<\/div>\n\n\n<div  class=\"tribe-block tribe-block__event-price\" >\n\t\t\t<span class=\"tribe-block__event-price__cost\"> 8\u20ac <\/span>\n\t\t\t\t<span class=\"tribe-block__event-price__description\">+ gg Early Bird | 10\u20ac + gg Anticipada | 12\u20ac Taquilla<\/span>\n\t<\/div>\n\n\n\n<div style=\"height:100px\" aria-hidden=\"true\" class=\"wp-block-spacer\"><\/div>\n\n\n\n<div class=\"wp-block-columns is-layout-flex wp-container-core-columns-is-layout-8f761849 wp-block-columns-is-layout-flex\">\n<div class=\"wp-block-column is-layout-flow wp-block-column-is-layout-flow\" style=\"flex-basis:33.33%\">\n<figure class=\"wp-block-image size-large\"><img loading=\"lazy\" decoding=\"async\" width=\"691\" height=\"1040\" src=\"https:\/\/cafelapalma.com\/wp-content\/uploads\/2024\/04\/LED-A3-LOW-691x1040.jpg\" alt=\"\" class=\"wp-image-28607\" srcset=\"https:\/\/cafelapalma.com\/wp-content\/uploads\/2024\/04\/LED-A3-LOW-691x1040.jpg 691w, https:\/\/cafelapalma.com\/wp-content\/uploads\/2024\/04\/LED-A3-LOW-199x300.jpg 199w, https:\/\/cafelapalma.com\/wp-content\/uploads\/2024\/04\/LED-A3-LOW-768x1156.jpg 768w, https:\/\/cafelapalma.com\/wp-content\/uploads\/2024\/04\/LED-A3-LOW-1020x1536.jpg 1020w, https:\/\/cafelapalma.com\/wp-content\/uploads\/2024\/04\/LED-A3-LOW-1360x2048.jpg 1360w, https:\/\/cafelapalma.com\/wp-content\/uploads\/2024\/04\/LED-A3-LOW-40x60.jpg 40w, https:\/\/cafelapalma.com\/wp-content\/uploads\/2024\/04\/LED-A3-LOW-scaled.jpg 1993w\" sizes=\"auto, (max-width: 691px) 100vw, 691px\" \/><\/figure>\n\n\n<div  class=\"tribe-block tribe-block__event-website\" >\n\t<a\n\t\thref=\"https:\/\/www.passline.com\/eventos\/las-edades-dificiles\"\n\t\ttarget=\"_self\"\n\t\t\t>\n\t\tBUY TICKETS\t<\/a>\n<\/div>\n<\/div>\n\n\n\n<div class=\"wp-block-column is-layout-flow wp-block-column-is-layout-flow\" style=\"flex-basis:66.66%\">\n<div style=\"height:100px\" aria-hidden=\"true\" class=\"wp-block-spacer\"><\/div>\n\n\n\n<p class=\"has-text-align-left wp-block-paragraph\">Los primeros discos son ecl\u00e9cticos. Beben de la frescura de la ilusi\u00f3n que da la creaci\u00f3n de una nueva banda. Las canciones son variadas en busca de esa ansiada esencia que es la voz propia.<\/p>\n\n\n\n<p class=\"has-text-align-left wp-block-paragraph\">En esa b\u00fasqueda se encuentran <strong>LAS EDADES DIF\u00cdCILES<\/strong>, que presentar\u00e1n sus nuevas canciones en <strong>CAFE LA PALMA<\/strong> nada m\u00e1s acabar de grabar el que ser\u00e1 su primer disco. Pop rock fronterizo que recoge la oscuridad de los tugurios en los que habr\u00edan compartido bebida <strong>Nacho Vegas<\/strong> y <strong>Tom Waits<\/strong> y la vitalidad de la rumba de Nueva Orleans, tra\u00edda por <strong>Muchachito Bombo Infierno<\/strong>.<\/p>\n\n\n\n<p class=\"has-text-align-right wp-block-paragraph\"><em><a href=\"https:\/\/www.instagram.com\/lasedadesmusica\/\">Sigue a <\/a><\/em><strong><a href=\"https:\/\/www.instagram.com\/lasedadesmusica\/\">LAS EDADES DIF\u00cdCILES<\/a><\/strong><em><a href=\"https:\/\/www.instagram.com\/lasedadesmusica\/\"> in <\/a><\/em><strong><a href=\"https:\/\/www.instagram.com\/lasedadesmusica\/\">Instagram<\/a><\/strong><\/p>\n<\/div>\n<\/div>\n\n\n\n<div style=\"height:100px\" aria-hidden=\"true\" class=\"wp-block-spacer\"><\/div>\n\n\n\n<hr class=\"wp-block-separator has-alpha-channel-opacity\"\/>\n\n\n\n<div style=\"height:100px\" aria-hidden=\"true\" class=\"wp-block-spacer\"><\/div>\n\n\n<h2 class=\"tribe-block__related-events__title\">Related Events<\/h2>\n\n<ul  class=\"tribe-related-events tribe-clearfix\" >\n\t\t\t<li>\n\t\n<div class=\"tribe-related-events-thumbnail\">\n\t<a href=\"https:\/\/cafelapalma.com\/en\/programacion\/willie-deville-concierto-benefico-x-venezuela\/\" class=\"url\" rel=\"bookmark\" tabindex=\"-1\" aria-hidden=\"true\"><img loading=\"lazy\" decoding=\"async\" width=\"1020\" height=\"531\" src=\"https:\/\/cafelapalma.com\/wp-content\/uploads\/2026\/08\/Willie-deville-1100x572-1-1040x541.jpg\" class=\"attachment-large size-large wp-post-image\" alt=\"\" \/><\/a>\n<\/div>\n\t<div class=\"tribe-related-event-info\">\n\t<h3 class=\"tribe-related-events-title\">\n\t\t<a href=\"https:\/\/cafelapalma.com\/en\/programacion\/willie-deville-concierto-benefico-x-venezuela\/\" class=\"tribe-event-url\" rel=\"bookmark\">\n\t\t\tWILLIE DEVILLE: CONCIERTO BEN\u00c9FICO X VENEZUELA\t\t<\/a>\n\t<\/h3>\n\t<span class=\"tribe-event-date-start\">6  September@21:00<\/span><span class=\"tribe-event-time\">23:45<\/span><\/div>\n<\/li>\n\t\t\t<li>\n\t\n<div class=\"tribe-related-events-thumbnail\">\n\t<a href=\"https:\/\/cafelapalma.com\/en\/programacion\/new-boix\/\" class=\"url\" rel=\"bookmark\" tabindex=\"-1\" aria-hidden=\"true\"><img loading=\"lazy\" decoding=\"async\" width=\"694\" height=\"1040\" src=\"https:\/\/cafelapalma.com\/wp-content\/uploads\/2026\/05\/WhatsApp-Image-2026-04-29-at-12.00.28-694x1040.jpeg\" class=\"attachment-large size-large wp-post-image\" alt=\"\" \/><\/a>\n<\/div>\n\t<div class=\"tribe-related-event-info\">\n\t<h3 class=\"tribe-related-events-title\">\n\t\t<a href=\"https:\/\/cafelapalma.com\/en\/programacion\/new-boix\/\" class=\"tribe-event-url\" rel=\"bookmark\">\n\t\t\tNEW BOIX\t\t<\/a>\n\t<\/h3>\n\t<span class=\"tribe-event-date-start\">10  September@22:00<\/span><span class=\"tribe-event-time\">23:45<\/span><\/div>\n<\/li>\n\t\t\t<li>\n\t\n<div class=\"tribe-related-events-thumbnail\">\n\t<a href=\"https:\/\/cafelapalma.com\/en\/programacion\/eric-rohmer-seasunday\/\" class=\"url\" rel=\"bookmark\" tabindex=\"-1\" aria-hidden=\"true\"><img loading=\"lazy\" decoding=\"async\" width=\"693\" height=\"1040\" src=\"https:\/\/cafelapalma.com\/wp-content\/uploads\/2026\/07\/ERIC-ROHMER-VERTICAL-1-693x1040.jpg\" class=\"attachment-large size-large wp-post-image\" alt=\"\" \/><\/a>\n<\/div>\n\t<div class=\"tribe-related-event-info\">\n\t<h3 class=\"tribe-related-events-title\">\n\t\t<a href=\"https:\/\/cafelapalma.com\/en\/programacion\/eric-rohmer-seasunday\/\" class=\"tribe-event-url\" rel=\"bookmark\">\n\t\t\tERIC ROHMER + SEASUNDAY\t\t<\/a>\n\t<\/h3>\n\t<span class=\"tribe-event-date-start\">11  September@21:00<\/span><span class=\"tribe-event-time\">23:45<\/span><\/div>\n<\/li>\n\t<\/ul>","protected":false},"excerpt":{"rendered":"<p>Los primeros discos son ecl\u00e9cticos. Beben de la frescura de la ilusi\u00f3n que da la creaci\u00f3n de una nueva banda. Las canciones son variadas en busca de esa ansiada esencia que es la voz propia. En esa b\u00fasqueda se encuentran LAS EDADES DIF\u00cdCILES, que presentar\u00e1n sus nuevas canciones en CAFE LA PALMA nada m\u00e1s acabar &hellip; <\/p>","protected":false},"author":2,"featured_media":28608,"template":"","meta":{"_tec_requires_first_save":false,"_uag_custom_page_level_css":"","loftloader_page_shortcode":"","_EventAllDay":false,"_EventTimezone":"Europe\/Madrid","_EventStartDate":"2024-05-14 22:00:00","_EventEndDate":"2024-05-14 23:45:00","_EventStartDateUTC":"2024-05-14 20:00:00","_EventEndDateUTC":"2024-05-14 21:45:00","_EventShowMap":false,"_EventShowMapLink":false,"_EventURL":"https:\/\/www.passline.com\/eventos\/las-edades-dificiles","_EventCost":"8","_EventCostDescription":"","_EventCurrencySymbol":"\u20ac","_EventCurrencyCode":"USD","_EventCurrencyPosition":"suffix","_EventDateTimeSeparator":"@","_EventTimeRangeSeparator":"-","_EventOrganizerID":[],"_EventVenueID":[],"_OrganizerEmail":"","_OrganizerPhone":"","_OrganizerWebsite":"","_VenueAddress":"","_VenueCity":"","_VenueCountry":"","_VenueProvince":"","_VenueState":"","_VenueZip":"","_VenuePhone":"","_VenueURL":"","_VenueStateProvince":"","_VenueLat":"","_VenueLng":"","_VenueShowMap":false,"_VenueShowMapLink":false,"_tribe_blocks_recurrence_rules":"","_tribe_blocks_recurrence_description":"","_tribe_blocks_recurrence_exclusions":"","_ecp_custom_2":"","_tribe_events_status":"","_tribe_events_status_reason":"","_tribe_events_is_hybrid":"","_tribe_events_is_virtual":"","_tribe_events_virtual_video_source":"","_tribe_events_virtual_embed_video":"","_tribe_events_virtual_linked_button_text":"","_tribe_events_virtual_linked_button":"","_tribe_events_virtual_show_embed_at":"","_tribe_events_virtual_show_embed_to":[],"_tribe_events_virtual_show_on_event":"","_tribe_events_virtual_show_on_views":"","_tribe_events_virtual_url":"","footnotes":""},"tags":[15520,1363,8869,2865,9147,9146,15518,1355,9164],"tribe_events_cat":[8963],"class_list":["post-28606","tribe_events","type-tribe_events","status-publish","has-post-thumbnail","hentry","tag-adios-2","tag-cafe-la-palma","tag-cafe-la-palma-2","tag-conciertos-cafe-la-palma","tag-conciertos-madrid","tag-conciertos-malasana","tag-las-edades-dificiles","tag-pop","tag-pop-rock-2","tribe_events_cat-concierto","cat_concierto"],"uagb_featured_image_src":{"full":["https:\/\/cafelapalma.com\/wp-content\/uploads\/2024\/04\/LED-VERT.jpg",900,1350,false],"thumbnail":["https:\/\/cafelapalma.com\/wp-content\/uploads\/2024\/04\/LED-VERT-150x150.jpg",150,150,true],"medium":["https:\/\/cafelapalma.com\/wp-content\/uploads\/2024\/04\/LED-VERT-200x300.jpg",200,300,true],"medium_large":["https:\/\/cafelapalma.com\/wp-content\/uploads\/2024\/04\/LED-VERT-768x1152.jpg",768,1152,true],"large":["https:\/\/cafelapalma.com\/wp-content\/uploads\/2024\/04\/LED-VERT-693x1040.jpg",693,1040,true],"1536x1536":["https:\/\/cafelapalma.com\/wp-content\/uploads\/2024\/04\/LED-VERT.jpg",900,1350,false],"2048x2048":["https:\/\/cafelapalma.com\/wp-content\/uploads\/2024\/04\/LED-VERT.jpg",900,1350,false],"trp-custom-language-flag":["https:\/\/cafelapalma.com\/wp-content\/uploads\/2024\/04\/LED-VERT.jpg",8,12,false],"blossom-feminine-slider":["https:\/\/cafelapalma.com\/wp-content\/uploads\/2024\/04\/LED-VERT-900x649.jpg",900,649,true],"blossom-feminine-featured":["https:\/\/cafelapalma.com\/wp-content\/uploads\/2024\/04\/LED-VERT-900x600.jpg",900,600,true],"blossom-feminine-with-sidebar":["https:\/\/cafelapalma.com\/wp-content\/uploads\/2024\/04\/LED-VERT-900x600.jpg",900,600,true],"blossom-feminine-blog":["https:\/\/cafelapalma.com\/wp-content\/uploads\/2024\/04\/LED-VERT-435x435.jpg",435,435,true],"blossom-feminine-cat":["https:\/\/cafelapalma.com\/wp-content\/uploads\/2024\/04\/LED-VERT-450x300.jpg",450,300,true],"blossom-feminine-related":["https:\/\/cafelapalma.com\/wp-content\/uploads\/2024\/04\/LED-VERT-320x200.jpg",320,200,true],"blossom-feminine-schema":["https:\/\/cafelapalma.com\/wp-content\/uploads\/2024\/04\/LED-VERT-40x60.jpg",40,60,true]},"uagb_author_info":{"display_name":"Victor","author_link":"https:\/\/cafelapalma.com\/en\/author\/comunicacion\/"},"uagb_comment_info":0,"uagb_excerpt":"Los primeros discos son ecl\u00e9cticos. Beben de la frescura de la ilusi\u00f3n que da la creaci\u00f3n de una nueva banda. Las canciones son variadas en busca de esa ansiada esencia que es la voz propia. En esa b\u00fasqueda se encuentran LAS EDADES DIF\u00cdCILES, que presentar\u00e1n sus nuevas canciones en CAFE LA PALMA nada m\u00e1s acabar&hellip;","_links":{"self":[{"href":"https:\/\/cafelapalma.com\/en\/wp-json\/wp\/v2\/tribe_events\/28606","targetHints":{"allow":["GET"]}}],"collection":[{"href":"https:\/\/cafelapalma.com\/en\/wp-json\/wp\/v2\/tribe_events"}],"about":[{"href":"https:\/\/cafelapalma.com\/en\/wp-json\/wp\/v2\/types\/tribe_events"}],"author":[{"embeddable":true,"href":"https:\/\/cafelapalma.com\/en\/wp-json\/wp\/v2\/users\/2"}],"version-history":[{"count":0,"href":"https:\/\/cafelapalma.com\/en\/wp-json\/wp\/v2\/tribe_events\/28606\/revisions"}],"wp:featuredmedia":[{"embeddable":true,"href":"https:\/\/cafelapalma.com\/en\/wp-json\/wp\/v2\/media\/28608"}],"wp:attachment":[{"href":"https:\/\/cafelapalma.com\/en\/wp-json\/wp\/v2\/media?parent=28606"}],"wp:term":[{"taxonomy":"post_tag","embeddable":true,"href":"https:\/\/cafelapalma.com\/en\/wp-json\/wp\/v2\/tags?post=28606"},{"taxonomy":"tribe_events_cat","embeddable":true,"href":"https:\/\/cafelapalma.com\/en\/wp-json\/wp\/v2\/tribe_events_cat?post=28606"}],"curies":[{"name":"wp","href":"https:\/\/api.w.org\/{rel}","templated":true}]}}

LAS EDADES DIFÍCILES

<div  class="tribe-events-schedule tribe-clearfix" >
	<p class="tribe-events-schedule__datetime">
		<span class="tribe-events-schedule__date tribe-events-schedule__date--start">
			14  May  2024		</span>

					<span class="tribe-events-schedule__separator tribe-events-schedule__separator--date">
				@			</span>
			<span class="tribe-events-schedule__time tribe-events-schedule__time--start">
				22:00			</span>
		
									<span class="tribe-events-schedule__separator tribe-events-schedule__separator--time">
					&#8211;				</span>
			
							<span class="tribe-events-schedule__time tribe-events-schedule__time--end">
					23:45				</span>
			
						</p>
</div>


<div  class="tribe-block tribe-block__event-price" >
			<span class="tribe-block__event-price__cost"> 8€ </span>
				<span class="tribe-block__event-price__description">+ gg Early Bird | 10€ + gg Anticipada | 12€ Taquilla</span>
	</div>



<div style="height:100px" aria-hidden="true" class="wp-block-spacer"></div>



<div class="wp-block-columns is-layout-flex wp-container-core-columns-is-layout-8f761849 wp-block-columns-is-layout-flex">
<div class="wp-block-column is-layout-flow wp-block-column-is-layout-flow" style="flex-basis:33.33%">
<figure class="wp-block-image size-large"><img loading="lazy" decoding="async" width="691" height="1040" src="https://cafelapalma.com/wp-content/uploads/2024/04/LED-A3-LOW-691x1040.jpg" alt="" class="wp-image-28607" srcset="https://cafelapalma.com/wp-content/uploads/2024/04/LED-A3-LOW-691x1040.jpg 691w, https://cafelapalma.com/wp-content/uploads/2024/04/LED-A3-LOW-199x300.jpg 199w, https://cafelapalma.com/wp-content/uploads/2024/04/LED-A3-LOW-768x1156.jpg 768w, https://cafelapalma.com/wp-content/uploads/2024/04/LED-A3-LOW-1020x1536.jpg 1020w, https://cafelapalma.com/wp-content/uploads/2024/04/LED-A3-LOW-1360x2048.jpg 1360w, https://cafelapalma.com/wp-content/uploads/2024/04/LED-A3-LOW-40x60.jpg 40w, https://cafelapalma.com/wp-content/uploads/2024/04/LED-A3-LOW-scaled.jpg 1993w" sizes="auto, (max-width: 691px) 100vw, 691px" /></figure>


<div  class="tribe-block tribe-block__event-website" >
	<a
		href="https://www.passline.com/eventos/las-edades-dificiles"
		target="_self"
			>
		BUY TICKETS	</a>
</div>
</div>



<div class="wp-block-column is-layout-flow wp-block-column-is-layout-flow" style="flex-basis:66.66%">
<div style="height:100px" aria-hidden="true" class="wp-block-spacer"></div>



<p class="has-text-align-left wp-block-paragraph">Los primeros discos son eclécticos. Beben de la frescura de la ilusión que da la creación de una nueva banda. Las canciones son variadas en busca de esa ansiada esencia que es la voz propia.</p>



<p class="has-text-align-left wp-block-paragraph">En esa búsqueda se encuentran <strong>LAS EDADES DIFÍCILES</strong>, que presentarán sus nuevas canciones en <strong>CAFE LA PALMA</strong> nada más acabar de grabar el que será su primer disco. Pop rock fronterizo que recoge la oscuridad de los tugurios en los que habrían compartido bebida <strong>Nacho Vegas</strong> y <strong>Tom Waits</strong> y la vitalidad de la rumba de Nueva Orleans, traída por <strong>Muchachito Bombo Infierno</strong>.</p>



<p class="has-text-align-right wp-block-paragraph"><em><a href="https://www.instagram.com/lasedadesmusica/">Sigue a </a></em><strong><a href="https://www.instagram.com/lasedadesmusica/">LAS EDADES DIFÍCILES</a></strong><em><a href="https://www.instagram.com/lasedadesmusica/"> in </a></em><strong><a href="https://www.instagram.com/lasedadesmusica/">Instagram</a></strong></p>
</div>
</div>



<div style="height:100px" aria-hidden="true" class="wp-block-spacer"></div>



<hr class="wp-block-separator has-alpha-channel-opacity"/>



<div style="height:100px" aria-hidden="true" class="wp-block-spacer"></div>


<h2 class="tribe-block__related-events__title">Related Events</h2>

<ul  class="tribe-related-events tribe-clearfix" >
			<li>
	
<div class="tribe-related-events-thumbnail">
	<a href="https://cafelapalma.com/en/programacion/willie-deville-concierto-benefico-x-venezuela/" class="url" rel="bookmark" tabindex="-1" aria-hidden="true"><img loading="lazy" decoding="async" width="1020" height="531" src="https://cafelapalma.com/wp-content/uploads/2026/08/Willie-deville-1100x572-1-1040x541.jpg" class="attachment-large size-large wp-post-image" alt="" /></a>
</div>
	<div class="tribe-related-event-info">
	<h3 class="tribe-related-events-title">
		<a href="https://cafelapalma.com/en/programacion/willie-deville-concierto-benefico-x-venezuela/" class="tribe-event-url" rel="bookmark">
			WILLIE DEVILLE: CONCIERTO BENÉFICO X VENEZUELA		</a>
	</h3>
	<span class="tribe-event-date-start">6  September@21:00</span><span class="tribe-event-time">23:45</span></div>
</li>
			<li>
	
<div class="tribe-related-events-thumbnail">
	<a href="https://cafelapalma.com/en/programacion/new-boix/" class="url" rel="bookmark" tabindex="-1" aria-hidden="true"><img loading="lazy" decoding="async" width="694" height="1040" src="https://cafelapalma.com/wp-content/uploads/2026/05/WhatsApp-Image-2026-04-29-at-12.00.28-694x1040.jpeg" class="attachment-large size-large wp-post-image" alt="" /></a>
</div>
	<div class="tribe-related-event-info">
	<h3 class="tribe-related-events-title">
		<a href="https://cafelapalma.com/en/programacion/new-boix/" class="tribe-event-url" rel="bookmark">
			NEW BOIX		</a>
	</h3>
	<span class="tribe-event-date-start">10  September@22:00</span><span class="tribe-event-time">23:45</span></div>
</li>
			<li>
	
<div class="tribe-related-events-thumbnail">
	<a href="https://cafelapalma.com/en/programacion/eric-rohmer-seasunday/" class="url" rel="bookmark" tabindex="-1" aria-hidden="true"><img loading="lazy" decoding="async" width="693" height="1040" src="https://cafelapalma.com/wp-content/uploads/2026/07/ERIC-ROHMER-VERTICAL-1-693x1040.jpg" class="attachment-large size-large wp-post-image" alt="" /></a>
</div>
	<div class="tribe-related-event-info">
	<h3 class="tribe-related-events-title">
		<a href="https://cafelapalma.com/en/programacion/eric-rohmer-seasunday/" class="tribe-event-url" rel="bookmark">
			ERIC ROHMER + SEASUNDAY		</a>
	</h3>
	<span class="tribe-event-date-start">11  September@21:00</span><span class="tribe-event-time">23:45</span></div>
</li>
	</ul>

<p>Los primeros discos son eclécticos. Beben de la frescura de la ilusión que da la creación de una nueva banda. Las canciones son variadas en busca de esa ansiada esencia que es la voz propia. En esa búsqueda se encuentran LAS EDADES DIFÍCILES, que presentarán sus nuevas canciones en CAFE LA PALMA nada más acabar &hellip; </p>

Los primeros discos son eclécticos. Beben de la frescura de la ilusión que da la creación de una nueva banda. Las canciones son variadas en busca de esa ansiada esencia que es la voz propia. En esa búsqueda se encuentran LAS EDADES DIFÍCILES, que presentarán sus nuevas canciones en CAFE LA PALMA nada más acabar&hellip;
