{"id":28717,"date":"2024-04-22T17:40:53","date_gmt":"2024-04-22T15:40:53","guid":{"rendered":"https:\/\/cafelapalma.com\/programacion\/expo-otherwordly-copy\/"},"modified":"2024-04-22T17:46:01","modified_gmt":"2024-04-22T15:46:01","slug":"expo-caelum","status":"publish","type":"tribe_events","link":"https:\/\/cafelapalma.com\/en\/programacion\/expo-caelum\/","title":{"rendered":"\u00abCAELUM\u00bb. BLANCA MART\u00cdN"},"content":{"rendered":"<div  class=\"tribe-events-schedule tribe-clearfix\" >\n\t<p class=\"tribe-events-schedule__datetime\">\n\t\t<span class=\"tribe-events-schedule__date tribe-events-schedule__date--start\">\n\t\t\t26  May  2024\t\t<\/span>\n\n\t\t\t\t\t<span class=\"tribe-events-schedule__separator tribe-events-schedule__separator--date\">\n\t\t\t\t@\t\t\t<\/span>\n\t\t\t<span class=\"tribe-events-schedule__time tribe-events-schedule__time--start\">\n\t\t\t\t02:30\t\t\t<\/span>\n\t\t\n\t\t\t\t\t\t\t\t\t<span class=\"tribe-events-schedule__separator tribe-events-schedule__separator--time\">\n\t\t\t\t\t&#8211;\t\t\t\t<\/span>\n\t\t\t\n\t\t\t\t\t\t\t<span class=\"tribe-events-schedule__time tribe-events-schedule__time--end\">\n\t\t\t\t\t03:00\t\t\t\t<\/span>\n\t\t\t\n\t\t\t\t\t\t<\/p>\n<\/div>\n\n\n\n<p class=\"wp-block-paragraph\">Hasta al <strong>domingo 26 de mayo<\/strong><\/p>\n\n\n<div  class=\"tribe-block tribe-block__event-price\" >\n\t\t\t<span class=\"tribe-block__event-price__cost\"> ENTRADA LIBRE <\/span>\n\t\t<\/div>\n\n\n\n<div style=\"height:100px\" aria-hidden=\"true\" class=\"wp-block-spacer\"><\/div>\n\n\n\n<div class=\"wp-block-columns is-layout-flex wp-container-core-columns-is-layout-8f761849 wp-block-columns-is-layout-flex\">\n<div class=\"wp-block-column is-layout-flow wp-block-column-is-layout-flow\" style=\"flex-basis:33.33%\">\n<figure class=\"wp-block-image size-large\"><img loading=\"lazy\" decoding=\"async\" width=\"735\" height=\"1040\" src=\"https:\/\/cafelapalma.com\/wp-content\/uploads\/2024\/04\/CAELUM-A3-LOW-735x1040.jpg\" alt=\"\" class=\"wp-image-28719\" srcset=\"https:\/\/cafelapalma.com\/wp-content\/uploads\/2024\/04\/CAELUM-A3-LOW-735x1040.jpg 735w, https:\/\/cafelapalma.com\/wp-content\/uploads\/2024\/04\/CAELUM-A3-LOW-212x300.jpg 212w, https:\/\/cafelapalma.com\/wp-content\/uploads\/2024\/04\/CAELUM-A3-LOW-768x1086.jpg 768w, https:\/\/cafelapalma.com\/wp-content\/uploads\/2024\/04\/CAELUM-A3-LOW-1086x1536.jpg 1086w, https:\/\/cafelapalma.com\/wp-content\/uploads\/2024\/04\/CAELUM-A3-LOW-42x60.jpg 42w, https:\/\/cafelapalma.com\/wp-content\/uploads\/2024\/04\/CAELUM-A3-LOW.jpg 1414w\" sizes=\"auto, (max-width: 735px) 100vw, 735px\" \/><\/figure>\n<\/div>\n\n\n\n<div class=\"wp-block-column is-layout-flow wp-block-column-is-layout-flow\" style=\"flex-basis:66.66%\">\n<div style=\"height:100px\" aria-hidden=\"true\" class=\"wp-block-spacer\"><\/div>\n\n\n\n<p class=\"has-text-align-left wp-block-paragraph\"><strong><em>CAELUM<\/em><\/strong>\u00a0es una exposici\u00f3n fotogr\u00e1fica que homenajea al cielo y toda su simbolog\u00eda. \u00a0Un manifiesto abstracto y sensible que invita a mirar m\u00e1s all\u00e1, a sumergirse en las formas de las nubes, las l\u00edneas y los colores que se mezclan en altura. Abrazar el manto que nos envuelve desde la emoci\u00f3n y la magia. Un trabajo realizado a lo largo de varias estaciones en donde el cielo, con toda su belleza, se convierte en paisaje observado y observador del paisaje. Un viaje nost\u00e1lgico por lo intangible.<\/p>\n\n\n\n<p class=\"has-text-align-left wp-block-paragraph\"><strong>BLANCA MART\u00cdN SECADES<\/strong>&nbsp;es fot\u00f3grafa, editora y filmmaker, apasionada de lo anal\u00f3gico y amante de lo abstracto. Le gusta crear bas\u00e1ndose en los detalles y las texturas, los contrastes y los colores suaves, buscando resultados sensibles que conecten con las emociones, tejiendo una l\u00ednea entre lo que se ve y lo que se siente.<\/p>\n\n\n\n<p class=\"has-text-align-left wp-block-paragraph\">Despu\u00e9s de varios a\u00f1os trabajando en el sector audiovisual y con alguna exposici\u00f3n colectiva a sus espaldas, se lanza con este proyecto personal como primera puerta de entrada a su mirada.<\/p>\n\n\n\n<p class=\"has-text-align-right wp-block-paragraph\"><a href=\"https:\/\/www.blancams.com\/\">www.blancams.com<\/a><\/p>\n<\/div>\n<\/div>\n\n\n\n<div style=\"height:100px\" aria-hidden=\"true\" class=\"wp-block-spacer\"><\/div>\n\n\n\n<hr class=\"wp-block-separator has-alpha-channel-opacity is-style-wide\"\/>\n\n\n\n<div style=\"height:100px\" aria-hidden=\"true\" class=\"wp-block-spacer\"><\/div>","protected":false},"excerpt":{"rendered":"<p>Hasta al domingo 26 de mayo CAELUM\u00a0es una exposici\u00f3n fotogr\u00e1fica que homenajea al cielo y toda su simbolog\u00eda. \u00a0Un manifiesto abstracto y sensible que invita a mirar m\u00e1s all\u00e1, a sumergirse en las formas de las nubes, las l\u00edneas y los colores que se mezclan en altura. Abrazar el manto que nos envuelve desde la &hellip; <\/p>","protected":false},"author":2,"featured_media":28720,"template":"","meta":{"_tec_requires_first_save":false,"_uag_custom_page_level_css":"","loftloader_page_shortcode":"","_EventAllDay":false,"_EventTimezone":"Europe\/Madrid","_EventStartDate":"2024-05-26 02:30:00","_EventEndDate":"2024-05-26 03:00:00","_EventStartDateUTC":"2024-05-26 00:30:00","_EventEndDateUTC":"2024-05-26 01:00:00","_EventShowMap":false,"_EventShowMapLink":false,"_EventURL":"","_EventCost":"ENTRADA LIBRE","_EventCostDescription":"","_EventCurrencySymbol":"\u20ac","_EventCurrencyCode":"","_EventCurrencyPosition":"suffix","_EventDateTimeSeparator":"@","_EventTimeRangeSeparator":"-","_EventOrganizerID":[],"_EventVenueID":[0],"_OrganizerEmail":"","_OrganizerPhone":"","_OrganizerWebsite":"","_VenueAddress":"","_VenueCity":"","_VenueCountry":"","_VenueProvince":"","_VenueState":"","_VenueZip":"","_VenuePhone":"","_VenueURL":"","_VenueStateProvince":"","_VenueLat":"","_VenueLng":"","_VenueShowMap":false,"_VenueShowMapLink":false,"_tribe_blocks_recurrence_rules":"","_tribe_blocks_recurrence_description":"","_tribe_blocks_recurrence_exclusions":"","_ecp_custom_2":"","_tribe_events_status":"","_tribe_events_status_reason":"","_tribe_events_is_hybrid":"","_tribe_events_is_virtual":"","_tribe_events_virtual_video_source":"","_tribe_events_virtual_embed_video":"","_tribe_events_virtual_linked_button_text":"","_tribe_events_virtual_linked_button":"","_tribe_events_virtual_show_embed_at":"","_tribe_events_virtual_show_embed_to":[],"_tribe_events_virtual_show_on_event":"","_tribe_events_virtual_show_on_views":"","_tribe_events_virtual_url":"","footnotes":""},"tags":[9128,15612,15611,11900,11899,11901,1377,13532],"tribe_events_cat":[8965],"class_list":["post-28717","tribe_events","type-tribe_events","status-publish","has-post-thumbnail","hentry","tag-arte","tag-blanca-martin-secades","tag-caelum","tag-expos","tag-exposiciones-cafe-la-palma","tag-fast-expos","tag-fotografia","tag-galerias-de-arte-malasana","tribe_events_cat-exposicion","cat_exposicion"],"uagb_featured_image_src":{"full":["https:\/\/cafelapalma.com\/wp-content\/uploads\/2024\/04\/CAELUM-SHOT.jpg",574,1149,false],"thumbnail":["https:\/\/cafelapalma.com\/wp-content\/uploads\/2024\/04\/CAELUM-SHOT-150x150.jpg",150,150,true],"medium":["https:\/\/cafelapalma.com\/wp-content\/uploads\/2024\/04\/CAELUM-SHOT-150x300.jpg",150,300,true],"medium_large":["https:\/\/cafelapalma.com\/wp-content\/uploads\/2024\/04\/CAELUM-SHOT.jpg",574,1149,false],"large":["https:\/\/cafelapalma.com\/wp-content\/uploads\/2024\/04\/CAELUM-SHOT-520x1040.jpg",520,1040,true],"1536x1536":["https:\/\/cafelapalma.com\/wp-content\/uploads\/2024\/04\/CAELUM-SHOT.jpg",574,1149,false],"2048x2048":["https:\/\/cafelapalma.com\/wp-content\/uploads\/2024\/04\/CAELUM-SHOT.jpg",574,1149,false],"trp-custom-language-flag":["https:\/\/cafelapalma.com\/wp-content\/uploads\/2024\/04\/CAELUM-SHOT.jpg",6,12,false],"blossom-feminine-slider":["https:\/\/cafelapalma.com\/wp-content\/uploads\/2024\/04\/CAELUM-SHOT-574x649.jpg",574,649,true],"blossom-feminine-featured":["https:\/\/cafelapalma.com\/wp-content\/uploads\/2024\/04\/CAELUM-SHOT-574x600.jpg",574,600,true],"blossom-feminine-with-sidebar":["https:\/\/cafelapalma.com\/wp-content\/uploads\/2024\/04\/CAELUM-SHOT-574x600.jpg",574,600,true],"blossom-feminine-blog":["https:\/\/cafelapalma.com\/wp-content\/uploads\/2024\/04\/CAELUM-SHOT-435x435.jpg",435,435,true],"blossom-feminine-cat":["https:\/\/cafelapalma.com\/wp-content\/uploads\/2024\/04\/CAELUM-SHOT-450x300.jpg",450,300,true],"blossom-feminine-related":["https:\/\/cafelapalma.com\/wp-content\/uploads\/2024\/04\/CAELUM-SHOT-320x200.jpg",320,200,true],"blossom-feminine-schema":["https:\/\/cafelapalma.com\/wp-content\/uploads\/2024\/04\/CAELUM-SHOT-30x60.jpg",30,60,true]},"uagb_author_info":{"display_name":"Victor","author_link":"https:\/\/cafelapalma.com\/en\/author\/comunicacion\/"},"uagb_comment_info":0,"uagb_excerpt":"Hasta al domingo 26 de mayo CAELUM\u00a0es una exposici\u00f3n fotogr\u00e1fica que homenajea al cielo y toda su simbolog\u00eda. \u00a0Un manifiesto abstracto y sensible que invita a mirar m\u00e1s all\u00e1, a sumergirse en las formas de las nubes, las l\u00edneas y los colores que se mezclan en altura. Abrazar el manto que nos envuelve desde la&hellip;","_links":{"self":[{"href":"https:\/\/cafelapalma.com\/en\/wp-json\/wp\/v2\/tribe_events\/28717","targetHints":{"allow":["GET"]}}],"collection":[{"href":"https:\/\/cafelapalma.com\/en\/wp-json\/wp\/v2\/tribe_events"}],"about":[{"href":"https:\/\/cafelapalma.com\/en\/wp-json\/wp\/v2\/types\/tribe_events"}],"author":[{"embeddable":true,"href":"https:\/\/cafelapalma.com\/en\/wp-json\/wp\/v2\/users\/2"}],"version-history":[{"count":0,"href":"https:\/\/cafelapalma.com\/en\/wp-json\/wp\/v2\/tribe_events\/28717\/revisions"}],"wp:featuredmedia":[{"embeddable":true,"href":"https:\/\/cafelapalma.com\/en\/wp-json\/wp\/v2\/media\/28720"}],"wp:attachment":[{"href":"https:\/\/cafelapalma.com\/en\/wp-json\/wp\/v2\/media?parent=28717"}],"wp:term":[{"taxonomy":"post_tag","embeddable":true,"href":"https:\/\/cafelapalma.com\/en\/wp-json\/wp\/v2\/tags?post=28717"},{"taxonomy":"tribe_events_cat","embeddable":true,"href":"https:\/\/cafelapalma.com\/en\/wp-json\/wp\/v2\/tribe_events_cat?post=28717"}],"curies":[{"name":"wp","href":"https:\/\/api.w.org\/{rel}","templated":true}]}}

«CAELUM». BLANCA MARTÍN

<div  class="tribe-events-schedule tribe-clearfix" >
	<p class="tribe-events-schedule__datetime">
		<span class="tribe-events-schedule__date tribe-events-schedule__date--start">
			26  May  2024		</span>

					<span class="tribe-events-schedule__separator tribe-events-schedule__separator--date">
				@			</span>
			<span class="tribe-events-schedule__time tribe-events-schedule__time--start">
				02:30			</span>
		
									<span class="tribe-events-schedule__separator tribe-events-schedule__separator--time">
					&#8211;				</span>
			
							<span class="tribe-events-schedule__time tribe-events-schedule__time--end">
					03:00				</span>
			
						</p>
</div>



<p class="wp-block-paragraph">Hasta al <strong>domingo 26 de mayo</strong></p>


<div  class="tribe-block tribe-block__event-price" >
			<span class="tribe-block__event-price__cost"> ENTRADA LIBRE </span>
		</div>



<div style="height:100px" aria-hidden="true" class="wp-block-spacer"></div>



<div class="wp-block-columns is-layout-flex wp-container-core-columns-is-layout-8f761849 wp-block-columns-is-layout-flex">
<div class="wp-block-column is-layout-flow wp-block-column-is-layout-flow" style="flex-basis:33.33%">
<figure class="wp-block-image size-large"><img loading="lazy" decoding="async" width="735" height="1040" src="https://cafelapalma.com/wp-content/uploads/2024/04/CAELUM-A3-LOW-735x1040.jpg" alt="" class="wp-image-28719" srcset="https://cafelapalma.com/wp-content/uploads/2024/04/CAELUM-A3-LOW-735x1040.jpg 735w, https://cafelapalma.com/wp-content/uploads/2024/04/CAELUM-A3-LOW-212x300.jpg 212w, https://cafelapalma.com/wp-content/uploads/2024/04/CAELUM-A3-LOW-768x1086.jpg 768w, https://cafelapalma.com/wp-content/uploads/2024/04/CAELUM-A3-LOW-1086x1536.jpg 1086w, https://cafelapalma.com/wp-content/uploads/2024/04/CAELUM-A3-LOW-42x60.jpg 42w, https://cafelapalma.com/wp-content/uploads/2024/04/CAELUM-A3-LOW.jpg 1414w" sizes="auto, (max-width: 735px) 100vw, 735px" /></figure>
</div>



<div class="wp-block-column is-layout-flow wp-block-column-is-layout-flow" style="flex-basis:66.66%">
<div style="height:100px" aria-hidden="true" class="wp-block-spacer"></div>



<p class="has-text-align-left wp-block-paragraph"><strong><em>CAELUM</em></strong> es una exposición fotográfica que homenajea al cielo y toda su simbología.  Un manifiesto abstracto y sensible que invita a mirar más allá, a sumergirse en las formas de las nubes, las líneas y los colores que se mezclan en altura. Abrazar el manto que nos envuelve desde la emoción y la magia. Un trabajo realizado a lo largo de varias estaciones en donde el cielo, con toda su belleza, se convierte en paisaje observado y observador del paisaje. Un viaje nostálgico por lo intangible.</p>



<p class="has-text-align-left wp-block-paragraph"><strong>BLANCA MARTÍN SECADES</strong>&nbsp;es fotógrafa, editora y filmmaker, apasionada de lo analógico y amante de lo abstracto. Le gusta crear basándose en los detalles y las texturas, los contrastes y los colores suaves, buscando resultados sensibles que conecten con las emociones, tejiendo una línea entre lo que se ve y lo que se siente.</p>



<p class="has-text-align-left wp-block-paragraph">Después de varios años trabajando en el sector audiovisual y con alguna exposición colectiva a sus espaldas, se lanza con este proyecto personal como primera puerta de entrada a su mirada.</p>



<p class="has-text-align-right wp-block-paragraph"><a href="https://www.blancams.com/">www.blancams.com</a></p>
</div>
</div>



<div style="height:100px" aria-hidden="true" class="wp-block-spacer"></div>



<hr class="wp-block-separator has-alpha-channel-opacity is-style-wide"/>



<div style="height:100px" aria-hidden="true" class="wp-block-spacer"></div>

<p>Hasta al domingo 26 de mayo CAELUM es una exposición fotográfica que homenajea al cielo y toda su simbología.  Un manifiesto abstracto y sensible que invita a mirar más allá, a sumergirse en las formas de las nubes, las líneas y los colores que se mezclan en altura. Abrazar el manto que nos envuelve desde la &hellip; </p>

Hasta al domingo 26 de mayo CAELUM es una exposición fotográfica que homenajea al cielo y toda su simbología.  Un manifiesto abstracto y sensible que invita a mirar más allá, a sumergirse en las formas de las nubes, las líneas y los colores que se mezclan en altura. Abrazar el manto que nos envuelve desde la&hellip;
