{"id":28922,"date":"2024-05-24T13:09:28","date_gmt":"2024-05-24T11:09:28","guid":{"rendered":"https:\/\/cafelapalma.com\/?post_type=tribe_events&#038;p=28922"},"modified":"2024-05-24T13:09:33","modified_gmt":"2024-05-24T11:09:33","slug":"be-music-1","status":"publish","type":"tribe_events","link":"https:\/\/cafelapalma.com\/en\/programacion\/be-music-1\/","title":{"rendered":"DJ LOSK + PARIS + MERY BLUE + LITTLE A"},"content":{"rendered":"<div  class=\"tribe-events-schedule tribe-clearfix\" >\n\t<p class=\"tribe-events-schedule__datetime\">\n\t\t<span class=\"tribe-events-schedule__date tribe-events-schedule__date--start\">\n\t\t\t08  June  2024\t\t<\/span>\n\n\t\t\t\t\t<span class=\"tribe-events-schedule__separator tribe-events-schedule__separator--date\">\n\t\t\t\t@\t\t\t<\/span>\n\t\t\t<span class=\"tribe-events-schedule__time tribe-events-schedule__time--start\">\n\t\t\t\t23:50\t\t\t<\/span>\n\t\t\n\t\t\t\t\t\t\t\t\t<span class=\"tribe-events-schedule__separator tribe-events-schedule__separator--time\">\n\t\t\t\t\t&#8211;\t\t\t\t<\/span>\n\t\t\t\n\t\t\t\t\t\t\t<span class=\"tribe-events-schedule__time tribe-events-schedule__time--end\">\n\t\t\t\t\t23:55\t\t\t\t<\/span>\n\t\t\t\n\t\t\t\t\t\t<\/p>\n<\/div>\n\n\n<div  class=\"tribe-block tribe-block__event-price\" >\n\t\t\t<span class=\"tribe-block__event-price__cost\"> ENTRADA LIBRE <\/span>\n\t\t\t\t<span class=\"tribe-block__event-price__description\">TAQUILLA 11\u20ac de 01:30 a cierre [ Incluye CONSUMICI\u00d3N ]<\/span>\n\t<\/div>\n\n\n\n<div style=\"height:100px\" aria-hidden=\"true\" class=\"wp-block-spacer\"><\/div>\n\n\n\n<div class=\"wp-block-columns is-layout-flex wp-container-core-columns-is-layout-8f761849 wp-block-columns-is-layout-flex\">\n<div class=\"wp-block-column is-layout-flow wp-block-column-is-layout-flow\" style=\"flex-basis:33.33%\">\n<figure class=\"wp-block-image size-large\"><img loading=\"lazy\" decoding=\"async\" width=\"736\" height=\"1040\" src=\"https:\/\/cafelapalma.com\/wp-content\/uploads\/2024\/05\/BE-MUSIC-A3-LOW-736x1040.jpg\" alt=\"\" class=\"wp-image-28923\" srcset=\"https:\/\/cafelapalma.com\/wp-content\/uploads\/2024\/05\/BE-MUSIC-A3-LOW-736x1040.jpg 736w, https:\/\/cafelapalma.com\/wp-content\/uploads\/2024\/05\/BE-MUSIC-A3-LOW-212x300.jpg 212w, https:\/\/cafelapalma.com\/wp-content\/uploads\/2024\/05\/BE-MUSIC-A3-LOW-768x1085.jpg 768w, https:\/\/cafelapalma.com\/wp-content\/uploads\/2024\/05\/BE-MUSIC-A3-LOW-1087x1536.jpg 1087w, https:\/\/cafelapalma.com\/wp-content\/uploads\/2024\/05\/BE-MUSIC-A3-LOW-1449x2048.jpg 1449w, https:\/\/cafelapalma.com\/wp-content\/uploads\/2024\/05\/BE-MUSIC-A3-LOW-42x60.jpg 42w, https:\/\/cafelapalma.com\/wp-content\/uploads\/2024\/05\/BE-MUSIC-A3-LOW.jpg 1755w\" sizes=\"auto, (max-width: 736px) 100vw, 736px\" \/><\/figure>\n<\/div>\n\n\n\n<div class=\"wp-block-column is-layout-flow wp-block-column-is-layout-flow\" style=\"flex-basis:66.66%\">\n<div style=\"height:100px\" aria-hidden=\"true\" class=\"wp-block-spacer\"><\/div>\n\n\n\n<p class=\"has-text-align-left wp-block-paragraph\"><strong>Be Music <\/strong>nace de la uni\u00f3n de tres Djs que, tras haber hecho apariciones en algunas de las cabinas m\u00e1s importantes de <strong>Madrid<\/strong>, deciden unir fuerzas a mediados de 2023 con el objetivo de crear una fiesta en la que los protagonistas sean la m\u00fasica electr\u00f3nica y su particular forma de ver la escena underground madrile\u00f1a.\u00a0<\/p>\n\n\n\n<p class=\"has-text-align-left wp-block-paragraph\">El nombre <strong>Be Music<\/strong> hace referencia a las antiguas Cara B de los vinilos, muchas veces las menos conocidas, pero que, tambi\u00e9n, en numerosas ocasiones atesoraba una mayor calidad musical que la cara mas comercial. Esa es la idea de <strong>Be Music<\/strong>, el unir en sus sesiones cl\u00e1sicos de la m\u00fasica electr\u00f3nica con temas mucho menos conocidos pero no por ello de menor calidad que pueda sorprender a los o\u00eddos m\u00e1s exigentes dentro del p\u00fablico <em>clubber<\/em>.<\/p>\n\n\n\n<p class=\"has-text-align-left wp-block-paragraph\">Tras haber realizado varias ediciones con bastante \u00e9xito en diferentes clubs de renombre, los chicos de <strong>Be Music<\/strong> llegan con la intenci\u00f3n de revolucionar la noche de los all\u00ed presentes, contando en esta ocasi\u00f3n con la indiscutible reina del soulful en <strong>Madrid<\/strong>, <strong>Mery Blue<\/strong>, aunque a lo largo de la noche ir\u00e1 derivando en estilos hermanos como el tech-house, el electro o incluso el disco de la mano de sus residentes <strong>Dj Losk<\/strong>, <strong>Paris <\/strong>y <strong>Little A<\/strong>.<\/p>\n\n\n\n<p class=\"has-text-align-right wp-block-paragraph\"><em><a href=\"https:\/\/www.instagram.com\/bemusic.events\/\">Sigue a <\/a><\/em><strong><a href=\"https:\/\/www.instagram.com\/bemusic.events\/\">BE MUSIC<\/a><\/strong><em><a href=\"https:\/\/www.instagram.com\/bemusic.events\/\"> en <\/a><\/em><strong><a href=\"https:\/\/www.instagram.com\/bemusic.events\/\">Instagram<\/a><\/strong><\/p>\n<\/div>\n<\/div>\n\n\n\n<div style=\"height:100px\" aria-hidden=\"true\" class=\"wp-block-spacer\"><\/div>\n\n\n\n<hr class=\"wp-block-separator has-alpha-channel-opacity\"\/>\n\n\n\n<div style=\"height:100px\" aria-hidden=\"true\" class=\"wp-block-spacer\"><\/div>\n\n\n<h2 class=\"tribe-block__related-events__title\">Related Events<\/h2>\n\n<ul  class=\"tribe-related-events tribe-clearfix\" >\n\t\t\t<li>\n\t\n<div class=\"tribe-related-events-thumbnail\">\n\t<a href=\"https:\/\/cafelapalma.com\/en\/programacion\/funkin-donuts\/\" class=\"url\" rel=\"bookmark\" tabindex=\"-1\" aria-hidden=\"true\"><img loading=\"lazy\" decoding=\"async\" width=\"693\" height=\"1040\" src=\"https:\/\/cafelapalma.com\/wp-content\/uploads\/2026\/07\/FD-vert2-bn-693x1040.jpg\" class=\"attachment-large size-large wp-post-image\" alt=\"\" \/><\/a>\n<\/div>\n\t<div class=\"tribe-related-event-info\">\n\t<h3 class=\"tribe-related-events-title\">\n\t\t<a href=\"https:\/\/cafelapalma.com\/en\/programacion\/funkin-donuts\/\" class=\"tribe-event-url\" rel=\"bookmark\">\n\t\t\tFUNKIN&#8217; DONUTS\t\t<\/a>\n\t<\/h3>\n\t<span class=\"tribe-event-date-start\">5  September@22:00<\/span><span class=\"tribe-event-time\">23:45<\/span><\/div>\n<\/li>\n\t\t\t<li>\n\t\n<div class=\"tribe-related-events-thumbnail\">\n\t<a href=\"https:\/\/cafelapalma.com\/en\/programacion\/backstage-le-petit-truffle-mayo\/\" class=\"url\" rel=\"bookmark\" tabindex=\"-1\" aria-hidden=\"true\"><img loading=\"lazy\" decoding=\"async\" width=\"780\" height=\"1040\" src=\"https:\/\/cafelapalma.com\/wp-content\/uploads\/2026\/07\/Imagen-TruffleMayo-LePetit-i-1-780x1040.png\" class=\"attachment-large size-large wp-post-image\" alt=\"\" \/><\/a>\n<\/div>\n\t<div class=\"tribe-related-event-info\">\n\t<h3 class=\"tribe-related-events-title\">\n\t\t<a href=\"https:\/\/cafelapalma.com\/en\/programacion\/backstage-le-petit-truffle-mayo\/\" class=\"tribe-event-url\" rel=\"bookmark\">\n\t\t\tBACKSTAGE: LE PETIT + TRUFFLE MAYO\t\t<\/a>\n\t<\/h3>\n\t<span class=\"tribe-event-date-start\">5  September@23:55<\/span><\/div>\n<\/li>\n\t\t\t<li>\n\t\n<div class=\"tribe-related-events-thumbnail\">\n\t<a href=\"https:\/\/cafelapalma.com\/en\/programacion\/willie-deville-concierto-benefico-x-venezuela\/\" class=\"url\" rel=\"bookmark\" tabindex=\"-1\" aria-hidden=\"true\"><img loading=\"lazy\" decoding=\"async\" width=\"1020\" height=\"531\" src=\"https:\/\/cafelapalma.com\/wp-content\/uploads\/2026\/08\/Willie-deville-1100x572-1-1040x541.jpg\" class=\"attachment-large size-large wp-post-image\" alt=\"\" \/><\/a>\n<\/div>\n\t<div class=\"tribe-related-event-info\">\n\t<h3 class=\"tribe-related-events-title\">\n\t\t<a href=\"https:\/\/cafelapalma.com\/en\/programacion\/willie-deville-concierto-benefico-x-venezuela\/\" class=\"tribe-event-url\" rel=\"bookmark\">\n\t\t\tWILLIE DEVILLE: CONCIERTO BEN\u00c9FICO X VENEZUELA\t\t<\/a>\n\t<\/h3>\n\t<span class=\"tribe-event-date-start\">6  September@21:00<\/span><span class=\"tribe-event-time\">23:45<\/span><\/div>\n<\/li>\n\t<\/ul>\n","protected":false},"excerpt":{"rendered":"<p>Be Music nace de la uni\u00f3n de tres Djs que, tras haber hecho apariciones en algunas de las cabinas m\u00e1s importantes de Madrid, deciden unir fuerzas a mediados de 2023 con el objetivo de crear una fiesta en la que los protagonistas sean la m\u00fasica electr\u00f3nica y su particular forma de ver la escena underground &hellip; <\/p>","protected":false},"author":2,"featured_media":28924,"template":"","meta":{"_tec_requires_first_save":false,"_uag_custom_page_level_css":"","loftloader_page_shortcode":"","_EventAllDay":false,"_EventTimezone":"Europe\/Madrid","_EventStartDate":"2024-06-08 23:50:00","_EventEndDate":"2024-06-08 23:55:00","_EventStartDateUTC":"2024-06-08 21:50:00","_EventEndDateUTC":"2024-06-08 21:55:00","_EventShowMap":false,"_EventShowMapLink":false,"_EventURL":"","_EventCost":"ENTRADA LIBRE","_EventCostDescription":"","_EventCurrencySymbol":"\u20ac","_EventCurrencyCode":"USD","_EventCurrencyPosition":"suffix","_EventDateTimeSeparator":"@","_EventTimeRangeSeparator":"-","_EventOrganizerID":[],"_EventVenueID":[],"_OrganizerEmail":"","_OrganizerPhone":"","_OrganizerWebsite":"","_VenueAddress":"","_VenueCity":"","_VenueCountry":"","_VenueProvince":"","_VenueState":"","_VenueZip":"","_VenuePhone":"","_VenueURL":"","_VenueStateProvince":"","_VenueLat":"","_VenueLng":"","_VenueShowMap":false,"_VenueShowMapLink":false,"_tribe_blocks_recurrence_rules":"","_tribe_blocks_recurrence_description":"","_tribe_blocks_recurrence_exclusions":"","_ecp_custom_2":"","_tribe_events_status":"","_tribe_events_status_reason":"","_tribe_events_is_hybrid":"","_tribe_events_is_virtual":"","_tribe_events_virtual_video_source":"","_tribe_events_virtual_embed_video":"","_tribe_events_virtual_linked_button_text":"","_tribe_events_virtual_linked_button":"","_tribe_events_virtual_show_embed_at":"","_tribe_events_virtual_show_embed_to":[],"_tribe_events_virtual_show_on_event":"","_tribe_events_virtual_show_on_views":"","_tribe_events_virtual_url":"","footnotes":""},"tags":[15767,1363,8869,9225,9847,15768,9226,9227,9317,1357,15770,15771,15769,10844,9540],"tribe_events_cat":[8964],"class_list":["post-28922","tribe_events","type-tribe_events","status-publish","has-post-thumbnail","hentry","tag-be-music","tag-cafe-la-palma","tag-cafe-la-palma-2","tag-cafe-la-palma-clubbing","tag-disco","tag-dj-losk","tag-djs-madrid","tag-djs-malasana","tag-electro","tag-electronica","tag-little-a","tag-mery-blue","tag-paris-2","tag-soulful","tag-tech-house","tribe_events_cat-clubbing","cat_clubbing"],"uagb_featured_image_src":{"full":["https:\/\/cafelapalma.com\/wp-content\/uploads\/2024\/05\/BeMusicLogo.jpg",394,787,false],"thumbnail":["https:\/\/cafelapalma.com\/wp-content\/uploads\/2024\/05\/BeMusicLogo-150x150.jpg",150,150,true],"medium":["https:\/\/cafelapalma.com\/wp-content\/uploads\/2024\/05\/BeMusicLogo-150x300.jpg",150,300,true],"medium_large":["https:\/\/cafelapalma.com\/wp-content\/uploads\/2024\/05\/BeMusicLogo.jpg",394,787,false],"large":["https:\/\/cafelapalma.com\/wp-content\/uploads\/2024\/05\/BeMusicLogo.jpg",394,787,false],"1536x1536":["https:\/\/cafelapalma.com\/wp-content\/uploads\/2024\/05\/BeMusicLogo.jpg",394,787,false],"2048x2048":["https:\/\/cafelapalma.com\/wp-content\/uploads\/2024\/05\/BeMusicLogo.jpg",394,787,false],"trp-custom-language-flag":["https:\/\/cafelapalma.com\/wp-content\/uploads\/2024\/05\/BeMusicLogo.jpg",6,12,false],"blossom-feminine-slider":["https:\/\/cafelapalma.com\/wp-content\/uploads\/2024\/05\/BeMusicLogo-394x649.jpg",394,649,true],"blossom-feminine-featured":["https:\/\/cafelapalma.com\/wp-content\/uploads\/2024\/05\/BeMusicLogo-394x600.jpg",394,600,true],"blossom-feminine-with-sidebar":["https:\/\/cafelapalma.com\/wp-content\/uploads\/2024\/05\/BeMusicLogo-394x600.jpg",394,600,true],"blossom-feminine-blog":["https:\/\/cafelapalma.com\/wp-content\/uploads\/2024\/05\/BeMusicLogo-394x435.jpg",394,435,true],"blossom-feminine-cat":["https:\/\/cafelapalma.com\/wp-content\/uploads\/2024\/05\/BeMusicLogo-394x300.jpg",394,300,true],"blossom-feminine-related":["https:\/\/cafelapalma.com\/wp-content\/uploads\/2024\/05\/BeMusicLogo-320x200.jpg",320,200,true],"blossom-feminine-schema":["https:\/\/cafelapalma.com\/wp-content\/uploads\/2024\/05\/BeMusicLogo-30x60.jpg",30,60,true]},"uagb_author_info":{"display_name":"Victor","author_link":"https:\/\/cafelapalma.com\/en\/author\/comunicacion\/"},"uagb_comment_info":0,"uagb_excerpt":"Be Music nace de la uni\u00f3n de tres Djs que, tras haber hecho apariciones en algunas de las cabinas m\u00e1s importantes de Madrid, deciden unir fuerzas a mediados de 2023 con el objetivo de crear una fiesta en la que los protagonistas sean la m\u00fasica electr\u00f3nica y su particular forma de ver la escena underground&hellip;","_links":{"self":[{"href":"https:\/\/cafelapalma.com\/en\/wp-json\/wp\/v2\/tribe_events\/28922","targetHints":{"allow":["GET"]}}],"collection":[{"href":"https:\/\/cafelapalma.com\/en\/wp-json\/wp\/v2\/tribe_events"}],"about":[{"href":"https:\/\/cafelapalma.com\/en\/wp-json\/wp\/v2\/types\/tribe_events"}],"author":[{"embeddable":true,"href":"https:\/\/cafelapalma.com\/en\/wp-json\/wp\/v2\/users\/2"}],"version-history":[{"count":0,"href":"https:\/\/cafelapalma.com\/en\/wp-json\/wp\/v2\/tribe_events\/28922\/revisions"}],"wp:featuredmedia":[{"embeddable":true,"href":"https:\/\/cafelapalma.com\/en\/wp-json\/wp\/v2\/media\/28924"}],"wp:attachment":[{"href":"https:\/\/cafelapalma.com\/en\/wp-json\/wp\/v2\/media?parent=28922"}],"wp:term":[{"taxonomy":"post_tag","embeddable":true,"href":"https:\/\/cafelapalma.com\/en\/wp-json\/wp\/v2\/tags?post=28922"},{"taxonomy":"tribe_events_cat","embeddable":true,"href":"https:\/\/cafelapalma.com\/en\/wp-json\/wp\/v2\/tribe_events_cat?post=28922"}],"curies":[{"name":"wp","href":"https:\/\/api.w.org\/{rel}","templated":true}]}}

<div  class="tribe-events-schedule tribe-clearfix" >
	<p class="tribe-events-schedule__datetime">
		<span class="tribe-events-schedule__date tribe-events-schedule__date--start">
			08  June  2024		</span>

					<span class="tribe-events-schedule__separator tribe-events-schedule__separator--date">
				@			</span>
			<span class="tribe-events-schedule__time tribe-events-schedule__time--start">
				23:50			</span>
		
									<span class="tribe-events-schedule__separator tribe-events-schedule__separator--time">
					&#8211;				</span>
			
							<span class="tribe-events-schedule__time tribe-events-schedule__time--end">
					23:55				</span>
			
						</p>
</div>


<div  class="tribe-block tribe-block__event-price" >
			<span class="tribe-block__event-price__cost"> ENTRADA LIBRE </span>
				<span class="tribe-block__event-price__description">TAQUILLA 11€ de 01:30 a cierre [ Incluye CONSUMICIÓN ]</span>
	</div>



<div style="height:100px" aria-hidden="true" class="wp-block-spacer"></div>



<div class="wp-block-columns is-layout-flex wp-container-core-columns-is-layout-8f761849 wp-block-columns-is-layout-flex">
<div class="wp-block-column is-layout-flow wp-block-column-is-layout-flow" style="flex-basis:33.33%">
<figure class="wp-block-image size-large"><img loading="lazy" decoding="async" width="736" height="1040" src="https://cafelapalma.com/wp-content/uploads/2024/05/BE-MUSIC-A3-LOW-736x1040.jpg" alt="" class="wp-image-28923" srcset="https://cafelapalma.com/wp-content/uploads/2024/05/BE-MUSIC-A3-LOW-736x1040.jpg 736w, https://cafelapalma.com/wp-content/uploads/2024/05/BE-MUSIC-A3-LOW-212x300.jpg 212w, https://cafelapalma.com/wp-content/uploads/2024/05/BE-MUSIC-A3-LOW-768x1085.jpg 768w, https://cafelapalma.com/wp-content/uploads/2024/05/BE-MUSIC-A3-LOW-1087x1536.jpg 1087w, https://cafelapalma.com/wp-content/uploads/2024/05/BE-MUSIC-A3-LOW-1449x2048.jpg 1449w, https://cafelapalma.com/wp-content/uploads/2024/05/BE-MUSIC-A3-LOW-42x60.jpg 42w, https://cafelapalma.com/wp-content/uploads/2024/05/BE-MUSIC-A3-LOW.jpg 1755w" sizes="auto, (max-width: 736px) 100vw, 736px" /></figure>
</div>



<div class="wp-block-column is-layout-flow wp-block-column-is-layout-flow" style="flex-basis:66.66%">
<div style="height:100px" aria-hidden="true" class="wp-block-spacer"></div>



<p class="has-text-align-left wp-block-paragraph"><strong>Be Music </strong>nace de la unión de tres Djs que, tras haber hecho apariciones en algunas de las cabinas más importantes de <strong>Madrid</strong>, deciden unir fuerzas a mediados de 2023 con el objetivo de crear una fiesta en la que los protagonistas sean la música electrónica y su particular forma de ver la escena underground madrileña. </p>



<p class="has-text-align-left wp-block-paragraph">El nombre <strong>Be Music</strong> hace referencia a las antiguas Cara B de los vinilos, muchas veces las menos conocidas, pero que, también, en numerosas ocasiones atesoraba una mayor calidad musical que la cara mas comercial. Esa es la idea de <strong>Be Music</strong>, el unir en sus sesiones clásicos de la música electrónica con temas mucho menos conocidos pero no por ello de menor calidad que pueda sorprender a los oídos más exigentes dentro del público <em>clubber</em>.</p>



<p class="has-text-align-left wp-block-paragraph">Tras haber realizado varias ediciones con bastante éxito en diferentes clubs de renombre, los chicos de <strong>Be Music</strong> llegan con la intención de revolucionar la noche de los allí presentes, contando en esta ocasión con la indiscutible reina del soulful en <strong>Madrid</strong>, <strong>Mery Blue</strong>, aunque a lo largo de la noche irá derivando en estilos hermanos como el tech-house, el electro o incluso el disco de la mano de sus residentes <strong>Dj Losk</strong>, <strong>Paris </strong>y <strong>Little A</strong>.</p>



<p class="has-text-align-right wp-block-paragraph"><em><a href="https://www.instagram.com/bemusic.events/">Sigue a </a></em><strong><a href="https://www.instagram.com/bemusic.events/">BE MUSIC</a></strong><em><a href="https://www.instagram.com/bemusic.events/"> en </a></em><strong><a href="https://www.instagram.com/bemusic.events/">Instagram</a></strong></p>
</div>
</div>



<div style="height:100px" aria-hidden="true" class="wp-block-spacer"></div>



<hr class="wp-block-separator has-alpha-channel-opacity"/>



<div style="height:100px" aria-hidden="true" class="wp-block-spacer"></div>


<h2 class="tribe-block__related-events__title">Related Events</h2>

<ul  class="tribe-related-events tribe-clearfix" >
			<li>
	
<div class="tribe-related-events-thumbnail">
	<a href="https://cafelapalma.com/en/programacion/funkin-donuts/" class="url" rel="bookmark" tabindex="-1" aria-hidden="true"><img loading="lazy" decoding="async" width="693" height="1040" src="https://cafelapalma.com/wp-content/uploads/2026/07/FD-vert2-bn-693x1040.jpg" class="attachment-large size-large wp-post-image" alt="" /></a>
</div>
	<div class="tribe-related-event-info">
	<h3 class="tribe-related-events-title">
		<a href="https://cafelapalma.com/en/programacion/funkin-donuts/" class="tribe-event-url" rel="bookmark">
			FUNKIN&#8217; DONUTS		</a>
	</h3>
	<span class="tribe-event-date-start">5  September@22:00</span><span class="tribe-event-time">23:45</span></div>
</li>
			<li>
	
<div class="tribe-related-events-thumbnail">
	<a href="https://cafelapalma.com/en/programacion/backstage-le-petit-truffle-mayo/" class="url" rel="bookmark" tabindex="-1" aria-hidden="true"><img loading="lazy" decoding="async" width="780" height="1040" src="https://cafelapalma.com/wp-content/uploads/2026/07/Imagen-TruffleMayo-LePetit-i-1-780x1040.png" class="attachment-large size-large wp-post-image" alt="" /></a>
</div>
	<div class="tribe-related-event-info">
	<h3 class="tribe-related-events-title">
		<a href="https://cafelapalma.com/en/programacion/backstage-le-petit-truffle-mayo/" class="tribe-event-url" rel="bookmark">
			BACKSTAGE: LE PETIT + TRUFFLE MAYO		</a>
	</h3>
	<span class="tribe-event-date-start">5  September@23:55</span></div>
</li>
			<li>
	
<div class="tribe-related-events-thumbnail">
	<a href="https://cafelapalma.com/en/programacion/willie-deville-concierto-benefico-x-venezuela/" class="url" rel="bookmark" tabindex="-1" aria-hidden="true"><img loading="lazy" decoding="async" width="1020" height="531" src="https://cafelapalma.com/wp-content/uploads/2026/08/Willie-deville-1100x572-1-1040x541.jpg" class="attachment-large size-large wp-post-image" alt="" /></a>
</div>
	<div class="tribe-related-event-info">
	<h3 class="tribe-related-events-title">
		<a href="https://cafelapalma.com/en/programacion/willie-deville-concierto-benefico-x-venezuela/" class="tribe-event-url" rel="bookmark">
			WILLIE DEVILLE: CONCIERTO BENÉFICO X VENEZUELA		</a>
	</h3>
	<span class="tribe-event-date-start">6  September@21:00</span><span class="tribe-event-time">23:45</span></div>
</li>
	</ul>

<p>Be Music nace de la unión de tres Djs que, tras haber hecho apariciones en algunas de las cabinas más importantes de Madrid, deciden unir fuerzas a mediados de 2023 con el objetivo de crear una fiesta en la que los protagonistas sean la música electrónica y su particular forma de ver la escena underground &hellip; </p>

Be Music nace de la unión de tres Djs que, tras haber hecho apariciones en algunas de las cabinas más importantes de Madrid, deciden unir fuerzas a mediados de 2023 con el objetivo de crear una fiesta en la que los protagonistas sean la música electrónica y su particular forma de ver la escena underground&hellip;
