{"id":29229,"date":"2024-07-22T17:20:03","date_gmt":"2024-07-22T15:20:03","guid":{"rendered":"https:\/\/cafelapalma.com\/?post_type=tribe_events&#038;p=29229"},"modified":"2024-09-18T09:25:24","modified_gmt":"2024-09-18T07:25:24","slug":"ricardo-lezon","status":"publish","type":"tribe_events","link":"https:\/\/cafelapalma.com\/en\/programacion\/ricardo-lezon\/","title":{"rendered":"RICARDO LEZ\u00d3N"},"content":{"rendered":"<div  class=\"tribe-events-schedule tribe-clearfix\" >\n\t<p class=\"tribe-events-schedule__datetime\">\n\t\t<span class=\"tribe-events-schedule__date tribe-events-schedule__date--start\">\n\t\t\t05  October  2024\t\t<\/span>\n\n\t\t\t\t\t<span class=\"tribe-events-schedule__separator tribe-events-schedule__separator--date\">\n\t\t\t\t@\t\t\t<\/span>\n\t\t\t<span class=\"tribe-events-schedule__time tribe-events-schedule__time--start\">\n\t\t\t\t22:00\t\t\t<\/span>\n\t\t\n\t\t\t\t\t\t\t\t\t<span class=\"tribe-events-schedule__separator tribe-events-schedule__separator--time\">\n\t\t\t\t\t&#8211;\t\t\t\t<\/span>\n\t\t\t\n\t\t\t\t\t\t\t<span class=\"tribe-events-schedule__time tribe-events-schedule__time--end\">\n\t\t\t\t\t23:45\t\t\t\t<\/span>\n\t\t\t\n\t\t\t\t\t\t<\/p>\n<\/div>\n\n\n<div  class=\"tribe-block tribe-block__event-price\" >\n\t\t\t<span class=\"tribe-block__event-price__cost\"> ENTRADAS AGOTADAS <\/span>\n\t\t<\/div>\n\n\n\n<div style=\"height:100px\" aria-hidden=\"true\" class=\"wp-block-spacer\"><\/div>\n\n\n\n<div class=\"wp-block-columns is-layout-flex wp-container-core-columns-is-layout-8f761849 wp-block-columns-is-layout-flex\">\n<div class=\"wp-block-column is-layout-flow wp-block-column-is-layout-flow\" style=\"flex-basis:33.33%\">\n<figure class=\"wp-block-image size-large\"><img loading=\"lazy\" decoding=\"async\" width=\"736\" height=\"1040\" src=\"https:\/\/cafelapalma.com\/wp-content\/uploads\/2024\/07\/LEZON-SO-A3-V3-736x1040.jpg\" alt=\"\" class=\"wp-image-29466\" srcset=\"https:\/\/cafelapalma.com\/wp-content\/uploads\/2024\/07\/LEZON-SO-A3-V3-736x1040.jpg 736w, https:\/\/cafelapalma.com\/wp-content\/uploads\/2024\/07\/LEZON-SO-A3-V3-212x300.jpg 212w, https:\/\/cafelapalma.com\/wp-content\/uploads\/2024\/07\/LEZON-SO-A3-V3-768x1086.jpg 768w, https:\/\/cafelapalma.com\/wp-content\/uploads\/2024\/07\/LEZON-SO-A3-V3-1086x1536.jpg 1086w\" sizes=\"auto, (max-width: 736px) 100vw, 736px\" \/><\/figure>\n<\/div>\n\n\n\n<div class=\"wp-block-column is-layout-flow wp-block-column-is-layout-flow\" style=\"flex-basis:66.66%\">\n<p class=\"wp-block-paragraph\"><\/p>\n\n\n\n<p class=\"has-text-align-left wp-block-paragraph\">Ricardo es <strong>McEnroe <\/strong>y <strong>McEnroe <\/strong>es Ricardo, pero tras tantos a\u00f1os cobijado en su banda, de la que es alma, coraz\u00f3n y vida, o en otras aventuras m\u00e1s experimentales, tipo <strong>Viento Smith<\/strong>, hoy, Ricardo es m\u00e1s Ricardo que nunca. Y su destino de cantautor de emociones a flor de piel le lleva, en ocasiones especiales como esta, a enfrentarse a su verdadero apellido, por encima del de aquel genial tenista rockero y malhumorado.<\/p>\n\n\n\n<p class=\"has-text-align-left wp-block-paragraph\"><strong>RICARDO LEZ\u00d3N<\/strong> es tambi\u00e9n el cantante que se come las \u00faltimas s\u00edlabas para advertirnos que no son siempre necesarias, que la gracia est\u00e1 en que no est\u00e9n. El estado en que aborda la escritura, en contacto con la naturaleza de una aldea soriana o cuando regresa a Getxo, agudiza el desamparo sentimental al que todos en alguno momento nos hemos visto abocados, y que tanta ventura provoca en el arte de la f\u00e1bula.<\/p>\n\n\n\n<p class=\"has-text-align-left wp-block-paragraph\">Un <em>songwritter <\/em>que no viene propiamente de la canci\u00f3n de autor, aunque casi sin querer desemboque en ella, como en el eterno pop delicado, sino de cosas m\u00e1s de este siglo como el <em>slowcore <\/em>o el <em>alt country<\/em>. El fot\u00f3grafo de los amores perdidos, como esas grandes causas archivadas a\u00fan sin cicatrizar, y que busca el aplomo contagioso que estalla en el metal de <strong><em>\u00abChet Baker\u00bb<\/em><\/strong> o en el vuelo orquestal de <strong><em>\u00abElla baila\u00bb<\/em><\/strong>, o el hechizo crepuscular de <em>\u00abPrimavera en Praga\u00bb<\/em>.<\/p>\n\n\n\n<p class=\"has-text-align-right wp-block-paragraph\"><em><a href=\"https:\/\/open.spotify.com\/intl-es\/artist\/27sa5rWfOGjNWnjuiB6yCq?si=JzvV5qvjQFu1QpFcyvdhzw\">Listen to <strong>RICARDO LEZ\u00d3N<\/strong> in <\/a><\/em><strong><a href=\"https:\/\/open.spotify.com\/intl-es\/artist\/27sa5rWfOGjNWnjuiB6yCq?si=JzvV5qvjQFu1QpFcyvdhzw\">Spotify<\/a><\/strong><\/p>\n<\/div>\n<\/div>\n\n\n\n<div style=\"height:100px\" aria-hidden=\"true\" class=\"wp-block-spacer\"><\/div>\n\n\n\n<hr class=\"wp-block-separator has-alpha-channel-opacity\"\/>\n\n\n\n<div style=\"height:100px\" aria-hidden=\"true\" class=\"wp-block-spacer\"><\/div>\n\n\n<h2 class=\"tribe-block__related-events__title\">Related Events<\/h2>\n\n<ul  class=\"tribe-related-events tribe-clearfix\" >\n\t\t\t<li>\n\t\n<div class=\"tribe-related-events-thumbnail\">\n\t<a href=\"https:\/\/cafelapalma.com\/en\/programacion\/funkin-donuts\/\" class=\"url\" rel=\"bookmark\" tabindex=\"-1\" aria-hidden=\"true\"><img loading=\"lazy\" decoding=\"async\" width=\"693\" height=\"1040\" src=\"https:\/\/cafelapalma.com\/wp-content\/uploads\/2026\/07\/FD-vert2-bn-693x1040.jpg\" class=\"attachment-large size-large wp-post-image\" alt=\"\" \/><\/a>\n<\/div>\n\t<div class=\"tribe-related-event-info\">\n\t<h3 class=\"tribe-related-events-title\">\n\t\t<a href=\"https:\/\/cafelapalma.com\/en\/programacion\/funkin-donuts\/\" class=\"tribe-event-url\" rel=\"bookmark\">\n\t\t\tFUNKIN&#8217; DONUTS\t\t<\/a>\n\t<\/h3>\n\t<span class=\"tribe-event-date-start\">5  September@22:00<\/span><span class=\"tribe-event-time\">23:45<\/span><\/div>\n<\/li>\n\t\t\t<li>\n\t\n<div class=\"tribe-related-events-thumbnail\">\n\t<a href=\"https:\/\/cafelapalma.com\/en\/programacion\/backstage-le-petit-truffle-mayo\/\" class=\"url\" rel=\"bookmark\" tabindex=\"-1\" aria-hidden=\"true\"><img loading=\"lazy\" decoding=\"async\" width=\"780\" height=\"1040\" src=\"https:\/\/cafelapalma.com\/wp-content\/uploads\/2026\/07\/Imagen-TruffleMayo-LePetit-i-1-780x1040.png\" class=\"attachment-large size-large wp-post-image\" alt=\"\" \/><\/a>\n<\/div>\n\t<div class=\"tribe-related-event-info\">\n\t<h3 class=\"tribe-related-events-title\">\n\t\t<a href=\"https:\/\/cafelapalma.com\/en\/programacion\/backstage-le-petit-truffle-mayo\/\" class=\"tribe-event-url\" rel=\"bookmark\">\n\t\t\tBACKSTAGE: LE PETIT + TRUFFLE MAYO\t\t<\/a>\n\t<\/h3>\n\t<span class=\"tribe-event-date-start\">5  September@23:55<\/span><\/div>\n<\/li>\n\t\t\t<li>\n\t\n<div class=\"tribe-related-events-thumbnail\">\n\t<a href=\"https:\/\/cafelapalma.com\/en\/programacion\/willie-deville-concierto-benefico-x-venezuela\/\" class=\"url\" rel=\"bookmark\" tabindex=\"-1\" aria-hidden=\"true\"><img loading=\"lazy\" decoding=\"async\" width=\"1020\" height=\"531\" src=\"https:\/\/cafelapalma.com\/wp-content\/uploads\/2026\/08\/Willie-deville-1100x572-1-1040x541.jpg\" class=\"attachment-large size-large wp-post-image\" alt=\"\" \/><\/a>\n<\/div>\n\t<div class=\"tribe-related-event-info\">\n\t<h3 class=\"tribe-related-events-title\">\n\t\t<a href=\"https:\/\/cafelapalma.com\/en\/programacion\/willie-deville-concierto-benefico-x-venezuela\/\" class=\"tribe-event-url\" rel=\"bookmark\">\n\t\t\tWILLIE DEVILLE: CONCIERTO BEN\u00c9FICO X VENEZUELA\t\t<\/a>\n\t<\/h3>\n\t<span class=\"tribe-event-date-start\">6  September@21:00<\/span><span class=\"tribe-event-time\">23:45<\/span><\/div>\n<\/li>\n\t<\/ul>","protected":false},"excerpt":{"rendered":"<p>Ricardo es McEnroe y McEnroe es Ricardo, pero tras tantos a\u00f1os cobijado en su banda, de la que es alma, coraz\u00f3n y vida, o en otras aventuras m\u00e1s experimentales, tipo Viento Smith, hoy, Ricardo es m\u00e1s Ricardo que nunca. Y su destino de cantautor de emociones a flor de piel le lleva, en ocasiones especiales &hellip; <\/p>","protected":false},"author":2,"featured_media":29231,"template":"","meta":{"_tec_requires_first_save":false,"_uag_custom_page_level_css":"","loftloader_page_shortcode":"","_EventAllDay":false,"_EventTimezone":"Europe\/Madrid","_EventStartDate":"2024-10-05 22:00:00","_EventEndDate":"2024-10-05 23:45:00","_EventStartDateUTC":"2024-10-05 20:00:00","_EventEndDateUTC":"2024-10-05 21:45:00","_EventShowMap":false,"_EventShowMapLink":false,"_EventURL":"https:\/\/www.passline.com\/eventos\/ricardo-lezon","_EventCost":"ENTRADAS AGOTADAS","_EventCostDescription":"","_EventCurrencySymbol":"\u20ac","_EventCurrencyCode":"USD","_EventCurrencyPosition":"suffix","_EventDateTimeSeparator":"@","_EventTimeRangeSeparator":"-","_EventOrganizerID":[],"_EventVenueID":[],"_OrganizerEmail":"","_OrganizerPhone":"","_OrganizerWebsite":"","_VenueAddress":"","_VenueCity":"","_VenueCountry":"","_VenueProvince":"","_VenueState":"","_VenueZip":"","_VenuePhone":"","_VenueURL":"","_VenueStateProvince":"","_VenueLat":"","_VenueLng":"","_VenueShowMap":false,"_VenueShowMapLink":false,"_tribe_blocks_recurrence_rules":"","_tribe_blocks_recurrence_description":"","_tribe_blocks_recurrence_exclusions":"","_ecp_custom_2":"","_tribe_events_status":"","_tribe_events_status_reason":"","_tribe_events_is_hybrid":"","_tribe_events_is_virtual":"","_tribe_events_virtual_video_source":"","_tribe_events_virtual_embed_video":"","_tribe_events_virtual_linked_button_text":"","_tribe_events_virtual_linked_button":"","_tribe_events_virtual_show_embed_at":"","_tribe_events_virtual_show_embed_to":[],"_tribe_events_virtual_show_on_event":"","_tribe_events_virtual_show_on_views":"","_tribe_events_virtual_url":"","footnotes":""},"tags":[16018,1363,8869,15096,16015,2865,9147,9146,16016,16013,1355,16017,16012,16014],"tribe_events_cat":[8963],"class_list":["post-29229","tribe_events","type-tribe_events","status-publish","has-post-thumbnail","hentry","tag-arena-y-romero","tag-cafe-la-palma","tag-cafe-la-palma-2","tag-carlos-galan","tag-chet-baker","tag-conciertos-cafe-la-palma","tag-conciertos-madrid","tag-conciertos-malasana","tag-ella-baila","tag-mcenroe","tag-pop","tag-primavera-en-praga","tag-ricardo-lezon","tag-viento-smith","tribe_events_cat-concierto","cat_concierto"],"uagb_featured_image_src":{"full":["https:\/\/cafelapalma.com\/wp-content\/uploads\/2024\/07\/LEZON-LOWPIC.jpg",1158,2059,false],"thumbnail":["https:\/\/cafelapalma.com\/wp-content\/uploads\/2024\/07\/LEZON-LOWPIC-150x150.jpg",150,150,true],"medium":["https:\/\/cafelapalma.com\/wp-content\/uploads\/2024\/07\/LEZON-LOWPIC-169x300.jpg",169,300,true],"medium_large":["https:\/\/cafelapalma.com\/wp-content\/uploads\/2024\/07\/LEZON-LOWPIC-768x1366.jpg",768,1366,true],"large":["https:\/\/cafelapalma.com\/wp-content\/uploads\/2024\/07\/LEZON-LOWPIC-585x1040.jpg",585,1040,true],"1536x1536":["https:\/\/cafelapalma.com\/wp-content\/uploads\/2024\/07\/LEZON-LOWPIC-864x1536.jpg",864,1536,true],"2048x2048":["https:\/\/cafelapalma.com\/wp-content\/uploads\/2024\/07\/LEZON-LOWPIC-1152x2048.jpg",1152,2048,true],"trp-custom-language-flag":["https:\/\/cafelapalma.com\/wp-content\/uploads\/2024\/07\/LEZON-LOWPIC.jpg",7,12,false],"blossom-feminine-slider":["https:\/\/cafelapalma.com\/wp-content\/uploads\/2024\/07\/LEZON-LOWPIC-1158x649.jpg",1158,649,true],"blossom-feminine-featured":["https:\/\/cafelapalma.com\/wp-content\/uploads\/2024\/07\/LEZON-LOWPIC-1158x600.jpg",1158,600,true],"blossom-feminine-with-sidebar":["https:\/\/cafelapalma.com\/wp-content\/uploads\/2024\/07\/LEZON-LOWPIC-1020x600.jpg",1020,600,true],"blossom-feminine-blog":["https:\/\/cafelapalma.com\/wp-content\/uploads\/2024\/07\/LEZON-LOWPIC-435x435.jpg",435,435,true],"blossom-feminine-cat":["https:\/\/cafelapalma.com\/wp-content\/uploads\/2024\/07\/LEZON-LOWPIC-450x300.jpg",450,300,true],"blossom-feminine-related":["https:\/\/cafelapalma.com\/wp-content\/uploads\/2024\/07\/LEZON-LOWPIC-320x200.jpg",320,200,true],"blossom-feminine-schema":["https:\/\/cafelapalma.com\/wp-content\/uploads\/2024\/07\/LEZON-LOWPIC-34x60.jpg",34,60,true]},"uagb_author_info":{"display_name":"Victor","author_link":"https:\/\/cafelapalma.com\/en\/author\/comunicacion\/"},"uagb_comment_info":0,"uagb_excerpt":"Ricardo es McEnroe y McEnroe es Ricardo, pero tras tantos a\u00f1os cobijado en su banda, de la que es alma, coraz\u00f3n y vida, o en otras aventuras m\u00e1s experimentales, tipo Viento Smith, hoy, Ricardo es m\u00e1s Ricardo que nunca. Y su destino de cantautor de emociones a flor de piel le lleva, en ocasiones especiales&hellip;","_links":{"self":[{"href":"https:\/\/cafelapalma.com\/en\/wp-json\/wp\/v2\/tribe_events\/29229","targetHints":{"allow":["GET"]}}],"collection":[{"href":"https:\/\/cafelapalma.com\/en\/wp-json\/wp\/v2\/tribe_events"}],"about":[{"href":"https:\/\/cafelapalma.com\/en\/wp-json\/wp\/v2\/types\/tribe_events"}],"author":[{"embeddable":true,"href":"https:\/\/cafelapalma.com\/en\/wp-json\/wp\/v2\/users\/2"}],"version-history":[{"count":0,"href":"https:\/\/cafelapalma.com\/en\/wp-json\/wp\/v2\/tribe_events\/29229\/revisions"}],"wp:featuredmedia":[{"embeddable":true,"href":"https:\/\/cafelapalma.com\/en\/wp-json\/wp\/v2\/media\/29231"}],"wp:attachment":[{"href":"https:\/\/cafelapalma.com\/en\/wp-json\/wp\/v2\/media?parent=29229"}],"wp:term":[{"taxonomy":"post_tag","embeddable":true,"href":"https:\/\/cafelapalma.com\/en\/wp-json\/wp\/v2\/tags?post=29229"},{"taxonomy":"tribe_events_cat","embeddable":true,"href":"https:\/\/cafelapalma.com\/en\/wp-json\/wp\/v2\/tribe_events_cat?post=29229"}],"curies":[{"name":"wp","href":"https:\/\/api.w.org\/{rel}","templated":true}]}}

RICARDO LEZÓN

<div  class="tribe-events-schedule tribe-clearfix" >
	<p class="tribe-events-schedule__datetime">
		<span class="tribe-events-schedule__date tribe-events-schedule__date--start">
			05  October  2024		</span>

					<span class="tribe-events-schedule__separator tribe-events-schedule__separator--date">
				@			</span>
			<span class="tribe-events-schedule__time tribe-events-schedule__time--start">
				22:00			</span>
		
									<span class="tribe-events-schedule__separator tribe-events-schedule__separator--time">
					&#8211;				</span>
			
							<span class="tribe-events-schedule__time tribe-events-schedule__time--end">
					23:45				</span>
			
						</p>
</div>


<div  class="tribe-block tribe-block__event-price" >
			<span class="tribe-block__event-price__cost"> ENTRADAS AGOTADAS </span>
		</div>



<div style="height:100px" aria-hidden="true" class="wp-block-spacer"></div>



<div class="wp-block-columns is-layout-flex wp-container-core-columns-is-layout-8f761849 wp-block-columns-is-layout-flex">
<div class="wp-block-column is-layout-flow wp-block-column-is-layout-flow" style="flex-basis:33.33%">
<figure class="wp-block-image size-large"><img loading="lazy" decoding="async" width="736" height="1040" src="https://cafelapalma.com/wp-content/uploads/2024/07/LEZON-SO-A3-V3-736x1040.jpg" alt="" class="wp-image-29466" srcset="https://cafelapalma.com/wp-content/uploads/2024/07/LEZON-SO-A3-V3-736x1040.jpg 736w, https://cafelapalma.com/wp-content/uploads/2024/07/LEZON-SO-A3-V3-212x300.jpg 212w, https://cafelapalma.com/wp-content/uploads/2024/07/LEZON-SO-A3-V3-768x1086.jpg 768w, https://cafelapalma.com/wp-content/uploads/2024/07/LEZON-SO-A3-V3-1086x1536.jpg 1086w" sizes="auto, (max-width: 736px) 100vw, 736px" /></figure>
</div>



<div class="wp-block-column is-layout-flow wp-block-column-is-layout-flow" style="flex-basis:66.66%">
<p class="wp-block-paragraph"></p>



<p class="has-text-align-left wp-block-paragraph">Ricardo es <strong>McEnroe </strong>y <strong>McEnroe </strong>es Ricardo, pero tras tantos años cobijado en su banda, de la que es alma, corazón y vida, o en otras aventuras más experimentales, tipo <strong>Viento Smith</strong>, hoy, Ricardo es más Ricardo que nunca. Y su destino de cantautor de emociones a flor de piel le lleva, en ocasiones especiales como esta, a enfrentarse a su verdadero apellido, por encima del de aquel genial tenista rockero y malhumorado.</p>



<p class="has-text-align-left wp-block-paragraph"><strong>RICARDO LEZÓN</strong> es también el cantante que se come las últimas sílabas para advertirnos que no son siempre necesarias, que la gracia está en que no estén. El estado en que aborda la escritura, en contacto con la naturaleza de una aldea soriana o cuando regresa a Getxo, agudiza el desamparo sentimental al que todos en alguno momento nos hemos visto abocados, y que tanta ventura provoca en el arte de la fábula.</p>



<p class="has-text-align-left wp-block-paragraph">Un <em>songwritter </em>que no viene propiamente de la canción de autor, aunque casi sin querer desemboque en ella, como en el eterno pop delicado, sino de cosas más de este siglo como el <em>slowcore </em>o el <em>alt country</em>. El fotógrafo de los amores perdidos, como esas grandes causas archivadas aún sin cicatrizar, y que busca el aplomo contagioso que estalla en el metal de <strong><em>«Chet Baker»</em></strong> o en el vuelo orquestal de <strong><em>«Ella baila»</em></strong>, o el hechizo crepuscular de <em>«Primavera en Praga»</em>.</p>



<p class="has-text-align-right wp-block-paragraph"><em><a href="https://open.spotify.com/intl-es/artist/27sa5rWfOGjNWnjuiB6yCq?si=JzvV5qvjQFu1QpFcyvdhzw">Listen to <strong>RICARDO LEZÓN</strong> in </a></em><strong><a href="https://open.spotify.com/intl-es/artist/27sa5rWfOGjNWnjuiB6yCq?si=JzvV5qvjQFu1QpFcyvdhzw">Spotify</a></strong></p>
</div>
</div>



<div style="height:100px" aria-hidden="true" class="wp-block-spacer"></div>



<hr class="wp-block-separator has-alpha-channel-opacity"/>



<div style="height:100px" aria-hidden="true" class="wp-block-spacer"></div>


<h2 class="tribe-block__related-events__title">Related Events</h2>

<ul  class="tribe-related-events tribe-clearfix" >
			<li>
	
<div class="tribe-related-events-thumbnail">
	<a href="https://cafelapalma.com/en/programacion/funkin-donuts/" class="url" rel="bookmark" tabindex="-1" aria-hidden="true"><img loading="lazy" decoding="async" width="693" height="1040" src="https://cafelapalma.com/wp-content/uploads/2026/07/FD-vert2-bn-693x1040.jpg" class="attachment-large size-large wp-post-image" alt="" /></a>
</div>
	<div class="tribe-related-event-info">
	<h3 class="tribe-related-events-title">
		<a href="https://cafelapalma.com/en/programacion/funkin-donuts/" class="tribe-event-url" rel="bookmark">
			FUNKIN&#8217; DONUTS		</a>
	</h3>
	<span class="tribe-event-date-start">5  September@22:00</span><span class="tribe-event-time">23:45</span></div>
</li>
			<li>
	
<div class="tribe-related-events-thumbnail">
	<a href="https://cafelapalma.com/en/programacion/backstage-le-petit-truffle-mayo/" class="url" rel="bookmark" tabindex="-1" aria-hidden="true"><img loading="lazy" decoding="async" width="780" height="1040" src="https://cafelapalma.com/wp-content/uploads/2026/07/Imagen-TruffleMayo-LePetit-i-1-780x1040.png" class="attachment-large size-large wp-post-image" alt="" /></a>
</div>
	<div class="tribe-related-event-info">
	<h3 class="tribe-related-events-title">
		<a href="https://cafelapalma.com/en/programacion/backstage-le-petit-truffle-mayo/" class="tribe-event-url" rel="bookmark">
			BACKSTAGE: LE PETIT + TRUFFLE MAYO		</a>
	</h3>
	<span class="tribe-event-date-start">5  September@23:55</span></div>
</li>
			<li>
	
<div class="tribe-related-events-thumbnail">
	<a href="https://cafelapalma.com/en/programacion/willie-deville-concierto-benefico-x-venezuela/" class="url" rel="bookmark" tabindex="-1" aria-hidden="true"><img loading="lazy" decoding="async" width="1020" height="531" src="https://cafelapalma.com/wp-content/uploads/2026/08/Willie-deville-1100x572-1-1040x541.jpg" class="attachment-large size-large wp-post-image" alt="" /></a>
</div>
	<div class="tribe-related-event-info">
	<h3 class="tribe-related-events-title">
		<a href="https://cafelapalma.com/en/programacion/willie-deville-concierto-benefico-x-venezuela/" class="tribe-event-url" rel="bookmark">
			WILLIE DEVILLE: CONCIERTO BENÉFICO X VENEZUELA		</a>
	</h3>
	<span class="tribe-event-date-start">6  September@21:00</span><span class="tribe-event-time">23:45</span></div>
</li>
	</ul>

<p>Ricardo es McEnroe y McEnroe es Ricardo, pero tras tantos años cobijado en su banda, de la que es alma, corazón y vida, o en otras aventuras más experimentales, tipo Viento Smith, hoy, Ricardo es más Ricardo que nunca. Y su destino de cantautor de emociones a flor de piel le lleva, en ocasiones especiales &hellip; </p>

Ricardo es McEnroe y McEnroe es Ricardo, pero tras tantos años cobijado en su banda, de la que es alma, corazón y vida, o en otras aventuras más experimentales, tipo Viento Smith, hoy, Ricardo es más Ricardo que nunca. Y su destino de cantautor de emociones a flor de piel le lleva, en ocasiones especiales&hellip;
