{"id":29329,"date":"2024-07-30T19:51:50","date_gmt":"2024-07-30T17:51:50","guid":{"rendered":"https:\/\/cafelapalma.com\/?post_type=tribe_events&#038;p=29329"},"modified":"2024-07-30T19:52:25","modified_gmt":"2024-07-30T17:52:25","slug":"bisonte-2","status":"publish","type":"tribe_events","link":"https:\/\/cafelapalma.com\/en\/programacion\/bisonte-2\/","title":{"rendered":"BISONTE"},"content":{"rendered":"<div  class=\"tribe-events-schedule tribe-clearfix\" >\n\t<p class=\"tribe-events-schedule__datetime\">\n\t\t<span class=\"tribe-events-schedule__date tribe-events-schedule__date--start\">\n\t\t\t28  September  2024\t\t<\/span>\n\n\t\t\t\t\t<span class=\"tribe-events-schedule__separator tribe-events-schedule__separator--date\">\n\t\t\t\t@\t\t\t<\/span>\n\t\t\t<span class=\"tribe-events-schedule__time tribe-events-schedule__time--start\">\n\t\t\t\t22:00\t\t\t<\/span>\n\t\t\n\t\t\t\t\t\t\t\t\t<span class=\"tribe-events-schedule__separator tribe-events-schedule__separator--time\">\n\t\t\t\t\t&#8211;\t\t\t\t<\/span>\n\t\t\t\n\t\t\t\t\t\t\t<span class=\"tribe-events-schedule__time tribe-events-schedule__time--end\">\n\t\t\t\t\t23:45\t\t\t\t<\/span>\n\t\t\t\n\t\t\t\t\t\t<\/p>\n<\/div>\n\n\n<div  class=\"tribe-block tribe-block__event-price\" >\n\t\t\t<span class=\"tribe-block__event-price__cost\"> 10\u20ac <\/span>\n\t\t\t\t<span class=\"tribe-block__event-price__description\">+ gg Anticipada | 12\u20ac Taquilla<\/span>\n\t<\/div>\n\n\n\n<div style=\"height:100px\" aria-hidden=\"true\" class=\"wp-block-spacer\"><\/div>\n\n\n\n<div class=\"wp-block-columns is-layout-flex wp-container-core-columns-is-layout-8f761849 wp-block-columns-is-layout-flex\">\n<div class=\"wp-block-column is-layout-flow wp-block-column-is-layout-flow\" style=\"flex-basis:33.33%\">\n<figure class=\"wp-block-image size-large\"><img loading=\"lazy\" decoding=\"async\" width=\"735\" height=\"1040\" src=\"https:\/\/cafelapalma.com\/wp-content\/uploads\/2024\/07\/BISONTE-A3-LOW-735x1040.jpg\" alt=\"\" class=\"wp-image-29330\" srcset=\"https:\/\/cafelapalma.com\/wp-content\/uploads\/2024\/07\/BISONTE-A3-LOW-735x1040.jpg 735w, https:\/\/cafelapalma.com\/wp-content\/uploads\/2024\/07\/BISONTE-A3-LOW-212x300.jpg 212w, https:\/\/cafelapalma.com\/wp-content\/uploads\/2024\/07\/BISONTE-A3-LOW-768x1086.jpg 768w, https:\/\/cafelapalma.com\/wp-content\/uploads\/2024\/07\/BISONTE-A3-LOW-1086x1536.jpg 1086w, https:\/\/cafelapalma.com\/wp-content\/uploads\/2024\/07\/BISONTE-A3-LOW-1448x2048.jpg 1448w, https:\/\/cafelapalma.com\/wp-content\/uploads\/2024\/07\/BISONTE-A3-LOW-42x60.jpg 42w, https:\/\/cafelapalma.com\/wp-content\/uploads\/2024\/07\/BISONTE-A3-LOW.jpg 1587w\" sizes=\"auto, (max-width: 735px) 100vw, 735px\" \/><\/figure>\n\n\n<div  class=\"tribe-block tribe-block__event-website\" >\n\t<a\n\t\thref=\"https:\/\/www.passline.com\/eventos\/bisonte\"\n\t\ttarget=\"_self\"\n\t\t\t>\n\t\tBUY TICKETS\t<\/a>\n<\/div>\n<\/div>\n\n\n\n<div class=\"wp-block-column is-layout-flow wp-block-column-is-layout-flow\" style=\"flex-basis:66.66%\">\n<div style=\"height:100px\" aria-hidden=\"true\" class=\"wp-block-spacer\"><\/div>\n\n\n\n<p class=\"has-text-align-left wp-block-paragraph\"><strong>BISONTE <\/strong>presenta por primera vez de forma oficial en <strong>Madrid <\/strong>las canciones que formar\u00e1n parte de su nuevo proyecto <strong><em>MI NUEVA VIDA<\/em><\/strong>. Este concierto ser\u00e1 el pistoletazo de salidade la gira de presentaci\u00f3n que les llevar\u00e1 a visitar ciudades como <strong>Sevilla<\/strong>, <strong>Zaragoza<\/strong>, <strong>Santiago<\/strong>, <strong>Valladolid<\/strong>, <strong>Valencia <\/strong>y muchas m\u00e1s.<\/p>\n\n\n\n<p class=\"has-text-align-left wp-block-paragraph\">Naturales de <strong>Avil\u00e9s<\/strong>, <strong>Bisonte <\/strong>hace canciones en castellano reflejando su particular forma de ver el mundo a ojos de sus integrantes. Con un LP autoproducido (<strong><em>\u00abBarrera Temporal\u00bb<\/em><\/strong>, 2018) y un EP (<strong><em>\u00abEl Golpe\u00bb<\/em><\/strong>, 2022) con producci\u00f3n de <strong>Josu Garc\u00ed<\/strong>a a sus espaldas, actualmente, est\u00e1n trabajando con<strong> Guille \u00abMara\u00bb Rubio<\/strong> y <strong>V\u00edctor Pescador<\/strong> en lo que ser\u00e1 su siguiente proyecto.<\/p>\n\n\n\n<p class=\"has-text-align-right wp-block-paragraph\"><em><a href=\"https:\/\/open.spotify.com\/intl-es\/artist\/3QgW3eArtq6ec7O7YTmPzZ?si=s6UssxAgT6CeSES5cl63DA\">Listen to <\/a><\/em><strong><a href=\"https:\/\/open.spotify.com\/intl-es\/artist\/3QgW3eArtq6ec7O7YTmPzZ?si=s6UssxAgT6CeSES5cl63DA\">BISONTE <\/a><\/strong><em><a href=\"https:\/\/open.spotify.com\/intl-es\/artist\/3QgW3eArtq6ec7O7YTmPzZ?si=s6UssxAgT6CeSES5cl63DA\">in <\/a><\/em><strong><a href=\"https:\/\/open.spotify.com\/intl-es\/artist\/3QgW3eArtq6ec7O7YTmPzZ?si=s6UssxAgT6CeSES5cl63DA\">Spotify<\/a><\/strong><\/p>\n<\/div>\n<\/div>\n\n\n\n<div style=\"height:100px\" aria-hidden=\"true\" class=\"wp-block-spacer\"><\/div>\n\n\n\n<hr class=\"wp-block-separator has-alpha-channel-opacity\"\/>\n\n\n\n<div style=\"height:100px\" aria-hidden=\"true\" class=\"wp-block-spacer\"><\/div>","protected":false},"excerpt":{"rendered":"<p>BISONTE presenta por primera vez de forma oficial en Madrid las canciones que formar\u00e1n parte de su nuevo proyecto MI NUEVA VIDA. Este concierto ser\u00e1 el pistoletazo de salidade la gira de presentaci\u00f3n que les llevar\u00e1 a visitar ciudades como Sevilla, Zaragoza, Santiago, Valladolid, Valencia y muchas m\u00e1s. Naturales de Avil\u00e9s, Bisonte hace canciones en &hellip; <\/p>","protected":false},"author":2,"featured_media":29331,"template":"","meta":{"_tec_requires_first_save":false,"_uag_custom_page_level_css":"","loftloader_page_shortcode":"","_EventAllDay":false,"_EventTimezone":"Europe\/Madrid","_EventStartDate":"2024-09-28 22:00:00","_EventEndDate":"2024-09-28 23:45:00","_EventStartDateUTC":"2024-09-28 20:00:00","_EventEndDateUTC":"2024-09-28 21:45:00","_EventShowMap":false,"_EventShowMapLink":false,"_EventURL":"https:\/\/www.passline.com\/eventos\/bisonte","_EventCost":"10","_EventCostDescription":"","_EventCurrencySymbol":"\u20ac","_EventCurrencyCode":"USD","_EventCurrencyPosition":"suffix","_EventDateTimeSeparator":"@","_EventTimeRangeSeparator":"-","_EventOrganizerID":[],"_EventVenueID":[],"_OrganizerEmail":"","_OrganizerPhone":"","_OrganizerWebsite":"","_VenueAddress":"","_VenueCity":"","_VenueCountry":"","_VenueProvince":"","_VenueState":"","_VenueZip":"","_VenuePhone":"","_VenueURL":"","_VenueStateProvince":"","_VenueLat":"","_VenueLng":"","_VenueShowMap":false,"_VenueShowMapLink":false,"_tribe_blocks_recurrence_rules":"","_tribe_blocks_recurrence_description":"","_tribe_blocks_recurrence_exclusions":"","_ecp_custom_2":"","_tribe_events_status":"","_tribe_events_status_reason":"","_tribe_events_is_hybrid":"","_tribe_events_is_virtual":"","_tribe_events_virtual_video_source":"","_tribe_events_virtual_embed_video":"","_tribe_events_virtual_linked_button_text":"","_tribe_events_virtual_linked_button":"","_tribe_events_virtual_show_embed_at":"","_tribe_events_virtual_show_embed_to":[],"_tribe_events_virtual_show_on_event":"","_tribe_events_virtual_show_on_views":"","_tribe_events_virtual_url":"","footnotes":""},"tags":[16126,16125,12843,1363,8869,2865,9147,9146,16128,16130,16129,16127,9164,1354,9959,16131],"tribe_events_cat":[8963],"class_list":["post-29329","tribe_events","type-tribe_events","status-publish","has-post-thumbnail","hentry","tag-asturias","tag-aviles","tag-barrera-temporal","tag-cafe-la-palma","tag-cafe-la-palma-2","tag-conciertos-cafe-la-palma","tag-conciertos-madrid","tag-conciertos-malasana","tag-el-golpe","tag-guille-mara-rubio","tag-josu-garci","tag-mi-nueva-vida","tag-pop-rock-2","tag-rock","tag-rock-alternativo","tag-victor-pescador","tribe_events_cat-concierto","cat_concierto"],"uagb_featured_image_src":{"full":["https:\/\/cafelapalma.com\/wp-content\/uploads\/2024\/07\/BISONTE-PIC.jpg",1363,2048,false],"thumbnail":["https:\/\/cafelapalma.com\/wp-content\/uploads\/2024\/07\/BISONTE-PIC-150x150.jpg",150,150,true],"medium":["https:\/\/cafelapalma.com\/wp-content\/uploads\/2024\/07\/BISONTE-PIC-200x300.jpg",200,300,true],"medium_large":["https:\/\/cafelapalma.com\/wp-content\/uploads\/2024\/07\/BISONTE-PIC-768x1154.jpg",768,1154,true],"large":["https:\/\/cafelapalma.com\/wp-content\/uploads\/2024\/07\/BISONTE-PIC-692x1040.jpg",692,1040,true],"1536x1536":["https:\/\/cafelapalma.com\/wp-content\/uploads\/2024\/07\/BISONTE-PIC-1022x1536.jpg",1022,1536,true],"2048x2048":["https:\/\/cafelapalma.com\/wp-content\/uploads\/2024\/07\/BISONTE-PIC.jpg",1363,2048,false],"trp-custom-language-flag":["https:\/\/cafelapalma.com\/wp-content\/uploads\/2024\/07\/BISONTE-PIC.jpg",8,12,false],"blossom-feminine-slider":["https:\/\/cafelapalma.com\/wp-content\/uploads\/2024\/07\/BISONTE-PIC-1363x649.jpg",1363,649,true],"blossom-feminine-featured":["https:\/\/cafelapalma.com\/wp-content\/uploads\/2024\/07\/BISONTE-PIC-1363x600.jpg",1363,600,true],"blossom-feminine-with-sidebar":["https:\/\/cafelapalma.com\/wp-content\/uploads\/2024\/07\/BISONTE-PIC-1020x600.jpg",1020,600,true],"blossom-feminine-blog":["https:\/\/cafelapalma.com\/wp-content\/uploads\/2024\/07\/BISONTE-PIC-435x435.jpg",435,435,true],"blossom-feminine-cat":["https:\/\/cafelapalma.com\/wp-content\/uploads\/2024\/07\/BISONTE-PIC-450x300.jpg",450,300,true],"blossom-feminine-related":["https:\/\/cafelapalma.com\/wp-content\/uploads\/2024\/07\/BISONTE-PIC-320x200.jpg",320,200,true],"blossom-feminine-schema":["https:\/\/cafelapalma.com\/wp-content\/uploads\/2024\/07\/BISONTE-PIC-40x60.jpg",40,60,true]},"uagb_author_info":{"display_name":"Victor","author_link":"https:\/\/cafelapalma.com\/en\/author\/comunicacion\/"},"uagb_comment_info":0,"uagb_excerpt":"BISONTE presenta por primera vez de forma oficial en Madrid las canciones que formar\u00e1n parte de su nuevo proyecto MI NUEVA VIDA. Este concierto ser\u00e1 el pistoletazo de salidade la gira de presentaci\u00f3n que les llevar\u00e1 a visitar ciudades como Sevilla, Zaragoza, Santiago, Valladolid, Valencia y muchas m\u00e1s. Naturales de Avil\u00e9s, Bisonte hace canciones en&hellip;","_links":{"self":[{"href":"https:\/\/cafelapalma.com\/en\/wp-json\/wp\/v2\/tribe_events\/29329","targetHints":{"allow":["GET"]}}],"collection":[{"href":"https:\/\/cafelapalma.com\/en\/wp-json\/wp\/v2\/tribe_events"}],"about":[{"href":"https:\/\/cafelapalma.com\/en\/wp-json\/wp\/v2\/types\/tribe_events"}],"author":[{"embeddable":true,"href":"https:\/\/cafelapalma.com\/en\/wp-json\/wp\/v2\/users\/2"}],"version-history":[{"count":0,"href":"https:\/\/cafelapalma.com\/en\/wp-json\/wp\/v2\/tribe_events\/29329\/revisions"}],"wp:featuredmedia":[{"embeddable":true,"href":"https:\/\/cafelapalma.com\/en\/wp-json\/wp\/v2\/media\/29331"}],"wp:attachment":[{"href":"https:\/\/cafelapalma.com\/en\/wp-json\/wp\/v2\/media?parent=29329"}],"wp:term":[{"taxonomy":"post_tag","embeddable":true,"href":"https:\/\/cafelapalma.com\/en\/wp-json\/wp\/v2\/tags?post=29329"},{"taxonomy":"tribe_events_cat","embeddable":true,"href":"https:\/\/cafelapalma.com\/en\/wp-json\/wp\/v2\/tribe_events_cat?post=29329"}],"curies":[{"name":"wp","href":"https:\/\/api.w.org\/{rel}","templated":true}]}}

<div  class="tribe-events-schedule tribe-clearfix" >
	<p class="tribe-events-schedule__datetime">
		<span class="tribe-events-schedule__date tribe-events-schedule__date--start">
			28  September  2024		</span>

					<span class="tribe-events-schedule__separator tribe-events-schedule__separator--date">
				@			</span>
			<span class="tribe-events-schedule__time tribe-events-schedule__time--start">
				22:00			</span>
		
									<span class="tribe-events-schedule__separator tribe-events-schedule__separator--time">
					&#8211;				</span>
			
							<span class="tribe-events-schedule__time tribe-events-schedule__time--end">
					23:45				</span>
			
						</p>
</div>


<div  class="tribe-block tribe-block__event-price" >
			<span class="tribe-block__event-price__cost"> 10€ </span>
				<span class="tribe-block__event-price__description">+ gg Anticipada | 12€ Taquilla</span>
	</div>



<div style="height:100px" aria-hidden="true" class="wp-block-spacer"></div>



<div class="wp-block-columns is-layout-flex wp-container-core-columns-is-layout-8f761849 wp-block-columns-is-layout-flex">
<div class="wp-block-column is-layout-flow wp-block-column-is-layout-flow" style="flex-basis:33.33%">
<figure class="wp-block-image size-large"><img loading="lazy" decoding="async" width="735" height="1040" src="https://cafelapalma.com/wp-content/uploads/2024/07/BISONTE-A3-LOW-735x1040.jpg" alt="" class="wp-image-29330" srcset="https://cafelapalma.com/wp-content/uploads/2024/07/BISONTE-A3-LOW-735x1040.jpg 735w, https://cafelapalma.com/wp-content/uploads/2024/07/BISONTE-A3-LOW-212x300.jpg 212w, https://cafelapalma.com/wp-content/uploads/2024/07/BISONTE-A3-LOW-768x1086.jpg 768w, https://cafelapalma.com/wp-content/uploads/2024/07/BISONTE-A3-LOW-1086x1536.jpg 1086w, https://cafelapalma.com/wp-content/uploads/2024/07/BISONTE-A3-LOW-1448x2048.jpg 1448w, https://cafelapalma.com/wp-content/uploads/2024/07/BISONTE-A3-LOW-42x60.jpg 42w, https://cafelapalma.com/wp-content/uploads/2024/07/BISONTE-A3-LOW.jpg 1587w" sizes="auto, (max-width: 735px) 100vw, 735px" /></figure>


<div  class="tribe-block tribe-block__event-website" >
	<a
		href="https://www.passline.com/eventos/bisonte"
		target="_self"
			>
		BUY TICKETS	</a>
</div>
</div>



<div class="wp-block-column is-layout-flow wp-block-column-is-layout-flow" style="flex-basis:66.66%">
<div style="height:100px" aria-hidden="true" class="wp-block-spacer"></div>



<p class="has-text-align-left wp-block-paragraph"><strong>BISONTE </strong>presenta por primera vez de forma oficial en <strong>Madrid </strong>las canciones que formarán parte de su nuevo proyecto <strong><em>MI NUEVA VIDA</em></strong>. Este concierto será el pistoletazo de salidade la gira de presentación que les llevará a visitar ciudades como <strong>Sevilla</strong>, <strong>Zaragoza</strong>, <strong>Santiago</strong>, <strong>Valladolid</strong>, <strong>Valencia </strong>y muchas más.</p>



<p class="has-text-align-left wp-block-paragraph">Naturales de <strong>Avilés</strong>, <strong>Bisonte </strong>hace canciones en castellano reflejando su particular forma de ver el mundo a ojos de sus integrantes. Con un LP autoproducido (<strong><em>«Barrera Temporal»</em></strong>, 2018) y un EP (<strong><em>«El Golpe»</em></strong>, 2022) con producción de <strong>Josu Garcí</strong>a a sus espaldas, actualmente, están trabajando con<strong> Guille «Mara» Rubio</strong> y <strong>Víctor Pescador</strong> en lo que será su siguiente proyecto.</p>



<p class="has-text-align-right wp-block-paragraph"><em><a href="https://open.spotify.com/intl-es/artist/3QgW3eArtq6ec7O7YTmPzZ?si=s6UssxAgT6CeSES5cl63DA">Listen to </a></em><strong><a href="https://open.spotify.com/intl-es/artist/3QgW3eArtq6ec7O7YTmPzZ?si=s6UssxAgT6CeSES5cl63DA">BISONTE </a></strong><em><a href="https://open.spotify.com/intl-es/artist/3QgW3eArtq6ec7O7YTmPzZ?si=s6UssxAgT6CeSES5cl63DA">in </a></em><strong><a href="https://open.spotify.com/intl-es/artist/3QgW3eArtq6ec7O7YTmPzZ?si=s6UssxAgT6CeSES5cl63DA">Spotify</a></strong></p>
</div>
</div>



<div style="height:100px" aria-hidden="true" class="wp-block-spacer"></div>



<hr class="wp-block-separator has-alpha-channel-opacity"/>



<div style="height:100px" aria-hidden="true" class="wp-block-spacer"></div>

<p>BISONTE presenta por primera vez de forma oficial en Madrid las canciones que formarán parte de su nuevo proyecto MI NUEVA VIDA. Este concierto será el pistoletazo de salidade la gira de presentación que les llevará a visitar ciudades como Sevilla, Zaragoza, Santiago, Valladolid, Valencia y muchas más. Naturales de Avilés, Bisonte hace canciones en &hellip; </p>

BISONTE presenta por primera vez de forma oficial en Madrid las canciones que formarán parte de su nuevo proyecto MI NUEVA VIDA. Este concierto será el pistoletazo de salidade la gira de presentación que les llevará a visitar ciudades como Sevilla, Zaragoza, Santiago, Valladolid, Valencia y muchas más. Naturales de Avilés, Bisonte hace canciones en&hellip;
